The Swift Package Index logo.Swift Package Index

Build Information

Failed to build herald-ios, reference v1.3.0 (8b1906), with Swift 6.1 for watchOS using Xcode 16.3 on 18 Oct 2026 21:13:48 UTC.

Build Command

env DEVELOPER_DIR=/Applications/Xcode-16.3.0.app xcrun xcodebuild -IDEClonedSourcePackagesDirPathOverride=$PWD/.dependencies -skipMacroValidation -skipPackagePluginValidation -derivedDataPath $PWD/.derivedData build -scheme herald-ios-Package -destination generic/platform=watchOS

Build Log

SwiftDriverJobDiscovery normal arm64 Emitting module for HeraldTesting (in target 'HeraldTesting' from project 'herald-ios')
SwiftDriver\ Compilation\ Requirements HeraldTesting normal arm64 com.apple.xcode.tools.swift.compiler (in target 'HeraldTesting' from project 'herald-ios')
    cd /Users/admin/builder/spi-builder-workspace/.swiftpm/xcode
    builtin-Swift-Compilation-Requirements -- /Applications/Xcode-16.3.0.app/Contents/Developer/Toolchains/XcodeDefault.xctoolchain/usr/bin/swiftc -module-name HeraldTesting -Onone -enforce-exclusivity\=checked @/Users/admin/builder/spi-builder-workspace/.derivedData/Build/Intermediates.noindex/herald-ios.build/Debug-watchos/HeraldTesting.build/Objects-normal/arm64/HeraldTesting.SwiftFileList -DSWIFT_PACKAGE -DDEBUG -stats-output-dir .stats -plugin-path /Applications/Xcode-16.3.0.app/Contents/Developer/Toolchains/XcodeDefault.xctoolchain/usr/lib/swift/host/plugins/testing -enable-experimental-feature DebugDescriptionMacro -sdk /Applications/Xcode-16.3.0.app/Contents/Developer/Platforms/WatchOS.platform/Developer/SDKs/WatchOS11.4.sdk -target arm64-apple-watchos8.0 -g -module-cache-path /Users/admin/builder/spi-builder-workspace/.derivedData/ModuleCache.noindex -Xfrontend -serialize-debugging-options -profile-coverage-mapping -profile-generate -enable-testing -index-store-path /Users/admin/builder/spi-builder-workspace/.derivedData/Index.noindex/DataStore -swift-version 6 -I /Users/admin/builder/spi-builder-workspace/.derivedData/Build/Products/Debug-watchos -I /Applications/Xcode-16.3.0.app/Contents/Developer/Platforms/WatchOS.platform/Developer/usr/lib -F /Users/admin/builder/spi-builder-workspace/.derivedData/Build/Products/Debug-watchos/PackageFrameworks -F /Users/admin/builder/spi-builder-workspace/.derivedData/Build/Products/Debug-watchos -F /Applications/Xcode-16.3.0.app/Contents/Developer/Platforms/WatchOS.platform/Developer/Library/Frameworks -F /Applications/Xcode-16.3.0.app/Contents/Developer/Platforms/WatchOS.platform/Developer/SDKs/WatchOS11.4.sdk/Developer/Library/Frameworks -c -j10 -enable-batch-mode -incremental -Xcc -ivfsstatcache -Xcc /Users/admin/builder/spi-builder-workspace/.derivedData/SDKStatCaches.noindex/watchos11.4-22T246-43efb940ff07ba2497b70ec94253f576.sdkstatcache -output-file-map /Users/admin/builder/spi-builder-workspace/.derivedData/Build/Intermediates.noindex/herald-ios.build/Debug-watchos/HeraldTesting.build/Objects-normal/arm64/HeraldTesting-OutputFileMap.json -use-frontend-parseable-output -save-temps -no-color-diagnostics -serialize-diagnostics -emit-dependencies -emit-module -emit-module-path /Users/admin/builder/spi-builder-workspace/.derivedData/Build/Intermediates.noindex/herald-ios.build/Debug-watchos/HeraldTesting.build/Objects-normal/arm64/HeraldTesting.swiftmodule -validate-clang-modules-once -clang-build-session-file /Users/admin/builder/spi-builder-workspace/.derivedData/ModuleCache.noindex/Session.modulevalidation -package-name spi_builder_workspace -Xcc -I/Users/admin/builder/spi-builder-workspace/.derivedData/Build/Intermediates.noindex/herald-ios.build/Debug-watchos/HeraldTesting.build/swift-overrides.hmap -emit-const-values -Xfrontend -const-gather-protocols-file -Xfrontend /Users/admin/builder/spi-builder-workspace/.derivedData/Build/Intermediates.noindex/herald-ios.build/Debug-watchos/HeraldTesting.build/Objects-normal/arm64/HeraldTesting_const_extract_protocols.json -Xcc -I/Users/admin/builder/spi-builder-workspace/.derivedData/Build/Products/Debug-watchos/include -Xcc -I/Users/admin/builder/spi-builder-workspace/.derivedData/Build/Intermediates.noindex/herald-ios.build/Debug-watchos/HeraldTesting.build/DerivedSources-normal/arm64 -Xcc -I/Users/admin/builder/spi-builder-workspace/.derivedData/Build/Intermediates.noindex/herald-ios.build/Debug-watchos/HeraldTesting.build/DerivedSources/arm64 -Xcc -I/Users/admin/builder/spi-builder-workspace/.derivedData/Build/Intermediates.noindex/herald-ios.build/Debug-watchos/HeraldTesting.build/DerivedSources -Xcc -DSWIFT_PACKAGE -Xcc -DDEBUG\=1 -emit-objc-header -emit-objc-header-path /Users/admin/builder/spi-builder-workspace/.derivedData/Build/Intermediates.noindex/herald-ios.build/Debug-watchos/HeraldTesting.build/Objects-normal/arm64/HeraldTesting-Swift.h -working-directory /Users/admin/builder/spi-builder-workspace/.swiftpm/xcode -experimental-emit-module-separately -disable-cmo
Copy /Users/admin/builder/spi-builder-workspace/.derivedData/Build/Products/Debug-watchos/HeraldTesting.swiftmodule/armv7k-apple-watchos.swiftmodule /Users/admin/builder/spi-builder-workspace/.derivedData/Build/Intermediates.noindex/herald-ios.build/Debug-watchos/HeraldTesting.build/Objects-normal/armv7k/HeraldTesting.swiftmodule (in target 'HeraldTesting' from project 'herald-ios')
    cd /Users/admin/builder/spi-builder-workspace
    builtin-copy -exclude .DS_Store -exclude CVS -exclude .svn -exclude .git -exclude .hg -resolve-src-symlinks -rename /Users/admin/builder/spi-builder-workspace/.derivedData/Build/Intermediates.noindex/herald-ios.build/Debug-watchos/HeraldTesting.build/Objects-normal/armv7k/HeraldTesting.swiftmodule /Users/admin/builder/spi-builder-workspace/.derivedData/Build/Products/Debug-watchos/HeraldTesting.swiftmodule/armv7k-apple-watchos.swiftmodule
Copy /Users/admin/builder/spi-builder-workspace/.derivedData/Build/Products/Debug-watchos/HeraldTesting.swiftmodule/armv7k-apple-watchos.swiftdoc /Users/admin/builder/spi-builder-workspace/.derivedData/Build/Intermediates.noindex/herald-ios.build/Debug-watchos/HeraldTesting.build/Objects-normal/armv7k/HeraldTesting.swiftdoc (in target 'HeraldTesting' from project 'herald-ios')
    cd /Users/admin/builder/spi-builder-workspace
    builtin-copy -exclude .DS_Store -exclude CVS -exclude .svn -exclude .git -exclude .hg -resolve-src-symlinks -rename /Users/admin/builder/spi-builder-workspace/.derivedData/Build/Intermediates.noindex/herald-ios.build/Debug-watchos/HeraldTesting.build/Objects-normal/armv7k/HeraldTesting.swiftdoc /Users/admin/builder/spi-builder-workspace/.derivedData/Build/Products/Debug-watchos/HeraldTesting.swiftmodule/armv7k-apple-watchos.swiftdoc
SwiftDriverJobDiscovery normal arm64_32 Emitting module for HeraldTesting (in target 'HeraldTesting' from project 'herald-ios')
SwiftDriver\ Compilation\ Requirements HeraldTesting normal arm64_32 com.apple.xcode.tools.swift.compiler (in target 'HeraldTesting' from project 'herald-ios')
    cd /Users/admin/builder/spi-builder-workspace/.swiftpm/xcode
    builtin-Swift-Compilation-Requirements -- /Applications/Xcode-16.3.0.app/Contents/Developer/Toolchains/XcodeDefault.xctoolchain/usr/bin/swiftc -module-name HeraldTesting -Onone -enforce-exclusivity\=checked @/Users/admin/builder/spi-builder-workspace/.derivedData/Build/Intermediates.noindex/herald-ios.build/Debug-watchos/HeraldTesting.build/Objects-normal/arm64_32/HeraldTesting.SwiftFileList -DSWIFT_PACKAGE -DDEBUG -stats-output-dir .stats -plugin-path /Applications/Xcode-16.3.0.app/Contents/Developer/Toolchains/XcodeDefault.xctoolchain/usr/lib/swift/host/plugins/testing -enable-experimental-feature DebugDescriptionMacro -sdk /Applications/Xcode-16.3.0.app/Contents/Developer/Platforms/WatchOS.platform/Developer/SDKs/WatchOS11.4.sdk -target arm64_32-apple-watchos8.0 -g -module-cache-path /Users/admin/builder/spi-builder-workspace/.derivedData/ModuleCache.noindex -Xfrontend -serialize-debugging-options -profile-coverage-mapping -profile-generate -enable-testing -index-store-path /Users/admin/builder/spi-builder-workspace/.derivedData/Index.noindex/DataStore -swift-version 6 -I /Users/admin/builder/spi-builder-workspace/.derivedData/Build/Products/Debug-watchos -I /Applications/Xcode-16.3.0.app/Contents/Developer/Platforms/WatchOS.platform/Developer/usr/lib -F /Users/admin/builder/spi-builder-workspace/.derivedData/Build/Products/Debug-watchos/PackageFrameworks -F /Users/admin/builder/spi-builder-workspace/.derivedData/Build/Products/Debug-watchos -F /Applications/Xcode-16.3.0.app/Contents/Developer/Platforms/WatchOS.platform/Developer/Library/Frameworks -F /Applications/Xcode-16.3.0.app/Contents/Developer/Platforms/WatchOS.platform/Developer/SDKs/WatchOS11.4.sdk/Developer/Library/Frameworks -c -j10 -enable-batch-mode -incremental -Xcc -ivfsstatcache -Xcc /Users/admin/builder/spi-builder-workspace/.derivedData/SDKStatCaches.noindex/watchos11.4-22T246-43efb940ff07ba2497b70ec94253f576.sdkstatcache -output-file-map /Users/admin/builder/spi-builder-workspace/.derivedData/Build/Intermediates.noindex/herald-ios.build/Debug-watchos/HeraldTesting.build/Objects-normal/arm64_32/HeraldTesting-OutputFileMap.json -use-frontend-parseable-output -save-temps -no-color-diagnostics -serialize-diagnostics -emit-dependencies -emit-module -emit-module-path /Users/admin/builder/spi-builder-workspace/.derivedData/Build/Intermediates.noindex/herald-ios.build/Debug-watchos/HeraldTesting.build/Objects-normal/arm64_32/HeraldTesting.swiftmodule -validate-clang-modules-once -clang-build-session-file /Users/admin/builder/spi-builder-workspace/.derivedData/ModuleCache.noindex/Session.modulevalidation -package-name spi_builder_workspace -Xcc -I/Users/admin/builder/spi-builder-workspace/.derivedData/Build/Intermediates.noindex/herald-ios.build/Debug-watchos/HeraldTesting.build/swift-overrides.hmap -emit-const-values -Xfrontend -const-gather-protocols-file -Xfrontend /Users/admin/builder/spi-builder-workspace/.derivedData/Build/Intermediates.noindex/herald-ios.build/Debug-watchos/HeraldTesting.build/Objects-normal/arm64_32/HeraldTesting_const_extract_protocols.json -Xcc -I/Users/admin/builder/spi-builder-workspace/.derivedData/Build/Products/Debug-watchos/include -Xcc -I/Users/admin/builder/spi-builder-workspace/.derivedData/Build/Intermediates.noindex/herald-ios.build/Debug-watchos/HeraldTesting.build/DerivedSources-normal/arm64_32 -Xcc -I/Users/admin/builder/spi-builder-workspace/.derivedData/Build/Intermediates.noindex/herald-ios.build/Debug-watchos/HeraldTesting.build/DerivedSources/arm64_32 -Xcc -I/Users/admin/builder/spi-builder-workspace/.derivedData/Build/Intermediates.noindex/herald-ios.build/Debug-watchos/HeraldTesting.build/DerivedSources -Xcc -DSWIFT_PACKAGE -Xcc -DDEBUG\=1 -emit-objc-header -emit-objc-header-path /Users/admin/builder/spi-builder-workspace/.derivedData/Build/Intermediates.noindex/herald-ios.build/Debug-watchos/HeraldTesting.build/Objects-normal/arm64_32/HeraldTesting-Swift.h -working-directory /Users/admin/builder/spi-builder-workspace/.swiftpm/xcode -experimental-emit-module-separately -disable-cmo
Copy /Users/admin/builder/spi-builder-workspace/.derivedData/Build/Products/Debug-watchos/HeraldTesting.swiftmodule/armv7k-apple-watchos.abi.json /Users/admin/builder/spi-builder-workspace/.derivedData/Build/Intermediates.noindex/herald-ios.build/Debug-watchos/HeraldTesting.build/Objects-normal/armv7k/HeraldTesting.abi.json (in target 'HeraldTesting' from project 'herald-ios')
    cd /Users/admin/builder/spi-builder-workspace
    builtin-copy -exclude .DS_Store -exclude CVS -exclude .svn -exclude .git -exclude .hg -resolve-src-symlinks -rename /Users/admin/builder/spi-builder-workspace/.derivedData/Build/Intermediates.noindex/herald-ios.build/Debug-watchos/HeraldTesting.build/Objects-normal/armv7k/HeraldTesting.abi.json /Users/admin/builder/spi-builder-workspace/.derivedData/Build/Products/Debug-watchos/HeraldTesting.swiftmodule/armv7k-apple-watchos.abi.json
Copy /Users/admin/builder/spi-builder-workspace/.derivedData/Build/Products/Debug-watchos/HeraldTesting.swiftmodule/arm64-apple-watchos.swiftmodule /Users/admin/builder/spi-builder-workspace/.derivedData/Build/Intermediates.noindex/herald-ios.build/Debug-watchos/HeraldTesting.build/Objects-normal/arm64/HeraldTesting.swiftmodule (in target 'HeraldTesting' from project 'herald-ios')
    cd /Users/admin/builder/spi-builder-workspace
    builtin-copy -exclude .DS_Store -exclude CVS -exclude .svn -exclude .git -exclude .hg -resolve-src-symlinks -rename /Users/admin/builder/spi-builder-workspace/.derivedData/Build/Intermediates.noindex/herald-ios.build/Debug-watchos/HeraldTesting.build/Objects-normal/arm64/HeraldTesting.swiftmodule /Users/admin/builder/spi-builder-workspace/.derivedData/Build/Products/Debug-watchos/HeraldTesting.swiftmodule/arm64-apple-watchos.swiftmodule
SwiftMergeGeneratedHeaders /Users/admin/builder/spi-builder-workspace/.derivedData/Build/Intermediates.noindex/GeneratedModuleMaps-watchos/HeraldTesting-Swift.h /Users/admin/builder/spi-builder-workspace/.derivedData/Build/Intermediates.noindex/herald-ios.build/Debug-watchos/HeraldTesting.build/Objects-normal/arm64/HeraldTesting-Swift.h /Users/admin/builder/spi-builder-workspace/.derivedData/Build/Intermediates.noindex/herald-ios.build/Debug-watchos/HeraldTesting.build/Objects-normal/arm64_32/HeraldTesting-Swift.h /Users/admin/builder/spi-builder-workspace/.derivedData/Build/Intermediates.noindex/herald-ios.build/Debug-watchos/HeraldTesting.build/Objects-normal/armv7k/HeraldTesting-Swift.h (in target 'HeraldTesting' from project 'herald-ios')
    cd /Users/admin/builder/spi-builder-workspace
    builtin-swiftHeaderTool -arch arm64 /Users/admin/builder/spi-builder-workspace/.derivedData/Build/Intermediates.noindex/herald-ios.build/Debug-watchos/HeraldTesting.build/Objects-normal/arm64/HeraldTesting-Swift.h -arch arm64_32 /Users/admin/builder/spi-builder-workspace/.derivedData/Build/Intermediates.noindex/herald-ios.build/Debug-watchos/HeraldTesting.build/Objects-normal/arm64_32/HeraldTesting-Swift.h -arch armv7k /Users/admin/builder/spi-builder-workspace/.derivedData/Build/Intermediates.noindex/herald-ios.build/Debug-watchos/HeraldTesting.build/Objects-normal/armv7k/HeraldTesting-Swift.h -o /Users/admin/builder/spi-builder-workspace/.derivedData/Build/Intermediates.noindex/GeneratedModuleMaps-watchos/HeraldTesting-Swift.h
Copy /Users/admin/builder/spi-builder-workspace/.derivedData/Build/Products/Debug-watchos/HeraldTesting.swiftmodule/arm64_32-apple-watchos.swiftmodule /Users/admin/builder/spi-builder-workspace/.derivedData/Build/Intermediates.noindex/herald-ios.build/Debug-watchos/HeraldTesting.build/Objects-normal/arm64_32/HeraldTesting.swiftmodule (in target 'HeraldTesting' from project 'herald-ios')
    cd /Users/admin/builder/spi-builder-workspace
    builtin-copy -exclude .DS_Store -exclude CVS -exclude .svn -exclude .git -exclude .hg -resolve-src-symlinks -rename /Users/admin/builder/spi-builder-workspace/.derivedData/Build/Intermediates.noindex/herald-ios.build/Debug-watchos/HeraldTesting.build/Objects-normal/arm64_32/HeraldTesting.swiftmodule /Users/admin/builder/spi-builder-workspace/.derivedData/Build/Products/Debug-watchos/HeraldTesting.swiftmodule/arm64_32-apple-watchos.swiftmodule
Copy /Users/admin/builder/spi-builder-workspace/.derivedData/Build/Products/Debug-watchos/HeraldTesting.swiftmodule/arm64_32-apple-watchos.swiftdoc /Users/admin/builder/spi-builder-workspace/.derivedData/Build/Intermediates.noindex/herald-ios.build/Debug-watchos/HeraldTesting.build/Objects-normal/arm64_32/HeraldTesting.swiftdoc (in target 'HeraldTesting' from project 'herald-ios')
    cd /Users/admin/builder/spi-builder-workspace
    builtin-copy -exclude .DS_Store -exclude CVS -exclude .svn -exclude .git -exclude .hg -resolve-src-symlinks -rename /Users/admin/builder/spi-builder-workspace/.derivedData/Build/Intermediates.noindex/herald-ios.build/Debug-watchos/HeraldTesting.build/Objects-normal/arm64_32/HeraldTesting.swiftdoc /Users/admin/builder/spi-builder-workspace/.derivedData/Build/Products/Debug-watchos/HeraldTesting.swiftmodule/arm64_32-apple-watchos.swiftdoc
Copy /Users/admin/builder/spi-builder-workspace/.derivedData/Build/Products/Debug-watchos/HeraldTesting.swiftmodule/arm64_32-apple-watchos.abi.json /Users/admin/builder/spi-builder-workspace/.derivedData/Build/Intermediates.noindex/herald-ios.build/Debug-watchos/HeraldTesting.build/Objects-normal/arm64_32/HeraldTesting.abi.json (in target 'HeraldTesting' from project 'herald-ios')
    cd /Users/admin/builder/spi-builder-workspace
    builtin-copy -exclude .DS_Store -exclude CVS -exclude .svn -exclude .git -exclude .hg -resolve-src-symlinks -rename /Users/admin/builder/spi-builder-workspace/.derivedData/Build/Intermediates.noindex/herald-ios.build/Debug-watchos/HeraldTesting.build/Objects-normal/arm64_32/HeraldTesting.abi.json /Users/admin/builder/spi-builder-workspace/.derivedData/Build/Products/Debug-watchos/HeraldTesting.swiftmodule/arm64_32-apple-watchos.abi.json
Copy /Users/admin/builder/spi-builder-workspace/.derivedData/Build/Products/Debug-watchos/HeraldTesting.swiftmodule/arm64-apple-watchos.swiftdoc /Users/admin/builder/spi-builder-workspace/.derivedData/Build/Intermediates.noindex/herald-ios.build/Debug-watchos/HeraldTesting.build/Objects-normal/arm64/HeraldTesting.swiftdoc (in target 'HeraldTesting' from project 'herald-ios')
    cd /Users/admin/builder/spi-builder-workspace
    builtin-copy -exclude .DS_Store -exclude CVS -exclude .svn -exclude .git -exclude .hg -resolve-src-symlinks -rename /Users/admin/builder/spi-builder-workspace/.derivedData/Build/Intermediates.noindex/herald-ios.build/Debug-watchos/HeraldTesting.build/Objects-normal/arm64/HeraldTesting.swiftdoc /Users/admin/builder/spi-builder-workspace/.derivedData/Build/Products/Debug-watchos/HeraldTesting.swiftmodule/arm64-apple-watchos.swiftdoc
Copy /Users/admin/builder/spi-builder-workspace/.derivedData/Build/Products/Debug-watchos/HeraldTesting.swiftmodule/arm64-apple-watchos.abi.json /Users/admin/builder/spi-builder-workspace/.derivedData/Build/Intermediates.noindex/herald-ios.build/Debug-watchos/HeraldTesting.build/Objects-normal/arm64/HeraldTesting.abi.json (in target 'HeraldTesting' from project 'herald-ios')
    cd /Users/admin/builder/spi-builder-workspace
    builtin-copy -exclude .DS_Store -exclude CVS -exclude .svn -exclude .git -exclude .hg -resolve-src-symlinks -rename /Users/admin/builder/spi-builder-workspace/.derivedData/Build/Intermediates.noindex/herald-ios.build/Debug-watchos/HeraldTesting.build/Objects-normal/arm64/HeraldTesting.abi.json /Users/admin/builder/spi-builder-workspace/.derivedData/Build/Products/Debug-watchos/HeraldTesting.swiftmodule/arm64-apple-watchos.abi.json
Copy /Users/admin/builder/spi-builder-workspace/.derivedData/Build/Products/Debug-watchos/HeraldTesting.swiftmodule/Project/armv7k-apple-watchos.swiftsourceinfo /Users/admin/builder/spi-builder-workspace/.derivedData/Build/Intermediates.noindex/herald-ios.build/Debug-watchos/HeraldTesting.build/Objects-normal/armv7k/HeraldTesting.swiftsourceinfo (in target 'HeraldTesting' from project 'herald-ios')
    cd /Users/admin/builder/spi-builder-workspace
    builtin-copy -exclude .DS_Store -exclude CVS -exclude .svn -exclude .git -exclude .hg -resolve-src-symlinks -rename /Users/admin/builder/spi-builder-workspace/.derivedData/Build/Intermediates.noindex/herald-ios.build/Debug-watchos/HeraldTesting.build/Objects-normal/armv7k/HeraldTesting.swiftsourceinfo /Users/admin/builder/spi-builder-workspace/.derivedData/Build/Products/Debug-watchos/HeraldTesting.swiftmodule/Project/armv7k-apple-watchos.swiftsourceinfo
Copy /Users/admin/builder/spi-builder-workspace/.derivedData/Build/Products/Debug-watchos/HeraldTesting.swiftmodule/Project/arm64_32-apple-watchos.swiftsourceinfo /Users/admin/builder/spi-builder-workspace/.derivedData/Build/Intermediates.noindex/herald-ios.build/Debug-watchos/HeraldTesting.build/Objects-normal/arm64_32/HeraldTesting.swiftsourceinfo (in target 'HeraldTesting' from project 'herald-ios')
    cd /Users/admin/builder/spi-builder-workspace
    builtin-copy -exclude .DS_Store -exclude CVS -exclude .svn -exclude .git -exclude .hg -resolve-src-symlinks -rename /Users/admin/builder/spi-builder-workspace/.derivedData/Build/Intermediates.noindex/herald-ios.build/Debug-watchos/HeraldTesting.build/Objects-normal/arm64_32/HeraldTesting.swiftsourceinfo /Users/admin/builder/spi-builder-workspace/.derivedData/Build/Products/Debug-watchos/HeraldTesting.swiftmodule/Project/arm64_32-apple-watchos.swiftsourceinfo
Copy /Users/admin/builder/spi-builder-workspace/.derivedData/Build/Products/Debug-watchos/HeraldTesting.swiftmodule/Project/arm64-apple-watchos.swiftsourceinfo /Users/admin/builder/spi-builder-workspace/.derivedData/Build/Intermediates.noindex/herald-ios.build/Debug-watchos/HeraldTesting.build/Objects-normal/arm64/HeraldTesting.swiftsourceinfo (in target 'HeraldTesting' from project 'herald-ios')
    cd /Users/admin/builder/spi-builder-workspace
    builtin-copy -exclude .DS_Store -exclude CVS -exclude .svn -exclude .git -exclude .hg -resolve-src-symlinks -rename /Users/admin/builder/spi-builder-workspace/.derivedData/Build/Intermediates.noindex/herald-ios.build/Debug-watchos/HeraldTesting.build/Objects-normal/arm64/HeraldTesting.swiftsourceinfo /Users/admin/builder/spi-builder-workspace/.derivedData/Build/Products/Debug-watchos/HeraldTesting.swiftmodule/Project/arm64-apple-watchos.swiftsourceinfo
SwiftCompile normal arm64_32 Compiling\ FakeAnalyticsProvider.swift /Users/admin/builder/spi-builder-workspace/Sources/HeraldTesting/FakeAnalyticsProvider.swift (in target 'HeraldTesting' from project 'herald-ios')
SwiftCompile normal arm64_32 /Users/admin/builder/spi-builder-workspace/Sources/HeraldTesting/FakeAnalyticsProvider.swift (in target 'HeraldTesting' from project 'herald-ios')
    cd /Users/admin/builder/spi-builder-workspace/.swiftpm/xcode

SwiftCompile normal arm64 Compiling\ FakeAnalyticsProvider.swift /Users/admin/builder/spi-builder-workspace/Sources/HeraldTesting/FakeAnalyticsProvider.swift (in target 'HeraldTesting' from project 'herald-ios')
SwiftCompile normal arm64 /Users/admin/builder/spi-builder-workspace/Sources/HeraldTesting/FakeAnalyticsProvider.swift (in target 'HeraldTesting' from project 'herald-ios')
    cd /Users/admin/builder/spi-builder-workspace/.swiftpm/xcode

SwiftCompile normal armv7k Compiling\ AnalyticsRecord.swift /Users/admin/builder/spi-builder-workspace/Sources/HeraldTesting/AnalyticsRecord.swift (in target 'HeraldTesting' from project 'herald-ios')
SwiftCompile normal armv7k /Users/admin/builder/spi-builder-workspace/Sources/HeraldTesting/AnalyticsRecord.swift (in target 'HeraldTesting' from project 'herald-ios')
    cd /Users/admin/builder/spi-builder-workspace/.swiftpm/xcode

SwiftDriverJobDiscovery normal arm64 Compiling AnalyticsRecord.swift (in target 'HeraldTesting' from project 'herald-ios')
SwiftCompile normal armv7k Compiling\ FakeAnalyticsProvider.swift /Users/admin/builder/spi-builder-workspace/Sources/HeraldTesting/FakeAnalyticsProvider.swift (in target 'HeraldTesting' from project 'herald-ios')
SwiftCompile normal armv7k /Users/admin/builder/spi-builder-workspace/Sources/HeraldTesting/FakeAnalyticsProvider.swift (in target 'HeraldTesting' from project 'herald-ios')
    cd /Users/admin/builder/spi-builder-workspace/.swiftpm/xcode

SwiftDriverJobDiscovery normal arm64_32 Compiling AnalyticsRecord.swift (in target 'HeraldTesting' from project 'herald-ios')
SwiftCompile normal arm64_32 Compiling\ EventTrackerEnvironment.swift /Users/admin/builder/spi-builder-workspace/Sources/HeraldSwiftUI/EventTrackerEnvironment.swift (in target 'HeraldSwiftUI' from project 'herald-ios')
SwiftCompile normal arm64_32 /Users/admin/builder/spi-builder-workspace/Sources/HeraldSwiftUI/EventTrackerEnvironment.swift (in target 'HeraldSwiftUI' from project 'herald-ios')
    cd /Users/admin/builder/spi-builder-workspace/.swiftpm/xcode

SwiftDriverJobDiscovery normal armv7k Compiling AnalyticsRecord.swift (in target 'HeraldTesting' from project 'herald-ios')
SwiftCompile normal armv7k Compiling\ ImpressionState.swift /Users/admin/builder/spi-builder-workspace/Sources/HeraldSwiftUI/ImpressionState.swift (in target 'HeraldSwiftUI' from project 'herald-ios')
SwiftCompile normal armv7k /Users/admin/builder/spi-builder-workspace/Sources/HeraldSwiftUI/ImpressionState.swift (in target 'HeraldSwiftUI' from project 'herald-ios')
    cd /Users/admin/builder/spi-builder-workspace/.swiftpm/xcode

SwiftDriverJobDiscovery normal arm64 Compiling TrackedEventAssert.swift (in target 'HeraldTesting' from project 'herald-ios')
SwiftCompile normal arm64 Compiling\ TrackImpression.swift /Users/admin/builder/spi-builder-workspace/Sources/HeraldSwiftUI/TrackImpression.swift (in target 'HeraldSwiftUI' from project 'herald-ios')
SwiftCompile normal arm64 /Users/admin/builder/spi-builder-workspace/Sources/HeraldSwiftUI/TrackImpression.swift (in target 'HeraldSwiftUI' from project 'herald-ios')
    cd /Users/admin/builder/spi-builder-workspace/.swiftpm/xcode

SwiftCompile normal arm64 Compiling\ EventTrackerEnvironment.swift /Users/admin/builder/spi-builder-workspace/Sources/HeraldSwiftUI/EventTrackerEnvironment.swift (in target 'HeraldSwiftUI' from project 'herald-ios')
SwiftCompile normal arm64 /Users/admin/builder/spi-builder-workspace/Sources/HeraldSwiftUI/EventTrackerEnvironment.swift (in target 'HeraldSwiftUI' from project 'herald-ios')
    cd /Users/admin/builder/spi-builder-workspace/.swiftpm/xcode

SwiftDriverJobDiscovery normal arm64_32 Compiling TrackedEventAssert.swift (in target 'HeraldTesting' from project 'herald-ios')
SwiftDriverJobDiscovery normal armv7k Compiling TrackedEventAssert.swift (in target 'HeraldTesting' from project 'herald-ios')
SwiftCompile normal arm64 Compiling\ ScreenTracking.swift /Users/admin/builder/spi-builder-workspace/Sources/HeraldSwiftUI/ScreenTracking.swift (in target 'HeraldSwiftUI' from project 'herald-ios')
SwiftCompile normal arm64 /Users/admin/builder/spi-builder-workspace/Sources/HeraldSwiftUI/ScreenTracking.swift (in target 'HeraldSwiftUI' from project 'herald-ios')
    cd /Users/admin/builder/spi-builder-workspace/.swiftpm/xcode

SwiftDriverJobDiscovery normal arm64_32 Compiling FakeAnalyticsProvider.swift (in target 'HeraldTesting' from project 'herald-ios')
SwiftCompile normal armv7k Compiling\ EventTrackerEnvironment.swift /Users/admin/builder/spi-builder-workspace/Sources/HeraldSwiftUI/EventTrackerEnvironment.swift (in target 'HeraldSwiftUI' from project 'herald-ios')
SwiftCompile normal armv7k /Users/admin/builder/spi-builder-workspace/Sources/HeraldSwiftUI/EventTrackerEnvironment.swift (in target 'HeraldSwiftUI' from project 'herald-ios')
    cd /Users/admin/builder/spi-builder-workspace/.swiftpm/xcode

SwiftDriverJobDiscovery normal arm64 Compiling FakeAnalyticsProvider.swift (in target 'HeraldTesting' from project 'herald-ios')
SwiftDriver\ Compilation HeraldTesting normal arm64_32 com.apple.xcode.tools.swift.compiler (in target 'HeraldTesting' from project 'herald-ios')
    cd /Users/admin/builder/spi-builder-workspace/.swiftpm/xcode
    builtin-Swift-Compilation -- /Applications/Xcode-16.3.0.app/Contents/Developer/Toolchains/XcodeDefault.xctoolchain/usr/bin/swiftc -module-name HeraldTesting -Onone -enforce-exclusivity\=checked @/Users/admin/builder/spi-builder-workspace/.derivedData/Build/Intermediates.noindex/herald-ios.build/Debug-watchos/HeraldTesting.build/Objects-normal/arm64_32/HeraldTesting.SwiftFileList -DSWIFT_PACKAGE -DDEBUG -stats-output-dir .stats -plugin-path /Applications/Xcode-16.3.0.app/Contents/Developer/Toolchains/XcodeDefault.xctoolchain/usr/lib/swift/host/plugins/testing -enable-experimental-feature DebugDescriptionMacro -sdk /Applications/Xcode-16.3.0.app/Contents/Developer/Platforms/WatchOS.platform/Developer/SDKs/WatchOS11.4.sdk -target arm64_32-apple-watchos8.0 -g -module-cache-path /Users/admin/builder/spi-builder-workspace/.derivedData/ModuleCache.noindex -Xfrontend -serialize-debugging-options -profile-coverage-mapping -profile-generate -enable-testing -index-store-path /Users/admin/builder/spi-builder-workspace/.derivedData/Index.noindex/DataStore -swift-version 6 -I /Users/admin/builder/spi-builder-workspace/.derivedData/Build/Products/Debug-watchos -I /Applications/Xcode-16.3.0.app/Contents/Developer/Platforms/WatchOS.platform/Developer/usr/lib -F /Users/admin/builder/spi-builder-workspace/.derivedData/Build/Products/Debug-watchos/PackageFrameworks -F /Users/admin/builder/spi-builder-workspace/.derivedData/Build/Products/Debug-watchos -F /Applications/Xcode-16.3.0.app/Contents/Developer/Platforms/WatchOS.platform/Developer/Library/Frameworks -F /Applications/Xcode-16.3.0.app/Contents/Developer/Platforms/WatchOS.platform/Developer/SDKs/WatchOS11.4.sdk/Developer/Library/Frameworks -c -j10 -enable-batch-mode -incremental -Xcc -ivfsstatcache -Xcc /Users/admin/builder/spi-builder-workspace/.derivedData/SDKStatCaches.noindex/watchos11.4-22T246-43efb940ff07ba2497b70ec94253f576.sdkstatcache -output-file-map /Users/admin/builder/spi-builder-workspace/.derivedData/Build/Intermediates.noindex/herald-ios.build/Debug-watchos/HeraldTesting.build/Objects-normal/arm64_32/HeraldTesting-OutputFileMap.json -use-frontend-parseable-output -save-temps -no-color-diagnostics -serialize-diagnostics -emit-dependencies -emit-module -emit-module-path /Users/admin/builder/spi-builder-workspace/.derivedData/Build/Intermediates.noindex/herald-ios.build/Debug-watchos/HeraldTesting.build/Objects-normal/arm64_32/HeraldTesting.swiftmodule -validate-clang-modules-once -clang-build-session-file /Users/admin/builder/spi-builder-workspace/.derivedData/ModuleCache.noindex/Session.modulevalidation -package-name spi_builder_workspace -Xcc -I/Users/admin/builder/spi-builder-workspace/.derivedData/Build/Intermediates.noindex/herald-ios.build/Debug-watchos/HeraldTesting.build/swift-overrides.hmap -emit-const-values -Xfrontend -const-gather-protocols-file -Xfrontend /Users/admin/builder/spi-builder-workspace/.derivedData/Build/Intermediates.noindex/herald-ios.build/Debug-watchos/HeraldTesting.build/Objects-normal/arm64_32/HeraldTesting_const_extract_protocols.json -Xcc -I/Users/admin/builder/spi-builder-workspace/.derivedData/Build/Products/Debug-watchos/include -Xcc -I/Users/admin/builder/spi-builder-workspace/.derivedData/Build/Intermediates.noindex/herald-ios.build/Debug-watchos/HeraldTesting.build/DerivedSources-normal/arm64_32 -Xcc -I/Users/admin/builder/spi-builder-workspace/.derivedData/Build/Intermediates.noindex/herald-ios.build/Debug-watchos/HeraldTesting.build/DerivedSources/arm64_32 -Xcc -I/Users/admin/builder/spi-builder-workspace/.derivedData/Build/Intermediates.noindex/herald-ios.build/Debug-watchos/HeraldTesting.build/DerivedSources -Xcc -DSWIFT_PACKAGE -Xcc -DDEBUG\=1 -emit-objc-header -emit-objc-header-path /Users/admin/builder/spi-builder-workspace/.derivedData/Build/Intermediates.noindex/herald-ios.build/Debug-watchos/HeraldTesting.build/Objects-normal/arm64_32/HeraldTesting-Swift.h -working-directory /Users/admin/builder/spi-builder-workspace/.swiftpm/xcode -experimental-emit-module-separately -disable-cmo
SwiftDriverJobDiscovery normal armv7k Compiling FakeAnalyticsProvider.swift (in target 'HeraldTesting' from project 'herald-ios')
SwiftDriver\ Compilation HeraldTesting normal arm64 com.apple.xcode.tools.swift.compiler (in target 'HeraldTesting' from project 'herald-ios')
    cd /Users/admin/builder/spi-builder-workspace/.swiftpm/xcode
    builtin-Swift-Compilation -- /Applications/Xcode-16.3.0.app/Contents/Developer/Toolchains/XcodeDefault.xctoolchain/usr/bin/swiftc -module-name HeraldTesting -Onone -enforce-exclusivity\=checked @/Users/admin/builder/spi-builder-workspace/.derivedData/Build/Intermediates.noindex/herald-ios.build/Debug-watchos/HeraldTesting.build/Objects-normal/arm64/HeraldTesting.SwiftFileList -DSWIFT_PACKAGE -DDEBUG -stats-output-dir .stats -plugin-path /Applications/Xcode-16.3.0.app/Contents/Developer/Toolchains/XcodeDefault.xctoolchain/usr/lib/swift/host/plugins/testing -enable-experimental-feature DebugDescriptionMacro -sdk /Applications/Xcode-16.3.0.app/Contents/Developer/Platforms/WatchOS.platform/Developer/SDKs/WatchOS11.4.sdk -target arm64-apple-watchos8.0 -g -module-cache-path /Users/admin/builder/spi-builder-workspace/.derivedData/ModuleCache.noindex -Xfrontend -serialize-debugging-options -profile-coverage-mapping -profile-generate -enable-testing -index-store-path /Users/admin/builder/spi-builder-workspace/.derivedData/Index.noindex/DataStore -swift-version 6 -I /Users/admin/builder/spi-builder-workspace/.derivedData/Build/Products/Debug-watchos -I /Applications/Xcode-16.3.0.app/Contents/Developer/Platforms/WatchOS.platform/Developer/usr/lib -F /Users/admin/builder/spi-builder-workspace/.derivedData/Build/Products/Debug-watchos/PackageFrameworks -F /Users/admin/builder/spi-builder-workspace/.derivedData/Build/Products/Debug-watchos -F /Applications/Xcode-16.3.0.app/Contents/Developer/Platforms/WatchOS.platform/Developer/Library/Frameworks -F /Applications/Xcode-16.3.0.app/Contents/Developer/Platforms/WatchOS.platform/Developer/SDKs/WatchOS11.4.sdk/Developer/Library/Frameworks -c -j10 -enable-batch-mode -incremental -Xcc -ivfsstatcache -Xcc /Users/admin/builder/spi-builder-workspace/.derivedData/SDKStatCaches.noindex/watchos11.4-22T246-43efb940ff07ba2497b70ec94253f576.sdkstatcache -output-file-map /Users/admin/builder/spi-builder-workspace/.derivedData/Build/Intermediates.noindex/herald-ios.build/Debug-watchos/HeraldTesting.build/Objects-normal/arm64/HeraldTesting-OutputFileMap.json -use-frontend-parseable-output -save-temps -no-color-diagnostics -serialize-diagnostics -emit-dependencies -emit-module -emit-module-path /Users/admin/builder/spi-builder-workspace/.derivedData/Build/Intermediates.noindex/herald-ios.build/Debug-watchos/HeraldTesting.build/Objects-normal/arm64/HeraldTesting.swiftmodule -validate-clang-modules-once -clang-build-session-file /Users/admin/builder/spi-builder-workspace/.derivedData/ModuleCache.noindex/Session.modulevalidation -package-name spi_builder_workspace -Xcc -I/Users/admin/builder/spi-builder-workspace/.derivedData/Build/Intermediates.noindex/herald-ios.build/Debug-watchos/HeraldTesting.build/swift-overrides.hmap -emit-const-values -Xfrontend -const-gather-protocols-file -Xfrontend /Users/admin/builder/spi-builder-workspace/.derivedData/Build/Intermediates.noindex/herald-ios.build/Debug-watchos/HeraldTesting.build/Objects-normal/arm64/HeraldTesting_const_extract_protocols.json -Xcc -I/Users/admin/builder/spi-builder-workspace/.derivedData/Build/Products/Debug-watchos/include -Xcc -I/Users/admin/builder/spi-builder-workspace/.derivedData/Build/Intermediates.noindex/herald-ios.build/Debug-watchos/HeraldTesting.build/DerivedSources-normal/arm64 -Xcc -I/Users/admin/builder/spi-builder-workspace/.derivedData/Build/Intermediates.noindex/herald-ios.build/Debug-watchos/HeraldTesting.build/DerivedSources/arm64 -Xcc -I/Users/admin/builder/spi-builder-workspace/.derivedData/Build/Intermediates.noindex/herald-ios.build/Debug-watchos/HeraldTesting.build/DerivedSources -Xcc -DSWIFT_PACKAGE -Xcc -DDEBUG\=1 -emit-objc-header -emit-objc-header-path /Users/admin/builder/spi-builder-workspace/.derivedData/Build/Intermediates.noindex/herald-ios.build/Debug-watchos/HeraldTesting.build/Objects-normal/arm64/HeraldTesting-Swift.h -working-directory /Users/admin/builder/spi-builder-workspace/.swiftpm/xcode -experimental-emit-module-separately -disable-cmo
SwiftCompile normal arm64_32 Compiling\ TrackImpression.swift /Users/admin/builder/spi-builder-workspace/Sources/HeraldSwiftUI/TrackImpression.swift (in target 'HeraldSwiftUI' from project 'herald-ios')
SwiftCompile normal arm64_32 /Users/admin/builder/spi-builder-workspace/Sources/HeraldSwiftUI/TrackImpression.swift (in target 'HeraldSwiftUI' from project 'herald-ios')
    cd /Users/admin/builder/spi-builder-workspace/.swiftpm/xcode

SwiftDriver\ Compilation HeraldTesting normal armv7k com.apple.xcode.tools.swift.compiler (in target 'HeraldTesting' from project 'herald-ios')
    cd /Users/admin/builder/spi-builder-workspace/.swiftpm/xcode
    builtin-Swift-Compilation -- /Applications/Xcode-16.3.0.app/Contents/Developer/Toolchains/XcodeDefault.xctoolchain/usr/bin/swiftc -module-name HeraldTesting -Onone -enforce-exclusivity\=checked @/Users/admin/builder/spi-builder-workspace/.derivedData/Build/Intermediates.noindex/herald-ios.build/Debug-watchos/HeraldTesting.build/Objects-normal/armv7k/HeraldTesting.SwiftFileList -DSWIFT_PACKAGE -DDEBUG -stats-output-dir .stats -plugin-path /Applications/Xcode-16.3.0.app/Contents/Developer/Toolchains/XcodeDefault.xctoolchain/usr/lib/swift/host/plugins/testing -enable-experimental-feature DebugDescriptionMacro -sdk /Applications/Xcode-16.3.0.app/Contents/Developer/Platforms/WatchOS.platform/Developer/SDKs/WatchOS11.4.sdk -target armv7k-apple-watchos8.0 -g -module-cache-path /Users/admin/builder/spi-builder-workspace/.derivedData/ModuleCache.noindex -Xfrontend -serialize-debugging-options -profile-coverage-mapping -profile-generate -enable-testing -index-store-path /Users/admin/builder/spi-builder-workspace/.derivedData/Index.noindex/DataStore -swift-version 6 -I /Users/admin/builder/spi-builder-workspace/.derivedData/Build/Products/Debug-watchos -I /Applications/Xcode-16.3.0.app/Contents/Developer/Platforms/WatchOS.platform/Developer/usr/lib -F /Users/admin/builder/spi-builder-workspace/.derivedData/Build/Products/Debug-watchos/PackageFrameworks -F /Users/admin/builder/spi-builder-workspace/.derivedData/Build/Products/Debug-watchos -F /Applications/Xcode-16.3.0.app/Contents/Developer/Platforms/WatchOS.platform/Developer/Library/Frameworks -F /Applications/Xcode-16.3.0.app/Contents/Developer/Platforms/WatchOS.platform/Developer/SDKs/WatchOS11.4.sdk/Developer/Library/Frameworks -c -j10 -enable-batch-mode -incremental -Xcc -ivfsstatcache -Xcc /Users/admin/builder/spi-builder-workspace/.derivedData/SDKStatCaches.noindex/watchos11.4-22T246-43efb940ff07ba2497b70ec94253f576.sdkstatcache -output-file-map /Users/admin/builder/spi-builder-workspace/.derivedData/Build/Intermediates.noindex/herald-ios.build/Debug-watchos/HeraldTesting.build/Objects-normal/armv7k/HeraldTesting-OutputFileMap.json -use-frontend-parseable-output -save-temps -no-color-diagnostics -serialize-diagnostics -emit-dependencies -emit-module -emit-module-path /Users/admin/builder/spi-builder-workspace/.derivedData/Build/Intermediates.noindex/herald-ios.build/Debug-watchos/HeraldTesting.build/Objects-normal/armv7k/HeraldTesting.swiftmodule -validate-clang-modules-once -clang-build-session-file /Users/admin/builder/spi-builder-workspace/.derivedData/ModuleCache.noindex/Session.modulevalidation -package-name spi_builder_workspace -Xcc -I/Users/admin/builder/spi-builder-workspace/.derivedData/Build/Intermediates.noindex/herald-ios.build/Debug-watchos/HeraldTesting.build/swift-overrides.hmap -emit-const-values -Xfrontend -const-gather-protocols-file -Xfrontend /Users/admin/builder/spi-builder-workspace/.derivedData/Build/Intermediates.noindex/herald-ios.build/Debug-watchos/HeraldTesting.build/Objects-normal/armv7k/HeraldTesting_const_extract_protocols.json -Xcc -I/Users/admin/builder/spi-builder-workspace/.derivedData/Build/Products/Debug-watchos/include -Xcc -I/Users/admin/builder/spi-builder-workspace/.derivedData/Build/Intermediates.noindex/herald-ios.build/Debug-watchos/HeraldTesting.build/DerivedSources-normal/armv7k -Xcc -I/Users/admin/builder/spi-builder-workspace/.derivedData/Build/Intermediates.noindex/herald-ios.build/Debug-watchos/HeraldTesting.build/DerivedSources/armv7k -Xcc -I/Users/admin/builder/spi-builder-workspace/.derivedData/Build/Intermediates.noindex/herald-ios.build/Debug-watchos/HeraldTesting.build/DerivedSources -Xcc -DSWIFT_PACKAGE -Xcc -DDEBUG\=1 -emit-objc-header -emit-objc-header-path /Users/admin/builder/spi-builder-workspace/.derivedData/Build/Intermediates.noindex/herald-ios.build/Debug-watchos/HeraldTesting.build/Objects-normal/armv7k/HeraldTesting-Swift.h -working-directory /Users/admin/builder/spi-builder-workspace/.swiftpm/xcode -experimental-emit-module-separately -disable-cmo
** BUILD FAILED **
The following build commands failed:
	EmitSwiftModule normal arm64 (in target 'HeraldSwiftUI' from project 'herald-ios')
	SwiftEmitModule normal arm64 Emitting\ module\ for\ HeraldSwiftUI (in target 'HeraldSwiftUI' from project 'herald-ios')
	SwiftEmitModule normal arm64_32 Emitting\ module\ for\ HeraldSwiftUI (in target 'HeraldSwiftUI' from project 'herald-ios')
	EmitSwiftModule normal arm64_32 (in target 'HeraldSwiftUI' from project 'herald-ios')
	Building workspace spi-builder-workspace with scheme herald-ios-Package
(5 failures)
Command line invocation:
    /Applications/Xcode-16.3.0.app/Contents/Developer/usr/bin/xcodebuild -IDEClonedSourcePackagesDirPathOverride=/Users/admin/builder/spi-builder-workspace/.dependencies -resolvePackageDependencies
Resolve Package Graph
Resolved source packages:
  herald-ios: /Users/admin/builder/spi-builder-workspace
resolved source packages: herald-ios
{
  "dependencies" : [
  ],
  "manifest_display_name" : "herald-ios",
  "name" : "herald-ios",
  "path" : "/Users/admin/builder/spi-builder-workspace",
  "platforms" : [
    {
      "name" : "ios",
      "version" : "15.0"
    },
    {
      "name" : "macos",
      "version" : "13.0"
    }
  ],
  "products" : [
    {
      "name" : "HeraldCore",
      "targets" : [
        "HeraldCore"
      ],
      "type" : {
        "library" : [
          "automatic"
        ]
      }
    },
    {
      "name" : "HeraldLog",
      "targets" : [
        "HeraldLog"
      ],
      "type" : {
        "library" : [
          "automatic"
        ]
      }
    },
    {
      "name" : "HeraldTesting",
      "targets" : [
        "HeraldTesting"
      ],
      "type" : {
        "library" : [
          "automatic"
        ]
      }
    },
    {
      "name" : "HeraldSwiftUI",
      "targets" : [
        "HeraldSwiftUI"
      ],
      "type" : {
        "library" : [
          "automatic"
        ]
      }
    },
    {
      "name" : "HeraldInterop",
      "targets" : [
        "HeraldInterop"
      ],
      "type" : {
        "library" : [
          "automatic"
        ]
      }
    }
  ],
  "targets" : [
    {
      "c99name" : "HeraldTestingTests",
      "module_type" : "SwiftTarget",
      "name" : "HeraldTestingTests",
      "path" : "Tests/HeraldTestingTests",
      "sources" : [
        "FailureTests.swift",
        "FakeAnalyticsProviderTests.swift",
        "Support.swift"
      ],
      "target_dependencies" : [
        "HeraldTesting"
      ],
      "type" : "test"
    },
    {
      "c99name" : "HeraldTesting",
      "module_type" : "SwiftTarget",
      "name" : "HeraldTesting",
      "path" : "Sources/HeraldTesting",
      "product_memberships" : [
        "HeraldTesting"
      ],
      "sources" : [
        "AnalyticsRecord.swift",
        "FakeAnalyticsProvider.swift",
        "TrackedEventAssert.swift"
      ],
      "target_dependencies" : [
        "HeraldCore"
      ],
      "type" : "library"
    },
    {
      "c99name" : "HeraldSwiftUITests",
      "module_type" : "SwiftTarget",
      "name" : "HeraldSwiftUITests",
      "path" : "Tests/HeraldSwiftUITests",
      "sources" : [
        "ImpressionStateTests.swift",
        "ScreenStateTests.swift"
      ],
      "target_dependencies" : [
        "HeraldSwiftUI"
      ],
      "type" : "test"
    },
    {
      "c99name" : "HeraldSwiftUI",
      "module_type" : "SwiftTarget",
      "name" : "HeraldSwiftUI",
      "path" : "Sources/HeraldSwiftUI",
      "product_memberships" : [
        "HeraldSwiftUI"
      ],
      "sources" : [
        "EventTrackerEnvironment.swift",
        "ImpressionState.swift",
        "ScreenTracking.swift",
        "TrackImpression.swift",
        "WindowReader.swift"
      ],
      "target_dependencies" : [
        "HeraldCore"
      ],
      "type" : "library"
    },
    {
      "c99name" : "HeraldLogTests",
      "module_type" : "SwiftTarget",
      "name" : "HeraldLogTests",
      "path" : "Tests/HeraldLogTests",
      "sources" : [
        "LogFactoriesTests.swift",
        "LogFormatTests.swift",
        "LogServicesTests.swift",
        "Support.swift"
      ],
      "target_dependencies" : [
        "HeraldLog",
        "HeraldTesting"
      ],
      "type" : "test"
    },
    {
      "c99name" : "HeraldLog",
      "module_type" : "SwiftTarget",
      "name" : "HeraldLog",
      "path" : "Sources/HeraldLog",
      "product_memberships" : [
        "HeraldLog"
      ],
      "sources" : [
        "AnalyticsLogger.swift",
        "LogAnalyticsService.swift",
        "LogAnalyticsTrackerService.swift",
        "LogEventTracker.swift",
        "LogEventTrackerFactory.swift",
        "LogFactories.swift",
        "LogPropertySetter.swift",
        "LogPropertySetterFactory.swift",
        "LogRecord.swift",
        "RequireMappedLogFactories.swift",
        "Setters/GenericLogPropertySetter.swift",
        "Trackers/GenericLogEventTracker.swift",
        "Trackers/ScreenViewLogEventTracker.swift"
      ],
      "target_dependencies" : [
        "HeraldCore"
      ],
      "type" : "library"
    },
    {
      "c99name" : "HeraldInteropTests",
      "module_type" : "SwiftTarget",
      "name" : "HeraldInteropTests",
      "path" : "Tests/HeraldInteropTests",
      "sources" : [
        "HeraldInteropTests.swift"
      ],
      "target_dependencies" : [
        "HeraldInterop",
        "HeraldTesting"
      ],
      "type" : "test"
    },
    {
      "c99name" : "HeraldInterop",
      "module_type" : "SwiftTarget",
      "name" : "HeraldInterop",
      "path" : "Sources/HeraldInterop",
      "product_memberships" : [
        "HeraldInterop"
      ],
      "sources" : [
        "HeraldBridge.swift"
      ],
      "target_dependencies" : [
        "HeraldCore"
      ],
      "type" : "library"
    },
    {
      "c99name" : "HeraldCoreTests",
      "module_type" : "SwiftTarget",
      "name" : "HeraldCoreTests",
      "path" : "Tests/HeraldCoreTests",
      "sources" : [
        "AnalyticsFailureTests.swift",
        "AnalyticsValueTests.swift",
        "FallbackFactoryTests.swift",
        "HeraldTests.swift",
        "IdentityTests.swift",
        "ResolutionTests.swift",
        "Support.swift"
      ],
      "target_dependencies" : [
        "HeraldCore"
      ],
      "type" : "test"
    },
    {
      "c99name" : "HeraldCore",
      "module_type" : "SwiftTarget",
      "name" : "HeraldCore",
      "path" : "Sources/HeraldCore",
      "product_memberships" : [
        "HeraldCore",
        "HeraldLog",
        "HeraldTesting",
        "HeraldSwiftUI",
        "HeraldInterop"
      ],
      "sources" : [
        "AnalyticsFailure.swift",
        "AnalyticsLifecycleService.swift",
        "AnalyticsOperation.swift",
        "AnalyticsValue.swift",
        "ConsentService.swift",
        "Event.swift",
        "EventTrackerService.swift",
        "FallbackFactory.swift",
        "Herald.swift",
        "HeraldProvider.swift",
        "IdentifiableUserService.swift",
        "Identity.swift",
        "Property.swift",
        "PropertyTrackerService.swift",
        "Resolution.swift",
        "UnhandledErrors.swift"
      ],
      "type" : "library"
    }
  ],
  "tools_version" : "6.0"
}
{
  "workspace" : {
    "name" : "spi-builder-workspace",
    "schemes" : [
      "herald-ios-Package",
      "HeraldCore",
      "HeraldInterop",
      "HeraldLog",
      "HeraldSwiftUI",
      "HeraldTesting"
    ]
  }
}
Running build ...
env DEVELOPER_DIR=/Applications/Xcode-16.3.0.app xcrun xcodebuild -IDEClonedSourcePackagesDirPathOverride=$PWD/.dependencies -skipMacroValidation -skipPackagePluginValidation -derivedDataPath $PWD/.derivedData build -scheme herald-ios-Package -destination generic/platform=watchOS
Command line invocation:
    /Applications/Xcode-16.3.0.app/Contents/Developer/usr/bin/xcodebuild -IDEClonedSourcePackagesDirPathOverride=/Users/admin/builder/spi-builder-workspace/.dependencies -skipMacroValidation -skipPackagePluginValidation -derivedDataPath /Users/admin/builder/spi-builder-workspace/.derivedData build -scheme herald-ios-Package -destination generic/platform=watchOS
Resolve Package Graph
Resolved source packages:
  herald-ios: /Users/admin/builder/spi-builder-workspace
ComputePackagePrebuildTargetDependencyGraph
Prepare packages
CreateBuildRequest
SendProjectDescription
CreateBuildOperation
ComputeTargetDependencyGraph
note: Building targets in dependency order
note: Target dependency graph (10 targets)
    Target 'HeraldTesting' in project 'herald-ios'
        ➜ Explicit dependency on target 'HeraldTesting' in project 'herald-ios'
        ➜ Explicit dependency on target 'HeraldCore' in project 'herald-ios'
    Target 'HeraldTesting' in project 'herald-ios'
        ➜ Explicit dependency on target 'HeraldCore' in project 'herald-ios'
    Target 'HeraldSwiftUI' in project 'herald-ios'
        ➜ Explicit dependency on target 'HeraldSwiftUI' in project 'herald-ios'
        ➜ Explicit dependency on target 'HeraldCore' in project 'herald-ios'
    Target 'HeraldSwiftUI' in project 'herald-ios'
        ➜ Explicit dependency on target 'HeraldCore' in project 'herald-ios'
    Target 'HeraldLog' in project 'herald-ios'
        ➜ Explicit dependency on target 'HeraldLog' in project 'herald-ios'
        ➜ Explicit dependency on target 'HeraldCore' in project 'herald-ios'
    Target 'HeraldLog' in project 'herald-ios'
        ➜ Explicit dependency on target 'HeraldCore' in project 'herald-ios'
    Target 'HeraldInterop' in project 'herald-ios'
        ➜ Explicit dependency on target 'HeraldInterop' in project 'herald-ios'
        ➜ Explicit dependency on target 'HeraldCore' in project 'herald-ios'
    Target 'HeraldInterop' in project 'herald-ios'
        ➜ Explicit dependency on target 'HeraldCore' in project 'herald-ios'
    Target 'HeraldCore' in project 'herald-ios'
        ➜ Explicit dependency on target 'HeraldCore' in project 'herald-ios'
    Target 'HeraldCore' in project 'herald-ios' (no dependencies)
GatherProvisioningInputs
CreateBuildDescription
ExecuteExternalTool /Applications/Xcode-16.3.0.app/Contents/Developer/Toolchains/XcodeDefault.xctoolchain/usr/bin/swiftc --version
ExecuteExternalTool /Applications/Xcode-16.3.0.app/Contents/Developer/Toolchains/XcodeDefault.xctoolchain/usr/bin/clang -v -E -dM -isysroot /Applications/Xcode-16.3.0.app/Contents/Developer/Platforms/WatchOS.platform/Developer/SDKs/WatchOS11.4.sdk -x c -c /dev/null
ExecuteExternalTool /Applications/Xcode-16.3.0.app/Contents/Developer/Toolchains/XcodeDefault.xctoolchain/usr/bin/ld -version_details
Build description signature: 55fdcc42deccc43a1f16014c5c45c173
Build description path: /Users/admin/builder/spi-builder-workspace/.derivedData/Build/Intermediates.noindex/XCBuildData/55fdcc42deccc43a1f16014c5c45c173.xcbuilddata
ClangStatCache /Applications/Xcode-16.3.0.app/Contents/Developer/Toolchains/XcodeDefault.xctoolchain/usr/bin/clang-stat-cache /Applications/Xcode-16.3.0.app/Contents/Developer/Platforms/WatchOS.platform/Developer/SDKs/WatchOS11.4.sdk /Users/admin/builder/spi-builder-workspace/.derivedData/SDKStatCaches.noindex/watchos11.4-22T246-43efb940ff07ba2497b70ec94253f576.sdkstatcache
    cd /Users/admin/builder/spi-builder-workspace/.swiftpm/xcode
    /Applications/Xcode-16.3.0.app/Contents/Developer/Toolchains/XcodeDefault.xctoolchain/usr/bin/clang-stat-cache /Applications/Xcode-16.3.0.app/Contents/Developer/Platforms/WatchOS.platform/Developer/SDKs/WatchOS11.4.sdk -o /Users/admin/builder/spi-builder-workspace/.derivedData/SDKStatCaches.noindex/watchos11.4-22T246-43efb940ff07ba2497b70ec94253f576.sdkstatcache
SwiftDriver HeraldCore normal armv7k com.apple.xcode.tools.swift.compiler (in target 'HeraldCore' from project 'herald-ios')
    cd /Users/admin/builder/spi-builder-workspace/.swiftpm/xcode
    builtin-SwiftDriver -- /Applications/Xcode-16.3.0.app/Contents/Developer/Toolchains/XcodeDefault.xctoolchain/usr/bin/swiftc -module-name HeraldCore -Onone -enforce-exclusivity\=checked @/Users/admin/builder/spi-builder-workspace/.derivedData/Build/Intermediates.noindex/herald-ios.build/Debug-watchos/HeraldCore.build/Objects-normal/armv7k/HeraldCore.SwiftFileList -DSWIFT_PACKAGE -DDEBUG -DXcode -plugin-path /Applications/Xcode-16.3.0.app/Contents/Developer/Toolchains/XcodeDefault.xctoolchain/usr/lib/swift/host/plugins/testing -enable-experimental-feature DebugDescriptionMacro -sdk /Applications/Xcode-16.3.0.app/Contents/Developer/Platforms/WatchOS.platform/Developer/SDKs/WatchOS11.4.sdk -target armv7k-apple-watchos8.0 -g -module-cache-path /Users/admin/builder/spi-builder-workspace/.derivedData/ModuleCache.noindex -Xfrontend -serialize-debugging-options -profile-coverage-mapping -profile-generate -enable-testing -index-store-path /Users/admin/builder/spi-builder-workspace/.derivedData/Index.noindex/DataStore -swift-version 6 -I /Users/admin/builder/spi-builder-workspace/.derivedData/Build/Products/Debug-watchos -I /Applications/Xcode-16.3.0.app/Contents/Developer/Platforms/WatchOS.platform/Developer/usr/lib -F /Users/admin/builder/spi-builder-workspace/.derivedData/Build/Products/Debug-watchos -F /Applications/Xcode-16.3.0.app/Contents/Developer/Platforms/WatchOS.platform/Developer/Library/Frameworks -F /Applications/Xcode-16.3.0.app/Contents/Developer/Platforms/WatchOS.platform/Developer/SDKs/WatchOS11.4.sdk/Developer/Library/Frameworks -c -j10 -enable-batch-mode -incremental -Xcc -ivfsstatcache -Xcc /Users/admin/builder/spi-builder-workspace/.derivedData/SDKStatCaches.noindex/watchos11.4-22T246-43efb940ff07ba2497b70ec94253f576.sdkstatcache -output-file-map /Users/admin/builder/spi-builder-workspace/.derivedData/Build/Intermediates.noindex/herald-ios.build/Debug-watchos/HeraldCore.build/Objects-normal/armv7k/HeraldCore-OutputFileMap.json -use-frontend-parseable-output -save-temps -no-color-diagnostics -serialize-diagnostics -emit-dependencies -emit-module -emit-module-path /Users/admin/builder/spi-builder-workspace/.derivedData/Build/Intermediates.noindex/herald-ios.build/Debug-watchos/HeraldCore.build/Objects-normal/armv7k/HeraldCore.swiftmodule -validate-clang-modules-once -clang-build-session-file /Users/admin/builder/spi-builder-workspace/.derivedData/ModuleCache.noindex/Session.modulevalidation -package-name spi_builder_workspace -Xcc -I/Users/admin/builder/spi-builder-workspace/.derivedData/Build/Intermediates.noindex/herald-ios.build/Debug-watchos/HeraldCore.build/swift-overrides.hmap -emit-const-values -Xfrontend -const-gather-protocols-file -Xfrontend /Users/admin/builder/spi-builder-workspace/.derivedData/Build/Intermediates.noindex/herald-ios.build/Debug-watchos/HeraldCore.build/Objects-normal/armv7k/HeraldCore_const_extract_protocols.json -Xcc -I/Users/admin/builder/spi-builder-workspace/.derivedData/Build/Products/Debug-watchos/include -Xcc -I/Users/admin/builder/spi-builder-workspace/.derivedData/Build/Intermediates.noindex/herald-ios.build/Debug-watchos/HeraldCore.build/DerivedSources-normal/armv7k -Xcc -I/Users/admin/builder/spi-builder-workspace/.derivedData/Build/Intermediates.noindex/herald-ios.build/Debug-watchos/HeraldCore.build/DerivedSources/armv7k -Xcc -I/Users/admin/builder/spi-builder-workspace/.derivedData/Build/Intermediates.noindex/herald-ios.build/Debug-watchos/HeraldCore.build/DerivedSources -Xcc -DSWIFT_PACKAGE -Xcc -DDEBUG\=1 -emit-objc-header -emit-objc-header-path /Users/admin/builder/spi-builder-workspace/.derivedData/Build/Intermediates.noindex/herald-ios.build/Debug-watchos/HeraldCore.build/Objects-normal/armv7k/HeraldCore-Swift.h -working-directory /Users/admin/builder/spi-builder-workspace/.swiftpm/xcode -experimental-emit-module-separately -disable-cmo
SwiftDriver HeraldCore normal arm64_32 com.apple.xcode.tools.swift.compiler (in target 'HeraldCore' from project 'herald-ios')
    cd /Users/admin/builder/spi-builder-workspace/.swiftpm/xcode
    builtin-SwiftDriver -- /Applications/Xcode-16.3.0.app/Contents/Developer/Toolchains/XcodeDefault.xctoolchain/usr/bin/swiftc -module-name HeraldCore -Onone -enforce-exclusivity\=checked @/Users/admin/builder/spi-builder-workspace/.derivedData/Build/Intermediates.noindex/herald-ios.build/Debug-watchos/HeraldCore.build/Objects-normal/arm64_32/HeraldCore.SwiftFileList -DSWIFT_PACKAGE -DDEBUG -DXcode -plugin-path /Applications/Xcode-16.3.0.app/Contents/Developer/Toolchains/XcodeDefault.xctoolchain/usr/lib/swift/host/plugins/testing -enable-experimental-feature DebugDescriptionMacro -sdk /Applications/Xcode-16.3.0.app/Contents/Developer/Platforms/WatchOS.platform/Developer/SDKs/WatchOS11.4.sdk -target arm64_32-apple-watchos8.0 -g -module-cache-path /Users/admin/builder/spi-builder-workspace/.derivedData/ModuleCache.noindex -Xfrontend -serialize-debugging-options -profile-coverage-mapping -profile-generate -enable-testing -index-store-path /Users/admin/builder/spi-builder-workspace/.derivedData/Index.noindex/DataStore -swift-version 6 -I /Users/admin/builder/spi-builder-workspace/.derivedData/Build/Products/Debug-watchos -I /Applications/Xcode-16.3.0.app/Contents/Developer/Platforms/WatchOS.platform/Developer/usr/lib -F /Users/admin/builder/spi-builder-workspace/.derivedData/Build/Products/Debug-watchos -F /Applications/Xcode-16.3.0.app/Contents/Developer/Platforms/WatchOS.platform/Developer/Library/Frameworks -F /Applications/Xcode-16.3.0.app/Contents/Developer/Platforms/WatchOS.platform/Developer/SDKs/WatchOS11.4.sdk/Developer/Library/Frameworks -c -j10 -enable-batch-mode -incremental -Xcc -ivfsstatcache -Xcc /Users/admin/builder/spi-builder-workspace/.derivedData/SDKStatCaches.noindex/watchos11.4-22T246-43efb940ff07ba2497b70ec94253f576.sdkstatcache -output-file-map /Users/admin/builder/spi-builder-workspace/.derivedData/Build/Intermediates.noindex/herald-ios.build/Debug-watchos/HeraldCore.build/Objects-normal/arm64_32/HeraldCore-OutputFileMap.json -use-frontend-parseable-output -save-temps -no-color-diagnostics -serialize-diagnostics -emit-dependencies -emit-module -emit-module-path /Users/admin/builder/spi-builder-workspace/.derivedData/Build/Intermediates.noindex/herald-ios.build/Debug-watchos/HeraldCore.build/Objects-normal/arm64_32/HeraldCore.swiftmodule -validate-clang-modules-once -clang-build-session-file /Users/admin/builder/spi-builder-workspace/.derivedData/ModuleCache.noindex/Session.modulevalidation -package-name spi_builder_workspace -Xcc -I/Users/admin/builder/spi-builder-workspace/.derivedData/Build/Intermediates.noindex/herald-ios.build/Debug-watchos/HeraldCore.build/swift-overrides.hmap -emit-const-values -Xfrontend -const-gather-protocols-file -Xfrontend /Users/admin/builder/spi-builder-workspace/.derivedData/Build/Intermediates.noindex/herald-ios.build/Debug-watchos/HeraldCore.build/Objects-normal/arm64_32/HeraldCore_const_extract_protocols.json -Xcc -I/Users/admin/builder/spi-builder-workspace/.derivedData/Build/Products/Debug-watchos/include -Xcc -I/Users/admin/builder/spi-builder-workspace/.derivedData/Build/Intermediates.noindex/herald-ios.build/Debug-watchos/HeraldCore.build/DerivedSources-normal/arm64_32 -Xcc -I/Users/admin/builder/spi-builder-workspace/.derivedData/Build/Intermediates.noindex/herald-ios.build/Debug-watchos/HeraldCore.build/DerivedSources/arm64_32 -Xcc -I/Users/admin/builder/spi-builder-workspace/.derivedData/Build/Intermediates.noindex/herald-ios.build/Debug-watchos/HeraldCore.build/DerivedSources -Xcc -DSWIFT_PACKAGE -Xcc -DDEBUG\=1 -emit-objc-header -emit-objc-header-path /Users/admin/builder/spi-builder-workspace/.derivedData/Build/Intermediates.noindex/herald-ios.build/Debug-watchos/HeraldCore.build/Objects-normal/arm64_32/HeraldCore-Swift.h -working-directory /Users/admin/builder/spi-builder-workspace/.swiftpm/xcode -experimental-emit-module-separately -disable-cmo
SwiftDriver HeraldCore normal arm64 com.apple.xcode.tools.swift.compiler (in target 'HeraldCore' from project 'herald-ios')
    cd /Users/admin/builder/spi-builder-workspace/.swiftpm/xcode
    builtin-SwiftDriver -- /Applications/Xcode-16.3.0.app/Contents/Developer/Toolchains/XcodeDefault.xctoolchain/usr/bin/swiftc -module-name HeraldCore -Onone -enforce-exclusivity\=checked @/Users/admin/builder/spi-builder-workspace/.derivedData/Build/Intermediates.noindex/herald-ios.build/Debug-watchos/HeraldCore.build/Objects-normal/arm64/HeraldCore.SwiftFileList -DSWIFT_PACKAGE -DDEBUG -DXcode -plugin-path /Applications/Xcode-16.3.0.app/Contents/Developer/Toolchains/XcodeDefault.xctoolchain/usr/lib/swift/host/plugins/testing -enable-experimental-feature DebugDescriptionMacro -sdk /Applications/Xcode-16.3.0.app/Contents/Developer/Platforms/WatchOS.platform/Developer/SDKs/WatchOS11.4.sdk -target arm64-apple-watchos8.0 -g -module-cache-path /Users/admin/builder/spi-builder-workspace/.derivedData/ModuleCache.noindex -Xfrontend -serialize-debugging-options -profile-coverage-mapping -profile-generate -enable-testing -index-store-path /Users/admin/builder/spi-builder-workspace/.derivedData/Index.noindex/DataStore -swift-version 6 -I /Users/admin/builder/spi-builder-workspace/.derivedData/Build/Products/Debug-watchos -I /Applications/Xcode-16.3.0.app/Contents/Developer/Platforms/WatchOS.platform/Developer/usr/lib -F /Users/admin/builder/spi-builder-workspace/.derivedData/Build/Products/Debug-watchos -F /Applications/Xcode-16.3.0.app/Contents/Developer/Platforms/WatchOS.platform/Developer/Library/Frameworks -F /Applications/Xcode-16.3.0.app/Contents/Developer/Platforms/WatchOS.platform/Developer/SDKs/WatchOS11.4.sdk/Developer/Library/Frameworks -c -j10 -enable-batch-mode -incremental -Xcc -ivfsstatcache -Xcc /Users/admin/builder/spi-builder-workspace/.derivedData/SDKStatCaches.noindex/watchos11.4-22T246-43efb940ff07ba2497b70ec94253f576.sdkstatcache -output-file-map /Users/admin/builder/spi-builder-workspace/.derivedData/Build/Intermediates.noindex/herald-ios.build/Debug-watchos/HeraldCore.build/Objects-normal/arm64/HeraldCore-OutputFileMap.json -use-frontend-parseable-output -save-temps -no-color-diagnostics -serialize-diagnostics -emit-dependencies -emit-module -emit-module-path /Users/admin/builder/spi-builder-workspace/.derivedData/Build/Intermediates.noindex/herald-ios.build/Debug-watchos/HeraldCore.build/Objects-normal/arm64/HeraldCore.swiftmodule -validate-clang-modules-once -clang-build-session-file /Users/admin/builder/spi-builder-workspace/.derivedData/ModuleCache.noindex/Session.modulevalidation -package-name spi_builder_workspace -Xcc -I/Users/admin/builder/spi-builder-workspace/.derivedData/Build/Intermediates.noindex/herald-ios.build/Debug-watchos/HeraldCore.build/swift-overrides.hmap -emit-const-values -Xfrontend -const-gather-protocols-file -Xfrontend /Users/admin/builder/spi-builder-workspace/.derivedData/Build/Intermediates.noindex/herald-ios.build/Debug-watchos/HeraldCore.build/Objects-normal/arm64/HeraldCore_const_extract_protocols.json -Xcc -I/Users/admin/builder/spi-builder-workspace/.derivedData/Build/Products/Debug-watchos/include -Xcc -I/Users/admin/builder/spi-builder-workspace/.derivedData/Build/Intermediates.noindex/herald-ios.build/Debug-watchos/HeraldCore.build/DerivedSources-normal/arm64 -Xcc -I/Users/admin/builder/spi-builder-workspace/.derivedData/Build/Intermediates.noindex/herald-ios.build/Debug-watchos/HeraldCore.build/DerivedSources/arm64 -Xcc -I/Users/admin/builder/spi-builder-workspace/.derivedData/Build/Intermediates.noindex/herald-ios.build/Debug-watchos/HeraldCore.build/DerivedSources -Xcc -DSWIFT_PACKAGE -Xcc -DDEBUG\=1 -emit-objc-header -emit-objc-header-path /Users/admin/builder/spi-builder-workspace/.derivedData/Build/Intermediates.noindex/herald-ios.build/Debug-watchos/HeraldCore.build/Objects-normal/arm64/HeraldCore-Swift.h -working-directory /Users/admin/builder/spi-builder-workspace/.swiftpm/xcode -experimental-emit-module-separately -disable-cmo
SwiftCompile normal arm64 Compiling\ ConsentService.swift,\ Event.swift /Users/admin/builder/spi-builder-workspace/Sources/HeraldCore/ConsentService.swift /Users/admin/builder/spi-builder-workspace/Sources/HeraldCore/Event.swift (in target 'HeraldCore' from project 'herald-ios')
SwiftCompile normal arm64 /Users/admin/builder/spi-builder-workspace/Sources/HeraldCore/ConsentService.swift (in target 'HeraldCore' from project 'herald-ios')
    cd /Users/admin/builder/spi-builder-workspace/.swiftpm/xcode

SwiftCompile normal arm64 /Users/admin/builder/spi-builder-workspace/Sources/HeraldCore/Event.swift (in target 'HeraldCore' from project 'herald-ios')
    cd /Users/admin/builder/spi-builder-workspace/.swiftpm/xcode

SwiftCompile normal arm64 Compiling\ AnalyticsFailure.swift,\ AnalyticsLifecycleService.swift /Users/admin/builder/spi-builder-workspace/Sources/HeraldCore/AnalyticsFailure.swift /Users/admin/builder/spi-builder-workspace/Sources/HeraldCore/AnalyticsLifecycleService.swift (in target 'HeraldCore' from project 'herald-ios')
SwiftCompile normal arm64 /Users/admin/builder/spi-builder-workspace/Sources/HeraldCore/AnalyticsFailure.swift (in target 'HeraldCore' from project 'herald-ios')
    cd /Users/admin/builder/spi-builder-workspace/.swiftpm/xcode

SwiftCompile normal arm64 /Users/admin/builder/spi-builder-workspace/Sources/HeraldCore/AnalyticsLifecycleService.swift (in target 'HeraldCore' from project 'herald-ios')
    cd /Users/admin/builder/spi-builder-workspace/.swiftpm/xcode

SwiftCompile normal arm64 Compiling\ EventTrackerService.swift,\ FallbackFactory.swift /Users/admin/builder/spi-builder-workspace/Sources/HeraldCore/EventTrackerService.swift /Users/admin/builder/spi-builder-workspace/Sources/HeraldCore/FallbackFactory.swift (in target 'HeraldCore' from project 'herald-ios')
SwiftCompile normal arm64 /Users/admin/builder/spi-builder-workspace/Sources/HeraldCore/EventTrackerService.swift (in target 'HeraldCore' from project 'herald-ios')
    cd /Users/admin/builder/spi-builder-workspace/.swiftpm/xcode

SwiftCompile normal arm64 /Users/admin/builder/spi-builder-workspace/Sources/HeraldCore/FallbackFactory.swift (in target 'HeraldCore' from project 'herald-ios')
    cd /Users/admin/builder/spi-builder-workspace/.swiftpm/xcode

SwiftCompile normal arm64 Compiling\ Herald.swift,\ HeraldProvider.swift /Users/admin/builder/spi-builder-workspace/Sources/HeraldCore/Herald.swift /Users/admin/builder/spi-builder-workspace/Sources/HeraldCore/HeraldProvider.swift (in target 'HeraldCore' from project 'herald-ios')
SwiftCompile normal arm64 /Users/admin/builder/spi-builder-workspace/Sources/HeraldCore/Herald.swift (in target 'HeraldCore' from project 'herald-ios')
    cd /Users/admin/builder/spi-builder-workspace/.swiftpm/xcode

SwiftCompile normal arm64 /Users/admin/builder/spi-builder-workspace/Sources/HeraldCore/HeraldProvider.swift (in target 'HeraldCore' from project 'herald-ios')
    cd /Users/admin/builder/spi-builder-workspace/.swiftpm/xcode

SwiftCompile normal arm64 Compiling\ IdentifiableUserService.swift,\ Identity.swift /Users/admin/builder/spi-builder-workspace/Sources/HeraldCore/IdentifiableUserService.swift /Users/admin/builder/spi-builder-workspace/Sources/HeraldCore/Identity.swift (in target 'HeraldCore' from project 'herald-ios')
SwiftCompile normal arm64 /Users/admin/builder/spi-builder-workspace/Sources/HeraldCore/IdentifiableUserService.swift (in target 'HeraldCore' from project 'herald-ios')
    cd /Users/admin/builder/spi-builder-workspace/.swiftpm/xcode

SwiftCompile normal arm64 /Users/admin/builder/spi-builder-workspace/Sources/HeraldCore/Identity.swift (in target 'HeraldCore' from project 'herald-ios')
    cd /Users/admin/builder/spi-builder-workspace/.swiftpm/xcode

SwiftCompile normal arm64 Compiling\ Property.swift /Users/admin/builder/spi-builder-workspace/Sources/HeraldCore/Property.swift (in target 'HeraldCore' from project 'herald-ios')
SwiftCompile normal arm64 /Users/admin/builder/spi-builder-workspace/Sources/HeraldCore/Property.swift (in target 'HeraldCore' from project 'herald-ios')
    cd /Users/admin/builder/spi-builder-workspace/.swiftpm/xcode

SwiftCompile normal arm64 Compiling\ PropertyTrackerService.swift /Users/admin/builder/spi-builder-workspace/Sources/HeraldCore/PropertyTrackerService.swift (in target 'HeraldCore' from project 'herald-ios')
SwiftCompile normal arm64 /Users/admin/builder/spi-builder-workspace/Sources/HeraldCore/PropertyTrackerService.swift (in target 'HeraldCore' from project 'herald-ios')
    cd /Users/admin/builder/spi-builder-workspace/.swiftpm/xcode

SwiftCompile normal arm64 Compiling\ AnalyticsOperation.swift,\ AnalyticsValue.swift /Users/admin/builder/spi-builder-workspace/Sources/HeraldCore/AnalyticsOperation.swift /Users/admin/builder/spi-builder-workspace/Sources/HeraldCore/AnalyticsValue.swift (in target 'HeraldCore' from project 'herald-ios')
SwiftCompile normal arm64 /Users/admin/builder/spi-builder-workspace/Sources/HeraldCore/AnalyticsOperation.swift (in target 'HeraldCore' from project 'herald-ios')
    cd /Users/admin/builder/spi-builder-workspace/.swiftpm/xcode

SwiftCompile normal arm64 /Users/admin/builder/spi-builder-workspace/Sources/HeraldCore/AnalyticsValue.swift (in target 'HeraldCore' from project 'herald-ios')
    cd /Users/admin/builder/spi-builder-workspace/.swiftpm/xcode

SwiftEmitModule normal armv7k Emitting\ module\ for\ HeraldCore (in target 'HeraldCore' from project 'herald-ios')
EmitSwiftModule normal armv7k (in target 'HeraldCore' from project 'herald-ios')
    cd /Users/admin/builder/spi-builder-workspace/.swiftpm/xcode

SwiftEmitModule normal arm64 Emitting\ module\ for\ HeraldCore (in target 'HeraldCore' from project 'herald-ios')
EmitSwiftModule normal arm64 (in target 'HeraldCore' from project 'herald-ios')
    cd /Users/admin/builder/spi-builder-workspace/.swiftpm/xcode

SwiftEmitModule normal arm64_32 Emitting\ module\ for\ HeraldCore (in target 'HeraldCore' from project 'herald-ios')
EmitSwiftModule normal arm64_32 (in target 'HeraldCore' from project 'herald-ios')
    cd /Users/admin/builder/spi-builder-workspace/.swiftpm/xcode

SwiftCompile normal arm64_32 Compiling\ Property.swift /Users/admin/builder/spi-builder-workspace/Sources/HeraldCore/Property.swift (in target 'HeraldCore' from project 'herald-ios')
SwiftCompile normal arm64_32 /Users/admin/builder/spi-builder-workspace/Sources/HeraldCore/Property.swift (in target 'HeraldCore' from project 'herald-ios')
    cd /Users/admin/builder/spi-builder-workspace/.swiftpm/xcode

SwiftCompile normal arm64 Compiling\ UnhandledErrors.swift /Users/admin/builder/spi-builder-workspace/Sources/HeraldCore/UnhandledErrors.swift (in target 'HeraldCore' from project 'herald-ios')
SwiftCompile normal arm64 /Users/admin/builder/spi-builder-workspace/Sources/HeraldCore/UnhandledErrors.swift (in target 'HeraldCore' from project 'herald-ios')
    cd /Users/admin/builder/spi-builder-workspace/.swiftpm/xcode

SwiftCompile normal arm64_32 Compiling\ ConsentService.swift,\ Event.swift /Users/admin/builder/spi-builder-workspace/Sources/HeraldCore/ConsentService.swift /Users/admin/builder/spi-builder-workspace/Sources/HeraldCore/Event.swift (in target 'HeraldCore' from project 'herald-ios')
SwiftCompile normal arm64_32 /Users/admin/builder/spi-builder-workspace/Sources/HeraldCore/ConsentService.swift (in target 'HeraldCore' from project 'herald-ios')
    cd /Users/admin/builder/spi-builder-workspace/.swiftpm/xcode

SwiftCompile normal arm64_32 /Users/admin/builder/spi-builder-workspace/Sources/HeraldCore/Event.swift (in target 'HeraldCore' from project 'herald-ios')
    cd /Users/admin/builder/spi-builder-workspace/.swiftpm/xcode

SwiftDriverJobDiscovery normal arm64 Compiling Property.swift (in target 'HeraldCore' from project 'herald-ios')
SwiftDriverJobDiscovery normal arm64 Compiling AnalyticsFailure.swift, AnalyticsLifecycleService.swift (in target 'HeraldCore' from project 'herald-ios')
SwiftDriverJobDiscovery normal arm64 Compiling ConsentService.swift, Event.swift (in target 'HeraldCore' from project 'herald-ios')
SwiftDriverJobDiscovery normal arm64 Compiling PropertyTrackerService.swift (in target 'HeraldCore' from project 'herald-ios')
SwiftCompile normal arm64_32 Compiling\ PropertyTrackerService.swift /Users/admin/builder/spi-builder-workspace/Sources/HeraldCore/PropertyTrackerService.swift (in target 'HeraldCore' from project 'herald-ios')
SwiftCompile normal arm64_32 /Users/admin/builder/spi-builder-workspace/Sources/HeraldCore/PropertyTrackerService.swift (in target 'HeraldCore' from project 'herald-ios')
    cd /Users/admin/builder/spi-builder-workspace/.swiftpm/xcode

SwiftDriverJobDiscovery normal arm64 Compiling IdentifiableUserService.swift, Identity.swift (in target 'HeraldCore' from project 'herald-ios')
SwiftCompile normal armv7k Compiling\ UnhandledErrors.swift /Users/admin/builder/spi-builder-workspace/Sources/HeraldCore/UnhandledErrors.swift (in target 'HeraldCore' from project 'herald-ios')
SwiftCompile normal armv7k /Users/admin/builder/spi-builder-workspace/Sources/HeraldCore/UnhandledErrors.swift (in target 'HeraldCore' from project 'herald-ios')
    cd /Users/admin/builder/spi-builder-workspace/.swiftpm/xcode

SwiftDriverJobDiscovery normal arm64 Compiling EventTrackerService.swift, FallbackFactory.swift (in target 'HeraldCore' from project 'herald-ios')
SwiftCompile normal armv7k Compiling\ AnalyticsFailure.swift,\ AnalyticsLifecycleService.swift /Users/admin/builder/spi-builder-workspace/Sources/HeraldCore/AnalyticsFailure.swift /Users/admin/builder/spi-builder-workspace/Sources/HeraldCore/AnalyticsLifecycleService.swift (in target 'HeraldCore' from project 'herald-ios')
SwiftCompile normal armv7k /Users/admin/builder/spi-builder-workspace/Sources/HeraldCore/AnalyticsFailure.swift (in target 'HeraldCore' from project 'herald-ios')
    cd /Users/admin/builder/spi-builder-workspace/.swiftpm/xcode

SwiftCompile normal armv7k /Users/admin/builder/spi-builder-workspace/Sources/HeraldCore/AnalyticsLifecycleService.swift (in target 'HeraldCore' from project 'herald-ios')
    cd /Users/admin/builder/spi-builder-workspace/.swiftpm/xcode

SwiftDriverJobDiscovery normal arm64 Compiling AnalyticsOperation.swift, AnalyticsValue.swift (in target 'HeraldCore' from project 'herald-ios')
SwiftCompile normal armv7k Compiling\ PropertyTrackerService.swift /Users/admin/builder/spi-builder-workspace/Sources/HeraldCore/PropertyTrackerService.swift (in target 'HeraldCore' from project 'herald-ios')
SwiftCompile normal armv7k /Users/admin/builder/spi-builder-workspace/Sources/HeraldCore/PropertyTrackerService.swift (in target 'HeraldCore' from project 'herald-ios')
    cd /Users/admin/builder/spi-builder-workspace/.swiftpm/xcode

SwiftDriverJobDiscovery normal arm64 Emitting module for HeraldCore (in target 'HeraldCore' from project 'herald-ios')
SwiftCompile normal arm64_32 Compiling\ UnhandledErrors.swift /Users/admin/builder/spi-builder-workspace/Sources/HeraldCore/UnhandledErrors.swift (in target 'HeraldCore' from project 'herald-ios')
SwiftCompile normal arm64_32 /Users/admin/builder/spi-builder-workspace/Sources/HeraldCore/UnhandledErrors.swift (in target 'HeraldCore' from project 'herald-ios')
    cd /Users/admin/builder/spi-builder-workspace/.swiftpm/xcode

SwiftDriverJobDiscovery normal armv7k Emitting module for HeraldCore (in target 'HeraldCore' from project 'herald-ios')
SwiftDriver\ Compilation\ Requirements HeraldCore normal armv7k com.apple.xcode.tools.swift.compiler (in target 'HeraldCore' from project 'herald-ios')
    cd /Users/admin/builder/spi-builder-workspace/.swiftpm/xcode
    builtin-Swift-Compilation-Requirements -- /Applications/Xcode-16.3.0.app/Contents/Developer/Toolchains/XcodeDefault.xctoolchain/usr/bin/swiftc -module-name HeraldCore -Onone -enforce-exclusivity\=checked @/Users/admin/builder/spi-builder-workspace/.derivedData/Build/Intermediates.noindex/herald-ios.build/Debug-watchos/HeraldCore.build/Objects-normal/armv7k/HeraldCore.SwiftFileList -DSWIFT_PACKAGE -DDEBUG -DXcode -plugin-path /Applications/Xcode-16.3.0.app/Contents/Developer/Toolchains/XcodeDefault.xctoolchain/usr/lib/swift/host/plugins/testing -enable-experimental-feature DebugDescriptionMacro -sdk /Applications/Xcode-16.3.0.app/Contents/Developer/Platforms/WatchOS.platform/Developer/SDKs/WatchOS11.4.sdk -target armv7k-apple-watchos8.0 -g -module-cache-path /Users/admin/builder/spi-builder-workspace/.derivedData/ModuleCache.noindex -Xfrontend -serialize-debugging-options -profile-coverage-mapping -profile-generate -enable-testing -index-store-path /Users/admin/builder/spi-builder-workspace/.derivedData/Index.noindex/DataStore -swift-version 6 -I /Users/admin/builder/spi-builder-workspace/.derivedData/Build/Products/Debug-watchos -I /Applications/Xcode-16.3.0.app/Contents/Developer/Platforms/WatchOS.platform/Developer/usr/lib -F /Users/admin/builder/spi-builder-workspace/.derivedData/Build/Products/Debug-watchos -F /Applications/Xcode-16.3.0.app/Contents/Developer/Platforms/WatchOS.platform/Developer/Library/Frameworks -F /Applications/Xcode-16.3.0.app/Contents/Developer/Platforms/WatchOS.platform/Developer/SDKs/WatchOS11.4.sdk/Developer/Library/Frameworks -c -j10 -enable-batch-mode -incremental -Xcc -ivfsstatcache -Xcc /Users/admin/builder/spi-builder-workspace/.derivedData/SDKStatCaches.noindex/watchos11.4-22T246-43efb940ff07ba2497b70ec94253f576.sdkstatcache -output-file-map /Users/admin/builder/spi-builder-workspace/.derivedData/Build/Intermediates.noindex/herald-ios.build/Debug-watchos/HeraldCore.build/Objects-normal/armv7k/HeraldCore-OutputFileMap.json -use-frontend-parseable-output -save-temps -no-color-diagnostics -serialize-diagnostics -emit-dependencies -emit-module -emit-module-path /Users/admin/builder/spi-builder-workspace/.derivedData/Build/Intermediates.noindex/herald-ios.build/Debug-watchos/HeraldCore.build/Objects-normal/armv7k/HeraldCore.swiftmodule -validate-clang-modules-once -clang-build-session-file /Users/admin/builder/spi-builder-workspace/.derivedData/ModuleCache.noindex/Session.modulevalidation -package-name spi_builder_workspace -Xcc -I/Users/admin/builder/spi-builder-workspace/.derivedData/Build/Intermediates.noindex/herald-ios.build/Debug-watchos/HeraldCore.build/swift-overrides.hmap -emit-const-values -Xfrontend -const-gather-protocols-file -Xfrontend /Users/admin/builder/spi-builder-workspace/.derivedData/Build/Intermediates.noindex/herald-ios.build/Debug-watchos/HeraldCore.build/Objects-normal/armv7k/HeraldCore_const_extract_protocols.json -Xcc -I/Users/admin/builder/spi-builder-workspace/.derivedData/Build/Products/Debug-watchos/include -Xcc -I/Users/admin/builder/spi-builder-workspace/.derivedData/Build/Intermediates.noindex/herald-ios.build/Debug-watchos/HeraldCore.build/DerivedSources-normal/armv7k -Xcc -I/Users/admin/builder/spi-builder-workspace/.derivedData/Build/Intermediates.noindex/herald-ios.build/Debug-watchos/HeraldCore.build/DerivedSources/armv7k -Xcc -I/Users/admin/builder/spi-builder-workspace/.derivedData/Build/Intermediates.noindex/herald-ios.build/Debug-watchos/HeraldCore.build/DerivedSources -Xcc -DSWIFT_PACKAGE -Xcc -DDEBUG\=1 -emit-objc-header -emit-objc-header-path /Users/admin/builder/spi-builder-workspace/.derivedData/Build/Intermediates.noindex/herald-ios.build/Debug-watchos/HeraldCore.build/Objects-normal/armv7k/HeraldCore-Swift.h -working-directory /Users/admin/builder/spi-builder-workspace/.swiftpm/xcode -experimental-emit-module-separately -disable-cmo
SwiftDriverJobDiscovery normal arm64_32 Compiling Property.swift (in target 'HeraldCore' from project 'herald-ios')
SwiftDriver\ Compilation\ Requirements HeraldCore normal arm64 com.apple.xcode.tools.swift.compiler (in target 'HeraldCore' from project 'herald-ios')
    cd /Users/admin/builder/spi-builder-workspace/.swiftpm/xcode
    builtin-Swift-Compilation-Requirements -- /Applications/Xcode-16.3.0.app/Contents/Developer/Toolchains/XcodeDefault.xctoolchain/usr/bin/swiftc -module-name HeraldCore -Onone -enforce-exclusivity\=checked @/Users/admin/builder/spi-builder-workspace/.derivedData/Build/Intermediates.noindex/herald-ios.build/Debug-watchos/HeraldCore.build/Objects-normal/arm64/HeraldCore.SwiftFileList -DSWIFT_PACKAGE -DDEBUG -DXcode -plugin-path /Applications/Xcode-16.3.0.app/Contents/Developer/Toolchains/XcodeDefault.xctoolchain/usr/lib/swift/host/plugins/testing -enable-experimental-feature DebugDescriptionMacro -sdk /Applications/Xcode-16.3.0.app/Contents/Developer/Platforms/WatchOS.platform/Developer/SDKs/WatchOS11.4.sdk -target arm64-apple-watchos8.0 -g -module-cache-path /Users/admin/builder/spi-builder-workspace/.derivedData/ModuleCache.noindex -Xfrontend -serialize-debugging-options -profile-coverage-mapping -profile-generate -enable-testing -index-store-path /Users/admin/builder/spi-builder-workspace/.derivedData/Index.noindex/DataStore -swift-version 6 -I /Users/admin/builder/spi-builder-workspace/.derivedData/Build/Products/Debug-watchos -I /Applications/Xcode-16.3.0.app/Contents/Developer/Platforms/WatchOS.platform/Developer/usr/lib -F /Users/admin/builder/spi-builder-workspace/.derivedData/Build/Products/Debug-watchos -F /Applications/Xcode-16.3.0.app/Contents/Developer/Platforms/WatchOS.platform/Developer/Library/Frameworks -F /Applications/Xcode-16.3.0.app/Contents/Developer/Platforms/WatchOS.platform/Developer/SDKs/WatchOS11.4.sdk/Developer/Library/Frameworks -c -j10 -enable-batch-mode -incremental -Xcc -ivfsstatcache -Xcc /Users/admin/builder/spi-builder-workspace/.derivedData/SDKStatCaches.noindex/watchos11.4-22T246-43efb940ff07ba2497b70ec94253f576.sdkstatcache -output-file-map /Users/admin/builder/spi-builder-workspace/.derivedData/Build/Intermediates.noindex/herald-ios.build/Debug-watchos/HeraldCore.build/Objects-normal/arm64/HeraldCore-OutputFileMap.json -use-frontend-parseable-output -save-temps -no-color-diagnostics -serialize-diagnostics -emit-dependencies -emit-module -emit-module-path /Users/admin/builder/spi-builder-workspace/.derivedData/Build/Intermediates.noindex/herald-ios.build/Debug-watchos/HeraldCore.build/Objects-normal/arm64/HeraldCore.swiftmodule -validate-clang-modules-once -clang-build-session-file /Users/admin/builder/spi-builder-workspace/.derivedData/ModuleCache.noindex/Session.modulevalidation -package-name spi_builder_workspace -Xcc -I/Users/admin/builder/spi-builder-workspace/.derivedData/Build/Intermediates.noindex/herald-ios.build/Debug-watchos/HeraldCore.build/swift-overrides.hmap -emit-const-values -Xfrontend -const-gather-protocols-file -Xfrontend /Users/admin/builder/spi-builder-workspace/.derivedData/Build/Intermediates.noindex/herald-ios.build/Debug-watchos/HeraldCore.build/Objects-normal/arm64/HeraldCore_const_extract_protocols.json -Xcc -I/Users/admin/builder/spi-builder-workspace/.derivedData/Build/Products/Debug-watchos/include -Xcc -I/Users/admin/builder/spi-builder-workspace/.derivedData/Build/Intermediates.noindex/herald-ios.build/Debug-watchos/HeraldCore.build/DerivedSources-normal/arm64 -Xcc -I/Users/admin/builder/spi-builder-workspace/.derivedData/Build/Intermediates.noindex/herald-ios.build/Debug-watchos/HeraldCore.build/DerivedSources/arm64 -Xcc -I/Users/admin/builder/spi-builder-workspace/.derivedData/Build/Intermediates.noindex/herald-ios.build/Debug-watchos/HeraldCore.build/DerivedSources -Xcc -DSWIFT_PACKAGE -Xcc -DDEBUG\=1 -emit-objc-header -emit-objc-header-path /Users/admin/builder/spi-builder-workspace/.derivedData/Build/Intermediates.noindex/herald-ios.build/Debug-watchos/HeraldCore.build/Objects-normal/arm64/HeraldCore-Swift.h -working-directory /Users/admin/builder/spi-builder-workspace/.swiftpm/xcode -experimental-emit-module-separately -disable-cmo
Copy /Users/admin/builder/spi-builder-workspace/.derivedData/Build/Products/Debug-watchos/HeraldCore.swiftmodule/armv7k-apple-watchos.abi.json /Users/admin/builder/spi-builder-workspace/.derivedData/Build/Intermediates.noindex/herald-ios.build/Debug-watchos/HeraldCore.build/Objects-normal/armv7k/HeraldCore.abi.json (in target 'HeraldCore' from project 'herald-ios')
    cd /Users/admin/builder/spi-builder-workspace
    builtin-copy -exclude .DS_Store -exclude CVS -exclude .svn -exclude .git -exclude .hg -resolve-src-symlinks -rename /Users/admin/builder/spi-builder-workspace/.derivedData/Build/Intermediates.noindex/herald-ios.build/Debug-watchos/HeraldCore.build/Objects-normal/armv7k/HeraldCore.abi.json /Users/admin/builder/spi-builder-workspace/.derivedData/Build/Products/Debug-watchos/HeraldCore.swiftmodule/armv7k-apple-watchos.abi.json
Copy /Users/admin/builder/spi-builder-workspace/.derivedData/Build/Products/Debug-watchos/HeraldCore.swiftmodule/arm64-apple-watchos.abi.json /Users/admin/builder/spi-builder-workspace/.derivedData/Build/Intermediates.noindex/herald-ios.build/Debug-watchos/HeraldCore.build/Objects-normal/arm64/HeraldCore.abi.json (in target 'HeraldCore' from project 'herald-ios')
    cd /Users/admin/builder/spi-builder-workspace
    builtin-copy -exclude .DS_Store -exclude CVS -exclude .svn -exclude .git -exclude .hg -resolve-src-symlinks -rename /Users/admin/builder/spi-builder-workspace/.derivedData/Build/Intermediates.noindex/herald-ios.build/Debug-watchos/HeraldCore.build/Objects-normal/arm64/HeraldCore.abi.json /Users/admin/builder/spi-builder-workspace/.derivedData/Build/Products/Debug-watchos/HeraldCore.swiftmodule/arm64-apple-watchos.abi.json
SwiftDriverJobDiscovery normal arm64_32 Compiling PropertyTrackerService.swift (in target 'HeraldCore' from project 'herald-ios')
SwiftCompile normal armv7k Compiling\ Resolution.swift /Users/admin/builder/spi-builder-workspace/Sources/HeraldCore/Resolution.swift (in target 'HeraldCore' from project 'herald-ios')
SwiftCompile normal armv7k /Users/admin/builder/spi-builder-workspace/Sources/HeraldCore/Resolution.swift (in target 'HeraldCore' from project 'herald-ios')
    cd /Users/admin/builder/spi-builder-workspace/.swiftpm/xcode

SwiftCompile normal armv7k Compiling\ Property.swift /Users/admin/builder/spi-builder-workspace/Sources/HeraldCore/Property.swift (in target 'HeraldCore' from project 'herald-ios')
SwiftCompile normal armv7k /Users/admin/builder/spi-builder-workspace/Sources/HeraldCore/Property.swift (in target 'HeraldCore' from project 'herald-ios')
    cd /Users/admin/builder/spi-builder-workspace/.swiftpm/xcode

SwiftCompile normal arm64_32 Compiling\ IdentifiableUserService.swift,\ Identity.swift /Users/admin/builder/spi-builder-workspace/Sources/HeraldCore/IdentifiableUserService.swift /Users/admin/builder/spi-builder-workspace/Sources/HeraldCore/Identity.swift (in target 'HeraldCore' from project 'herald-ios')
SwiftCompile normal arm64_32 /Users/admin/builder/spi-builder-workspace/Sources/HeraldCore/IdentifiableUserService.swift (in target 'HeraldCore' from project 'herald-ios')
    cd /Users/admin/builder/spi-builder-workspace/.swiftpm/xcode

SwiftCompile normal arm64_32 /Users/admin/builder/spi-builder-workspace/Sources/HeraldCore/Identity.swift (in target 'HeraldCore' from project 'herald-ios')
    cd /Users/admin/builder/spi-builder-workspace/.swiftpm/xcode

SwiftDriverJobDiscovery normal arm64_32 Compiling ConsentService.swift, Event.swift (in target 'HeraldCore' from project 'herald-ios')
SwiftCompile normal arm64_32 Compiling\ Resolution.swift /Users/admin/builder/spi-builder-workspace/Sources/HeraldCore/Resolution.swift (in target 'HeraldCore' from project 'herald-ios')
SwiftCompile normal arm64_32 /Users/admin/builder/spi-builder-workspace/Sources/HeraldCore/Resolution.swift (in target 'HeraldCore' from project 'herald-ios')
    cd /Users/admin/builder/spi-builder-workspace/.swiftpm/xcode

SwiftDriverJobDiscovery normal arm64 Compiling Herald.swift, HeraldProvider.swift (in target 'HeraldCore' from project 'herald-ios')
SwiftCompile normal armv7k Compiling\ IdentifiableUserService.swift,\ Identity.swift /Users/admin/builder/spi-builder-workspace/Sources/HeraldCore/IdentifiableUserService.swift /Users/admin/builder/spi-builder-workspace/Sources/HeraldCore/Identity.swift (in target 'HeraldCore' from project 'herald-ios')
SwiftCompile normal armv7k /Users/admin/builder/spi-builder-workspace/Sources/HeraldCore/IdentifiableUserService.swift (in target 'HeraldCore' from project 'herald-ios')
    cd /Users/admin/builder/spi-builder-workspace/.swiftpm/xcode

SwiftCompile normal armv7k /Users/admin/builder/spi-builder-workspace/Sources/HeraldCore/Identity.swift (in target 'HeraldCore' from project 'herald-ios')
    cd /Users/admin/builder/spi-builder-workspace/.swiftpm/xcode

SwiftDriverJobDiscovery normal arm64 Compiling UnhandledErrors.swift (in target 'HeraldCore' from project 'herald-ios')
SwiftCompile normal arm64_32 Compiling\ Herald.swift,\ HeraldProvider.swift /Users/admin/builder/spi-builder-workspace/Sources/HeraldCore/Herald.swift /Users/admin/builder/spi-builder-workspace/Sources/HeraldCore/HeraldProvider.swift (in target 'HeraldCore' from project 'herald-ios')
SwiftCompile normal arm64_32 /Users/admin/builder/spi-builder-workspace/Sources/HeraldCore/Herald.swift (in target 'HeraldCore' from project 'herald-ios')
    cd /Users/admin/builder/spi-builder-workspace/.swiftpm/xcode

SwiftCompile normal arm64_32 /Users/admin/builder/spi-builder-workspace/Sources/HeraldCore/HeraldProvider.swift (in target 'HeraldCore' from project 'herald-ios')
    cd /Users/admin/builder/spi-builder-workspace/.swiftpm/xcode

SwiftDriverJobDiscovery normal armv7k Compiling UnhandledErrors.swift (in target 'HeraldCore' from project 'herald-ios')
SwiftCompile normal armv7k Compiling\ ConsentService.swift,\ Event.swift /Users/admin/builder/spi-builder-workspace/Sources/HeraldCore/ConsentService.swift /Users/admin/builder/spi-builder-workspace/Sources/HeraldCore/Event.swift (in target 'HeraldCore' from project 'herald-ios')
SwiftCompile normal armv7k /Users/admin/builder/spi-builder-workspace/Sources/HeraldCore/ConsentService.swift (in target 'HeraldCore' from project 'herald-ios')
    cd /Users/admin/builder/spi-builder-workspace/.swiftpm/xcode

SwiftCompile normal armv7k /Users/admin/builder/spi-builder-workspace/Sources/HeraldCore/Event.swift (in target 'HeraldCore' from project 'herald-ios')
    cd /Users/admin/builder/spi-builder-workspace/.swiftpm/xcode

SwiftDriverJobDiscovery normal armv7k Compiling AnalyticsFailure.swift, AnalyticsLifecycleService.swift (in target 'HeraldCore' from project 'herald-ios')
SwiftCompile normal arm64 Compiling\ Resolution.swift /Users/admin/builder/spi-builder-workspace/Sources/HeraldCore/Resolution.swift (in target 'HeraldCore' from project 'herald-ios')
SwiftCompile normal arm64 /Users/admin/builder/spi-builder-workspace/Sources/HeraldCore/Resolution.swift (in target 'HeraldCore' from project 'herald-ios')
    cd /Users/admin/builder/spi-builder-workspace/.swiftpm/xcode

SwiftDriverJobDiscovery normal armv7k Compiling PropertyTrackerService.swift (in target 'HeraldCore' from project 'herald-ios')
SwiftCompile normal arm64_32 Compiling\ AnalyticsFailure.swift,\ AnalyticsLifecycleService.swift /Users/admin/builder/spi-builder-workspace/Sources/HeraldCore/AnalyticsFailure.swift /Users/admin/builder/spi-builder-workspace/Sources/HeraldCore/AnalyticsLifecycleService.swift (in target 'HeraldCore' from project 'herald-ios')
SwiftCompile normal arm64_32 /Users/admin/builder/spi-builder-workspace/Sources/HeraldCore/AnalyticsFailure.swift (in target 'HeraldCore' from project 'herald-ios')
    cd /Users/admin/builder/spi-builder-workspace/.swiftpm/xcode

SwiftCompile normal arm64_32 /Users/admin/builder/spi-builder-workspace/Sources/HeraldCore/AnalyticsLifecycleService.swift (in target 'HeraldCore' from project 'herald-ios')
    cd /Users/admin/builder/spi-builder-workspace/.swiftpm/xcode

SwiftDriverJobDiscovery normal arm64_32 Emitting module for HeraldCore (in target 'HeraldCore' from project 'herald-ios')
SwiftDriver\ Compilation\ Requirements HeraldCore normal arm64_32 com.apple.xcode.tools.swift.compiler (in target 'HeraldCore' from project 'herald-ios')
    cd /Users/admin/builder/spi-builder-workspace/.swiftpm/xcode
    builtin-Swift-Compilation-Requirements -- /Applications/Xcode-16.3.0.app/Contents/Developer/Toolchains/XcodeDefault.xctoolchain/usr/bin/swiftc -module-name HeraldCore -Onone -enforce-exclusivity\=checked @/Users/admin/builder/spi-builder-workspace/.derivedData/Build/Intermediates.noindex/herald-ios.build/Debug-watchos/HeraldCore.build/Objects-normal/arm64_32/HeraldCore.SwiftFileList -DSWIFT_PACKAGE -DDEBUG -DXcode -plugin-path /Applications/Xcode-16.3.0.app/Contents/Developer/Toolchains/XcodeDefault.xctoolchain/usr/lib/swift/host/plugins/testing -enable-experimental-feature DebugDescriptionMacro -sdk /Applications/Xcode-16.3.0.app/Contents/Developer/Platforms/WatchOS.platform/Developer/SDKs/WatchOS11.4.sdk -target arm64_32-apple-watchos8.0 -g -module-cache-path /Users/admin/builder/spi-builder-workspace/.derivedData/ModuleCache.noindex -Xfrontend -serialize-debugging-options -profile-coverage-mapping -profile-generate -enable-testing -index-store-path /Users/admin/builder/spi-builder-workspace/.derivedData/Index.noindex/DataStore -swift-version 6 -I /Users/admin/builder/spi-builder-workspace/.derivedData/Build/Products/Debug-watchos -I /Applications/Xcode-16.3.0.app/Contents/Developer/Platforms/WatchOS.platform/Developer/usr/lib -F /Users/admin/builder/spi-builder-workspace/.derivedData/Build/Products/Debug-watchos -F /Applications/Xcode-16.3.0.app/Contents/Developer/Platforms/WatchOS.platform/Developer/Library/Frameworks -F /Applications/Xcode-16.3.0.app/Contents/Developer/Platforms/WatchOS.platform/Developer/SDKs/WatchOS11.4.sdk/Developer/Library/Frameworks -c -j10 -enable-batch-mode -incremental -Xcc -ivfsstatcache -Xcc /Users/admin/builder/spi-builder-workspace/.derivedData/SDKStatCaches.noindex/watchos11.4-22T246-43efb940ff07ba2497b70ec94253f576.sdkstatcache -output-file-map /Users/admin/builder/spi-builder-workspace/.derivedData/Build/Intermediates.noindex/herald-ios.build/Debug-watchos/HeraldCore.build/Objects-normal/arm64_32/HeraldCore-OutputFileMap.json -use-frontend-parseable-output -save-temps -no-color-diagnostics -serialize-diagnostics -emit-dependencies -emit-module -emit-module-path /Users/admin/builder/spi-builder-workspace/.derivedData/Build/Intermediates.noindex/herald-ios.build/Debug-watchos/HeraldCore.build/Objects-normal/arm64_32/HeraldCore.swiftmodule -validate-clang-modules-once -clang-build-session-file /Users/admin/builder/spi-builder-workspace/.derivedData/ModuleCache.noindex/Session.modulevalidation -package-name spi_builder_workspace -Xcc -I/Users/admin/builder/spi-builder-workspace/.derivedData/Build/Intermediates.noindex/herald-ios.build/Debug-watchos/HeraldCore.build/swift-overrides.hmap -emit-const-values -Xfrontend -const-gather-protocols-file -Xfrontend /Users/admin/builder/spi-builder-workspace/.derivedData/Build/Intermediates.noindex/herald-ios.build/Debug-watchos/HeraldCore.build/Objects-normal/arm64_32/HeraldCore_const_extract_protocols.json -Xcc -I/Users/admin/builder/spi-builder-workspace/.derivedData/Build/Products/Debug-watchos/include -Xcc -I/Users/admin/builder/spi-builder-workspace/.derivedData/Build/Intermediates.noindex/herald-ios.build/Debug-watchos/HeraldCore.build/DerivedSources-normal/arm64_32 -Xcc -I/Users/admin/builder/spi-builder-workspace/.derivedData/Build/Intermediates.noindex/herald-ios.build/Debug-watchos/HeraldCore.build/DerivedSources/arm64_32 -Xcc -I/Users/admin/builder/spi-builder-workspace/.derivedData/Build/Intermediates.noindex/herald-ios.build/Debug-watchos/HeraldCore.build/DerivedSources -Xcc -DSWIFT_PACKAGE -Xcc -DDEBUG\=1 -emit-objc-header -emit-objc-header-path /Users/admin/builder/spi-builder-workspace/.derivedData/Build/Intermediates.noindex/herald-ios.build/Debug-watchos/HeraldCore.build/Objects-normal/arm64_32/HeraldCore-Swift.h -working-directory /Users/admin/builder/spi-builder-workspace/.swiftpm/xcode -experimental-emit-module-separately -disable-cmo
SwiftDriverJobDiscovery normal armv7k Compiling Property.swift (in target 'HeraldCore' from project 'herald-ios')
SwiftCompile normal armv7k Compiling\ EventTrackerService.swift,\ FallbackFactory.swift /Users/admin/builder/spi-builder-workspace/Sources/HeraldCore/EventTrackerService.swift /Users/admin/builder/spi-builder-workspace/Sources/HeraldCore/FallbackFactory.swift (in target 'HeraldCore' from project 'herald-ios')
SwiftCompile normal armv7k /Users/admin/builder/spi-builder-workspace/Sources/HeraldCore/EventTrackerService.swift (in target 'HeraldCore' from project 'herald-ios')
    cd /Users/admin/builder/spi-builder-workspace/.swiftpm/xcode

SwiftCompile normal armv7k /Users/admin/builder/spi-builder-workspace/Sources/HeraldCore/FallbackFactory.swift (in target 'HeraldCore' from project 'herald-ios')
    cd /Users/admin/builder/spi-builder-workspace/.swiftpm/xcode

Copy /Users/admin/builder/spi-builder-workspace/.derivedData/Build/Products/Debug-watchos/HeraldCore.swiftmodule/arm64_32-apple-watchos.abi.json /Users/admin/builder/spi-builder-workspace/.derivedData/Build/Intermediates.noindex/herald-ios.build/Debug-watchos/HeraldCore.build/Objects-normal/arm64_32/HeraldCore.abi.json (in target 'HeraldCore' from project 'herald-ios')
    cd /Users/admin/builder/spi-builder-workspace
    builtin-copy -exclude .DS_Store -exclude CVS -exclude .svn -exclude .git -exclude .hg -resolve-src-symlinks -rename /Users/admin/builder/spi-builder-workspace/.derivedData/Build/Intermediates.noindex/herald-ios.build/Debug-watchos/HeraldCore.build/Objects-normal/arm64_32/HeraldCore.abi.json /Users/admin/builder/spi-builder-workspace/.derivedData/Build/Products/Debug-watchos/HeraldCore.swiftmodule/arm64_32-apple-watchos.abi.json
SwiftDriverJobDiscovery normal arm64_32 Compiling UnhandledErrors.swift (in target 'HeraldCore' from project 'herald-ios')
SwiftCompile normal armv7k Compiling\ AnalyticsOperation.swift,\ AnalyticsValue.swift /Users/admin/builder/spi-builder-workspace/Sources/HeraldCore/AnalyticsOperation.swift /Users/admin/builder/spi-builder-workspace/Sources/HeraldCore/AnalyticsValue.swift (in target 'HeraldCore' from project 'herald-ios')
SwiftCompile normal armv7k /Users/admin/builder/spi-builder-workspace/Sources/HeraldCore/AnalyticsOperation.swift (in target 'HeraldCore' from project 'herald-ios')
    cd /Users/admin/builder/spi-builder-workspace/.swiftpm/xcode

SwiftCompile normal armv7k /Users/admin/builder/spi-builder-workspace/Sources/HeraldCore/AnalyticsValue.swift (in target 'HeraldCore' from project 'herald-ios')
    cd /Users/admin/builder/spi-builder-workspace/.swiftpm/xcode

SwiftCompile normal arm64_32 Compiling\ AnalyticsOperation.swift,\ AnalyticsValue.swift /Users/admin/builder/spi-builder-workspace/Sources/HeraldCore/AnalyticsOperation.swift /Users/admin/builder/spi-builder-workspace/Sources/HeraldCore/AnalyticsValue.swift (in target 'HeraldCore' from project 'herald-ios')
SwiftCompile normal arm64_32 /Users/admin/builder/spi-builder-workspace/Sources/HeraldCore/AnalyticsOperation.swift (in target 'HeraldCore' from project 'herald-ios')
    cd /Users/admin/builder/spi-builder-workspace/.swiftpm/xcode

SwiftCompile normal arm64_32 /Users/admin/builder/spi-builder-workspace/Sources/HeraldCore/AnalyticsValue.swift (in target 'HeraldCore' from project 'herald-ios')
    cd /Users/admin/builder/spi-builder-workspace/.swiftpm/xcode

SwiftCompile normal armv7k Compiling\ Herald.swift,\ HeraldProvider.swift /Users/admin/builder/spi-builder-workspace/Sources/HeraldCore/Herald.swift /Users/admin/builder/spi-builder-workspace/Sources/HeraldCore/HeraldProvider.swift (in target 'HeraldCore' from project 'herald-ios')
SwiftCompile normal armv7k /Users/admin/builder/spi-builder-workspace/Sources/HeraldCore/Herald.swift (in target 'HeraldCore' from project 'herald-ios')
    cd /Users/admin/builder/spi-builder-workspace/.swiftpm/xcode

SwiftCompile normal armv7k /Users/admin/builder/spi-builder-workspace/Sources/HeraldCore/HeraldProvider.swift (in target 'HeraldCore' from project 'herald-ios')
    cd /Users/admin/builder/spi-builder-workspace/.swiftpm/xcode

SwiftDriverJobDiscovery normal arm64_32 Compiling IdentifiableUserService.swift, Identity.swift (in target 'HeraldCore' from project 'herald-ios')
SwiftDriverJobDiscovery normal armv7k Compiling Resolution.swift (in target 'HeraldCore' from project 'herald-ios')
SwiftDriver HeraldTesting normal arm64 com.apple.xcode.tools.swift.compiler (in target 'HeraldTesting' from project 'herald-ios')
    cd /Users/admin/builder/spi-builder-workspace/.swiftpm/xcode
    builtin-SwiftDriver -- /Applications/Xcode-16.3.0.app/Contents/Developer/Toolchains/XcodeDefault.xctoolchain/usr/bin/swiftc -module-name HeraldTesting -Onone -enforce-exclusivity\=checked @/Users/admin/builder/spi-builder-workspace/.derivedData/Build/Intermediates.noindex/herald-ios.build/Debug-watchos/HeraldTesting.build/Objects-normal/arm64/HeraldTesting.SwiftFileList -DSWIFT_PACKAGE -DDEBUG -DXcode -plugin-path /Applications/Xcode-16.3.0.app/Contents/Developer/Toolchains/XcodeDefault.xctoolchain/usr/lib/swift/host/plugins/testing -enable-experimental-feature DebugDescriptionMacro -sdk /Applications/Xcode-16.3.0.app/Contents/Developer/Platforms/WatchOS.platform/Developer/SDKs/WatchOS11.4.sdk -target arm64-apple-watchos8.0 -g -module-cache-path /Users/admin/builder/spi-builder-workspace/.derivedData/ModuleCache.noindex -Xfrontend -serialize-debugging-options -profile-coverage-mapping -profile-generate -enable-testing -index-store-path /Users/admin/builder/spi-builder-workspace/.derivedData/Index.noindex/DataStore -swift-version 6 -I /Users/admin/builder/spi-builder-workspace/.derivedData/Build/Products/Debug-watchos -I /Applications/Xcode-16.3.0.app/Contents/Developer/Platforms/WatchOS.platform/Developer/usr/lib -F /Users/admin/builder/spi-builder-workspace/.derivedData/Build/Products/Debug-watchos/PackageFrameworks -F /Users/admin/builder/spi-builder-workspace/.derivedData/Build/Products/Debug-watchos -F /Applications/Xcode-16.3.0.app/Contents/Developer/Platforms/WatchOS.platform/Developer/Library/Frameworks -F /Applications/Xcode-16.3.0.app/Contents/Developer/Platforms/WatchOS.platform/Developer/SDKs/WatchOS11.4.sdk/Developer/Library/Frameworks -c -j10 -enable-batch-mode -incremental -Xcc -ivfsstatcache -Xcc /Users/admin/builder/spi-builder-workspace/.derivedData/SDKStatCaches.noindex/watchos11.4-22T246-43efb940ff07ba2497b70ec94253f576.sdkstatcache -output-file-map /Users/admin/builder/spi-builder-workspace/.derivedData/Build/Intermediates.noindex/herald-ios.build/Debug-watchos/HeraldTesting.build/Objects-normal/arm64/HeraldTesting-OutputFileMap.json -use-frontend-parseable-output -save-temps -no-color-diagnostics -serialize-diagnostics -emit-dependencies -emit-module -emit-module-path /Users/admin/builder/spi-builder-workspace/.derivedData/Build/Intermediates.noindex/herald-ios.build/Debug-watchos/HeraldTesting.build/Objects-normal/arm64/HeraldTesting.swiftmodule -validate-clang-modules-once -clang-build-session-file /Users/admin/builder/spi-builder-workspace/.derivedData/ModuleCache.noindex/Session.modulevalidation -package-name spi_builder_workspace -Xcc -I/Users/admin/builder/spi-builder-workspace/.derivedData/Build/Intermediates.noindex/herald-ios.build/Debug-watchos/HeraldTesting.build/swift-overrides.hmap -emit-const-values -Xfrontend -const-gather-protocols-file -Xfrontend /Users/admin/builder/spi-builder-workspace/.derivedData/Build/Intermediates.noindex/herald-ios.build/Debug-watchos/HeraldTesting.build/Objects-normal/arm64/HeraldTesting_const_extract_protocols.json -Xcc -I/Users/admin/builder/spi-builder-workspace/.derivedData/Build/Products/Debug-watchos/include -Xcc -I/Users/admin/builder/spi-builder-workspace/.derivedData/Build/Intermediates.noindex/herald-ios.build/Debug-watchos/HeraldTesting.build/DerivedSources-normal/arm64 -Xcc -I/Users/admin/builder/spi-builder-workspace/.derivedData/Build/Intermediates.noindex/herald-ios.build/Debug-watchos/HeraldTesting.build/DerivedSources/arm64 -Xcc -I/Users/admin/builder/spi-builder-workspace/.derivedData/Build/Intermediates.noindex/herald-ios.build/Debug-watchos/HeraldTesting.build/DerivedSources -Xcc -DSWIFT_PACKAGE -Xcc -DDEBUG\=1 -emit-objc-header -emit-objc-header-path /Users/admin/builder/spi-builder-workspace/.derivedData/Build/Intermediates.noindex/herald-ios.build/Debug-watchos/HeraldTesting.build/Objects-normal/arm64/HeraldTesting-Swift.h -working-directory /Users/admin/builder/spi-builder-workspace/.swiftpm/xcode -experimental-emit-module-separately -disable-cmo
SwiftDriverJobDiscovery normal armv7k Compiling IdentifiableUserService.swift, Identity.swift (in target 'HeraldCore' from project 'herald-ios')
SwiftDriver HeraldTesting normal arm64_32 com.apple.xcode.tools.swift.compiler (in target 'HeraldTesting' from project 'herald-ios')
    cd /Users/admin/builder/spi-builder-workspace/.swiftpm/xcode
    builtin-SwiftDriver -- /Applications/Xcode-16.3.0.app/Contents/Developer/Toolchains/XcodeDefault.xctoolchain/usr/bin/swiftc -module-name HeraldTesting -Onone -enforce-exclusivity\=checked @/Users/admin/builder/spi-builder-workspace/.derivedData/Build/Intermediates.noindex/herald-ios.build/Debug-watchos/HeraldTesting.build/Objects-normal/arm64_32/HeraldTesting.SwiftFileList -DSWIFT_PACKAGE -DDEBUG -DXcode -plugin-path /Applications/Xcode-16.3.0.app/Contents/Developer/Toolchains/XcodeDefault.xctoolchain/usr/lib/swift/host/plugins/testing -enable-experimental-feature DebugDescriptionMacro -sdk /Applications/Xcode-16.3.0.app/Contents/Developer/Platforms/WatchOS.platform/Developer/SDKs/WatchOS11.4.sdk -target arm64_32-apple-watchos8.0 -g -module-cache-path /Users/admin/builder/spi-builder-workspace/.derivedData/ModuleCache.noindex -Xfrontend -serialize-debugging-options -profile-coverage-mapping -profile-generate -enable-testing -index-store-path /Users/admin/builder/spi-builder-workspace/.derivedData/Index.noindex/DataStore -swift-version 6 -I /Users/admin/builder/spi-builder-workspace/.derivedData/Build/Products/Debug-watchos -I /Applications/Xcode-16.3.0.app/Contents/Developer/Platforms/WatchOS.platform/Developer/usr/lib -F /Users/admin/builder/spi-builder-workspace/.derivedData/Build/Products/Debug-watchos/PackageFrameworks -F /Users/admin/builder/spi-builder-workspace/.derivedData/Build/Products/Debug-watchos -F /Applications/Xcode-16.3.0.app/Contents/Developer/Platforms/WatchOS.platform/Developer/Library/Frameworks -F /Applications/Xcode-16.3.0.app/Contents/Developer/Platforms/WatchOS.platform/Developer/SDKs/WatchOS11.4.sdk/Developer/Library/Frameworks -c -j10 -enable-batch-mode -incremental -Xcc -ivfsstatcache -Xcc /Users/admin/builder/spi-builder-workspace/.derivedData/SDKStatCaches.noindex/watchos11.4-22T246-43efb940ff07ba2497b70ec94253f576.sdkstatcache -output-file-map /Users/admin/builder/spi-builder-workspace/.derivedData/Build/Intermediates.noindex/herald-ios.build/Debug-watchos/HeraldTesting.build/Objects-normal/arm64_32/HeraldTesting-OutputFileMap.json -use-frontend-parseable-output -save-temps -no-color-diagnostics -serialize-diagnostics -emit-dependencies -emit-module -emit-module-path /Users/admin/builder/spi-builder-workspace/.derivedData/Build/Intermediates.noindex/herald-ios.build/Debug-watchos/HeraldTesting.build/Objects-normal/arm64_32/HeraldTesting.swiftmodule -validate-clang-modules-once -clang-build-session-file /Users/admin/builder/spi-builder-workspace/.derivedData/ModuleCache.noindex/Session.modulevalidation -package-name spi_builder_workspace -Xcc -I/Users/admin/builder/spi-builder-workspace/.derivedData/Build/Intermediates.noindex/herald-ios.build/Debug-watchos/HeraldTesting.build/swift-overrides.hmap -emit-const-values -Xfrontend -const-gather-protocols-file -Xfrontend /Users/admin/builder/spi-builder-workspace/.derivedData/Build/Intermediates.noindex/herald-ios.build/Debug-watchos/HeraldTesting.build/Objects-normal/arm64_32/HeraldTesting_const_extract_protocols.json -Xcc -I/Users/admin/builder/spi-builder-workspace/.derivedData/Build/Products/Debug-watchos/include -Xcc -I/Users/admin/builder/spi-builder-workspace/.derivedData/Build/Intermediates.noindex/herald-ios.build/Debug-watchos/HeraldTesting.build/DerivedSources-normal/arm64_32 -Xcc -I/Users/admin/builder/spi-builder-workspace/.derivedData/Build/Intermediates.noindex/herald-ios.build/Debug-watchos/HeraldTesting.build/DerivedSources/arm64_32 -Xcc -I/Users/admin/builder/spi-builder-workspace/.derivedData/Build/Intermediates.noindex/herald-ios.build/Debug-watchos/HeraldTesting.build/DerivedSources -Xcc -DSWIFT_PACKAGE -Xcc -DDEBUG\=1 -emit-objc-header -emit-objc-header-path /Users/admin/builder/spi-builder-workspace/.derivedData/Build/Intermediates.noindex/herald-ios.build/Debug-watchos/HeraldTesting.build/Objects-normal/arm64_32/HeraldTesting-Swift.h -working-directory /Users/admin/builder/spi-builder-workspace/.swiftpm/xcode -experimental-emit-module-separately -disable-cmo
SwiftDriverJobDiscovery normal arm64_32 Compiling Resolution.swift (in target 'HeraldCore' from project 'herald-ios')
SwiftDriver HeraldTesting normal armv7k com.apple.xcode.tools.swift.compiler (in target 'HeraldTesting' from project 'herald-ios')
    cd /Users/admin/builder/spi-builder-workspace/.swiftpm/xcode
    builtin-SwiftDriver -- /Applications/Xcode-16.3.0.app/Contents/Developer/Toolchains/XcodeDefault.xctoolchain/usr/bin/swiftc -module-name HeraldTesting -Onone -enforce-exclusivity\=checked @/Users/admin/builder/spi-builder-workspace/.derivedData/Build/Intermediates.noindex/herald-ios.build/Debug-watchos/HeraldTesting.build/Objects-normal/armv7k/HeraldTesting.SwiftFileList -DSWIFT_PACKAGE -DDEBUG -DXcode -plugin-path /Applications/Xcode-16.3.0.app/Contents/Developer/Toolchains/XcodeDefault.xctoolchain/usr/lib/swift/host/plugins/testing -enable-experimental-feature DebugDescriptionMacro -sdk /Applications/Xcode-16.3.0.app/Contents/Developer/Platforms/WatchOS.platform/Developer/SDKs/WatchOS11.4.sdk -target armv7k-apple-watchos8.0 -g -module-cache-path /Users/admin/builder/spi-builder-workspace/.derivedData/ModuleCache.noindex -Xfrontend -serialize-debugging-options -profile-coverage-mapping -profile-generate -enable-testing -index-store-path /Users/admin/builder/spi-builder-workspace/.derivedData/Index.noindex/DataStore -swift-version 6 -I /Users/admin/builder/spi-builder-workspace/.derivedData/Build/Products/Debug-watchos -I /Applications/Xcode-16.3.0.app/Contents/Developer/Platforms/WatchOS.platform/Developer/usr/lib -F /Users/admin/builder/spi-builder-workspace/.derivedData/Build/Products/Debug-watchos/PackageFrameworks -F /Users/admin/builder/spi-builder-workspace/.derivedData/Build/Products/Debug-watchos -F /Applications/Xcode-16.3.0.app/Contents/Developer/Platforms/WatchOS.platform/Developer/Library/Frameworks -F /Applications/Xcode-16.3.0.app/Contents/Developer/Platforms/WatchOS.platform/Developer/SDKs/WatchOS11.4.sdk/Developer/Library/Frameworks -c -j10 -enable-batch-mode -incremental -Xcc -ivfsstatcache -Xcc /Users/admin/builder/spi-builder-workspace/.derivedData/SDKStatCaches.noindex/watchos11.4-22T246-43efb940ff07ba2497b70ec94253f576.sdkstatcache -output-file-map /Users/admin/builder/spi-builder-workspace/.derivedData/Build/Intermediates.noindex/herald-ios.build/Debug-watchos/HeraldTesting.build/Objects-normal/armv7k/HeraldTesting-OutputFileMap.json -use-frontend-parseable-output -save-temps -no-color-diagnostics -serialize-diagnostics -emit-dependencies -emit-module -emit-module-path /Users/admin/builder/spi-builder-workspace/.derivedData/Build/Intermediates.noindex/herald-ios.build/Debug-watchos/HeraldTesting.build/Objects-normal/armv7k/HeraldTesting.swiftmodule -validate-clang-modules-once -clang-build-session-file /Users/admin/builder/spi-builder-workspace/.derivedData/ModuleCache.noindex/Session.modulevalidation -package-name spi_builder_workspace -Xcc -I/Users/admin/builder/spi-builder-workspace/.derivedData/Build/Intermediates.noindex/herald-ios.build/Debug-watchos/HeraldTesting.build/swift-overrides.hmap -emit-const-values -Xfrontend -const-gather-protocols-file -Xfrontend /Users/admin/builder/spi-builder-workspace/.derivedData/Build/Intermediates.noindex/herald-ios.build/Debug-watchos/HeraldTesting.build/Objects-normal/armv7k/HeraldTesting_const_extract_protocols.json -Xcc -I/Users/admin/builder/spi-builder-workspace/.derivedData/Build/Products/Debug-watchos/include -Xcc -I/Users/admin/builder/spi-builder-workspace/.derivedData/Build/Intermediates.noindex/herald-ios.build/Debug-watchos/HeraldTesting.build/DerivedSources-normal/armv7k -Xcc -I/Users/admin/builder/spi-builder-workspace/.derivedData/Build/Intermediates.noindex/herald-ios.build/Debug-watchos/HeraldTesting.build/DerivedSources/armv7k -Xcc -I/Users/admin/builder/spi-builder-workspace/.derivedData/Build/Intermediates.noindex/herald-ios.build/Debug-watchos/HeraldTesting.build/DerivedSources -Xcc -DSWIFT_PACKAGE -Xcc -DDEBUG\=1 -emit-objc-header -emit-objc-header-path /Users/admin/builder/spi-builder-workspace/.derivedData/Build/Intermediates.noindex/herald-ios.build/Debug-watchos/HeraldTesting.build/Objects-normal/armv7k/HeraldTesting-Swift.h -working-directory /Users/admin/builder/spi-builder-workspace/.swiftpm/xcode -experimental-emit-module-separately -disable-cmo
SwiftEmitModule normal arm64 Emitting\ module\ for\ HeraldTesting (in target 'HeraldTesting' from project 'herald-ios')
EmitSwiftModule normal arm64 (in target 'HeraldTesting' from project 'herald-ios')
    cd /Users/admin/builder/spi-builder-workspace/.swiftpm/xcode

SwiftEmitModule normal arm64_32 Emitting\ module\ for\ HeraldTesting (in target 'HeraldTesting' from project 'herald-ios')
EmitSwiftModule normal arm64_32 (in target 'HeraldTesting' from project 'herald-ios')
    cd /Users/admin/builder/spi-builder-workspace/.swiftpm/xcode

SwiftEmitModule normal armv7k Emitting\ module\ for\ HeraldTesting (in target 'HeraldTesting' from project 'herald-ios')
EmitSwiftModule normal armv7k (in target 'HeraldTesting' from project 'herald-ios')
    cd /Users/admin/builder/spi-builder-workspace/.swiftpm/xcode

SwiftDriverJobDiscovery normal armv7k Compiling ConsentService.swift, Event.swift (in target 'HeraldCore' from project 'herald-ios')
SwiftDriver HeraldSwiftUI normal arm64_32 com.apple.xcode.tools.swift.compiler (in target 'HeraldSwiftUI' from project 'herald-ios')
    cd /Users/admin/builder/spi-builder-workspace/.swiftpm/xcode
    builtin-SwiftDriver -- /Applications/Xcode-16.3.0.app/Contents/Developer/Toolchains/XcodeDefault.xctoolchain/usr/bin/swiftc -module-name HeraldSwiftUI -Onone -enforce-exclusivity\=checked @/Users/admin/builder/spi-builder-workspace/.derivedData/Build/Intermediates.noindex/herald-ios.build/Debug-watchos/HeraldSwiftUI.build/Objects-normal/arm64_32/HeraldSwiftUI.SwiftFileList -DSWIFT_PACKAGE -DDEBUG -DXcode -plugin-path /Applications/Xcode-16.3.0.app/Contents/Developer/Toolchains/XcodeDefault.xctoolchain/usr/lib/swift/host/plugins/testing -enable-experimental-feature DebugDescriptionMacro -sdk /Applications/Xcode-16.3.0.app/Contents/Developer/Platforms/WatchOS.platform/Developer/SDKs/WatchOS11.4.sdk -target arm64_32-apple-watchos8.0 -g -module-cache-path /Users/admin/builder/spi-builder-workspace/.derivedData/ModuleCache.noindex -Xfrontend -serialize-debugging-options -profile-coverage-mapping -profile-generate -enable-testing -index-store-path /Users/admin/builder/spi-builder-workspace/.derivedData/Index.noindex/DataStore -swift-version 6 -I /Users/admin/builder/spi-builder-workspace/.derivedData/Build/Products/Debug-watchos -I /Applications/Xcode-16.3.0.app/Contents/Developer/Platforms/WatchOS.platform/Developer/usr/lib -F /Users/admin/builder/spi-builder-workspace/.derivedData/Build/Products/Debug-watchos/PackageFrameworks -F /Users/admin/builder/spi-builder-workspace/.derivedData/Build/Products/Debug-watchos -F /Applications/Xcode-16.3.0.app/Contents/Developer/Platforms/WatchOS.platform/Developer/Library/Frameworks -F /Applications/Xcode-16.3.0.app/Contents/Developer/Platforms/WatchOS.platform/Developer/SDKs/WatchOS11.4.sdk/Developer/Library/Frameworks -c -j10 -enable-batch-mode -incremental -Xcc -ivfsstatcache -Xcc /Users/admin/builder/spi-builder-workspace/.derivedData/SDKStatCaches.noindex/watchos11.4-22T246-43efb940ff07ba2497b70ec94253f576.sdkstatcache -output-file-map /Users/admin/builder/spi-builder-workspace/.derivedData/Build/Intermediates.noindex/herald-ios.build/Debug-watchos/HeraldSwiftUI.build/Objects-normal/arm64_32/HeraldSwiftUI-OutputFileMap.json -use-frontend-parseable-output -save-temps -no-color-diagnostics -serialize-diagnostics -emit-dependencies -emit-module -emit-module-path /Users/admin/builder/spi-builder-workspace/.derivedData/Build/Intermediates.noindex/herald-ios.build/Debug-watchos/HeraldSwiftUI.build/Objects-normal/arm64_32/HeraldSwiftUI.swiftmodule -validate-clang-modules-once -clang-build-session-file /Users/admin/builder/spi-builder-workspace/.derivedData/ModuleCache.noindex/Session.modulevalidation -package-name spi_builder_workspace -Xcc -I/Users/admin/builder/spi-builder-workspace/.derivedData/Build/Intermediates.noindex/herald-ios.build/Debug-watchos/HeraldSwiftUI.build/swift-overrides.hmap -emit-const-values -Xfrontend -const-gather-protocols-file -Xfrontend /Users/admin/builder/spi-builder-workspace/.derivedData/Build/Intermediates.noindex/herald-ios.build/Debug-watchos/HeraldSwiftUI.build/Objects-normal/arm64_32/HeraldSwiftUI_const_extract_protocols.json -Xcc -I/Users/admin/builder/spi-builder-workspace/.derivedData/Build/Products/Debug-watchos/include -Xcc -I/Users/admin/builder/spi-builder-workspace/.derivedData/Build/Intermediates.noindex/herald-ios.build/Debug-watchos/HeraldSwiftUI.build/DerivedSources-normal/arm64_32 -Xcc -I/Users/admin/builder/spi-builder-workspace/.derivedData/Build/Intermediates.noindex/herald-ios.build/Debug-watchos/HeraldSwiftUI.build/DerivedSources/arm64_32 -Xcc -I/Users/admin/builder/spi-builder-workspace/.derivedData/Build/Intermediates.noindex/herald-ios.build/Debug-watchos/HeraldSwiftUI.build/DerivedSources -Xcc -DSWIFT_PACKAGE -Xcc -DDEBUG\=1 -emit-objc-header -emit-objc-header-path /Users/admin/builder/spi-builder-workspace/.derivedData/Build/Intermediates.noindex/herald-ios.build/Debug-watchos/HeraldSwiftUI.build/Objects-normal/arm64_32/HeraldSwiftUI-Swift.h -working-directory /Users/admin/builder/spi-builder-workspace/.swiftpm/xcode -experimental-emit-module-separately -disable-cmo
SwiftDriverJobDiscovery normal arm64 Compiling Resolution.swift (in target 'HeraldCore' from project 'herald-ios')
SwiftDriver HeraldSwiftUI normal armv7k com.apple.xcode.tools.swift.compiler (in target 'HeraldSwiftUI' from project 'herald-ios')
    cd /Users/admin/builder/spi-builder-workspace/.swiftpm/xcode
    builtin-SwiftDriver -- /Applications/Xcode-16.3.0.app/Contents/Developer/Toolchains/XcodeDefault.xctoolchain/usr/bin/swiftc -module-name HeraldSwiftUI -Onone -enforce-exclusivity\=checked @/Users/admin/builder/spi-builder-workspace/.derivedData/Build/Intermediates.noindex/herald-ios.build/Debug-watchos/HeraldSwiftUI.build/Objects-normal/armv7k/HeraldSwiftUI.SwiftFileList -DSWIFT_PACKAGE -DDEBUG -DXcode -plugin-path /Applications/Xcode-16.3.0.app/Contents/Developer/Toolchains/XcodeDefault.xctoolchain/usr/lib/swift/host/plugins/testing -enable-experimental-feature DebugDescriptionMacro -sdk /Applications/Xcode-16.3.0.app/Contents/Developer/Platforms/WatchOS.platform/Developer/SDKs/WatchOS11.4.sdk -target armv7k-apple-watchos8.0 -g -module-cache-path /Users/admin/builder/spi-builder-workspace/.derivedData/ModuleCache.noindex -Xfrontend -serialize-debugging-options -profile-coverage-mapping -profile-generate -enable-testing -index-store-path /Users/admin/builder/spi-builder-workspace/.derivedData/Index.noindex/DataStore -swift-version 6 -I /Users/admin/builder/spi-builder-workspace/.derivedData/Build/Products/Debug-watchos -I /Applications/Xcode-16.3.0.app/Contents/Developer/Platforms/WatchOS.platform/Developer/usr/lib -F /Users/admin/builder/spi-builder-workspace/.derivedData/Build/Products/Debug-watchos/PackageFrameworks -F /Users/admin/builder/spi-builder-workspace/.derivedData/Build/Products/Debug-watchos -F /Applications/Xcode-16.3.0.app/Contents/Developer/Platforms/WatchOS.platform/Developer/Library/Frameworks -F /Applications/Xcode-16.3.0.app/Contents/Developer/Platforms/WatchOS.platform/Developer/SDKs/WatchOS11.4.sdk/Developer/Library/Frameworks -c -j10 -enable-batch-mode -incremental -Xcc -ivfsstatcache -Xcc /Users/admin/builder/spi-builder-workspace/.derivedData/SDKStatCaches.noindex/watchos11.4-22T246-43efb940ff07ba2497b70ec94253f576.sdkstatcache -output-file-map /Users/admin/builder/spi-builder-workspace/.derivedData/Build/Intermediates.noindex/herald-ios.build/Debug-watchos/HeraldSwiftUI.build/Objects-normal/armv7k/HeraldSwiftUI-OutputFileMap.json -use-frontend-parseable-output -save-temps -no-color-diagnostics -serialize-diagnostics -emit-dependencies -emit-module -emit-module-path /Users/admin/builder/spi-builder-workspace/.derivedData/Build/Intermediates.noindex/herald-ios.build/Debug-watchos/HeraldSwiftUI.build/Objects-normal/armv7k/HeraldSwiftUI.swiftmodule -validate-clang-modules-once -clang-build-session-file /Users/admin/builder/spi-builder-workspace/.derivedData/ModuleCache.noindex/Session.modulevalidation -package-name spi_builder_workspace -Xcc -I/Users/admin/builder/spi-builder-workspace/.derivedData/Build/Intermediates.noindex/herald-ios.build/Debug-watchos/HeraldSwiftUI.build/swift-overrides.hmap -emit-const-values -Xfrontend -const-gather-protocols-file -Xfrontend /Users/admin/builder/spi-builder-workspace/.derivedData/Build/Intermediates.noindex/herald-ios.build/Debug-watchos/HeraldSwiftUI.build/Objects-normal/armv7k/HeraldSwiftUI_const_extract_protocols.json -Xcc -I/Users/admin/builder/spi-builder-workspace/.derivedData/Build/Products/Debug-watchos/include -Xcc -I/Users/admin/builder/spi-builder-workspace/.derivedData/Build/Intermediates.noindex/herald-ios.build/Debug-watchos/HeraldSwiftUI.build/DerivedSources-normal/armv7k -Xcc -I/Users/admin/builder/spi-builder-workspace/.derivedData/Build/Intermediates.noindex/herald-ios.build/Debug-watchos/HeraldSwiftUI.build/DerivedSources/armv7k -Xcc -I/Users/admin/builder/spi-builder-workspace/.derivedData/Build/Intermediates.noindex/herald-ios.build/Debug-watchos/HeraldSwiftUI.build/DerivedSources -Xcc -DSWIFT_PACKAGE -Xcc -DDEBUG\=1 -emit-objc-header -emit-objc-header-path /Users/admin/builder/spi-builder-workspace/.derivedData/Build/Intermediates.noindex/herald-ios.build/Debug-watchos/HeraldSwiftUI.build/Objects-normal/armv7k/HeraldSwiftUI-Swift.h -working-directory /Users/admin/builder/spi-builder-workspace/.swiftpm/xcode -experimental-emit-module-separately -disable-cmo
SwiftDriverJobDiscovery normal arm64_32 Compiling AnalyticsFailure.swift, AnalyticsLifecycleService.swift (in target 'HeraldCore' from project 'herald-ios')
SwiftDriver HeraldSwiftUI normal arm64 com.apple.xcode.tools.swift.compiler (in target 'HeraldSwiftUI' from project 'herald-ios')
    cd /Users/admin/builder/spi-builder-workspace/.swiftpm/xcode
    builtin-SwiftDriver -- /Applications/Xcode-16.3.0.app/Contents/Developer/Toolchains/XcodeDefault.xctoolchain/usr/bin/swiftc -module-name HeraldSwiftUI -Onone -enforce-exclusivity\=checked @/Users/admin/builder/spi-builder-workspace/.derivedData/Build/Intermediates.noindex/herald-ios.build/Debug-watchos/HeraldSwiftUI.build/Objects-normal/arm64/HeraldSwiftUI.SwiftFileList -DSWIFT_PACKAGE -DDEBUG -DXcode -plugin-path /Applications/Xcode-16.3.0.app/Contents/Developer/Toolchains/XcodeDefault.xctoolchain/usr/lib/swift/host/plugins/testing -enable-experimental-feature DebugDescriptionMacro -sdk /Applications/Xcode-16.3.0.app/Contents/Developer/Platforms/WatchOS.platform/Developer/SDKs/WatchOS11.4.sdk -target arm64-apple-watchos8.0 -g -module-cache-path /Users/admin/builder/spi-builder-workspace/.derivedData/ModuleCache.noindex -Xfrontend -serialize-debugging-options -profile-coverage-mapping -profile-generate -enable-testing -index-store-path /Users/admin/builder/spi-builder-workspace/.derivedData/Index.noindex/DataStore -swift-version 6 -I /Users/admin/builder/spi-builder-workspace/.derivedData/Build/Products/Debug-watchos -I /Applications/Xcode-16.3.0.app/Contents/Developer/Platforms/WatchOS.platform/Developer/usr/lib -F /Users/admin/builder/spi-builder-workspace/.derivedData/Build/Products/Debug-watchos/PackageFrameworks -F /Users/admin/builder/spi-builder-workspace/.derivedData/Build/Products/Debug-watchos -F /Applications/Xcode-16.3.0.app/Contents/Developer/Platforms/WatchOS.platform/Developer/Library/Frameworks -F /Applications/Xcode-16.3.0.app/Contents/Developer/Platforms/WatchOS.platform/Developer/SDKs/WatchOS11.4.sdk/Developer/Library/Frameworks -c -j10 -enable-batch-mode -incremental -Xcc -ivfsstatcache -Xcc /Users/admin/builder/spi-builder-workspace/.derivedData/SDKStatCaches.noindex/watchos11.4-22T246-43efb940ff07ba2497b70ec94253f576.sdkstatcache -output-file-map /Users/admin/builder/spi-builder-workspace/.derivedData/Build/Intermediates.noindex/herald-ios.build/Debug-watchos/HeraldSwiftUI.build/Objects-normal/arm64/HeraldSwiftUI-OutputFileMap.json -use-frontend-parseable-output -save-temps -no-color-diagnostics -serialize-diagnostics -emit-dependencies -emit-module -emit-module-path /Users/admin/builder/spi-builder-workspace/.derivedData/Build/Intermediates.noindex/herald-ios.build/Debug-watchos/HeraldSwiftUI.build/Objects-normal/arm64/HeraldSwiftUI.swiftmodule -validate-clang-modules-once -clang-build-session-file /Users/admin/builder/spi-builder-workspace/.derivedData/ModuleCache.noindex/Session.modulevalidation -package-name spi_builder_workspace -Xcc -I/Users/admin/builder/spi-builder-workspace/.derivedData/Build/Intermediates.noindex/herald-ios.build/Debug-watchos/HeraldSwiftUI.build/swift-overrides.hmap -emit-const-values -Xfrontend -const-gather-protocols-file -Xfrontend /Users/admin/builder/spi-builder-workspace/.derivedData/Build/Intermediates.noindex/herald-ios.build/Debug-watchos/HeraldSwiftUI.build/Objects-normal/arm64/HeraldSwiftUI_const_extract_protocols.json -Xcc -I/Users/admin/builder/spi-builder-workspace/.derivedData/Build/Products/Debug-watchos/include -Xcc -I/Users/admin/builder/spi-builder-workspace/.derivedData/Build/Intermediates.noindex/herald-ios.build/Debug-watchos/HeraldSwiftUI.build/DerivedSources-normal/arm64 -Xcc -I/Users/admin/builder/spi-builder-workspace/.derivedData/Build/Intermediates.noindex/herald-ios.build/Debug-watchos/HeraldSwiftUI.build/DerivedSources/arm64 -Xcc -I/Users/admin/builder/spi-builder-workspace/.derivedData/Build/Intermediates.noindex/herald-ios.build/Debug-watchos/HeraldSwiftUI.build/DerivedSources -Xcc -DSWIFT_PACKAGE -Xcc -DDEBUG\=1 -emit-objc-header -emit-objc-header-path /Users/admin/builder/spi-builder-workspace/.derivedData/Build/Intermediates.noindex/herald-ios.build/Debug-watchos/HeraldSwiftUI.build/Objects-normal/arm64/HeraldSwiftUI-Swift.h -working-directory /Users/admin/builder/spi-builder-workspace/.swiftpm/xcode -experimental-emit-module-separately -disable-cmo
SwiftDriver HeraldLog normal armv7k com.apple.xcode.tools.swift.compiler (in target 'HeraldLog' from project 'herald-ios')
    cd /Users/admin/builder/spi-builder-workspace/.swiftpm/xcode
    builtin-SwiftDriver -- /Applications/Xcode-16.3.0.app/Contents/Developer/Toolchains/XcodeDefault.xctoolchain/usr/bin/swiftc -module-name HeraldLog -Onone -enforce-exclusivity\=checked @/Users/admin/builder/spi-builder-workspace/.derivedData/Build/Intermediates.noindex/herald-ios.build/Debug-watchos/HeraldLog.build/Objects-normal/armv7k/HeraldLog.SwiftFileList -DSWIFT_PACKAGE -DDEBUG -DXcode -plugin-path /Applications/Xcode-16.3.0.app/Contents/Developer/Toolchains/XcodeDefault.xctoolchain/usr/lib/swift/host/plugins/testing -enable-experimental-feature DebugDescriptionMacro -sdk /Applications/Xcode-16.3.0.app/Contents/Developer/Platforms/WatchOS.platform/Developer/SDKs/WatchOS11.4.sdk -target armv7k-apple-watchos8.0 -g -module-cache-path /Users/admin/builder/spi-builder-workspace/.derivedData/ModuleCache.noindex -Xfrontend -serialize-debugging-options -profile-coverage-mapping -profile-generate -enable-testing -index-store-path /Users/admin/builder/spi-builder-workspace/.derivedData/Index.noindex/DataStore -swift-version 6 -I /Users/admin/builder/spi-builder-workspace/.derivedData/Build/Products/Debug-watchos -I /Applications/Xcode-16.3.0.app/Contents/Developer/Platforms/WatchOS.platform/Developer/usr/lib -F /Users/admin/builder/spi-builder-workspace/.derivedData/Build/Products/Debug-watchos/PackageFrameworks -F /Users/admin/builder/spi-builder-workspace/.derivedData/Build/Products/Debug-watchos -F /Applications/Xcode-16.3.0.app/Contents/Developer/Platforms/WatchOS.platform/Developer/Library/Frameworks -F /Applications/Xcode-16.3.0.app/Contents/Developer/Platforms/WatchOS.platform/Developer/SDKs/WatchOS11.4.sdk/Developer/Library/Frameworks -c -j10 -enable-batch-mode -incremental -Xcc -ivfsstatcache -Xcc /Users/admin/builder/spi-builder-workspace/.derivedData/SDKStatCaches.noindex/watchos11.4-22T246-43efb940ff07ba2497b70ec94253f576.sdkstatcache -output-file-map /Users/admin/builder/spi-builder-workspace/.derivedData/Build/Intermediates.noindex/herald-ios.build/Debug-watchos/HeraldLog.build/Objects-normal/armv7k/HeraldLog-OutputFileMap.json -use-frontend-parseable-output -save-temps -no-color-diagnostics -serialize-diagnostics -emit-dependencies -emit-module -emit-module-path /Users/admin/builder/spi-builder-workspace/.derivedData/Build/Intermediates.noindex/herald-ios.build/Debug-watchos/HeraldLog.build/Objects-normal/armv7k/HeraldLog.swiftmodule -validate-clang-modules-once -clang-build-session-file /Users/admin/builder/spi-builder-workspace/.derivedData/ModuleCache.noindex/Session.modulevalidation -package-name spi_builder_workspace -Xcc -I/Users/admin/builder/spi-builder-workspace/.derivedData/Build/Intermediates.noindex/herald-ios.build/Debug-watchos/HeraldLog.build/swift-overrides.hmap -emit-const-values -Xfrontend -const-gather-protocols-file -Xfrontend /Users/admin/builder/spi-builder-workspace/.derivedData/Build/Intermediates.noindex/herald-ios.build/Debug-watchos/HeraldLog.build/Objects-normal/armv7k/HeraldLog_const_extract_protocols.json -Xcc -I/Users/admin/builder/spi-builder-workspace/.derivedData/Build/Products/Debug-watchos/include -Xcc -I/Users/admin/builder/spi-builder-workspace/.derivedData/Build/Intermediates.noindex/herald-ios.build/Debug-watchos/HeraldLog.build/DerivedSources-normal/armv7k -Xcc -I/Users/admin/builder/spi-builder-workspace/.derivedData/Build/Intermediates.noindex/herald-ios.build/Debug-watchos/HeraldLog.build/DerivedSources/armv7k -Xcc -I/Users/admin/builder/spi-builder-workspace/.derivedData/Build/Intermediates.noindex/herald-ios.build/Debug-watchos/HeraldLog.build/DerivedSources -Xcc -DSWIFT_PACKAGE -Xcc -DDEBUG\=1 -emit-objc-header -emit-objc-header-path /Users/admin/builder/spi-builder-workspace/.derivedData/Build/Intermediates.noindex/herald-ios.build/Debug-watchos/HeraldLog.build/Objects-normal/armv7k/HeraldLog-Swift.h -working-directory /Users/admin/builder/spi-builder-workspace/.swiftpm/xcode -experimental-emit-module-separately -disable-cmo
SwiftEmitModule normal armv7k Emitting\ module\ for\ HeraldSwiftUI (in target 'HeraldSwiftUI' from project 'herald-ios')
EmitSwiftModule normal armv7k (in target 'HeraldSwiftUI' from project 'herald-ios')
    cd /Users/admin/builder/spi-builder-workspace/.swiftpm/xcode

/Users/admin/builder/spi-builder-workspace/Sources/HeraldSwiftUI/WindowReader.swift:26:30: error: 'UIView' is unavailable: This Objective-C class has only been forward-declared; import its owning module to use it
    typealias PlatformView = UIView
                             ^~~~~~
UIKit.UIView:2:14: note: 'UIView' has been explicitly marked unavailable here
public class UIView {
             ^
/Users/admin/builder/spi-builder-workspace/Sources/HeraldSwiftUI/WindowReader.swift:31:34: error: cannot find type 'Context' in scope
        func makeUIView(context: Context) -> ProbeView {
                                 ^~~~~~~
/Users/admin/builder/spi-builder-workspace/Sources/HeraldSwiftUI/WindowReader.swift:38:55: error: cannot find type 'Context' in scope
        func updateUIView(_ view: ProbeView, context: Context) {}
                                                      ^~~~~~~
/Users/admin/builder/spi-builder-workspace/Sources/HeraldSwiftUI/WindowReader.swift:28:30: error: cannot find type 'UIViewRepresentable' in scope
    struct WindowReaderView: UIViewRepresentable {
                             ^~~~~~~~~~~~~~~~~~~
/Users/admin/builder/spi-builder-workspace/Sources/HeraldSwiftUI/WindowReader.swift:44:23: error: method does not override any method from its superclass
        override func didMoveToWindow() {
        ~~~~~~~~      ^
/Users/admin/builder/spi-builder-workspace/Sources/HeraldSwiftUI/WindowReader.swift:41:17: error: cannot inherit from non-open class 'UIView' outside of its defining module
    final class ProbeView: UIView {
                ^
/Users/admin/builder/spi-builder-workspace/Sources/HeraldSwiftUI/WindowReader.swift:41:28: error: 'UIView' is unavailable: This Objective-C class has only been forward-declared; import its owning module to use it
    final class ProbeView: UIView {
                           ^~~~~~
UIKit.UIView:2:14: note: 'UIView' has been explicitly marked unavailable here
public class UIView {
             ^
Failed frontend command:
/Applications/Xcode-16.3.0.app/Contents/Developer/Toolchains/XcodeDefault.xctoolchain/usr/bin/swift-frontend -frontend -emit-module -experimental-skip-non-inlinable-function-bodies-without-types /Users/admin/builder/spi-builder-workspace/Sources/HeraldSwiftUI/EventTrackerEnvironment.swift /Users/admin/builder/spi-builder-workspace/Sources/HeraldSwiftUI/ImpressionState.swift /Users/admin/builder/spi-builder-workspace/Sources/HeraldSwiftUI/ScreenTracking.swift /Users/admin/builder/spi-builder-workspace/Sources/HeraldSwiftUI/TrackImpression.swift /Users/admin/builder/spi-builder-workspace/Sources/HeraldSwiftUI/WindowReader.swift -target armv7k-apple-watchos8.0 -enable-objc-interop -stack-check -sdk /Applications/Xcode-16.3.0.app/Contents/Developer/Platforms/WatchOS.platform/Developer/SDKs/WatchOS11.4.sdk -I /Users/admin/builder/spi-builder-workspace/.derivedData/Build/Products/Debug-watchos -I /Applications/Xcode-16.3.0.app/Contents/Developer/Platforms/WatchOS.platform/Developer/usr/lib -F /Users/admin/builder/spi-builder-workspace/.derivedData/Build/Products/Debug-watchos/PackageFrameworks -F /Users/admin/builder/spi-builder-workspace/.derivedData/Build/Products/Debug-watchos -F /Applications/Xcode-16.3.0.app/Contents/Developer/Platforms/WatchOS.platform/Developer/Library/Frameworks -F /Applications/Xcode-16.3.0.app/Contents/Developer/Platforms/WatchOS.platform/Developer/SDKs/WatchOS11.4.sdk/Developer/Library/Frameworks -no-color-diagnostics -enable-testing -g -debug-info-format\=dwarf -dwarf-version\=4 -module-cache-path /Users/admin/builder/spi-builder-workspace/.derivedData/ModuleCache.noindex -profile-generate -profile-coverage-mapping -swift-version 6 -enforce-exclusivity\=checked -Onone -D SWIFT_PACKAGE -D DEBUG -D Xcode -serialize-debugging-options -const-gather-protocols-file /Users/admin/builder/spi-builder-workspace/.derivedData/Build/Intermediates.noindex/herald-ios.build/Debug-watchos/HeraldSwiftUI.build/Objects-normal/armv7k/HeraldSwiftUI_const_extract_protocols.json -enable-experimental-feature DebugDescriptionMacro -empty-abi-descriptor -plugin-path /Applications/Xcode-16.3.0.app/Contents/Developer/Toolchains/XcodeDefault.xctoolchain/usr/lib/swift/host/plugins/testing -validate-clang-modules-once -clang-build-session-file /Users/admin/builder/spi-builder-workspace/.derivedData/ModuleCache.noindex/Session.modulevalidation -Xcc -working-directory -Xcc /Users/admin/builder/spi-builder-workspace/.swiftpm/xcode -resource-dir /Applications/Xcode-16.3.0.app/Contents/Developer/Toolchains/XcodeDefault.xctoolchain/usr/lib/swift -enable-anonymous-context-mangled-names -file-compilation-dir /Users/admin/builder/spi-builder-workspace/.swiftpm/xcode -Xcc -ivfsstatcache -Xcc /Users/admin/builder/spi-builder-workspace/.derivedData/SDKStatCaches.noindex/watchos11.4-22T246-43efb940ff07ba2497b70ec94253f576.sdkstatcache -Xcc -I/Users/admin/builder/spi-builder-workspace/.derivedData/Build/Intermediates.noindex/herald-ios.build/Debug-watchos/HeraldSwiftUI.build/swift-overrides.hmap -Xcc -I/Users/admin/builder/spi-builder-workspace/.derivedData/Build/Products/Debug-watchos/include -Xcc -I/Users/admin/builder/spi-builder-workspace/.derivedData/Build/Intermediates.noindex/herald-ios.build/Debug-watchos/HeraldSwiftUI.build/DerivedSources-normal/armv7k -Xcc -I/Users/admin/builder/spi-builder-workspace/.derivedData/Build/Intermediates.noindex/herald-ios.build/Debug-watchos/HeraldSwiftUI.build/DerivedSources/armv7k -Xcc -I/Users/admin/builder/spi-builder-workspace/.derivedData/Build/Intermediates.noindex/herald-ios.build/Debug-watchos/HeraldSwiftUI.build/DerivedSources -Xcc -DSWIFT_PACKAGE -Xcc -DDEBUG\=1 -module-name HeraldSwiftUI -package-name spi_builder_workspace -frontend-parseable-output -disable-clang-spi -target-sdk-version 11.4 -target-sdk-name watchos11.4 -external-plugin-path /Applications/Xcode-16.3.0.app/Contents/Developer/Platforms/WatchOS.platform/Developer/usr/lib/swift/host/plugins\#/Applications/Xcode-16.3.0.app/Contents/Developer/Platforms/WatchOS.platform/Developer/usr/bin/swift-plugin-server -external-plugin-path /Applications/Xcode-16.3.0.app/Contents/Developer/Platforms/WatchOS.platform/Developer/usr/local/lib/swift/host/plugins\#/Applications/Xcode-16.3.0.app/Contents/Developer/Platforms/WatchOS.platform/Developer/usr/bin/swift-plugin-server -in-process-plugin-server-path /Applications/Xcode-16.3.0.app/Contents/Developer/Toolchains/XcodeDefault.xctoolchain/usr/lib/swift/host/libSwiftInProcPluginServer.dylib -plugin-path /Applications/Xcode-16.3.0.app/Contents/Developer/Toolchains/XcodeDefault.xctoolchain/usr/lib/swift/host/plugins -plugin-path /Applications/Xcode-16.3.0.app/Contents/Developer/Toolchains/XcodeDefault.xctoolchain/usr/local/lib/swift/host/plugins -emit-module-doc-path /Users/admin/builder/spi-builder-workspace/.derivedData/Build/Intermediates.noindex/herald-ios.build/Debug-watchos/HeraldSwiftUI.build/Objects-normal/armv7k/HeraldSwiftUI.swiftdoc -emit-module-source-info-path /Users/admin/builder/spi-builder-workspace/.derivedData/Build/Intermediates.noindex/herald-ios.build/Debug-watchos/HeraldSwiftUI.build/Objects-normal/armv7k/HeraldSwiftUI.swiftsourceinfo -emit-objc-header-path /Users/admin/builder/spi-builder-workspace/.derivedData/Build/Intermediates.noindex/herald-ios.build/Debug-watchos/HeraldSwiftUI.build/Objects-normal/armv7k/HeraldSwiftUI-Swift.h -serialize-diagnostics-path /Users/admin/builder/spi-builder-workspace/.derivedData/Build/Intermediates.noindex/herald-ios.build/Debug-watchos/HeraldSwiftUI.build/Objects-normal/armv7k/HeraldSwiftUI-master-emit-module.dia -emit-dependencies-path /Users/admin/builder/spi-builder-workspace/.derivedData/Build/Intermediates.noindex/herald-ios.build/Debug-watchos/HeraldSwiftUI.build/Objects-normal/armv7k/HeraldSwiftUI-master-emit-module.d -o /Users/admin/builder/spi-builder-workspace/.derivedData/Build/Intermediates.noindex/herald-ios.build/Debug-watchos/HeraldSwiftUI.build/Objects-normal/armv7k/HeraldSwiftUI.swiftmodule -emit-abi-descriptor-path /Users/admin/builder/spi-builder-workspace/.derivedData/Build/Intermediates.noindex/herald-ios.build/Debug-watchos/HeraldSwiftUI.build/Objects-normal/armv7k/HeraldSwiftUI.abi.json
SwiftEmitModule normal arm64 Emitting\ module\ for\ HeraldSwiftUI (in target 'HeraldSwiftUI' from project 'herald-ios')
EmitSwiftModule normal arm64 (in target 'HeraldSwiftUI' from project 'herald-ios')
    cd /Users/admin/builder/spi-builder-workspace/.swiftpm/xcode

SwiftEmitModule normal arm64_32 Emitting\ module\ for\ HeraldSwiftUI (in target 'HeraldSwiftUI' from project 'herald-ios')
EmitSwiftModule normal arm64_32 (in target 'HeraldSwiftUI' from project 'herald-ios')
    cd /Users/admin/builder/spi-builder-workspace/.swiftpm/xcode

SwiftDriverJobDiscovery normal armv7k Compiling AnalyticsOperation.swift, AnalyticsValue.swift (in target 'HeraldCore' from project 'herald-ios')
SwiftDriver HeraldLog normal arm64_32 com.apple.xcode.tools.swift.compiler (in target 'HeraldLog' from project 'herald-ios')
    cd /Users/admin/builder/spi-builder-workspace/.swiftpm/xcode
    builtin-SwiftDriver -- /Applications/Xcode-16.3.0.app/Contents/Developer/Toolchains/XcodeDefault.xctoolchain/usr/bin/swiftc -module-name HeraldLog -Onone -enforce-exclusivity\=checked @/Users/admin/builder/spi-builder-workspace/.derivedData/Build/Intermediates.noindex/herald-ios.build/Debug-watchos/HeraldLog.build/Objects-normal/arm64_32/HeraldLog.SwiftFileList -DSWIFT_PACKAGE -DDEBUG -DXcode -plugin-path /Applications/Xcode-16.3.0.app/Contents/Developer/Toolchains/XcodeDefault.xctoolchain/usr/lib/swift/host/plugins/testing -enable-experimental-feature DebugDescriptionMacro -sdk /Applications/Xcode-16.3.0.app/Contents/Developer/Platforms/WatchOS.platform/Developer/SDKs/WatchOS11.4.sdk -target arm64_32-apple-watchos8.0 -g -module-cache-path /Users/admin/builder/spi-builder-workspace/.derivedData/ModuleCache.noindex -Xfrontend -serialize-debugging-options -profile-coverage-mapping -profile-generate -enable-testing -index-store-path /Users/admin/builder/spi-builder-workspace/.derivedData/Index.noindex/DataStore -swift-version 6 -I /Users/admin/builder/spi-builder-workspace/.derivedData/Build/Products/Debug-watchos -I /Applications/Xcode-16.3.0.app/Contents/Developer/Platforms/WatchOS.platform/Developer/usr/lib -F /Users/admin/builder/spi-builder-workspace/.derivedData/Build/Products/Debug-watchos/PackageFrameworks -F /Users/admin/builder/spi-builder-workspace/.derivedData/Build/Products/Debug-watchos -F /Applications/Xcode-16.3.0.app/Contents/Developer/Platforms/WatchOS.platform/Developer/Library/Frameworks -F /Applications/Xcode-16.3.0.app/Contents/Developer/Platforms/WatchOS.platform/Developer/SDKs/WatchOS11.4.sdk/Developer/Library/Frameworks -c -j10 -enable-batch-mode -incremental -Xcc -ivfsstatcache -Xcc /Users/admin/builder/spi-builder-workspace/.derivedData/SDKStatCaches.noindex/watchos11.4-22T246-43efb940ff07ba2497b70ec94253f576.sdkstatcache -output-file-map /Users/admin/builder/spi-builder-workspace/.derivedData/Build/Intermediates.noindex/herald-ios.build/Debug-watchos/HeraldLog.build/Objects-normal/arm64_32/HeraldLog-OutputFileMap.json -use-frontend-parseable-output -save-temps -no-color-diagnostics -serialize-diagnostics -emit-dependencies -emit-module -emit-module-path /Users/admin/builder/spi-builder-workspace/.derivedData/Build/Intermediates.noindex/herald-ios.build/Debug-watchos/HeraldLog.build/Objects-normal/arm64_32/HeraldLog.swiftmodule -validate-clang-modules-once -clang-build-session-file /Users/admin/builder/spi-builder-workspace/.derivedData/ModuleCache.noindex/Session.modulevalidation -package-name spi_builder_workspace -Xcc -I/Users/admin/builder/spi-builder-workspace/.derivedData/Build/Intermediates.noindex/herald-ios.build/Debug-watchos/HeraldLog.build/swift-overrides.hmap -emit-const-values -Xfrontend -const-gather-protocols-file -Xfrontend /Users/admin/builder/spi-builder-workspace/.derivedData/Build/Intermediates.noindex/herald-ios.build/Debug-watchos/HeraldLog.build/Objects-normal/arm64_32/HeraldLog_const_extract_protocols.json -Xcc -I/Users/admin/builder/spi-builder-workspace/.derivedData/Build/Products/Debug-watchos/include -Xcc -I/Users/admin/builder/spi-builder-workspace/.derivedData/Build/Intermediates.noindex/herald-ios.build/Debug-watchos/HeraldLog.build/DerivedSources-normal/arm64_32 -Xcc -I/Users/admin/builder/spi-builder-workspace/.derivedData/Build/Intermediates.noindex/herald-ios.build/Debug-watchos/HeraldLog.build/DerivedSources/arm64_32 -Xcc -I/Users/admin/builder/spi-builder-workspace/.derivedData/Build/Intermediates.noindex/herald-ios.build/Debug-watchos/HeraldLog.build/DerivedSources -Xcc -DSWIFT_PACKAGE -Xcc -DDEBUG\=1 -emit-objc-header -emit-objc-header-path /Users/admin/builder/spi-builder-workspace/.derivedData/Build/Intermediates.noindex/herald-ios.build/Debug-watchos/HeraldLog.build/Objects-normal/arm64_32/HeraldLog-Swift.h -working-directory /Users/admin/builder/spi-builder-workspace/.swiftpm/xcode -experimental-emit-module-separately -disable-cmo
SwiftDriverJobDiscovery normal armv7k Compiling EventTrackerService.swift, FallbackFactory.swift (in target 'HeraldCore' from project 'herald-ios')
SwiftDriver HeraldLog normal arm64 com.apple.xcode.tools.swift.compiler (in target 'HeraldLog' from project 'herald-ios')
    cd /Users/admin/builder/spi-builder-workspace/.swiftpm/xcode
    builtin-SwiftDriver -- /Applications/Xcode-16.3.0.app/Contents/Developer/Toolchains/XcodeDefault.xctoolchain/usr/bin/swiftc -module-name HeraldLog -Onone -enforce-exclusivity\=checked @/Users/admin/builder/spi-builder-workspace/.derivedData/Build/Intermediates.noindex/herald-ios.build/Debug-watchos/HeraldLog.build/Objects-normal/arm64/HeraldLog.SwiftFileList -DSWIFT_PACKAGE -DDEBUG -DXcode -plugin-path /Applications/Xcode-16.3.0.app/Contents/Developer/Toolchains/XcodeDefault.xctoolchain/usr/lib/swift/host/plugins/testing -enable-experimental-feature DebugDescriptionMacro -sdk /Applications/Xcode-16.3.0.app/Contents/Developer/Platforms/WatchOS.platform/Developer/SDKs/WatchOS11.4.sdk -target arm64-apple-watchos8.0 -g -module-cache-path /Users/admin/builder/spi-builder-workspace/.derivedData/ModuleCache.noindex -Xfrontend -serialize-debugging-options -profile-coverage-mapping -profile-generate -enable-testing -index-store-path /Users/admin/builder/spi-builder-workspace/.derivedData/Index.noindex/DataStore -swift-version 6 -I /Users/admin/builder/spi-builder-workspace/.derivedData/Build/Products/Debug-watchos -I /Applications/Xcode-16.3.0.app/Contents/Developer/Platforms/WatchOS.platform/Developer/usr/lib -F /Users/admin/builder/spi-builder-workspace/.derivedData/Build/Products/Debug-watchos/PackageFrameworks -F /Users/admin/builder/spi-builder-workspace/.derivedData/Build/Products/Debug-watchos -F /Applications/Xcode-16.3.0.app/Contents/Developer/Platforms/WatchOS.platform/Developer/Library/Frameworks -F /Applications/Xcode-16.3.0.app/Contents/Developer/Platforms/WatchOS.platform/Developer/SDKs/WatchOS11.4.sdk/Developer/Library/Frameworks -c -j10 -enable-batch-mode -incremental -Xcc -ivfsstatcache -Xcc /Users/admin/builder/spi-builder-workspace/.derivedData/SDKStatCaches.noindex/watchos11.4-22T246-43efb940ff07ba2497b70ec94253f576.sdkstatcache -output-file-map /Users/admin/builder/spi-builder-workspace/.derivedData/Build/Intermediates.noindex/herald-ios.build/Debug-watchos/HeraldLog.build/Objects-normal/arm64/HeraldLog-OutputFileMap.json -use-frontend-parseable-output -save-temps -no-color-diagnostics -serialize-diagnostics -emit-dependencies -emit-module -emit-module-path /Users/admin/builder/spi-builder-workspace/.derivedData/Build/Intermediates.noindex/herald-ios.build/Debug-watchos/HeraldLog.build/Objects-normal/arm64/HeraldLog.swiftmodule -validate-clang-modules-once -clang-build-session-file /Users/admin/builder/spi-builder-workspace/.derivedData/ModuleCache.noindex/Session.modulevalidation -package-name spi_builder_workspace -Xcc -I/Users/admin/builder/spi-builder-workspace/.derivedData/Build/Intermediates.noindex/herald-ios.build/Debug-watchos/HeraldLog.build/swift-overrides.hmap -emit-const-values -Xfrontend -const-gather-protocols-file -Xfrontend /Users/admin/builder/spi-builder-workspace/.derivedData/Build/Intermediates.noindex/herald-ios.build/Debug-watchos/HeraldLog.build/Objects-normal/arm64/HeraldLog_const_extract_protocols.json -Xcc -I/Users/admin/builder/spi-builder-workspace/.derivedData/Build/Products/Debug-watchos/include -Xcc -I/Users/admin/builder/spi-builder-workspace/.derivedData/Build/Intermediates.noindex/herald-ios.build/Debug-watchos/HeraldLog.build/DerivedSources-normal/arm64 -Xcc -I/Users/admin/builder/spi-builder-workspace/.derivedData/Build/Intermediates.noindex/herald-ios.build/Debug-watchos/HeraldLog.build/DerivedSources/arm64 -Xcc -I/Users/admin/builder/spi-builder-workspace/.derivedData/Build/Intermediates.noindex/herald-ios.build/Debug-watchos/HeraldLog.build/DerivedSources -Xcc -DSWIFT_PACKAGE -Xcc -DDEBUG\=1 -emit-objc-header -emit-objc-header-path /Users/admin/builder/spi-builder-workspace/.derivedData/Build/Intermediates.noindex/herald-ios.build/Debug-watchos/HeraldLog.build/Objects-normal/arm64/HeraldLog-Swift.h -working-directory /Users/admin/builder/spi-builder-workspace/.swiftpm/xcode -experimental-emit-module-separately -disable-cmo
SwiftDriverJobDiscovery normal arm64_32 Compiling AnalyticsOperation.swift, AnalyticsValue.swift (in target 'HeraldCore' from project 'herald-ios')
SwiftEmitModule normal armv7k Emitting\ module\ for\ HeraldLog (in target 'HeraldLog' from project 'herald-ios')
EmitSwiftModule normal armv7k (in target 'HeraldLog' from project 'herald-ios')
    cd /Users/admin/builder/spi-builder-workspace/.swiftpm/xcode

SwiftEmitModule normal arm64_32 Emitting\ module\ for\ HeraldLog (in target 'HeraldLog' from project 'herald-ios')
EmitSwiftModule normal arm64_32 (in target 'HeraldLog' from project 'herald-ios')
    cd /Users/admin/builder/spi-builder-workspace/.swiftpm/xcode

SwiftEmitModule normal arm64 Emitting\ module\ for\ HeraldLog (in target 'HeraldLog' from project 'herald-ios')
EmitSwiftModule normal arm64 (in target 'HeraldLog' from project 'herald-ios')
    cd /Users/admin/builder/spi-builder-workspace/.swiftpm/xcode

SwiftDriverJobDiscovery normal arm64_32 Compiling Herald.swift, HeraldProvider.swift (in target 'HeraldCore' from project 'herald-ios')
SwiftDriver HeraldInterop normal arm64_32 com.apple.xcode.tools.swift.compiler (in target 'HeraldInterop' from project 'herald-ios')
    cd /Users/admin/builder/spi-builder-workspace/.swiftpm/xcode
    builtin-SwiftDriver -- /Applications/Xcode-16.3.0.app/Contents/Developer/Toolchains/XcodeDefault.xctoolchain/usr/bin/swiftc -module-name HeraldInterop -Onone -enforce-exclusivity\=checked @/Users/admin/builder/spi-builder-workspace/.derivedData/Build/Intermediates.noindex/herald-ios.build/Debug-watchos/HeraldInterop.build/Objects-normal/arm64_32/HeraldInterop.SwiftFileList -DSWIFT_PACKAGE -DDEBUG -DXcode -plugin-path /Applications/Xcode-16.3.0.app/Contents/Developer/Toolchains/XcodeDefault.xctoolchain/usr/lib/swift/host/plugins/testing -enable-experimental-feature DebugDescriptionMacro -sdk /Applications/Xcode-16.3.0.app/Contents/Developer/Platforms/WatchOS.platform/Developer/SDKs/WatchOS11.4.sdk -target arm64_32-apple-watchos8.0 -g -module-cache-path /Users/admin/builder/spi-builder-workspace/.derivedData/ModuleCache.noindex -Xfrontend -serialize-debugging-options -profile-coverage-mapping -profile-generate -enable-testing -index-store-path /Users/admin/builder/spi-builder-workspace/.derivedData/Index.noindex/DataStore -swift-version 6 -I /Users/admin/builder/spi-builder-workspace/.derivedData/Build/Products/Debug-watchos -I /Applications/Xcode-16.3.0.app/Contents/Developer/Platforms/WatchOS.platform/Developer/usr/lib -F /Users/admin/builder/spi-builder-workspace/.derivedData/Build/Products/Debug-watchos/PackageFrameworks -F /Users/admin/builder/spi-builder-workspace/.derivedData/Build/Products/Debug-watchos -F /Applications/Xcode-16.3.0.app/Contents/Developer/Platforms/WatchOS.platform/Developer/Library/Frameworks -F /Applications/Xcode-16.3.0.app/Contents/Developer/Platforms/WatchOS.platform/Developer/SDKs/WatchOS11.4.sdk/Developer/Library/Frameworks -parse-as-library -c -j10 -enable-batch-mode -incremental -Xcc -ivfsstatcache -Xcc /Users/admin/builder/spi-builder-workspace/.derivedData/SDKStatCaches.noindex/watchos11.4-22T246-43efb940ff07ba2497b70ec94253f576.sdkstatcache -output-file-map /Users/admin/builder/spi-builder-workspace/.derivedData/Build/Intermediates.noindex/herald-ios.build/Debug-watchos/HeraldInterop.build/Objects-normal/arm64_32/HeraldInterop-OutputFileMap.json -use-frontend-parseable-output -save-temps -no-color-diagnostics -serialize-diagnostics -emit-dependencies -emit-module -emit-module-path /Users/admin/builder/spi-builder-workspace/.derivedData/Build/Intermediates.noindex/herald-ios.build/Debug-watchos/HeraldInterop.build/Objects-normal/arm64_32/HeraldInterop.swiftmodule -validate-clang-modules-once -clang-build-session-file /Users/admin/builder/spi-builder-workspace/.derivedData/ModuleCache.noindex/Session.modulevalidation -package-name spi_builder_workspace -Xcc -I/Users/admin/builder/spi-builder-workspace/.derivedData/Build/Intermediates.noindex/herald-ios.build/Debug-watchos/HeraldInterop.build/swift-overrides.hmap -emit-const-values -Xfrontend -const-gather-protocols-file -Xfrontend /Users/admin/builder/spi-builder-workspace/.derivedData/Build/Intermediates.noindex/herald-ios.build/Debug-watchos/HeraldInterop.build/Objects-normal/arm64_32/HeraldInterop_const_extract_protocols.json -Xcc -I/Users/admin/builder/spi-builder-workspace/.derivedData/Build/Products/Debug-watchos/include -Xcc -I/Users/admin/builder/spi-builder-workspace/.derivedData/Build/Intermediates.noindex/herald-ios.build/Debug-watchos/HeraldInterop.build/DerivedSources-normal/arm64_32 -Xcc -I/Users/admin/builder/spi-builder-workspace/.derivedData/Build/Intermediates.noindex/herald-ios.build/Debug-watchos/HeraldInterop.build/DerivedSources/arm64_32 -Xcc -I/Users/admin/builder/spi-builder-workspace/.derivedData/Build/Intermediates.noindex/herald-ios.build/Debug-watchos/HeraldInterop.build/DerivedSources -Xcc -DSWIFT_PACKAGE -Xcc -DDEBUG\=1 -emit-objc-header -emit-objc-header-path /Users/admin/builder/spi-builder-workspace/.derivedData/Build/Intermediates.noindex/herald-ios.build/Debug-watchos/HeraldInterop.build/Objects-normal/arm64_32/HeraldInterop-Swift.h -working-directory /Users/admin/builder/spi-builder-workspace/.swiftpm/xcode -experimental-emit-module-separately -disable-cmo
SwiftDriverJobDiscovery normal arm64 Emitting module for HeraldTesting (in target 'HeraldTesting' from project 'herald-ios')
SwiftDriver HeraldInterop normal arm64 com.apple.xcode.tools.swift.compiler (in target 'HeraldInterop' from project 'herald-ios')
    cd /Users/admin/builder/spi-builder-workspace/.swiftpm/xcode
    builtin-SwiftDriver -- /Applications/Xcode-16.3.0.app/Contents/Developer/Toolchains/XcodeDefault.xctoolchain/usr/bin/swiftc -module-name HeraldInterop -Onone -enforce-exclusivity\=checked @/Users/admin/builder/spi-builder-workspace/.derivedData/Build/Intermediates.noindex/herald-ios.build/Debug-watchos/HeraldInterop.build/Objects-normal/arm64/HeraldInterop.SwiftFileList -DSWIFT_PACKAGE -DDEBUG -DXcode -plugin-path /Applications/Xcode-16.3.0.app/Contents/Developer/Toolchains/XcodeDefault.xctoolchain/usr/lib/swift/host/plugins/testing -enable-experimental-feature DebugDescriptionMacro -sdk /Applications/Xcode-16.3.0.app/Contents/Developer/Platforms/WatchOS.platform/Developer/SDKs/WatchOS11.4.sdk -target arm64-apple-watchos8.0 -g -module-cache-path /Users/admin/builder/spi-builder-workspace/.derivedData/ModuleCache.noindex -Xfrontend -serialize-debugging-options -profile-coverage-mapping -profile-generate -enable-testing -index-store-path /Users/admin/builder/spi-builder-workspace/.derivedData/Index.noindex/DataStore -swift-version 6 -I /Users/admin/builder/spi-builder-workspace/.derivedData/Build/Products/Debug-watchos -I /Applications/Xcode-16.3.0.app/Contents/Developer/Platforms/WatchOS.platform/Developer/usr/lib -F /Users/admin/builder/spi-builder-workspace/.derivedData/Build/Products/Debug-watchos/PackageFrameworks -F /Users/admin/builder/spi-builder-workspace/.derivedData/Build/Products/Debug-watchos -F /Applications/Xcode-16.3.0.app/Contents/Developer/Platforms/WatchOS.platform/Developer/Library/Frameworks -F /Applications/Xcode-16.3.0.app/Contents/Developer/Platforms/WatchOS.platform/Developer/SDKs/WatchOS11.4.sdk/Developer/Library/Frameworks -parse-as-library -c -j10 -enable-batch-mode -incremental -Xcc -ivfsstatcache -Xcc /Users/admin/builder/spi-builder-workspace/.derivedData/SDKStatCaches.noindex/watchos11.4-22T246-43efb940ff07ba2497b70ec94253f576.sdkstatcache -output-file-map /Users/admin/builder/spi-builder-workspace/.derivedData/Build/Intermediates.noindex/herald-ios.build/Debug-watchos/HeraldInterop.build/Objects-normal/arm64/HeraldInterop-OutputFileMap.json -use-frontend-parseable-output -save-temps -no-color-diagnostics -serialize-diagnostics -emit-dependencies -emit-module -emit-module-path /Users/admin/builder/spi-builder-workspace/.derivedData/Build/Intermediates.noindex/herald-ios.build/Debug-watchos/HeraldInterop.build/Objects-normal/arm64/HeraldInterop.swiftmodule -validate-clang-modules-once -clang-build-session-file /Users/admin/builder/spi-builder-workspace/.derivedData/ModuleCache.noindex/Session.modulevalidation -package-name spi_builder_workspace -Xcc -I/Users/admin/builder/spi-builder-workspace/.derivedData/Build/Intermediates.noindex/herald-ios.build/Debug-watchos/HeraldInterop.build/swift-overrides.hmap -emit-const-values -Xfrontend -const-gather-protocols-file -Xfrontend /Users/admin/builder/spi-builder-workspace/.derivedData/Build/Intermediates.noindex/herald-ios.build/Debug-watchos/HeraldInterop.build/Objects-normal/arm64/HeraldInterop_const_extract_protocols.json -Xcc -I/Users/admin/builder/spi-builder-workspace/.derivedData/Build/Products/Debug-watchos/include -Xcc -I/Users/admin/builder/spi-builder-workspace/.derivedData/Build/Intermediates.noindex/herald-ios.build/Debug-watchos/HeraldInterop.build/DerivedSources-normal/arm64 -Xcc -I/Users/admin/builder/spi-builder-workspace/.derivedData/Build/Intermediates.noindex/herald-ios.build/Debug-watchos/HeraldInterop.build/DerivedSources/arm64 -Xcc -I/Users/admin/builder/spi-builder-workspace/.derivedData/Build/Intermediates.noindex/herald-ios.build/Debug-watchos/HeraldInterop.build/DerivedSources -Xcc -DSWIFT_PACKAGE -Xcc -DDEBUG\=1 -emit-objc-header -emit-objc-header-path /Users/admin/builder/spi-builder-workspace/.derivedData/Build/Intermediates.noindex/herald-ios.build/Debug-watchos/HeraldInterop.build/Objects-normal/arm64/HeraldInterop-Swift.h -working-directory /Users/admin/builder/spi-builder-workspace/.swiftpm/xcode -experimental-emit-module-separately -disable-cmo
SwiftDriverJobDiscovery normal armv7k Compiling Herald.swift, HeraldProvider.swift (in target 'HeraldCore' from project 'herald-ios')
SwiftDriver\ Compilation\ Requirements HeraldTesting normal arm64 com.apple.xcode.tools.swift.compiler (in target 'HeraldTesting' from project 'herald-ios')
    cd /Users/admin/builder/spi-builder-workspace/.swiftpm/xcode
    builtin-Swift-Compilation-Requirements -- /Applications/Xcode-16.3.0.app/Contents/Developer/Toolchains/XcodeDefault.xctoolchain/usr/bin/swiftc -module-name HeraldTesting -Onone -enforce-exclusivity\=checked @/Users/admin/builder/spi-builder-workspace/.derivedData/Build/Intermediates.noindex/herald-ios.build/Debug-watchos/HeraldTesting.build/Objects-normal/arm64/HeraldTesting.SwiftFileList -DSWIFT_PACKAGE -DDEBUG -DXcode -plugin-path /Applications/Xcode-16.3.0.app/Contents/Developer/Toolchains/XcodeDefault.xctoolchain/usr/lib/swift/host/plugins/testing -enable-experimental-feature DebugDescriptionMacro -sdk /Applications/Xcode-16.3.0.app/Contents/Developer/Platforms/WatchOS.platform/Developer/SDKs/WatchOS11.4.sdk -target arm64-apple-watchos8.0 -g -module-cache-path /Users/admin/builder/spi-builder-workspace/.derivedData/ModuleCache.noindex -Xfrontend -serialize-debugging-options -profile-coverage-mapping -profile-generate -enable-testing -index-store-path /Users/admin/builder/spi-builder-workspace/.derivedData/Index.noindex/DataStore -swift-version 6 -I /Users/admin/builder/spi-builder-workspace/.derivedData/Build/Products/Debug-watchos -I /Applications/Xcode-16.3.0.app/Contents/Developer/Platforms/WatchOS.platform/Developer/usr/lib -F /Users/admin/builder/spi-builder-workspace/.derivedData/Build/Products/Debug-watchos/PackageFrameworks -F /Users/admin/builder/spi-builder-workspace/.derivedData/Build/Products/Debug-watchos -F /Applications/Xcode-16.3.0.app/Contents/Developer/Platforms/WatchOS.platform/Developer/Library/Frameworks -F /Applications/Xcode-16.3.0.app/Contents/Developer/Platforms/WatchOS.platform/Developer/SDKs/WatchOS11.4.sdk/Developer/Library/Frameworks -c -j10 -enable-batch-mode -incremental -Xcc -ivfsstatcache -Xcc /Users/admin/builder/spi-builder-workspace/.derivedData/SDKStatCaches.noindex/watchos11.4-22T246-43efb940ff07ba2497b70ec94253f576.sdkstatcache -output-file-map /Users/admin/builder/spi-builder-workspace/.derivedData/Build/Intermediates.noindex/herald-ios.build/Debug-watchos/HeraldTesting.build/Objects-normal/arm64/HeraldTesting-OutputFileMap.json -use-frontend-parseable-output -save-temps -no-color-diagnostics -serialize-diagnostics -emit-dependencies -emit-module -emit-module-path /Users/admin/builder/spi-builder-workspace/.derivedData/Build/Intermediates.noindex/herald-ios.build/Debug-watchos/HeraldTesting.build/Objects-normal/arm64/HeraldTesting.swiftmodule -validate-clang-modules-once -clang-build-session-file /Users/admin/builder/spi-builder-workspace/.derivedData/ModuleCache.noindex/Session.modulevalidation -package-name spi_builder_workspace -Xcc -I/Users/admin/builder/spi-builder-workspace/.derivedData/Build/Intermediates.noindex/herald-ios.build/Debug-watchos/HeraldTesting.build/swift-overrides.hmap -emit-const-values -Xfrontend -const-gather-protocols-file -Xfrontend /Users/admin/builder/spi-builder-workspace/.derivedData/Build/Intermediates.noindex/herald-ios.build/Debug-watchos/HeraldTesting.build/Objects-normal/arm64/HeraldTesting_const_extract_protocols.json -Xcc -I/Users/admin/builder/spi-builder-workspace/.derivedData/Build/Products/Debug-watchos/include -Xcc -I/Users/admin/builder/spi-builder-workspace/.derivedData/Build/Intermediates.noindex/herald-ios.build/Debug-watchos/HeraldTesting.build/DerivedSources-normal/arm64 -Xcc -I/Users/admin/builder/spi-builder-workspace/.derivedData/Build/Intermediates.noindex/herald-ios.build/Debug-watchos/HeraldTesting.build/DerivedSources/arm64 -Xcc -I/Users/admin/builder/spi-builder-workspace/.derivedData/Build/Intermediates.noindex/herald-ios.build/Debug-watchos/HeraldTesting.build/DerivedSources -Xcc -DSWIFT_PACKAGE -Xcc -DDEBUG\=1 -emit-objc-header -emit-objc-header-path /Users/admin/builder/spi-builder-workspace/.derivedData/Build/Intermediates.noindex/herald-ios.build/Debug-watchos/HeraldTesting.build/Objects-normal/arm64/HeraldTesting-Swift.h -working-directory /Users/admin/builder/spi-builder-workspace/.swiftpm/xcode -experimental-emit-module-separately -disable-cmo
SwiftDriver HeraldInterop normal armv7k com.apple.xcode.tools.swift.compiler (in target 'HeraldInterop' from project 'herald-ios')
    cd /Users/admin/builder/spi-builder-workspace/.swiftpm/xcode
    builtin-SwiftDriver -- /Applications/Xcode-16.3.0.app/Contents/Developer/Toolchains/XcodeDefault.xctoolchain/usr/bin/swiftc -module-name HeraldInterop -Onone -enforce-exclusivity\=checked @/Users/admin/builder/spi-builder-workspace/.derivedData/Build/Intermediates.noindex/herald-ios.build/Debug-watchos/HeraldInterop.build/Objects-normal/armv7k/HeraldInterop.SwiftFileList -DSWIFT_PACKAGE -DDEBUG -DXcode -plugin-path /Applications/Xcode-16.3.0.app/Contents/Developer/Toolchains/XcodeDefault.xctoolchain/usr/lib/swift/host/plugins/testing -enable-experimental-feature DebugDescriptionMacro -sdk /Applications/Xcode-16.3.0.app/Contents/Developer/Platforms/WatchOS.platform/Developer/SDKs/WatchOS11.4.sdk -target armv7k-apple-watchos8.0 -g -module-cache-path /Users/admin/builder/spi-builder-workspace/.derivedData/ModuleCache.noindex -Xfrontend -serialize-debugging-options -profile-coverage-mapping -profile-generate -enable-testing -index-store-path /Users/admin/builder/spi-builder-workspace/.derivedData/Index.noindex/DataStore -swift-version 6 -I /Users/admin/builder/spi-builder-workspace/.derivedData/Build/Products/Debug-watchos -I /Applications/Xcode-16.3.0.app/Contents/Developer/Platforms/WatchOS.platform/Developer/usr/lib -F /Users/admin/builder/spi-builder-workspace/.derivedData/Build/Products/Debug-watchos/PackageFrameworks -F /Users/admin/builder/spi-builder-workspace/.derivedData/Build/Products/Debug-watchos -F /Applications/Xcode-16.3.0.app/Contents/Developer/Platforms/WatchOS.platform/Developer/Library/Frameworks -F /Applications/Xcode-16.3.0.app/Contents/Developer/Platforms/WatchOS.platform/Developer/SDKs/WatchOS11.4.sdk/Developer/Library/Frameworks -parse-as-library -c -j10 -enable-batch-mode -incremental -Xcc -ivfsstatcache -Xcc /Users/admin/builder/spi-builder-workspace/.derivedData/SDKStatCaches.noindex/watchos11.4-22T246-43efb940ff07ba2497b70ec94253f576.sdkstatcache -output-file-map /Users/admin/builder/spi-builder-workspace/.derivedData/Build/Intermediates.noindex/herald-ios.build/Debug-watchos/HeraldInterop.build/Objects-normal/armv7k/HeraldInterop-OutputFileMap.json -use-frontend-parseable-output -save-temps -no-color-diagnostics -serialize-diagnostics -emit-dependencies -emit-module -emit-module-path /Users/admin/builder/spi-builder-workspace/.derivedData/Build/Intermediates.noindex/herald-ios.build/Debug-watchos/HeraldInterop.build/Objects-normal/armv7k/HeraldInterop.swiftmodule -validate-clang-modules-once -clang-build-session-file /Users/admin/builder/spi-builder-workspace/.derivedData/ModuleCache.noindex/Session.modulevalidation -package-name spi_builder_workspace -Xcc -I/Users/admin/builder/spi-builder-workspace/.derivedData/Build/Intermediates.noindex/herald-ios.build/Debug-watchos/HeraldInterop.build/swift-overrides.hmap -emit-const-values -Xfrontend -const-gather-protocols-file -Xfrontend /Users/admin/builder/spi-builder-workspace/.derivedData/Build/Intermediates.noindex/herald-ios.build/Debug-watchos/HeraldInterop.build/Objects-normal/armv7k/HeraldInterop_const_extract_protocols.json -Xcc -I/Users/admin/builder/spi-builder-workspace/.derivedData/Build/Products/Debug-watchos/include -Xcc -I/Users/admin/builder/spi-builder-workspace/.derivedData/Build/Intermediates.noindex/herald-ios.build/Debug-watchos/HeraldInterop.build/DerivedSources-normal/armv7k -Xcc -I/Users/admin/builder/spi-builder-workspace/.derivedData/Build/Intermediates.noindex/herald-ios.build/Debug-watchos/HeraldInterop.build/DerivedSources/armv7k -Xcc -I/Users/admin/builder/spi-builder-workspace/.derivedData/Build/Intermediates.noindex/herald-ios.build/Debug-watchos/HeraldInterop.build/DerivedSources -Xcc -DSWIFT_PACKAGE -Xcc -DDEBUG\=1 -emit-objc-header -emit-objc-header-path /Users/admin/builder/spi-builder-workspace/.derivedData/Build/Intermediates.noindex/herald-ios.build/Debug-watchos/HeraldInterop.build/Objects-normal/armv7k/HeraldInterop-Swift.h -working-directory /Users/admin/builder/spi-builder-workspace/.swiftpm/xcode -experimental-emit-module-separately -disable-cmo
SwiftCompile normal arm64_32 Compiling\ AnalyticsRecord.swift /Users/admin/builder/spi-builder-workspace/Sources/HeraldTesting/AnalyticsRecord.swift (in target 'HeraldTesting' from project 'herald-ios')
SwiftCompile normal arm64_32 /Users/admin/builder/spi-builder-workspace/Sources/HeraldTesting/AnalyticsRecord.swift (in target 'HeraldTesting' from project 'herald-ios')
    cd /Users/admin/builder/spi-builder-workspace/.swiftpm/xcode

SwiftDriverJobDiscovery normal armv7k Emitting module for HeraldTesting (in target 'HeraldTesting' from project 'herald-ios')
SwiftDriverJobDiscovery normal arm64_32 Emitting module for HeraldTesting (in target 'HeraldTesting' from project 'herald-ios')
SwiftDriver\ Compilation\ Requirements HeraldTesting normal armv7k com.apple.xcode.tools.swift.compiler (in target 'HeraldTesting' from project 'herald-ios')
    cd /Users/admin/builder/spi-builder-workspace/.swiftpm/xcode
    builtin-Swift-Compilation-Requirements -- /Applications/Xcode-16.3.0.app/Contents/Developer/Toolchains/XcodeDefault.xctoolchain/usr/bin/swiftc -module-name HeraldTesting -Onone -enforce-exclusivity\=checked @/Users/admin/builder/spi-builder-workspace/.derivedData/Build/Intermediates.noindex/herald-ios.build/Debug-watchos/HeraldTesting.build/Objects-normal/armv7k/HeraldTesting.SwiftFileList -DSWIFT_PACKAGE -DDEBUG -DXcode -plugin-path /Applications/Xcode-16.3.0.app/Contents/Developer/Toolchains/XcodeDefault.xctoolchain/usr/lib/swift/host/plugins/testing -enable-experimental-feature DebugDescriptionMacro -sdk /Applications/Xcode-16.3.0.app/Contents/Developer/Platforms/WatchOS.platform/Developer/SDKs/WatchOS11.4.sdk -target armv7k-apple-watchos8.0 -g -module-cache-path /Users/admin/builder/spi-builder-workspace/.derivedData/ModuleCache.noindex -Xfrontend -serialize-debugging-options -profile-coverage-mapping -profile-generate -enable-testing -index-store-path /Users/admin/builder/spi-builder-workspace/.derivedData/Index.noindex/DataStore -swift-version 6 -I /Users/admin/builder/spi-builder-workspace/.derivedData/Build/Products/Debug-watchos -I /Applications/Xcode-16.3.0.app/Contents/Developer/Platforms/WatchOS.platform/Developer/usr/lib -F /Users/admin/builder/spi-builder-workspace/.derivedData/Build/Products/Debug-watchos/PackageFrameworks -F /Users/admin/builder/spi-builder-workspace/.derivedData/Build/Products/Debug-watchos -F /Applications/Xcode-16.3.0.app/Contents/Developer/Platforms/WatchOS.platform/Developer/Library/Frameworks -F /Applications/Xcode-16.3.0.app/Contents/Developer/Platforms/WatchOS.platform/Developer/SDKs/WatchOS11.4.sdk/Developer/Library/Frameworks -c -j10 -enable-batch-mode -incremental -Xcc -ivfsstatcache -Xcc /Users/admin/builder/spi-builder-workspace/.derivedData/SDKStatCaches.noindex/watchos11.4-22T246-43efb940ff07ba2497b70ec94253f576.sdkstatcache -output-file-map /Users/admin/builder/spi-builder-workspace/.derivedData/Build/Intermediates.noindex/herald-ios.build/Debug-watchos/HeraldTesting.build/Objects-normal/armv7k/HeraldTesting-OutputFileMap.json -use-frontend-parseable-output -save-temps -no-color-diagnostics -serialize-diagnostics -emit-dependencies -emit-module -emit-module-path /Users/admin/builder/spi-builder-workspace/.derivedData/Build/Intermediates.noindex/herald-ios.build/Debug-watchos/HeraldTesting.build/Objects-normal/armv7k/HeraldTesting.swiftmodule -validate-clang-modules-once -clang-build-session-file /Users/admin/builder/spi-builder-workspace/.derivedData/ModuleCache.noindex/Session.modulevalidation -package-name spi_builder_workspace -Xcc -I/Users/admin/builder/spi-builder-workspace/.derivedData/Build/Intermediates.noindex/herald-ios.build/Debug-watchos/HeraldTesting.build/swift-overrides.hmap -emit-const-values -Xfrontend -const-gather-protocols-file -Xfrontend /Users/admin/builder/spi-builder-workspace/.derivedData/Build/Intermediates.noindex/herald-ios.build/Debug-watchos/HeraldTesting.build/Objects-normal/armv7k/HeraldTesting_const_extract_protocols.json -Xcc -I/Users/admin/builder/spi-builder-workspace/.derivedData/Build/Products/Debug-watchos/include -Xcc -I/Users/admin/builder/spi-builder-workspace/.derivedData/Build/Intermediates.noindex/herald-ios.build/Debug-watchos/HeraldTesting.build/DerivedSources-normal/armv7k -Xcc -I/Users/admin/builder/spi-builder-workspace/.derivedData/Build/Intermediates.noindex/herald-ios.build/Debug-watchos/HeraldTesting.build/DerivedSources/armv7k -Xcc -I/Users/admin/builder/spi-builder-workspace/.derivedData/Build/Intermediates.noindex/herald-ios.build/Debug-watchos/HeraldTesting.build/DerivedSources -Xcc -DSWIFT_PACKAGE -Xcc -DDEBUG\=1 -emit-objc-header -emit-objc-header-path /Users/admin/builder/spi-builder-workspace/.derivedData/Build/Intermediates.noindex/herald-ios.build/Debug-watchos/HeraldTesting.build/Objects-normal/armv7k/HeraldTesting-Swift.h -working-directory /Users/admin/builder/spi-builder-workspace/.swiftpm/xcode -experimental-emit-module-separately -disable-cmo
SwiftDriver\ Compilation\ Requirements HeraldTesting normal arm64_32 com.apple.xcode.tools.swift.compiler (in target 'HeraldTesting' from project 'herald-ios')
    cd /Users/admin/builder/spi-builder-workspace/.swiftpm/xcode
    builtin-Swift-Compilation-Requirements -- /Applications/Xcode-16.3.0.app/Contents/Developer/Toolchains/XcodeDefault.xctoolchain/usr/bin/swiftc -module-name HeraldTesting -Onone -enforce-exclusivity\=checked @/Users/admin/builder/spi-builder-workspace/.derivedData/Build/Intermediates.noindex/herald-ios.build/Debug-watchos/HeraldTesting.build/Objects-normal/arm64_32/HeraldTesting.SwiftFileList -DSWIFT_PACKAGE -DDEBUG -DXcode -plugin-path /Applications/Xcode-16.3.0.app/Contents/Developer/Toolchains/XcodeDefault.xctoolchain/usr/lib/swift/host/plugins/testing -enable-experimental-feature DebugDescriptionMacro -sdk /Applications/Xcode-16.3.0.app/Contents/Developer/Platforms/WatchOS.platform/Developer/SDKs/WatchOS11.4.sdk -target arm64_32-apple-watchos8.0 -g -module-cache-path /Users/admin/builder/spi-builder-workspace/.derivedData/ModuleCache.noindex -Xfrontend -serialize-debugging-options -profile-coverage-mapping -profile-generate -enable-testing -index-store-path /Users/admin/builder/spi-builder-workspace/.derivedData/Index.noindex/DataStore -swift-version 6 -I /Users/admin/builder/spi-builder-workspace/.derivedData/Build/Products/Debug-watchos -I /Applications/Xcode-16.3.0.app/Contents/Developer/Platforms/WatchOS.platform/Developer/usr/lib -F /Users/admin/builder/spi-builder-workspace/.derivedData/Build/Products/Debug-watchos/PackageFrameworks -F /Users/admin/builder/spi-builder-workspace/.derivedData/Build/Products/Debug-watchos -F /Applications/Xcode-16.3.0.app/Contents/Developer/Platforms/WatchOS.platform/Developer/Library/Frameworks -F /Applications/Xcode-16.3.0.app/Contents/Developer/Platforms/WatchOS.platform/Developer/SDKs/WatchOS11.4.sdk/Developer/Library/Frameworks -c -j10 -enable-batch-mode -incremental -Xcc -ivfsstatcache -Xcc /Users/admin/builder/spi-builder-workspace/.derivedData/SDKStatCaches.noindex/watchos11.4-22T246-43efb940ff07ba2497b70ec94253f576.sdkstatcache -output-file-map /Users/admin/builder/spi-builder-workspace/.derivedData/Build/Intermediates.noindex/herald-ios.build/Debug-watchos/HeraldTesting.build/Objects-normal/arm64_32/HeraldTesting-OutputFileMap.json -use-frontend-parseable-output -save-temps -no-color-diagnostics -serialize-diagnostics -emit-dependencies -emit-module -emit-module-path /Users/admin/builder/spi-builder-workspace/.derivedData/Build/Intermediates.noindex/herald-ios.build/Debug-watchos/HeraldTesting.build/Objects-normal/arm64_32/HeraldTesting.swiftmodule -validate-clang-modules-once -clang-build-session-file /Users/admin/builder/spi-builder-workspace/.derivedData/ModuleCache.noindex/Session.modulevalidation -package-name spi_builder_workspace -Xcc -I/Users/admin/builder/spi-builder-workspace/.derivedData/Build/Intermediates.noindex/herald-ios.build/Debug-watchos/HeraldTesting.build/swift-overrides.hmap -emit-const-values -Xfrontend -const-gather-protocols-file -Xfrontend /Users/admin/builder/spi-builder-workspace/.derivedData/Build/Intermediates.noindex/herald-ios.build/Debug-watchos/HeraldTesting.build/Objects-normal/arm64_32/HeraldTesting_const_extract_protocols.json -Xcc -I/Users/admin/builder/spi-builder-workspace/.derivedData/Build/Products/Debug-watchos/include -Xcc -I/Users/admin/builder/spi-builder-workspace/.derivedData/Build/Intermediates.noindex/herald-ios.build/Debug-watchos/HeraldTesting.build/DerivedSources-normal/arm64_32 -Xcc -I/Users/admin/builder/spi-builder-workspace/.derivedData/Build/Intermediates.noindex/herald-ios.build/Debug-watchos/HeraldTesting.build/DerivedSources/arm64_32 -Xcc -I/Users/admin/builder/spi-builder-workspace/.derivedData/Build/Intermediates.noindex/herald-ios.build/Debug-watchos/HeraldTesting.build/DerivedSources -Xcc -DSWIFT_PACKAGE -Xcc -DDEBUG\=1 -emit-objc-header -emit-objc-header-path /Users/admin/builder/spi-builder-workspace/.derivedData/Build/Intermediates.noindex/herald-ios.build/Debug-watchos/HeraldTesting.build/Objects-normal/arm64_32/HeraldTesting-Swift.h -working-directory /Users/admin/builder/spi-builder-workspace/.swiftpm/xcode -experimental-emit-module-separately -disable-cmo
Copy /Users/admin/builder/spi-builder-workspace/.derivedData/Build/Products/Debug-watchos/HeraldTesting.swiftmodule/armv7k-apple-watchos.abi.json /Users/admin/builder/spi-builder-workspace/.derivedData/Build/Intermediates.noindex/herald-ios.build/Debug-watchos/HeraldTesting.build/Objects-normal/armv7k/HeraldTesting.abi.json (in target 'HeraldTesting' from project 'herald-ios')
    cd /Users/admin/builder/spi-builder-workspace
    builtin-copy -exclude .DS_Store -exclude CVS -exclude .svn -exclude .git -exclude .hg -resolve-src-symlinks -rename /Users/admin/builder/spi-builder-workspace/.derivedData/Build/Intermediates.noindex/herald-ios.build/Debug-watchos/HeraldTesting.build/Objects-normal/armv7k/HeraldTesting.abi.json /Users/admin/builder/spi-builder-workspace/.derivedData/Build/Products/Debug-watchos/HeraldTesting.swiftmodule/armv7k-apple-watchos.abi.json
Copy /Users/admin/builder/spi-builder-workspace/.derivedData/Build/Products/Debug-watchos/HeraldTesting.swiftmodule/arm64_32-apple-watchos.abi.json /Users/admin/builder/spi-builder-workspace/.derivedData/Build/Intermediates.noindex/herald-ios.build/Debug-watchos/HeraldTesting.build/Objects-normal/arm64_32/HeraldTesting.abi.json (in target 'HeraldTesting' from project 'herald-ios')
    cd /Users/admin/builder/spi-builder-workspace
    builtin-copy -exclude .DS_Store -exclude CVS -exclude .svn -exclude .git -exclude .hg -resolve-src-symlinks -rename /Users/admin/builder/spi-builder-workspace/.derivedData/Build/Intermediates.noindex/herald-ios.build/Debug-watchos/HeraldTesting.build/Objects-normal/arm64_32/HeraldTesting.abi.json /Users/admin/builder/spi-builder-workspace/.derivedData/Build/Products/Debug-watchos/HeraldTesting.swiftmodule/arm64_32-apple-watchos.abi.json
Copy /Users/admin/builder/spi-builder-workspace/.derivedData/Build/Products/Debug-watchos/HeraldTesting.swiftmodule/arm64-apple-watchos.abi.json /Users/admin/builder/spi-builder-workspace/.derivedData/Build/Intermediates.noindex/herald-ios.build/Debug-watchos/HeraldTesting.build/Objects-normal/arm64/HeraldTesting.abi.json (in target 'HeraldTesting' from project 'herald-ios')
    cd /Users/admin/builder/spi-builder-workspace
    builtin-copy -exclude .DS_Store -exclude CVS -exclude .svn -exclude .git -exclude .hg -resolve-src-symlinks -rename /Users/admin/builder/spi-builder-workspace/.derivedData/Build/Intermediates.noindex/herald-ios.build/Debug-watchos/HeraldTesting.build/Objects-normal/arm64/HeraldTesting.abi.json /Users/admin/builder/spi-builder-workspace/.derivedData/Build/Products/Debug-watchos/HeraldTesting.swiftmodule/arm64-apple-watchos.abi.json
SwiftEmitModule normal arm64_32 Emitting\ module\ for\ HeraldInterop (in target 'HeraldInterop' from project 'herald-ios')
SwiftCompile normal arm64_32 /Users/admin/builder/spi-builder-workspace/Sources/HeraldInterop/HeraldBridge.swift (in target 'HeraldInterop' from project 'herald-ios')
    cd /Users/admin/builder/spi-builder-workspace/.swiftpm/xcode

SwiftEmitModule normal arm64 Emitting\ module\ for\ HeraldInterop (in target 'HeraldInterop' from project 'herald-ios')
SwiftCompile normal arm64 /Users/admin/builder/spi-builder-workspace/Sources/HeraldInterop/HeraldBridge.swift (in target 'HeraldInterop' from project 'herald-ios')
    cd /Users/admin/builder/spi-builder-workspace/.swiftpm/xcode

SwiftCompile normal armv7k Compiling\ TrackedEventAssert.swift /Users/admin/builder/spi-builder-workspace/Sources/HeraldTesting/TrackedEventAssert.swift (in target 'HeraldTesting' from project 'herald-ios')
SwiftCompile normal armv7k /Users/admin/builder/spi-builder-workspace/Sources/HeraldTesting/TrackedEventAssert.swift (in target 'HeraldTesting' from project 'herald-ios')
    cd /Users/admin/builder/spi-builder-workspace/.swiftpm/xcode

SwiftEmitModule normal armv7k Emitting\ module\ for\ HeraldInterop (in target 'HeraldInterop' from project 'herald-ios')
SwiftCompile normal armv7k /Users/admin/builder/spi-builder-workspace/Sources/HeraldInterop/HeraldBridge.swift (in target 'HeraldInterop' from project 'herald-ios')
    cd /Users/admin/builder/spi-builder-workspace/.swiftpm/xcode

SwiftDriverJobDiscovery normal armv7k Emitting module for HeraldLog (in target 'HeraldLog' from project 'herald-ios')
SwiftDriver\ Compilation\ Requirements HeraldLog normal armv7k com.apple.xcode.tools.swift.compiler (in target 'HeraldLog' from project 'herald-ios')
    cd /Users/admin/builder/spi-builder-workspace/.swiftpm/xcode
    builtin-Swift-Compilation-Requirements -- /Applications/Xcode-16.3.0.app/Contents/Developer/Toolchains/XcodeDefault.xctoolchain/usr/bin/swiftc -module-name HeraldLog -Onone -enforce-exclusivity\=checked @/Users/admin/builder/spi-builder-workspace/.derivedData/Build/Intermediates.noindex/herald-ios.build/Debug-watchos/HeraldLog.build/Objects-normal/armv7k/HeraldLog.SwiftFileList -DSWIFT_PACKAGE -DDEBUG -DXcode -plugin-path /Applications/Xcode-16.3.0.app/Contents/Developer/Toolchains/XcodeDefault.xctoolchain/usr/lib/swift/host/plugins/testing -enable-experimental-feature DebugDescriptionMacro -sdk /Applications/Xcode-16.3.0.app/Contents/Developer/Platforms/WatchOS.platform/Developer/SDKs/WatchOS11.4.sdk -target armv7k-apple-watchos8.0 -g -module-cache-path /Users/admin/builder/spi-builder-workspace/.derivedData/ModuleCache.noindex -Xfrontend -serialize-debugging-options -profile-coverage-mapping -profile-generate -enable-testing -index-store-path /Users/admin/builder/spi-builder-workspace/.derivedData/Index.noindex/DataStore -swift-version 6 -I /Users/admin/builder/spi-builder-workspace/.derivedData/Build/Products/Debug-watchos -I /Applications/Xcode-16.3.0.app/Contents/Developer/Platforms/WatchOS.platform/Developer/usr/lib -F /Users/admin/builder/spi-builder-workspace/.derivedData/Build/Products/Debug-watchos/PackageFrameworks -F /Users/admin/builder/spi-builder-workspace/.derivedData/Build/Products/Debug-watchos -F /Applications/Xcode-16.3.0.app/Contents/Developer/Platforms/WatchOS.platform/Developer/Library/Frameworks -F /Applications/Xcode-16.3.0.app/Contents/Developer/Platforms/WatchOS.platform/Developer/SDKs/WatchOS11.4.sdk/Developer/Library/Frameworks -c -j10 -enable-batch-mode -incremental -Xcc -ivfsstatcache -Xcc /Users/admin/builder/spi-builder-workspace/.derivedData/SDKStatCaches.noindex/watchos11.4-22T246-43efb940ff07ba2497b70ec94253f576.sdkstatcache -output-file-map /Users/admin/builder/spi-builder-workspace/.derivedData/Build/Intermediates.noindex/herald-ios.build/Debug-watchos/HeraldLog.build/Objects-normal/armv7k/HeraldLog-OutputFileMap.json -use-frontend-parseable-output -save-temps -no-color-diagnostics -serialize-diagnostics -emit-dependencies -emit-module -emit-module-path /Users/admin/builder/spi-builder-workspace/.derivedData/Build/Intermediates.noindex/herald-ios.build/Debug-watchos/HeraldLog.build/Objects-normal/armv7k/HeraldLog.swiftmodule -validate-clang-modules-once -clang-build-session-file /Users/admin/builder/spi-builder-workspace/.derivedData/ModuleCache.noindex/Session.modulevalidation -package-name spi_builder_workspace -Xcc -I/Users/admin/builder/spi-builder-workspace/.derivedData/Build/Intermediates.noindex/herald-ios.build/Debug-watchos/HeraldLog.build/swift-overrides.hmap -emit-const-values -Xfrontend -const-gather-protocols-file -Xfrontend /Users/admin/builder/spi-builder-workspace/.derivedData/Build/Intermediates.noindex/herald-ios.build/Debug-watchos/HeraldLog.build/Objects-normal/armv7k/HeraldLog_const_extract_protocols.json -Xcc -I/Users/admin/builder/spi-builder-workspace/.derivedData/Build/Products/Debug-watchos/include -Xcc -I/Users/admin/builder/spi-builder-workspace/.derivedData/Build/Intermediates.noindex/herald-ios.build/Debug-watchos/HeraldLog.build/DerivedSources-normal/armv7k -Xcc -I/Users/admin/builder/spi-builder-workspace/.derivedData/Build/Intermediates.noindex/herald-ios.build/Debug-watchos/HeraldLog.build/DerivedSources/armv7k -Xcc -I/Users/admin/builder/spi-builder-workspace/.derivedData/Build/Intermediates.noindex/herald-ios.build/Debug-watchos/HeraldLog.build/DerivedSources -Xcc -DSWIFT_PACKAGE -Xcc -DDEBUG\=1 -emit-objc-header -emit-objc-header-path /Users/admin/builder/spi-builder-workspace/.derivedData/Build/Intermediates.noindex/herald-ios.build/Debug-watchos/HeraldLog.build/Objects-normal/armv7k/HeraldLog-Swift.h -working-directory /Users/admin/builder/spi-builder-workspace/.swiftpm/xcode -experimental-emit-module-separately -disable-cmo
SwiftDriverJobDiscovery normal arm64_32 Emitting module for HeraldLog (in target 'HeraldLog' from project 'herald-ios')
SwiftDriver\ Compilation\ Requirements HeraldLog normal arm64_32 com.apple.xcode.tools.swift.compiler (in target 'HeraldLog' from project 'herald-ios')
    cd /Users/admin/builder/spi-builder-workspace/.swiftpm/xcode
    builtin-Swift-Compilation-Requirements -- /Applications/Xcode-16.3.0.app/Contents/Developer/Toolchains/XcodeDefault.xctoolchain/usr/bin/swiftc -module-name HeraldLog -Onone -enforce-exclusivity\=checked @/Users/admin/builder/spi-builder-workspace/.derivedData/Build/Intermediates.noindex/herald-ios.build/Debug-watchos/HeraldLog.build/Objects-normal/arm64_32/HeraldLog.SwiftFileList -DSWIFT_PACKAGE -DDEBUG -DXcode -plugin-path /Applications/Xcode-16.3.0.app/Contents/Developer/Toolchains/XcodeDefault.xctoolchain/usr/lib/swift/host/plugins/testing -enable-experimental-feature DebugDescriptionMacro -sdk /Applications/Xcode-16.3.0.app/Contents/Developer/Platforms/WatchOS.platform/Developer/SDKs/WatchOS11.4.sdk -target arm64_32-apple-watchos8.0 -g -module-cache-path /Users/admin/builder/spi-builder-workspace/.derivedData/ModuleCache.noindex -Xfrontend -serialize-debugging-options -profile-coverage-mapping -profile-generate -enable-testing -index-store-path /Users/admin/builder/spi-builder-workspace/.derivedData/Index.noindex/DataStore -swift-version 6 -I /Users/admin/builder/spi-builder-workspace/.derivedData/Build/Products/Debug-watchos -I /Applications/Xcode-16.3.0.app/Contents/Developer/Platforms/WatchOS.platform/Developer/usr/lib -F /Users/admin/builder/spi-builder-workspace/.derivedData/Build/Products/Debug-watchos/PackageFrameworks -F /Users/admin/builder/spi-builder-workspace/.derivedData/Build/Products/Debug-watchos -F /Applications/Xcode-16.3.0.app/Contents/Developer/Platforms/WatchOS.platform/Developer/Library/Frameworks -F /Applications/Xcode-16.3.0.app/Contents/Developer/Platforms/WatchOS.platform/Developer/SDKs/WatchOS11.4.sdk/Developer/Library/Frameworks -c -j10 -enable-batch-mode -incremental -Xcc -ivfsstatcache -Xcc /Users/admin/builder/spi-builder-workspace/.derivedData/SDKStatCaches.noindex/watchos11.4-22T246-43efb940ff07ba2497b70ec94253f576.sdkstatcache -output-file-map /Users/admin/builder/spi-builder-workspace/.derivedData/Build/Intermediates.noindex/herald-ios.build/Debug-watchos/HeraldLog.build/Objects-normal/arm64_32/HeraldLog-OutputFileMap.json -use-frontend-parseable-output -save-temps -no-color-diagnostics -serialize-diagnostics -emit-dependencies -emit-module -emit-module-path /Users/admin/builder/spi-builder-workspace/.derivedData/Build/Intermediates.noindex/herald-ios.build/Debug-watchos/HeraldLog.build/Objects-normal/arm64_32/HeraldLog.swiftmodule -validate-clang-modules-once -clang-build-session-file /Users/admin/builder/spi-builder-workspace/.derivedData/ModuleCache.noindex/Session.modulevalidation -package-name spi_builder_workspace -Xcc -I/Users/admin/builder/spi-builder-workspace/.derivedData/Build/Intermediates.noindex/herald-ios.build/Debug-watchos/HeraldLog.build/swift-overrides.hmap -emit-const-values -Xfrontend -const-gather-protocols-file -Xfrontend /Users/admin/builder/spi-builder-workspace/.derivedData/Build/Intermediates.noindex/herald-ios.build/Debug-watchos/HeraldLog.build/Objects-normal/arm64_32/HeraldLog_const_extract_protocols.json -Xcc -I/Users/admin/builder/spi-builder-workspace/.derivedData/Build/Products/Debug-watchos/include -Xcc -I/Users/admin/builder/spi-builder-workspace/.derivedData/Build/Intermediates.noindex/herald-ios.build/Debug-watchos/HeraldLog.build/DerivedSources-normal/arm64_32 -Xcc -I/Users/admin/builder/spi-builder-workspace/.derivedData/Build/Intermediates.noindex/herald-ios.build/Debug-watchos/HeraldLog.build/DerivedSources/arm64_32 -Xcc -I/Users/admin/builder/spi-builder-workspace/.derivedData/Build/Intermediates.noindex/herald-ios.build/Debug-watchos/HeraldLog.build/DerivedSources -Xcc -DSWIFT_PACKAGE -Xcc -DDEBUG\=1 -emit-objc-header -emit-objc-header-path /Users/admin/builder/spi-builder-workspace/.derivedData/Build/Intermediates.noindex/herald-ios.build/Debug-watchos/HeraldLog.build/Objects-normal/arm64_32/HeraldLog-Swift.h -working-directory /Users/admin/builder/spi-builder-workspace/.swiftpm/xcode -experimental-emit-module-separately -disable-cmo
Copy /Users/admin/builder/spi-builder-workspace/.derivedData/Build/Products/Debug-watchos/HeraldLog.swiftmodule/armv7k-apple-watchos.abi.json /Users/admin/builder/spi-builder-workspace/.derivedData/Build/Intermediates.noindex/herald-ios.build/Debug-watchos/HeraldLog.build/Objects-normal/armv7k/HeraldLog.abi.json (in target 'HeraldLog' from project 'herald-ios')
    cd /Users/admin/builder/spi-builder-workspace
    builtin-copy -exclude .DS_Store -exclude CVS -exclude .svn -exclude .git -exclude .hg -resolve-src-symlinks -rename /Users/admin/builder/spi-builder-workspace/.derivedData/Build/Intermediates.noindex/herald-ios.build/Debug-watchos/HeraldLog.build/Objects-normal/armv7k/HeraldLog.abi.json /Users/admin/builder/spi-builder-workspace/.derivedData/Build/Products/Debug-watchos/HeraldLog.swiftmodule/armv7k-apple-watchos.abi.json
Copy /Users/admin/builder/spi-builder-workspace/.derivedData/Build/Products/Debug-watchos/HeraldLog.swiftmodule/arm64_32-apple-watchos.abi.json /Users/admin/builder/spi-builder-workspace/.derivedData/Build/Intermediates.noindex/herald-ios.build/Debug-watchos/HeraldLog.build/Objects-normal/arm64_32/HeraldLog.abi.json (in target 'HeraldLog' from project 'herald-ios')
    cd /Users/admin/builder/spi-builder-workspace
    builtin-copy -exclude .DS_Store -exclude CVS -exclude .svn -exclude .git -exclude .hg -resolve-src-symlinks -rename /Users/admin/builder/spi-builder-workspace/.derivedData/Build/Intermediates.noindex/herald-ios.build/Debug-watchos/HeraldLog.build/Objects-normal/arm64_32/HeraldLog.abi.json /Users/admin/builder/spi-builder-workspace/.derivedData/Build/Products/Debug-watchos/HeraldLog.swiftmodule/arm64_32-apple-watchos.abi.json
SwiftCompile normal armv7k Compiling\ FakeAnalyticsProvider.swift /Users/admin/builder/spi-builder-workspace/Sources/HeraldTesting/FakeAnalyticsProvider.swift (in target 'HeraldTesting' from project 'herald-ios')
SwiftCompile normal armv7k /Users/admin/builder/spi-builder-workspace/Sources/HeraldTesting/FakeAnalyticsProvider.swift (in target 'HeraldTesting' from project 'herald-ios')
    cd /Users/admin/builder/spi-builder-workspace/.swiftpm/xcode

SwiftCompile normal arm64_32 Compiling\ FakeAnalyticsProvider.swift /Users/admin/builder/spi-builder-workspace/Sources/HeraldTesting/FakeAnalyticsProvider.swift (in target 'HeraldTesting' from project 'herald-ios')
SwiftCompile normal arm64_32 /Users/admin/builder/spi-builder-workspace/Sources/HeraldTesting/FakeAnalyticsProvider.swift (in target 'HeraldTesting' from project 'herald-ios')
    cd /Users/admin/builder/spi-builder-workspace/.swiftpm/xcode

SwiftDriverJobDiscovery normal arm64 Emitting module for HeraldLog (in target 'HeraldLog' from project 'herald-ios')
SwiftDriver\ Compilation\ Requirements HeraldLog normal arm64 com.apple.xcode.tools.swift.compiler (in target 'HeraldLog' from project 'herald-ios')
    cd /Users/admin/builder/spi-builder-workspace/.swiftpm/xcode
    builtin-Swift-Compilation-Requirements -- /Applications/Xcode-16.3.0.app/Contents/Developer/Toolchains/XcodeDefault.xctoolchain/usr/bin/swiftc -module-name HeraldLog -Onone -enforce-exclusivity\=checked @/Users/admin/builder/spi-builder-workspace/.derivedData/Build/Intermediates.noindex/herald-ios.build/Debug-watchos/HeraldLog.build/Objects-normal/arm64/HeraldLog.SwiftFileList -DSWIFT_PACKAGE -DDEBUG -DXcode -plugin-path /Applications/Xcode-16.3.0.app/Contents/Developer/Toolchains/XcodeDefault.xctoolchain/usr/lib/swift/host/plugins/testing -enable-experimental-feature DebugDescriptionMacro -sdk /Applications/Xcode-16.3.0.app/Contents/Developer/Platforms/WatchOS.platform/Developer/SDKs/WatchOS11.4.sdk -target arm64-apple-watchos8.0 -g -module-cache-path /Users/admin/builder/spi-builder-workspace/.derivedData/ModuleCache.noindex -Xfrontend -serialize-debugging-options -profile-coverage-mapping -profile-generate -enable-testing -index-store-path /Users/admin/builder/spi-builder-workspace/.derivedData/Index.noindex/DataStore -swift-version 6 -I /Users/admin/builder/spi-builder-workspace/.derivedData/Build/Products/Debug-watchos -I /Applications/Xcode-16.3.0.app/Contents/Developer/Platforms/WatchOS.platform/Developer/usr/lib -F /Users/admin/builder/spi-builder-workspace/.derivedData/Build/Products/Debug-watchos/PackageFrameworks -F /Users/admin/builder/spi-builder-workspace/.derivedData/Build/Products/Debug-watchos -F /Applications/Xcode-16.3.0.app/Contents/Developer/Platforms/WatchOS.platform/Developer/Library/Frameworks -F /Applications/Xcode-16.3.0.app/Contents/Developer/Platforms/WatchOS.platform/Developer/SDKs/WatchOS11.4.sdk/Developer/Library/Frameworks -c -j10 -enable-batch-mode -incremental -Xcc -ivfsstatcache -Xcc /Users/admin/builder/spi-builder-workspace/.derivedData/SDKStatCaches.noindex/watchos11.4-22T246-43efb940ff07ba2497b70ec94253f576.sdkstatcache -output-file-map /Users/admin/builder/spi-builder-workspace/.derivedData/Build/Intermediates.noindex/herald-ios.build/Debug-watchos/HeraldLog.build/Objects-normal/arm64/HeraldLog-OutputFileMap.json -use-frontend-parseable-output -save-temps -no-color-diagnostics -serialize-diagnostics -emit-dependencies -emit-module -emit-module-path /Users/admin/builder/spi-builder-workspace/.derivedData/Build/Intermediates.noindex/herald-ios.build/Debug-watchos/HeraldLog.build/Objects-normal/arm64/HeraldLog.swiftmodule -validate-clang-modules-once -clang-build-session-file /Users/admin/builder/spi-builder-workspace/.derivedData/ModuleCache.noindex/Session.modulevalidation -package-name spi_builder_workspace -Xcc -I/Users/admin/builder/spi-builder-workspace/.derivedData/Build/Intermediates.noindex/herald-ios.build/Debug-watchos/HeraldLog.build/swift-overrides.hmap -emit-const-values -Xfrontend -const-gather-protocols-file -Xfrontend /Users/admin/builder/spi-builder-workspace/.derivedData/Build/Intermediates.noindex/herald-ios.build/Debug-watchos/HeraldLog.build/Objects-normal/arm64/HeraldLog_const_extract_protocols.json -Xcc -I/Users/admin/builder/spi-builder-workspace/.derivedData/Build/Products/Debug-watchos/include -Xcc -I/Users/admin/builder/spi-builder-workspace/.derivedData/Build/Intermediates.noindex/herald-ios.build/Debug-watchos/HeraldLog.build/DerivedSources-normal/arm64 -Xcc -I/Users/admin/builder/spi-builder-workspace/.derivedData/Build/Intermediates.noindex/herald-ios.build/Debug-watchos/HeraldLog.build/DerivedSources/arm64 -Xcc -I/Users/admin/builder/spi-builder-workspace/.derivedData/Build/Intermediates.noindex/herald-ios.build/Debug-watchos/HeraldLog.build/DerivedSources -Xcc -DSWIFT_PACKAGE -Xcc -DDEBUG\=1 -emit-objc-header -emit-objc-header-path /Users/admin/builder/spi-builder-workspace/.derivedData/Build/Intermediates.noindex/herald-ios.build/Debug-watchos/HeraldLog.build/Objects-normal/arm64/HeraldLog-Swift.h -working-directory /Users/admin/builder/spi-builder-workspace/.swiftpm/xcode -experimental-emit-module-separately -disable-cmo
** BUILD FAILED **
The following build commands failed:
	EmitSwiftModule normal armv7k (in target 'HeraldSwiftUI' from project 'herald-ios')
	SwiftEmitModule normal armv7k Emitting\ module\ for\ HeraldSwiftUI (in target 'HeraldSwiftUI' from project 'herald-ios')
	Building workspace spi-builder-workspace with scheme herald-ios-Package
(3 failures)
BUILD FAILURE 6.1 watchOS