Build Information
Failed to build Rauthy, reference v1.0.1 (44e1c8), with Swift 6.2 for Android on 29 Jun 2026 00:49:58 UTC.
Build Command
bash -c docker run --pull=always --rm -v "checkouts-53886768-0":/host -w "$PWD" -e JAVA_HOME="/root/.sdkman/candidates/java/current" -e SPI_BUILD="1" -e SPI_PROCESSING="1" registry.gitlab.com/saguaro1/spi-images:android-6.2-latest swift build --swift-sdk aarch64-unknown-linux-android28 2>&1Build Log
========================================
RunAll
========================================
Builder version: 0e64495ecc1688c3b3e031a5ef1348b5c05091ae
Interrupt handler set up.
========================================
Checkout
========================================
Clone URL: https://github.com/nenerealm/rauthy-swift.git
Reference: v1.0.1
Initialized empty Git repository in /host/spi-builder-workspace/.git/
hint: Using 'master' as the name for the initial branch. This default branch name
hint: is subject to change. To configure the initial branch name to use in all
hint: of your new repositories, which will suppress this warning, call:
hint:
hint: git config --global init.defaultBranch <name>
hint:
hint: Names commonly chosen instead of 'master' are 'main', 'trunk' and
hint: 'development'. The just-created branch can be renamed via this command:
hint:
hint: git branch -m <name>
From https://github.com/nenerealm/rauthy-swift
* tag v1.0.1 -> FETCH_HEAD
HEAD is now at 44e1c8c sample: expand NotesApp to exercise every SDK API
Cloned https://github.com/nenerealm/rauthy-swift.git
Revision (git rev-parse @):
44e1c8c49e884cfaea0390a3b39e9df4a29b2d08
SUCCESS checkout https://github.com/nenerealm/rauthy-swift.git at v1.0.1
========================================
Build
========================================
Selected platform: android
Swift version: 6.2
Building package at path: $PWD
https://github.com/nenerealm/rauthy-swift.git
Running build ...
bash -c docker run --pull=always --rm -v "checkouts-53886768-0":/host -w "$PWD" -e JAVA_HOME="/root/.sdkman/candidates/java/current" -e SPI_BUILD="1" -e SPI_PROCESSING="1" registry.gitlab.com/saguaro1/spi-images:android-6.2-latest swift build --swift-sdk aarch64-unknown-linux-android28 2>&1
android-6.2-latest: Pulling from saguaro1/spi-images
Digest: sha256:3f0849bce0d177c252f57ff0847fffe59d625aee973279c71a52a43c740d3c90
Status: Image is up to date for registry.gitlab.com/saguaro1/spi-images:android-6.2-latest
Fetching https://github.com/apple/swift-log.git
[1/7598] Fetching swift-log
Fetched https://github.com/apple/swift-log.git from cache (0.47s)
Computing version for https://github.com/apple/swift-log.git
Computed https://github.com/apple/swift-log.git at 1.14.0 (0.63s)
Creating working copy for https://github.com/apple/swift-log.git
Working copy of https://github.com/apple/swift-log.git resolved at 1.14.0
Building for debugging...
[0/7] Write sources
[2/7] Copying Localizable.strings
[2/7] Copying Info.plist
[2/7] Copying Localizable.strings
[6/7] Write swift-version--11D90AFD9DD3AB2.txt
[8/18] Emitting module Logging
[9/19] Compiling Logging LoggingSystem.swift
[10/19] Compiling Logging Logger.swift
[11/19] Compiling Logging Logger+With.swift
[12/19] Compiling Logging Logger+Attributes.swift
[13/19] Compiling Logging MetadataProvider.swift
[14/19] Compiling Logging SwiftLogNoOpLogHandler.swift
[15/19] Compiling Logging Locks.swift
[16/19] Compiling Logging LogEvent.swift
[17/19] Compiling Logging LogHandler.swift
[18/19] Compiling Logging MultiplexLogHandler.swift
[19/19] Compiling Logging StreamLogHandler.swift
error: emit-module command failed with exit code 1 (use -v to see invocation)
[21/61] Emitting module Rauthy
/host/spi-builder-workspace/Sources/Rauthy/JWTSignatureValidator.swift:2:8: error: no such module 'CryptoKit'
1 | import Foundation
2 | import CryptoKit
| `- error: no such module 'CryptoKit'
3 | import Security
4 |
[22/66] Compiling Rauthy RauthyAuthGate.swift
/host/spi-builder-workspace/Sources/Rauthy/JWTSignatureValidator.swift:2:8: error: no such module 'CryptoKit'
1 | import Foundation
2 | import CryptoKit
| `- error: no such module 'CryptoKit'
3 | import Security
4 |
[23/66] Compiling Rauthy RauthyAuthState.swift
/host/spi-builder-workspace/Sources/Rauthy/JWTSignatureValidator.swift:2:8: error: no such module 'CryptoKit'
1 | import Foundation
2 | import CryptoKit
| `- error: no such module 'CryptoKit'
3 | import Security
4 |
[24/66] Compiling Rauthy RauthyPresentationContext.swift
/host/spi-builder-workspace/Sources/Rauthy/JWTSignatureValidator.swift:2:8: error: no such module 'CryptoKit'
1 | import Foundation
2 | import CryptoKit
| `- error: no such module 'CryptoKit'
3 | import Security
4 |
[25/66] Compiling Rauthy RauthyUserPropertyWrapper.swift
/host/spi-builder-workspace/Sources/Rauthy/JWTSignatureValidator.swift:2:8: error: no such module 'CryptoKit'
1 | import Foundation
2 | import CryptoKit
| `- error: no such module 'CryptoKit'
3 | import Security
4 |
[26/66] Compiling Rauthy Token.swift
/host/spi-builder-workspace/Sources/Rauthy/JWTSignatureValidator.swift:2:8: error: no such module 'CryptoKit'
1 | import Foundation
2 | import CryptoKit
| `- error: no such module 'CryptoKit'
3 | import Security
4 |
[27/66] Compiling Rauthy Device.swift
/host/spi-builder-workspace/Sources/Rauthy/JWTSignatureValidator.swift:2:8: error: no such module 'CryptoKit'
1 | import Foundation
2 | import CryptoKit
| `- error: no such module 'CryptoKit'
3 | import Security
4 |
[28/66] Compiling Rauthy EndSessionURLBuilder.swift
/host/spi-builder-workspace/Sources/Rauthy/JWTSignatureValidator.swift:2:8: error: no such module 'CryptoKit'
1 | import Foundation
2 | import CryptoKit
| `- error: no such module 'CryptoKit'
3 | import Security
4 |
[29/66] Compiling Rauthy IDToken.swift
/host/spi-builder-workspace/Sources/Rauthy/JWTSignatureValidator.swift:2:8: error: no such module 'CryptoKit'
1 | import Foundation
2 | import CryptoKit
| `- error: no such module 'CryptoKit'
3 | import Security
4 |
[30/66] Compiling Rauthy IDTokenClaims.swift
/host/spi-builder-workspace/Sources/Rauthy/JWTSignatureValidator.swift:2:8: error: no such module 'CryptoKit'
1 | import Foundation
2 | import CryptoKit
| `- error: no such module 'CryptoKit'
3 | import Security
4 |
[31/66] Compiling Rauthy JSONValue.swift
/host/spi-builder-workspace/Sources/Rauthy/JWTSignatureValidator.swift:2:8: error: no such module 'CryptoKit'
1 | import Foundation
2 | import CryptoKit
| `- error: no such module 'CryptoKit'
3 | import Security
4 |
[32/66] Compiling Rauthy JWK.swift
/host/spi-builder-workspace/Sources/Rauthy/JWTSignatureValidator.swift:2:8: error: no such module 'CryptoKit'
1 | import Foundation
2 | import CryptoKit
| `- error: no such module 'CryptoKit'
3 | import Security
4 |
[33/66] Compiling Rauthy Account.swift
/host/spi-builder-workspace/Sources/Rauthy/JWTSignatureValidator.swift:2:8: error: no such module 'CryptoKit'
1 | import Foundation
2 | import CryptoKit
| `- error: no such module 'CryptoKit'
3 | import Security
4 |
[34/66] Compiling Rauthy AuthorizationURLBuilder.swift
/host/spi-builder-workspace/Sources/Rauthy/JWTSignatureValidator.swift:2:8: error: no such module 'CryptoKit'
1 | import Foundation
2 | import CryptoKit
| `- error: no such module 'CryptoKit'
3 | import Security
4 |
[35/66] Compiling Rauthy Base64URL.swift
/host/spi-builder-workspace/Sources/Rauthy/JWTSignatureValidator.swift:2:8: error: no such module 'CryptoKit'
1 | import Foundation
2 | import CryptoKit
| `- error: no such module 'CryptoKit'
3 | import Security
4 |
[36/66] Compiling Rauthy Browser.swift
/host/spi-builder-workspace/Sources/Rauthy/JWTSignatureValidator.swift:2:8: error: no such module 'CryptoKit'
1 | import Foundation
2 | import CryptoKit
| `- error: no such module 'CryptoKit'
3 | import Security
4 |
[37/66] Compiling Rauthy Claim.swift
/host/spi-builder-workspace/Sources/Rauthy/JWTSignatureValidator.swift:2:8: error: no such module 'CryptoKit'
1 | import Foundation
2 | import CryptoKit
| `- error: no such module 'CryptoKit'
3 | import Security
4 |
[38/66] Compiling Rauthy ClaimRule.swift
/host/spi-builder-workspace/Sources/Rauthy/JWTSignatureValidator.swift:2:8: error: no such module 'CryptoKit'
1 | import Foundation
2 | import CryptoKit
| `- error: no such module 'CryptoKit'
3 | import Security
4 |
[39/66] Compiling Rauthy TokenExchange.swift
/host/spi-builder-workspace/Sources/Rauthy/JWTSignatureValidator.swift:2:8: error: no such module 'CryptoKit'
1 | import Foundation
2 | import CryptoKit
| `- error: no such module 'CryptoKit'
3 | import Security
4 |
[40/66] Compiling Rauthy TokenRevocation.swift
/host/spi-builder-workspace/Sources/Rauthy/JWTSignatureValidator.swift:2:8: error: no such module 'CryptoKit'
1 | import Foundation
2 | import CryptoKit
| `- error: no such module 'CryptoKit'
3 | import Security
4 |
[41/66] Compiling Rauthy User.swift
/host/spi-builder-workspace/Sources/Rauthy/JWTSignatureValidator.swift:2:8: error: no such module 'CryptoKit'
1 | import Foundation
2 | import CryptoKit
| `- error: no such module 'CryptoKit'
3 | import Security
4 |
[42/66] Compiling Rauthy WebAuthBridge.swift
/host/spi-builder-workspace/Sources/Rauthy/JWTSignatureValidator.swift:2:8: error: no such module 'CryptoKit'
1 | import Foundation
2 | import CryptoKit
| `- error: no such module 'CryptoKit'
3 | import Security
4 |
[43/66] Compiling Rauthy resource_bundle_accessor.swift
/host/spi-builder-workspace/Sources/Rauthy/JWTSignatureValidator.swift:2:8: error: no such module 'CryptoKit'
1 | import Foundation
2 | import CryptoKit
| `- error: no such module 'CryptoKit'
3 | import Security
4 |
[44/66] Compiling Rauthy SessionStorage.swift
/host/spi-builder-workspace/Sources/Rauthy/JWTSignatureValidator.swift:2:8: error: no such module 'CryptoKit'
1 | import Foundation
2 | import CryptoKit
| `- error: no such module 'CryptoKit'
3 | import Security
4 |
[45/66] Compiling Rauthy SignOutScope.swift
/host/spi-builder-workspace/Sources/Rauthy/JWTSignatureValidator.swift:2:8: error: no such module 'CryptoKit'
1 | import Foundation
2 | import CryptoKit
| `- error: no such module 'CryptoKit'
3 | import Security
4 |
[46/66] Compiling Rauthy SigningAlgorithm.swift
/host/spi-builder-workspace/Sources/Rauthy/JWTSignatureValidator.swift:2:8: error: no such module 'CryptoKit'
1 | import Foundation
2 | import CryptoKit
| `- error: no such module 'CryptoKit'
3 | import Security
4 |
[47/66] Compiling Rauthy ClaimGate.swift
/host/spi-builder-workspace/Sources/Rauthy/JWTSignatureValidator.swift:2:8: error: no such module 'CryptoKit'
1 | import Foundation
2 | import CryptoKit
| `- error: no such module 'CryptoKit'
3 | import Security
4 |
[48/66] Compiling Rauthy ErrorAlert.swift
/host/spi-builder-workspace/Sources/Rauthy/JWTSignatureValidator.swift:2:8: error: no such module 'CryptoKit'
1 | import Foundation
2 | import CryptoKit
| `- error: no such module 'CryptoKit'
3 | import Security
4 |
[49/66] Compiling Rauthy OAuthError.swift
/host/spi-builder-workspace/Sources/Rauthy/JWTSignatureValidator.swift:2:8: error: no such module 'CryptoKit'
1 | import Foundation
2 | import CryptoKit
| `- error: no such module 'CryptoKit'
3 | import Security
4 |
[50/66] Compiling Rauthy OIDCDiscovery.swift
/host/spi-builder-workspace/Sources/Rauthy/JWTSignatureValidator.swift:2:8: error: no such module 'CryptoKit'
1 | import Foundation
2 | import CryptoKit
| `- error: no such module 'CryptoKit'
3 | import Security
4 |
[51/66] Compiling Rauthy OSLogHandler.swift
/host/spi-builder-workspace/Sources/Rauthy/JWTSignatureValidator.swift:2:8: error: no such module 'CryptoKit'
1 | import Foundation
2 | import CryptoKit
| `- error: no such module 'CryptoKit'
3 | import Security
4 |
[52/66] Compiling Rauthy PKCE.swift
/host/spi-builder-workspace/Sources/Rauthy/JWTSignatureValidator.swift:2:8: error: no such module 'CryptoKit'
1 | import Foundation
2 | import CryptoKit
| `- error: no such module 'CryptoKit'
3 | import Security
4 |
[53/66] Compiling Rauthy Passkey.swift
/host/spi-builder-workspace/Sources/Rauthy/JWTSignatureValidator.swift:2:8: error: no such module 'CryptoKit'
1 | import Foundation
2 | import CryptoKit
| `- error: no such module 'CryptoKit'
3 | import Security
4 |
[54/66] Compiling Rauthy PasskeyAPI.swift
/host/spi-builder-workspace/Sources/Rauthy/JWTSignatureValidator.swift:2:8: error: no such module 'CryptoKit'
1 | import Foundation
2 | import CryptoKit
| `- error: no such module 'CryptoKit'
3 | import Security
4 |
[55/66] Compiling Rauthy JWTClaimsValidator.swift
/host/spi-builder-workspace/Sources/Rauthy/JWTSignatureValidator.swift:2:8: error: no such module 'CryptoKit'
1 | import Foundation
2 | import CryptoKit
| `- error: no such module 'CryptoKit'
3 | import Security
4 |
[56/66] Compiling Rauthy JWTDecoder.swift
/host/spi-builder-workspace/Sources/Rauthy/JWTSignatureValidator.swift:2:8: error: no such module 'CryptoKit'
1 | import Foundation
2 | import CryptoKit
| `- error: no such module 'CryptoKit'
3 | import Security
4 |
[57/66] Compiling Rauthy JWTSignatureValidator.swift
/host/spi-builder-workspace/Sources/Rauthy/JWTSignatureValidator.swift:2:8: error: no such module 'CryptoKit'
1 | import Foundation
2 | import CryptoKit
| `- error: no such module 'CryptoKit'
3 | import Security
4 |
[58/66] Compiling Rauthy JWTValidationFailure.swift
/host/spi-builder-workspace/Sources/Rauthy/JWTSignatureValidator.swift:2:8: error: no such module 'CryptoKit'
1 | import Foundation
2 | import CryptoKit
| `- error: no such module 'CryptoKit'
3 | import Security
4 |
[59/66] Compiling Rauthy Localization.swift
/host/spi-builder-workspace/Sources/Rauthy/JWTSignatureValidator.swift:2:8: error: no such module 'CryptoKit'
1 | import Foundation
2 | import CryptoKit
| `- error: no such module 'CryptoKit'
3 | import Security
4 |
[60/66] Compiling Rauthy MultipartFormData.swift
/host/spi-builder-workspace/Sources/Rauthy/JWTSignatureValidator.swift:2:8: error: no such module 'CryptoKit'
1 | import Foundation
2 | import CryptoKit
| `- error: no such module 'CryptoKit'
3 | import Security
4 |
[61/66] Compiling Rauthy RSAPublicKey.swift
/host/spi-builder-workspace/Sources/Rauthy/JWTSignatureValidator.swift:2:8: error: no such module 'CryptoKit'
1 | import Foundation
2 | import CryptoKit
| `- error: no such module 'CryptoKit'
3 | import Security
4 |
[62/66] Compiling Rauthy Rauthy.swift
/host/spi-builder-workspace/Sources/Rauthy/JWTSignatureValidator.swift:2:8: error: no such module 'CryptoKit'
1 | import Foundation
2 | import CryptoKit
| `- error: no such module 'CryptoKit'
3 | import Security
4 |
[63/66] Compiling Rauthy RauthyClient+Account.swift
/host/spi-builder-workspace/Sources/Rauthy/JWTSignatureValidator.swift:2:8: error: no such module 'CryptoKit'
1 | import Foundation
2 | import CryptoKit
| `- error: no such module 'CryptoKit'
3 | import Security
4 |
[64/66] Compiling Rauthy RauthyClient.swift
/host/spi-builder-workspace/Sources/Rauthy/JWTSignatureValidator.swift:2:8: error: no such module 'CryptoKit'
1 | import Foundation
2 | import CryptoKit
| `- error: no such module 'CryptoKit'
3 | import Security
4 |
[65/66] Compiling Rauthy RauthyConfig.swift
/host/spi-builder-workspace/Sources/Rauthy/JWTSignatureValidator.swift:2:8: error: no such module 'CryptoKit'
1 | import Foundation
2 | import CryptoKit
| `- error: no such module 'CryptoKit'
3 | import Security
4 |
[66/66] Compiling Rauthy RauthyError.swift
/host/spi-builder-workspace/Sources/Rauthy/JWTSignatureValidator.swift:2:8: error: no such module 'CryptoKit'
1 | import Foundation
2 | import CryptoKit
| `- error: no such module 'CryptoKit'
3 | import Security
4 |
BUILD FAILURE 6.2 android