Build Information
Failed to build TSCommunication, reference 0.2.2 (4df518), with Swift 6.2 for Wasm on 28 Jun 2026 18:35:04 UTC.
Build Command
bash -c docker run --pull=always --rm -v "checkouts-53886768-0":/host -w "$PWD" -e JAVA_HOME="/root/.sdkman/candidates/java/current" -e SPI_BUILD="1" -e SPI_PROCESSING="1" registry.gitlab.com/saguaro1/spi-images:wasm-6.2-latest swift build --swift-sdk swift-6.2-RELEASE_wasm 2>&1Build Log
========================================
RunAll
========================================
Builder version: 0e64495ecc1688c3b3e031a5ef1348b5c05091ae
Interrupt handler set up.
========================================
Checkout
========================================
Clone URL: https://github.com/mohammad-nej/TSCommunication.git
Reference: 0.2.2
Initialized empty Git repository in /host/spi-builder-workspace/.git/
hint: Using 'master' as the name for the initial branch. This default branch name
hint: is subject to change. To configure the initial branch name to use in all
hint: of your new repositories, which will suppress this warning, call:
hint:
hint: git config --global init.defaultBranch <name>
hint:
hint: Names commonly chosen instead of 'master' are 'main', 'trunk' and
hint: 'development'. The just-created branch can be renamed via this command:
hint:
hint: git branch -m <name>
From https://github.com/mohammad-nej/TSCommunication
* tag 0.2.2 -> FETCH_HEAD
HEAD is now at 4df5188 - added FoundationNetworking to make package build on linux
Cloned https://github.com/mohammad-nej/TSCommunication.git
Revision (git rev-parse @):
4df5188a530b64d6bb72f1c6fb8f26bfc225fe86
SPI manifest file found: $PWD/.spi.yml
SUCCESS checkout https://github.com/mohammad-nej/TSCommunication.git at 0.2.2
========================================
Build
========================================
Selected platform: wasm
Swift version: 6.2
Building package at path: $PWD
https://github.com/mohammad-nej/TSCommunication.git
Running build ...
bash -c docker run --pull=always --rm -v "checkouts-53886768-0":/host -w "$PWD" -e JAVA_HOME="/root/.sdkman/candidates/java/current" -e SPI_BUILD="1" -e SPI_PROCESSING="1" registry.gitlab.com/saguaro1/spi-images:wasm-6.2-latest swift build --swift-sdk swift-6.2-RELEASE_wasm 2>&1
wasm-6.2-latest: Pulling from saguaro1/spi-images
Digest: sha256:dc8dffc38f1d92eca7ee5312617822470123661393ed20672e77964f9dcaaffb
Status: Image is up to date for registry.gitlab.com/saguaro1/spi-images:wasm-6.2-latest
Fetching https://github.com/vapor/vapor.git
[1/77440] Fetching vapor
Fetched https://github.com/vapor/vapor.git from cache (1.44s)
Computing version for https://github.com/vapor/vapor.git
Computed https://github.com/vapor/vapor.git at 4.121.4 (1.62s)
Fetching https://github.com/apple/swift-asn1.git
Fetching https://github.com/apple/swift-atomics.git
[1/1905] Fetching swift-asn1
[59/3773] Fetching swift-asn1, swift-atomics
Fetching https://github.com/apple/swift-algorithms.git
Fetching https://github.com/apple/swift-certificates.git
Fetching https://github.com/vapor/websocket-kit.git
Fetched https://github.com/apple/swift-asn1.git from cache (0.44s)
Fetching https://github.com/vapor/multipart-kit.git
Fetching https://github.com/apple/swift-service-context.git
Fetched https://github.com/apple/swift-atomics.git from cache (0.48s)
Fetching https://github.com/apple/swift-metrics.git
[1/6063] Fetching swift-algorithms
[2/9728] Fetching swift-algorithms, multipart-kit
[233/11023] Fetching swift-algorithms, multipart-kit, swift-service-context
[5171/14343] Fetching swift-algorithms, multipart-kit, swift-service-context, swift-metrics
[9824/21671] Fetching swift-algorithms, multipart-kit, swift-service-context, swift-metrics, swift-certificates
Fetched https://github.com/apple/swift-service-context.git from cache (0.48s)
[12902/20376] Fetching swift-algorithms, multipart-kit, swift-metrics, swift-certificates
Fetching https://github.com/apple/swift-log.git
Fetched https://github.com/apple/swift-metrics.git from cache (0.45s)
[11340/17056] Fetching swift-algorithms, multipart-kit, swift-certificates
Fetching https://github.com/apple/swift-distributed-tracing.git
Fetched https://github.com/apple/swift-certificates.git from cache (0.58s)
Fetching https://github.com/apple/swift-nio-extras.git
[7677/12392] Fetching swift-algorithms, multipart-kit, websocket-kit
Fetched https://github.com/apple/swift-algorithms.git from cache (0.73s)
Fetching https://github.com/apple/swift-nio-ssl.git
[4278/13927] Fetching multipart-kit, websocket-kit, swift-log
[6710/19742] Fetching multipart-kit, websocket-kit, swift-log, swift-distributed-tracing
[17691/26285] Fetching multipart-kit, websocket-kit, swift-log, swift-distributed-tracing, swift-nio-extras
Fetched https://github.com/apple/swift-log.git from cache (0.51s)
[10681/18687] Fetching multipart-kit, websocket-kit, swift-distributed-tracing, swift-nio-extras
Fetching https://github.com/apple/swift-nio.git
Fetched https://github.com/apple/swift-distributed-tracing.git from cache (0.51s)
[6960/12872] Fetching multipart-kit, websocket-kit, swift-nio-extras
Fetching https://github.com/vapor/routing-kit.git
Fetched https://github.com/apple/swift-nio-extras.git from cache (0.51s)
[4680/6329] Fetching multipart-kit, websocket-kit
Fetching https://github.com/apple/swift-crypto.git
Fetched https://github.com/vapor/websocket-kit.git from cache (1.15s)
Fetching https://github.com/apple/swift-nio-http2.git
Fetched https://github.com/vapor/multipart-kit.git from cache (1.17s)
Fetching https://github.com/vapor/console-kit.git
[1/21420] Fetching routing-kit
[6856/36995] Fetching routing-kit, swift-nio-ssl
[25782/43694] Fetching routing-kit, swift-nio-ssl, console-kit
[36531/127848] Fetching routing-kit, swift-nio-ssl, console-kit, swift-nio
Fetched https://github.com/vapor/console-kit.git from cache (0.47s)
[30455/121149] Fetching routing-kit, swift-nio-ssl, swift-nio
Fetching https://github.com/vapor/async-kit.git
[32543/133272] Fetching routing-kit, swift-nio-ssl, swift-nio, swift-nio-http2
Fetched https://github.com/vapor/routing-kit.git from cache (0.64s)
Fetching https://github.com/swift-server/async-http-client.git
[11244/111852] Fetching swift-nio-ssl, swift-nio, swift-nio-http2
[15899/129613] Fetching swift-nio-ssl, swift-nio, swift-nio-http2, swift-crypto
[70047/132109] Fetching swift-nio-ssl, swift-nio, swift-nio-http2, swift-crypto, async-kit
Fetched https://github.com/vapor/async-kit.git from cache (0.48s)
[71289/129613] Fetching swift-nio-ssl, swift-nio, swift-nio-http2, swift-crypto
Fetched https://github.com/apple/swift-nio-ssl.git from cache (1.46s)
[58379/114038] Fetching swift-nio, swift-nio-http2, swift-crypto
Fetched https://github.com/apple/swift-nio-http2.git from cache (1.04s)
[46433/101915] Fetching swift-nio, swift-crypto
[49631/117887] Fetching swift-nio, swift-crypto, async-http-client
Fetched https://github.com/swift-server/async-http-client.git from cache (0.91s)
[75828/101915] Fetching swift-nio, swift-crypto
Fetched https://github.com/apple/swift-crypto.git from cache (1.53s)
[58813/84154] Fetching swift-nio
Fetched https://github.com/apple/swift-nio.git from cache (3.00s)
Computing version for https://github.com/apple/swift-atomics.git
Computed https://github.com/apple/swift-atomics.git at 1.3.1 (4.59s)
Computing version for https://github.com/apple/swift-algorithms.git
Computed https://github.com/apple/swift-algorithms.git at 1.2.1 (0.85s)
Fetching https://github.com/apple/swift-numerics.git
[1/6429] Fetching swift-numerics
Fetched https://github.com/apple/swift-numerics.git from cache (0.89s)
Computing version for https://github.com/vapor/routing-kit.git
Computed https://github.com/vapor/routing-kit.git at 4.9.3 (1.03s)
Computing version for https://github.com/apple/swift-service-context.git
Computed https://github.com/apple/swift-service-context.git at 1.3.0 (0.13s)
Computing version for https://github.com/vapor/websocket-kit.git
Computed https://github.com/vapor/websocket-kit.git at 2.16.2 (0.14s)
Fetching https://github.com/apple/swift-nio-transport-services.git
[1/2860] Fetching swift-nio-transport-services
Fetched https://github.com/apple/swift-nio-transport-services.git from cache (0.52s)
Computing version for https://github.com/apple/swift-numerics.git
Computed https://github.com/apple/swift-numerics.git at 1.1.1 (0.66s)
Computing version for https://github.com/apple/swift-nio-ssl.git
Computed https://github.com/apple/swift-nio-ssl.git at 2.37.1 (0.18s)
Computing version for https://github.com/apple/swift-nio.git
Computed https://github.com/apple/swift-nio.git at 2.101.2 (0.34s)
Fetching https://github.com/apple/swift-collections.git
Fetching https://github.com/apple/swift-system.git
[1/5941] Fetching swift-system
[5942/31180] Fetching swift-system, swift-collections
Fetched https://github.com/apple/swift-system.git from cache (0.54s)
[2020/25239] Fetching swift-collections
Fetched https://github.com/apple/swift-collections.git from cache (1.05s)
Computing version for https://github.com/vapor/console-kit.git
Computed https://github.com/vapor/console-kit.git at 4.16.0 (1.20s)
Computing version for https://github.com/apple/swift-log.git
Computed https://github.com/apple/swift-log.git at 1.14.0 (0.15s)
Computing version for https://github.com/vapor/async-kit.git
Computed https://github.com/vapor/async-kit.git at 1.22.0 (0.13s)
Computing version for https://github.com/apple/swift-collections.git
Computed https://github.com/apple/swift-collections.git at 1.6.0 (0.23s)
Computing version for https://github.com/apple/swift-certificates.git
Computed https://github.com/apple/swift-certificates.git at 1.19.2 (0.89s)
Computing version for https://github.com/apple/swift-asn1.git
Computed https://github.com/apple/swift-asn1.git at 1.7.1 (0.17s)
Computing version for https://github.com/apple/swift-distributed-tracing.git
Computed https://github.com/apple/swift-distributed-tracing.git at 1.4.1 (0.14s)
Computing version for https://github.com/apple/swift-metrics.git
Computed https://github.com/apple/swift-metrics.git at 2.11.0 (0.14s)
Computing version for https://github.com/vapor/multipart-kit.git
Computed https://github.com/vapor/multipart-kit.git at 4.7.1 (0.13s)
Computing version for https://github.com/apple/swift-system.git
Computed https://github.com/apple/swift-system.git at 1.7.2 (0.17s)
Computing version for https://github.com/apple/swift-crypto.git
Computed https://github.com/apple/swift-crypto.git at 4.5.0 (0.46s)
Computing version for https://github.com/apple/swift-nio-transport-services.git
Computed https://github.com/apple/swift-nio-transport-services.git at 1.28.0 (0.15s)
Computing version for https://github.com/apple/swift-nio-extras.git
Computed https://github.com/apple/swift-nio-extras.git at 1.34.1 (0.19s)
Fetching https://github.com/apple/swift-async-algorithms.git
Fetching https://github.com/apple/swift-http-types.git
Fetching https://github.com/apple/swift-http-structured-headers.git
Fetching https://github.com/swift-server/swift-service-lifecycle.git
[1/2764] Fetching swift-service-lifecycle
[29/3983] Fetching swift-service-lifecycle, swift-http-types
[2934/10536] Fetching swift-service-lifecycle, swift-http-types, swift-async-algorithms
[10537/11785] Fetching swift-service-lifecycle, swift-http-types, swift-async-algorithms, swift-http-structured-headers
Fetched https://github.com/apple/swift-http-types.git from cache (0.74s)
Fetched https://github.com/apple/swift-http-structured-headers.git from cache (0.74s)
Fetched https://github.com/swift-server/swift-service-lifecycle.git from cache (0.74s)
Fetched https://github.com/apple/swift-async-algorithms.git from cache (0.74s)
Computing version for https://github.com/swift-server/swift-service-lifecycle.git
Computed https://github.com/swift-server/swift-service-lifecycle.git at 2.11.0 (0.88s)
Computing version for https://github.com/apple/swift-async-algorithms.git
Computed https://github.com/apple/swift-async-algorithms.git at 1.1.4 (0.19s)
Computing version for https://github.com/apple/swift-http-types.git
Computed https://github.com/apple/swift-http-types.git at 1.6.0 (0.14s)
Computing version for https://github.com/apple/swift-http-structured-headers.git
Computed https://github.com/apple/swift-http-structured-headers.git at 1.7.0 (0.14s)
Computing version for https://github.com/apple/swift-nio-http2.git
Computed https://github.com/apple/swift-nio-http2.git at 1.44.0 (0.15s)
Computing version for https://github.com/swift-server/async-http-client.git
Computed https://github.com/swift-server/async-http-client.git at 1.34.0 (0.16s)
Fetching https://github.com/apple/swift-configuration.git
[1/3282] Fetching swift-configuration
Fetched https://github.com/apple/swift-configuration.git from cache (0.48s)
Computing version for https://github.com/apple/swift-configuration.git
Computed https://github.com/apple/swift-configuration.git at 1.2.0 (0.68s)
Creating working copy for https://github.com/apple/swift-distributed-tracing.git
Working copy of https://github.com/apple/swift-distributed-tracing.git resolved at 1.4.1
Creating working copy for https://github.com/apple/swift-nio-http2.git
Working copy of https://github.com/apple/swift-nio-http2.git resolved at 1.44.0
Creating working copy for https://github.com/apple/swift-metrics.git
Working copy of https://github.com/apple/swift-metrics.git resolved at 2.11.0
Creating working copy for https://github.com/vapor/console-kit.git
Working copy of https://github.com/vapor/console-kit.git resolved at 4.16.0
Creating working copy for https://github.com/apple/swift-http-structured-headers.git
Working copy of https://github.com/apple/swift-http-structured-headers.git resolved at 1.7.0
Creating working copy for https://github.com/apple/swift-nio.git
Working copy of https://github.com/apple/swift-nio.git resolved at 2.101.2
Creating working copy for https://github.com/apple/swift-algorithms.git
Working copy of https://github.com/apple/swift-algorithms.git resolved at 1.2.1
Creating working copy for https://github.com/apple/swift-nio-transport-services.git
Working copy of https://github.com/apple/swift-nio-transport-services.git resolved at 1.28.0
Creating working copy for https://github.com/swift-server/swift-service-lifecycle.git
Working copy of https://github.com/swift-server/swift-service-lifecycle.git resolved at 2.11.0
Creating working copy for https://github.com/apple/swift-collections.git
Working copy of https://github.com/apple/swift-collections.git resolved at 1.6.0
Creating working copy for https://github.com/vapor/multipart-kit.git
Working copy of https://github.com/vapor/multipart-kit.git resolved at 4.7.1
Creating working copy for https://github.com/apple/swift-nio-ssl.git
Working copy of https://github.com/apple/swift-nio-ssl.git resolved at 2.37.1
Creating working copy for https://github.com/vapor/routing-kit.git
Working copy of https://github.com/vapor/routing-kit.git resolved at 4.9.3
Creating working copy for https://github.com/apple/swift-atomics.git
Working copy of https://github.com/apple/swift-atomics.git resolved at 1.3.1
Creating working copy for https://github.com/apple/swift-asn1.git
Working copy of https://github.com/apple/swift-asn1.git resolved at 1.7.1
Creating working copy for https://github.com/vapor/async-kit.git
Working copy of https://github.com/vapor/async-kit.git resolved at 1.22.0
Creating working copy for https://github.com/apple/swift-system.git
Working copy of https://github.com/apple/swift-system.git resolved at 1.7.2
Creating working copy for https://github.com/apple/swift-service-context.git
Working copy of https://github.com/apple/swift-service-context.git resolved at 1.3.0
Creating working copy for https://github.com/vapor/websocket-kit.git
Working copy of https://github.com/vapor/websocket-kit.git resolved at 2.16.2
Creating working copy for https://github.com/apple/swift-nio-extras.git
Working copy of https://github.com/apple/swift-nio-extras.git resolved at 1.34.1
Creating working copy for https://github.com/apple/swift-async-algorithms.git
Working copy of https://github.com/apple/swift-async-algorithms.git resolved at 1.1.4
Creating working copy for https://github.com/swift-server/async-http-client.git
Working copy of https://github.com/swift-server/async-http-client.git resolved at 1.34.0
Creating working copy for https://github.com/apple/swift-numerics.git
Working copy of https://github.com/apple/swift-numerics.git resolved at 1.1.1
Creating working copy for https://github.com/apple/swift-crypto.git
Working copy of https://github.com/apple/swift-crypto.git resolved at 4.5.0
Creating working copy for https://github.com/apple/swift-configuration.git
Working copy of https://github.com/apple/swift-configuration.git resolved at 1.2.0
Creating working copy for https://github.com/apple/swift-http-types.git
Working copy of https://github.com/apple/swift-http-types.git resolved at 1.6.0
Creating working copy for https://github.com/apple/swift-certificates.git
Working copy of https://github.com/apple/swift-certificates.git resolved at 1.19.2
Creating working copy for https://github.com/vapor/vapor.git
Working copy of https://github.com/vapor/vapor.git resolved at 4.121.4
Creating working copy for https://github.com/apple/swift-log.git
Working copy of https://github.com/apple/swift-log.git resolved at 1.14.0
Building for debugging...
[0/867] Write sources
[59/867] Compiling _CWASI _CWASI.c
[60/867] Compiling _AtomicsShims.c
[61/867] Compiling _NumericsShims _NumericsShims.c
[62/867] Compiling SimpleFIPS202.c
[63/867] Compiling CXKCPShims shims.c
[64/867] Compiling KeccakSponge.c
[65/867] Compiling KeccakHash.c
[66/867] Compiling CNIOWindows shim.c
[67/867] Compiling CSystem shims.c
[68/867] Compiling CNIOWindows WSAStartup.c
[69/867] Compiling CNIOPosix event_loop_id.c
[70/867] Compiling CVaporBcrypt bcrypt.c
[71/867] Compiling CNIOOpenBSD shim.c
[72/867] Compiling CNIOLinux shim.c
[72/867] Compiling CNIOWASI CNIOWASI.c
[74/867] Compiling CNIOLinux liburing_shims.c
[75/867] Compiling CVaporBcrypt blf.c
[76/867] Write swift-version-24593BA9C3E375BF.txt
[77/867] Compiling CNIOFreeBSD shim.c
[78/867] Compiling CNIOLLHTTP c_nio_http.c
[79/867] Compiling CNIOSHA1 c_nio_sha1.c
[80/867] Compiling CNIOExtrasZlib zutil.c
[81/867] Compiling CNIOLLHTTP c_nio_api.c
[82/873] Compiling CNIOExtrasZlib trees.c
[83/973] Compiling CNIOLLHTTP c_nio_llhttp.c
[85/976] Emitting module ServiceContextModule
[86/976] Compiling SystemPackage FilePathSyntax.swift
[87/976] Compiling SystemPackage FilePathTemp.swift
[88/976] Compiling SystemPackage FilePath.swift
[89/976] Compiling SystemPackage FilePathComponentView.swift
[90/976] Compiling SystemPackage FilePathComponents.swift
[91/978] Compiling _NIODataStructures _TinyArray.swift
[92/978] Compiling SystemPackage ErrnoWindows.swift
[93/978] Compiling SystemPackage FileDescriptor.swift
[94/978] Compiling ServiceContextModule ServiceContextKey.swift
[95/978] Compiling SystemPackage FileHelpers.swift
[96/978] Compiling SystemPackage FileOperations.swift
[97/978] Compiling _NIODataStructures PriorityQueue.swift
[98/978] Compiling SystemPackage FilePathParsing.swift
[99/978] Compiling SystemPackage FilePathString.swift
[100/978] Compiling SystemPackage Errno.swift
[101/978] Emitting module SwiftASN1
[102/978] Emitting module SystemPackage
[103/983] Emitting module _NIOBase64
[104/983] Compiling _NIOBase64 Base64.swift
[105/983] Compiling ServiceContextModule ServiceContext.swift
[106/985] Compiling SystemPackage FilePathTempPosix.swift
[107/985] Compiling SystemPackage FilePathTempWindows.swift
[115/1007] Compiling _CertificateInternals _TinyArray.swift
[116/1007] Emitting module _CertificateInternals
[118/1008] Compiling RealModule RealFunctions.swift
[119/1027] Compiling RealModule RelaxedArithmetic.swift
[120/1027] Compiling RealModule Real.swift
[121/1027] Compiling RealModule Float80+Real.swift
[122/1027] Compiling Logging Logger+With.swift
[123/1027] Compiling InternalCollectionsUtilities Debugging.swift
[124/1027] Compiling InternalCollectionsUtilities Descriptions.swift
[125/1028] Compiling InternalCollectionsUtilities FixedWidthInteger+roundUpToPowerOfTwo.swift
[126/1028] Compiling InternalCollectionsUtilities Integer rank.swift
[127/1028] Compiling RealModule Float16+Real.swift
[128/1028] Compiling InternalCollectionsUtilities UnsafeMutableRawBufferPointer+Extras.swift
[129/1028] Compiling InternalCollectionsUtilities UnsafeRawBufferPointer+Extras.swift
[132/1028] Compiling SwiftASN1 Errors.swift
[133/1028] Compiling SystemPackage IORing.swift
[134/1028] Compiling SystemPackage RawIORequest.swift
[135/1028] Compiling SystemPackage FilePermissions.swift
[136/1028] Compiling SystemPackage FileFlags.swift
[137/1028] Compiling SystemPackage FileMode.swift
[138/1028] Compiling SystemPackage FileType.swift
[139/1028] Compiling SystemPackage Identifiers.swift
[140/1028] Compiling SystemPackage Backcompat.swift
[141/1028] Compiling SystemPackage CInterop.swift
[142/1028] Compiling SystemPackage Constants.swift
[143/1028] Compiling SystemPackage Exports.swift
[144/1028] Compiling SystemPackage Mocking.swift
[145/1030] Compiling InternalCollectionsUtilities UInt+reversed.swift
[146/1030] Compiling InternalCollectionsUtilities String+Padding.swift
[147/1030] Compiling InternalCollectionsUtilities _UnsafeBitSet+Index.swift
[148/1030] Compiling InternalCollectionsUtilities LifetimeOverride.swift
[149/1030] Compiling InternalCollectionsUtilities RandomAccessCollection+Offsets.swift
[150/1030] Compiling SystemPackage RawBuffer.swift
[151/1030] Compiling SystemPackage Syscalls.swift
[152/1030] Compiling SystemPackage WindowsSyscallAdapters.swift
[153/1030] Compiling SystemPackage MachPort.swift
[154/1030] Compiling SystemPackage PlatformString.swift
[155/1030] Compiling InternalCollectionsUtilities Span+Extras.swift
[156/1030] Compiling InternalCollectionsUtilities _UnsafeBitSet+_Word.swift
[157/1030] Compiling InternalCollectionsUtilities _UnsafeBitSet.swift
[158/1030] Compiling InternalCollectionsUtilities UnsafeBufferPointer+Extras.swift
[159/1030] Compiling InternalCollectionsUtilities UnsafeMutableBufferPointer+Extras.swift
[160/1030] Compiling Logging MetadataProvider.swift
[161/1030] Compiling InternalCollectionsUtilities _SortedCollection.swift
[162/1030] Compiling InternalCollectionsUtilities _UniqueCollection.swift
[163/1030] Compiling _NIODataStructures Heap.swift
[164/1030] Emitting module _NIODataStructures
[166/1031] Compiling InternalCollectionsUtilities UInt+first and last set bit.swift
[172/1031] Compiling Logging Logger+Attributes.swift
[181/1043] Emitting module Instrumentation
[182/1043] Emitting module RealModule
[184/1044] Compiling Instrumentation NoOpInstrument.swift
[185/1044] Compiling Instrumentation Instrument.swift
[186/1044] Compiling Instrumentation InstrumentationSystem.swift
[187/1044] Compiling Instrumentation MultiplexInstrument.swift
[194/1044] Compiling Instrumentation Locks.swift
[215/1050] Compiling Logging LoggingSystem.swift
[216/1050] Compiling Logging Logger.swift
[220/1050] Compiling CNIOExtrasZlib inftrees.c
[222/1050] Emitting module Logging
[224/1052] Compiling CoreMetrics WithMetricsFactory.swift
[225/1052] Compiling SystemPackage SystemString.swift
[226/1052] Compiling SystemPackage Util+StringArray.swift
[227/1052] Compiling SystemPackage Util.swift
[228/1052] Compiling SystemPackage UtilConsumers.swift
[229/1052] Compiling SystemPackage WinSDK+Overlay.swift
[232/1061] Emitting module InternalCollectionsUtilities
[232/1061] Compiling CNIOExtrasZlib inflate.c
[233/1064] Compiling CNIOExtrasZlib inffast.c
[234/1067] Compiling CNIOExtrasZlib crc32.c
[235/1067] Compiling CNIOExtrasZlib deflate.c
[237/1067] Compiling Tracing TracingTime.swift
[237/1067] Compiling CNIODarwin shim.c
[237/1067] Compiling CNIOExtrasZlib adler32.c
[248/1068] Compiling fiat_p256_adx_sqr.S
[250/1068] Compiling fiat_p256_adx_mul.S
[252/1068] Compiling Tracing TracerProtocol.swift
[253/1068] Compiling TSShared FileTransferMethod.swift
[254/1068] Compiling TSShared HttpMethod+RawRep.swift
[255/1068] Compiling TSShared HttpMethod.swift
[256/1068] Compiling TSShared Logger.swift
[257/1068] Compiling TSShared NoData.swift
[258/1068] Compiling TSShared URLCreationMode.swift
[259/1068] Emitting module Tracing
[259/1068] Compiling fiat_curve25519_adx_square.S
[261/1195] Compiling Tracing TracerProtocol+Legacy.swift
[262/1195] Compiling Tracing Tracer.swift
[262/1195] Compiling CNIOBoringSSLShims shims.c
[264/1202] Compiling Tracing InstrumentationSystem+Tracing.swift
[265/1202] Compiling Tracing SpanProtocol.swift
[266/1202] Compiling Tracing NoOpTracer.swift
[267/1203] Compiling HeapModule Heap+Invariants.swift
[268/1203] Compiling HeapModule Heap+ExpressibleByArrayLiteral.swift
[270/1279] Compiling HeapModule _HeapNode.swift
[271/1279] Compiling HeapModule Heap.swift
[272/1279] Emitting module HeapModule
[273/1279] Compiling HeapModule Heap+UnsafeHandle.swift
[274/1279] Compiling HashTreeCollections TreeSet+ExpressibleByArrayLiteral.swift
[275/1279] Compiling HeapModule Heap+Descriptions.swift
[276/1280] Compiling HashTreeCollections TreeSet+Extras.swift
[277/1280] Compiling HashTreeCollections TreeSet+Filter.swift
[278/1280] Compiling HashTreeCollections TreeDictionary+Equatable.swift
[279/1280] Compiling HashTreeCollections TreeDictionary+ExpressibleByDictionaryLiteral.swift
[280/1280] Compiling HashTreeCollections TreeDictionary+Filter.swift
[281/1280] Compiling HashTreeCollections TreeDictionary+Hashable.swift
[282/1280] Compiling HashTreeCollections TreeDictionary+Initializers.swift
[283/1280] Compiling HashTreeCollections TreeDictionary+Keys.swift
[284/1280] Compiling HashTreeCollections TreeDictionary+MapValues.swift
[285/1280] Compiling HashTreeCollections TreeDictionary+Merge.swift
[286/1280] Compiling HashTreeCollections TreeDictionary+Sendable.swift
[287/1280] Compiling HashTreeCollections TreeDictionary+Sequence.swift
[288/1280] Compiling HashTreeCollections TreeDictionary+Values.swift
[289/1280] Compiling HashTreeCollections _HashTreeIterator.swift
[290/1280] Compiling HashTreeCollections _HashTreeStatistics.swift
[292/1295] Compiling RoutingKit Router.swift
[293/1323] Compiling ContainersPreview Drain+Map.swift
[294/1323] Compiling ContainersPreview Drain+Reduce.swift
[295/1323] Compiling ContainersPreview Drain.swift
[296/1323] Compiling ContainersPreview Producer+Collect.swift
[297/1323] Compiling ContainersPreview Producer+Filter.swift
[297/1323] Compiling KeccakP-1600-opt64.c
[299/1327] Compiling CoreMetrics Metrics.swift
[300/1327] Compiling CoreMetrics Locks.swift
[301/1327] Compiling CoreMetrics MappingMetricsFactory.swift
[301/1327] Compiling fiat_curve25519_adx_mul.S
[303/1327] Emitting module CoreMetrics
[304/1328] Compiling ContainersPreview BorrowingIteratorProtocol+Map.swift
[305/1328] Compiling ContainersPreview BorrowingIteratorProtocol+Reduce.swift
[306/1328] Compiling ContainersPreview BorrowingIteratorProtocol+SpanwiseZip.swift
[307/1328] Compiling ContainersPreview BorrowingIteratorProtocol.swift
[308/1328] Compiling ContainersPreview BorrowingSequence+Algorithms.swift
[309/1328] Compiling ContainersPreview BorrowingSequence+Standard Conformances.swift
[310/1328] Compiling ContainersPreview BorrowingSequence+Utilities.swift
[311/1328] Compiling ContainersPreview BorrowingSequence.swift
[312/1328] Compiling ContainersPreview BidirectionalContainer.swift
[313/1328] Compiling ContainersPreview Container+Filter.swift
[314/1328] Compiling ContainersPreview Producer+Map.swift
[315/1328] Compiling ContainersPreview Producer+Reduce.swift
[316/1328] Compiling ContainersPreview Producer.swift
[317/1328] Compiling ContainersPreview InputSpan.swift
[318/1328] Compiling ContainersPreview MutableRef.swift
[320/1328] Compiling ContainersPreview Ref.swift
[321/1328] Compiling ContainersPreview Shared.swift
[322/1328] Compiling ContainersPreview SpanIterator.swift
[323/1328] Compiling ContainersPreview UniqueBox.swift
[324/1328] Compiling ContainersPreview Container+SpanwiseZip.swift
[325/1328] Compiling ContainersPreview Container.swift
[326/1328] Compiling ContainersPreview ContainerIterator.swift
[327/1328] Compiling ContainersPreview DynamicContainer.swift
[328/1328] Compiling ContainersPreview MutableContainer.swift
[329/1328] Compiling ContainersPreview PermutableContainer.swift
[330/1328] Compiling ContainersPreview RandomAccessContainer.swift
[331/1328] Compiling ContainersPreview RangeExpression2.swift
[332/1328] Compiling ContainersPreview RangeReplaceableContainer.swift
[333/1328] Compiling ContainersPreview Strideable+Limits.swift
[334/1328] Emitting module RoutingKit
[335/1328] Compiling ContainersPreview BorrowingIteratorProtocol+ElementsEqual.swift
[336/1328] Compiling ContainersPreview BorrowingIteratorProtocol+Filter.swift
[348/1328] Compiling ContainersPreview OutputSpan+Extras.swift
[349/1328] Compiling ContainersPreview TemporaryAllocation.swift
[350/1328] Compiling ContainersPreview BorrowingIteratorProtocol+Copy.swift
[353/1337] Compiling HashTreeCollections TreeSet+Hashable.swift
[354/1337] Compiling HashTreeCollections TreeSet+Sendable.swift
[355/1337] Compiling HashTreeCollections TreeSet+Sequence.swift
[356/1337] Compiling HashTreeCollections TreeSet+SetAlgebra Initializers.swift
[357/1337] Compiling _RopeModule Rope+Join.swift
[358/1337] Compiling _RopeModule Rope+MutatingForEach.swift
[359/1337] Compiling _RopeModule Rope+Remove.swift
[360/1337] Compiling _RopeModule Rope+RemoveSubrange.swift
[361/1337] Compiling _RopeModule Rope+Split.swift
[362/1337] Compiling _RopeModule Optional Utilities.swift
[368/1347] Emitting module ContainersPreview
[370/1348] Compiling RoutingKit AnyRouter.swift
[371/1348] Compiling RoutingKit TrieRouter.swift
[372/1348] Compiling RoutingKit Parameters.swift
[373/1348] Compiling RoutingKit PathComponent.swift
error: emit-module command failed with exit code 1 (use -v to see invocation)
[374/1350] Emitting module TSShared
/host/spi-builder-workspace/Sources/TSShared/Extensions/URLRequest.swift:14:18: error: cannot find type 'URLRequest' in scope
12 |
13 |
14 | public extension URLRequest {
| `- error: cannot find type 'URLRequest' in scope
15 |
16 | ///Adds a ``CommonHeader`` to this request
/host/spi-builder-workspace/Sources/TSShared/Extensions/URLResponse.swift:12:8: error: non-nominal type 'URLResponse' (aka 'AnyObject') cannot be extended [#NominalTypes]
10 | import FoundationNetworking
11 | #endif
12 | public extension URLResponse {
| `- error: non-nominal type 'URLResponse' (aka 'AnyObject') cannot be extended [#NominalTypes]
13 | subscript (_ header: CommonHeader) -> String? {
14 |
[#NominalTypes]: <https://docs.swift.org/compiler/documentation/diagnostics/nominal-types>
/host/spi-builder-workspace/Sources/TSShared/Extensions/URLRequest.swift:14:18: error: cannot find type 'URLRequest' in scope
12 |
13 |
14 | public extension URLRequest {
| `- error: cannot find type 'URLRequest' in scope
15 |
16 | ///Adds a ``CommonHeader`` to this request
/host/spi-builder-workspace/Sources/TSShared/Extensions/URLResponse.swift:12:8: error: non-nominal type 'URLResponse' (aka 'AnyObject') cannot be extended [#NominalTypes]
10 | import FoundationNetworking
11 | #endif
12 | public extension URLResponse {
| `- error: non-nominal type 'URLResponse' (aka 'AnyObject') cannot be extended [#NominalTypes]
13 | subscript (_ header: CommonHeader) -> String? {
14 |
/host/spi-builder-workspace/Sources/TSShared/Extensions/URLRequest.swift:22:49: error: cannot find type 'URLRequest' in scope
20 |
21 | ///Creates a new `URLRequest` by adding a header to this request
22 | func append(_ header : CommonHeaderItem) -> URLRequest {
| `- error: cannot find type 'URLRequest' in scope
23 | var newValue = self
24 | newValue.appending(header)
[#NominalTypes]: <https://docs.swift.org/compiler/documentation/diagnostics/nominal-types>
/host/spi-builder-workspace/Sources/TSShared/Extensions/URLRequest.swift:14:18: error: cannot find type 'URLRequest' in scope
12 |
13 |
14 | public extension URLRequest {
| `- error: cannot find type 'URLRequest' in scope
15 |
16 | ///Adds a ``CommonHeader`` to this request
/host/spi-builder-workspace/Sources/TSShared/Extensions/URLResponse.swift:12:8: error: non-nominal type 'URLResponse' (aka 'AnyObject') cannot be extended [#NominalTypes]
10 | import FoundationNetworking
11 | #endif
12 | public extension URLResponse {
| `- error: non-nominal type 'URLResponse' (aka 'AnyObject') cannot be extended [#NominalTypes]
13 | subscript (_ header: CommonHeader) -> String? {
14 |
/host/spi-builder-workspace/Sources/TSShared/Extensions/URLRequest.swift:22:49: error: cannot find type 'URLRequest' in scope
20 |
21 | ///Creates a new `URLRequest` by adding a header to this request
22 | func append(_ header : CommonHeaderItem) -> URLRequest {
| `- error: cannot find type 'URLRequest' in scope
23 | var newValue = self
24 | newValue.appending(header)
[#NominalTypes]: <https://docs.swift.org/compiler/documentation/diagnostics/nominal-types>
/host/spi-builder-workspace/Sources/TSShared/Extensions/URLRequest.swift:14:18: error: cannot find type 'URLRequest' in scope
12 |
13 |
14 | public extension URLRequest {
| `- error: cannot find type 'URLRequest' in scope
15 |
16 | ///Adds a ``CommonHeader`` to this request
/host/spi-builder-workspace/Sources/TSShared/Extensions/URLResponse.swift:12:8: error: non-nominal type 'URLResponse' (aka 'AnyObject') cannot be extended [#NominalTypes]
10 | import FoundationNetworking
11 | #endif
12 | public extension URLResponse {
| `- error: non-nominal type 'URLResponse' (aka 'AnyObject') cannot be extended [#NominalTypes]
13 | subscript (_ header: CommonHeader) -> String? {
14 |
/host/spi-builder-workspace/Sources/TSShared/Extensions/URLRequest.swift:22:49: error: cannot find type 'URLRequest' in scope
20 |
21 | ///Creates a new `URLRequest` by adding a header to this request
22 | func append(_ header : CommonHeaderItem) -> URLRequest {
| `- error: cannot find type 'URLRequest' in scope
23 | var newValue = self
24 | newValue.appending(header)
[#NominalTypes]: <https://docs.swift.org/compiler/documentation/diagnostics/nominal-types>
/host/spi-builder-workspace/Sources/TSShared/Extensions/URLRequest.swift:14:18: error: cannot find type 'URLRequest' in scope
12 |
13 |
14 | public extension URLRequest {
| `- error: cannot find type 'URLRequest' in scope
15 |
16 | ///Adds a ``CommonHeader`` to this request
/host/spi-builder-workspace/Sources/TSShared/Extensions/URLResponse.swift:12:8: error: non-nominal type 'URLResponse' (aka 'AnyObject') cannot be extended [#NominalTypes]
10 | import FoundationNetworking
11 | #endif
12 | public extension URLResponse {
| `- error: non-nominal type 'URLResponse' (aka 'AnyObject') cannot be extended [#NominalTypes]
13 | subscript (_ header: CommonHeader) -> String? {
14 |
/host/spi-builder-workspace/Sources/TSShared/Extensions/URLRequest.swift:22:49: error: cannot find type 'URLRequest' in scope
20 |
21 | ///Creates a new `URLRequest` by adding a header to this request
22 | func append(_ header : CommonHeaderItem) -> URLRequest {
| `- error: cannot find type 'URLRequest' in scope
23 | var newValue = self
24 | newValue.appending(header)
[#NominalTypes]: <https://docs.swift.org/compiler/documentation/diagnostics/nominal-types>
/host/spi-builder-workspace/Sources/TSShared/Extensions/URLRequest.swift:14:18: error: cannot find type 'URLRequest' in scope
12 |
13 |
14 | public extension URLRequest {
| `- error: cannot find type 'URLRequest' in scope
15 |
16 | ///Adds a ``CommonHeader`` to this request
/host/spi-builder-workspace/Sources/TSShared/Extensions/URLResponse.swift:12:8: error: non-nominal type 'URLResponse' (aka 'AnyObject') cannot be extended [#NominalTypes]
10 | import FoundationNetworking
11 | #endif
12 | public extension URLResponse {
| `- error: non-nominal type 'URLResponse' (aka 'AnyObject') cannot be extended [#NominalTypes]
13 | subscript (_ header: CommonHeader) -> String? {
14 |
/host/spi-builder-workspace/Sources/TSShared/Extensions/URLRequest.swift:22:49: error: cannot find type 'URLRequest' in scope
20 |
21 | ///Creates a new `URLRequest` by adding a header to this request
22 | func append(_ header : CommonHeaderItem) -> URLRequest {
| `- error: cannot find type 'URLRequest' in scope
23 | var newValue = self
24 | newValue.appending(header)
[#NominalTypes]: <https://docs.swift.org/compiler/documentation/diagnostics/nominal-types>
/host/spi-builder-workspace/Sources/TSShared/Extensions/URLRequest.swift:14:18: error: cannot find type 'URLRequest' in scope
12 |
13 |
14 | public extension URLRequest {
| `- error: cannot find type 'URLRequest' in scope
15 |
16 | ///Adds a ``CommonHeader`` to this request
/host/spi-builder-workspace/Sources/TSShared/Extensions/URLResponse.swift:12:8: error: non-nominal type 'URLResponse' (aka 'AnyObject') cannot be extended [#NominalTypes]
10 | import FoundationNetworking
11 | #endif
12 | public extension URLResponse {
| `- error: non-nominal type 'URLResponse' (aka 'AnyObject') cannot be extended [#NominalTypes]
13 | subscript (_ header: CommonHeader) -> String? {
14 |
/host/spi-builder-workspace/Sources/TSShared/Extensions/URLRequest.swift:22:49: error: cannot find type 'URLRequest' in scope
20 |
21 | ///Creates a new `URLRequest` by adding a header to this request
22 | func append(_ header : CommonHeaderItem) -> URLRequest {
| `- error: cannot find type 'URLRequest' in scope
23 | var newValue = self
24 | newValue.appending(header)
[#NominalTypes]: <https://docs.swift.org/compiler/documentation/diagnostics/nominal-types>
/host/spi-builder-workspace/Sources/TSShared/Extensions/URLRequest.swift:14:18: error: cannot find type 'URLRequest' in scope
12 |
13 |
14 | public extension URLRequest {
| `- error: cannot find type 'URLRequest' in scope
15 |
16 | ///Adds a ``CommonHeader`` to this request
/host/spi-builder-workspace/Sources/TSShared/Extensions/URLResponse.swift:12:8: error: non-nominal type 'URLResponse' (aka 'AnyObject') cannot be extended [#NominalTypes]
10 | import FoundationNetworking
11 | #endif
12 | public extension URLResponse {
| `- error: non-nominal type 'URLResponse' (aka 'AnyObject') cannot be extended [#NominalTypes]
13 | subscript (_ header: CommonHeader) -> String? {
14 |
/host/spi-builder-workspace/Sources/TSShared/Extensions/URLRequest.swift:22:49: error: cannot find type 'URLRequest' in scope
20 |
21 | ///Creates a new `URLRequest` by adding a header to this request
22 | func append(_ header : CommonHeaderItem) -> URLRequest {
| `- error: cannot find type 'URLRequest' in scope
23 | var newValue = self
24 | newValue.appending(header)
[#NominalTypes]: <https://docs.swift.org/compiler/documentation/diagnostics/nominal-types>
[390/1351] Compiling HashTreeCollections TreeSet+Equatable.swift
[394/1351] Compiling tls_method.cc
[394/1351] Compiling tls_record.cc
BUILD FAILURE 6.2 wasm