The Swift Package Index logo.Swift Package Index

Build Information

Failed to build Runtime, reference 2.1.1 (61c977), with Swift 6.4 for watchOS using Xcode 27.0 on 20 Sep 2026 04:22:45 UTC.

Build Command

env DEVELOPER_DIR=/Applications/Xcode-27.0.0-Release.Candidate.app xcrun xcodebuild -IDEClonedSourcePackagesDirPathOverride=$PWD/.dependencies -skipMacroValidation -skipPackagePluginValidation -derivedDataPath $PWD/.derivedData build -scheme Runtime -destination generic/platform=watchOS

Build Log

========================================
RunAll
========================================
Builder version: 5.1.0
Interrupt handler set up.
========================================
Checkout
========================================
Clone URL: https://github.com/nerdsupremacist/Runtime.git
Reference: 2.1.1
Initialized empty Git repository in /Users/admin/builder/spi-builder-workspace/.git/
From https://github.com/nerdsupremacist/Runtime
 * tag               2.1.1      -> FETCH_HEAD
HEAD is now at 61c9776 upped cocoapods version
Cloned https://github.com/nerdsupremacist/Runtime.git
Revision (git rev-parse @):
61c9776f47d2951bdc562486ad348e5e1ca2e180
SUCCESS checkout https://github.com/nerdsupremacist/Runtime.git at 2.1.1
========================================
Build
========================================
Selected platform:         watchOS
Swift version:             6.4
Building package at path:  $PWD
https://github.com/nerdsupremacist/Runtime.git
Command line invocation:
    /Applications/Xcode-27.0.0-Release.Candidate.app/Contents/Developer/usr/bin/xcodebuild -IDEClonedSourcePackagesDirPathOverride=/Users/admin/builder/spi-builder-workspace/.dependencies -resolvePackageDependencies
resolved source packages:
{
  "dependencies" : [
    {
      "identity" : "cruntime",
      "requirement" : {
        "range" : [
          {
            "lower_bound" : "2.1.2",
            "upper_bound" : "3.0.0"
          }
        ]
      },
      "type" : "sourceControl",
      "url" : "https://github.com/wickwirew/CRuntime.git"
    }
  ],
  "manifest_display_name" : "Runtime",
  "name" : "Runtime",
  "path" : "/Users/admin/builder/spi-builder-workspace",
  "platforms" : [
  ],
  "products" : [
    {
      "name" : "Runtime",
      "targets" : [
        "Runtime"
      ],
      "type" : {
        "library" : [
          "automatic"
        ]
      }
    }
  ],
  "swift_languages_versions" : [
    "5"
  ],
  "targets" : [
    {
      "c99name" : "RuntimeTests",
      "module_type" : "SwiftTarget",
      "name" : "RuntimeTests",
      "path" : "Tests/RuntimeTests",
      "sources" : [
        "FactoryTests.swift",
        "GetSetClassTests.swift",
        "GetSetStructTests.swift",
        "LinuxMain.swift",
        "MetadataTests.swift",
        "ValuePointerTests.swift",
        "ValueWitnessTableTests.swift",
        "XCTestManifests.swift"
      ],
      "target_dependencies" : [
        "Runtime"
      ],
      "type" : "test"
    },
    {
      "c99name" : "Runtime",
      "module_type" : "SwiftTarget",
      "name" : "Runtime",
      "path" : "Sources/Runtime",
      "product_dependencies" : [
        "CRuntime"
      ],
      "product_memberships" : [
        "Runtime"
      ],
      "sources" : [
        "Factory/DefaultValue.swift",
        "Factory/Factory.swift",
        "Layouts/ClassHeader.swift",
        "Layouts/ClassMetadataLayout.swift",
        "Layouts/ClassTypeDescriptor.swift",
        "Layouts/EnumMetadataLayout.swift",
        "Layouts/EnumTypeDescriptor.swift",
        "Layouts/ExistentialContainter.swift",
        "Layouts/FieldDescriptor.swift",
        "Layouts/FunctionMetadataLayout.swift",
        "Layouts/MetadataLayoutType.swift",
        "Layouts/ProtocolDescriptor.swift",
        "Layouts/ProtocolMetadataLayout.swift",
        "Layouts/ProtocolTypeContainer.swift",
        "Layouts/StructMetadataLayout.swift",
        "Layouts/StructTypeDescriptor.swift",
        "Layouts/TargetTypeGenericContextDescriptorHeader.swift",
        "Layouts/TupleMetadataLayout.swift",
        "Layouts/TypeDescriptor.swift",
        "Layouts/ValueWitnessTable.swift",
        "Metadata/ClassMetadata.swift",
        "Metadata/EnumMetadata.swift",
        "Metadata/FuntionMetadata.swift",
        "Metadata/Metadata.swift",
        "Metadata/MetadataType.swift",
        "Metadata/NominalMetadataType.swift",
        "Metadata/ProtocolMetadata.swift",
        "Metadata/StructMetadata.swift",
        "Metadata/TupleMetadata.swift",
        "Models/Case.swift",
        "Models/Errors.swift",
        "Models/FunctionInfo.swift",
        "Models/Kind.swift",
        "Models/PropertyInfo.swift",
        "Models/TypeInfo.swift",
        "Models/TypeInfoConvertible.swift",
        "Pointers/Pointers.swift",
        "Pointers/RelativePointer.swift",
        "Pointers/RelativeVectorPointer.swift",
        "Pointers/Union.swift",
        "Pointers/Vector.swift",
        "Utilities/GettersSetters.swift",
        "Utilities/Pointer+Extensions.swift",
        "Utilities/RetainCounts.swift",
        "Utilities/String+Extensions.swift"
      ],
      "type" : "library"
    }
  ],
  "tools_version" : "5.0"
}
{
  "project" : {
    "configurations" : [
      "Debug",
      "Release"
    ],
    "name" : "Runtime",
    "schemes" : [
    ],
    "targets" : [
      "CRuntime",
      "Runtime",
      "RuntimePackageDescription",
      "RuntimePackageTests",
      "RuntimeTests"
    ]
  }
}
{
  "workspace" : {
    "name" : "Runtime",
    "schemes" : [
      "Runtime"
    ]
  }
}
2026-09-20 00:22:34.201 xcodebuild[621:3919] [MT] IDERunDestination: Supported platforms for the buildables in the current scheme is empty.
Running build ...
env DEVELOPER_DIR=/Applications/Xcode-27.0.0-Release.Candidate.app xcrun xcodebuild -IDEClonedSourcePackagesDirPathOverride=$PWD/.dependencies -skipMacroValidation -skipPackagePluginValidation -derivedDataPath $PWD/.derivedData build -scheme Runtime -destination generic/platform=watchOS
Command line invocation:
    /Applications/Xcode-27.0.0-Release.Candidate.app/Contents/Developer/usr/bin/xcodebuild -IDEClonedSourcePackagesDirPathOverride=/Users/admin/builder/spi-builder-workspace/.dependencies -skipMacroValidation -skipPackagePluginValidation -derivedDataPath /Users/admin/builder/spi-builder-workspace/.derivedData build -scheme Runtime -destination generic/platform=watchOS
Resolve Package Graph
Resolve Package Graph
Resolved source packages:
  Runtime: /Users/admin/builder/spi-builder-workspace
  CRuntime: https://github.com/wickwirew/CRuntime.git @ 2.1.2
ComputePackagePrebuildTargetDependencyGraph
Prepare packages
CreateBuildRequest
SendProjectDescription
CreateBuildOperation
ComputeTargetDependencyGraph
note: Building targets in dependency order
note: Target dependency graph (4 targets)
    Target 'Runtime-product' in project 'Runtime'
        ➜ Explicit dependency on target 'Runtime' in project 'Runtime'
        ➜ Explicit dependency on target 'CRuntime-product' in project 'CRuntime'
    Target 'Runtime' in project 'Runtime'
        ➜ Explicit dependency on target 'CRuntime-product' in project 'CRuntime'
    Target 'CRuntime-product' in project 'CRuntime'
        ➜ Explicit dependency on target 'CRuntime' in project 'CRuntime'
    Target 'CRuntime' in project 'CRuntime' (no dependencies)
GatherProvisioningInputs
CreateBuildDescription
ExecuteExternalTool /Applications/Xcode-27.0.0-Release.Candidate.app/Contents/Developer/Toolchains/XcodeDefault.xctoolchain/usr/bin/clang -v -E -dM -isysroot /Applications/Xcode-27.0.0-Release.Candidate.app/Contents/Developer/Platforms/WatchOS.platform/Developer/SDKs/WatchOS27.0.sdk -x c -c /dev/null
ExecuteExternalTool /Applications/Xcode-27.0.0-Release.Candidate.app/Contents/Developer/Toolchains/XcodeDefault.xctoolchain/usr/bin/swiftc --version
ExecuteExternalTool /Applications/Xcode-27.0.0-Release.Candidate.app/Contents/Developer/Toolchains/XcodeDefault.xctoolchain/usr/bin/ld -version_details
Build description signature: 7235ac774e3bbc2812ca2fe06ac96065
Build description path: /Users/admin/builder/spi-builder-workspace/.derivedData/Build/Intermediates.noindex/XCBuildData/7235ac774e3bbc2812ca2fe06ac96065.xcbuilddata
CreateBuildDirectory /Users/admin/builder/spi-builder-workspace/.derivedData/SDKExplicitPrecompiledModules
    cd /Users/admin/builder/spi-builder-workspace/.swiftpm/xcode
    builtin-create-build-directory /Users/admin/builder/spi-builder-workspace/.derivedData/SDKExplicitPrecompiledModules
CreateBuildDirectory /Users/admin/builder/spi-builder-workspace/.derivedData/ModuleCache.noindex
    cd /Users/admin/builder/spi-builder-workspace/.swiftpm/xcode
    builtin-create-build-directory /Users/admin/builder/spi-builder-workspace/.derivedData/ModuleCache.noindex
CreateBuildDirectory /Users/admin/builder/spi-builder-workspace/.derivedData/CompilationCache.noindex
    cd /Users/admin/builder/spi-builder-workspace/.swiftpm/xcode
    builtin-create-build-directory /Users/admin/builder/spi-builder-workspace/.derivedData/CompilationCache.noindex
ClangStatCache /Applications/Xcode-27.0.0-Release.Candidate.app/Contents/Developer/Toolchains/XcodeDefault.xctoolchain/usr/bin/clang-stat-cache /Applications/Xcode-27.0.0-Release.Candidate.app/Contents/Developer/Platforms/WatchOS.platform/Developer/SDKs/WatchOS27.0.sdk /Users/admin/builder/spi-builder-workspace/.derivedData/SDKStatCaches.noindex/watchos27.0-24R360-e829b21a6f8c9b70876ba0858053c04477534ef55a1706bf4c1112bbb242f0a2.sdkstatcache
    cd /Users/admin/builder/spi-builder-workspace/.swiftpm/xcode
    /Applications/Xcode-27.0.0-Release.Candidate.app/Contents/Developer/Toolchains/XcodeDefault.xctoolchain/usr/bin/clang-stat-cache /Applications/Xcode-27.0.0-Release.Candidate.app/Contents/Developer/Platforms/WatchOS.platform/Developer/SDKs/WatchOS27.0.sdk -o /Users/admin/builder/spi-builder-workspace/.derivedData/SDKStatCaches.noindex/watchos27.0-24R360-e829b21a6f8c9b70876ba0858053c04477534ef55a1706bf4c1112bbb242f0a2.sdkstatcache
CreateBuildDirectory /Users/admin/builder/spi-builder-workspace/.derivedData/Build/Intermediates.noindex
    cd /Users/admin/builder/spi-builder-workspace/.swiftpm/xcode
    builtin-create-build-directory /Users/admin/builder/spi-builder-workspace/.derivedData/Build/Intermediates.noindex
CreateBuildDirectory /Users/admin/builder/spi-builder-workspace/.derivedData/Build/Products
    cd /Users/admin/builder/spi-builder-workspace/.swiftpm/xcode
    builtin-create-build-directory /Users/admin/builder/spi-builder-workspace/.derivedData/Build/Products
CreateBuildDirectory /Users/admin/builder/spi-builder-workspace/.derivedData/Build/Intermediates.noindex/SwiftExplicitPrecompiledModules
    cd /Users/admin/builder/spi-builder-workspace/.swiftpm/xcode
    builtin-create-build-directory /Users/admin/builder/spi-builder-workspace/.derivedData/Build/Intermediates.noindex/SwiftExplicitPrecompiledModules
CreateBuildDirectory /Users/admin/builder/spi-builder-workspace/.derivedData/Build/Intermediates.noindex/PrecompiledHeaders
    cd /Users/admin/builder/spi-builder-workspace/.swiftpm/xcode
    builtin-create-build-directory /Users/admin/builder/spi-builder-workspace/.derivedData/Build/Intermediates.noindex/PrecompiledHeaders
CreateBuildDirectory /Users/admin/builder/spi-builder-workspace/.derivedData/Build/Intermediates.noindex/ExplicitPrecompiledModules
    cd /Users/admin/builder/spi-builder-workspace/.swiftpm/xcode
    builtin-create-build-directory /Users/admin/builder/spi-builder-workspace/.derivedData/Build/Intermediates.noindex/ExplicitPrecompiledModules
CreateBuildDirectory /Users/admin/builder/spi-builder-workspace/.derivedData/Build/Intermediates.noindex/EagerLinkingTBDs/Debug-watchos
    cd /Users/admin/builder/spi-builder-workspace/.swiftpm/xcode
    builtin-create-build-directory /Users/admin/builder/spi-builder-workspace/.derivedData/Build/Intermediates.noindex/EagerLinkingTBDs/Debug-watchos
CreateBuildDirectory /Users/admin/builder/spi-builder-workspace/.derivedData/Build/Products/Debug-watchos
    cd /Users/admin/builder/spi-builder-workspace/.swiftpm/xcode
    builtin-create-build-directory /Users/admin/builder/spi-builder-workspace/.derivedData/Build/Products/Debug-watchos
CreateBuildDirectory /Users/admin/builder/spi-builder-workspace/.derivedData/Build/Products/Debug-watchos/PackageFrameworks
    cd /Users/admin/builder/spi-builder-workspace/.swiftpm/xcode
    builtin-create-build-directory /Users/admin/builder/spi-builder-workspace/.derivedData/Build/Products/Debug-watchos/PackageFrameworks
WriteAuxiliaryFile /Users/admin/builder/spi-builder-workspace/.derivedData/Build/Intermediates.noindex/Runtime.build/Debug-watchos/Runtime-t.build/Runtime.DependencyMetadataFileList (in target 'Runtime' from project 'Runtime')
    cd /Users/admin/builder/spi-builder-workspace
    write-file /Users/admin/builder/spi-builder-workspace/.derivedData/Build/Intermediates.noindex/Runtime.build/Debug-watchos/Runtime-t.build/Runtime.DependencyMetadataFileList
WriteAuxiliaryFile /Users/admin/builder/spi-builder-workspace/.derivedData/Build/Intermediates.noindex/Runtime.build/Debug-watchos/Runtime-t.build/Runtime.modulemap (in target 'Runtime' from project 'Runtime')
    cd /Users/admin/builder/spi-builder-workspace
    write-file /Users/admin/builder/spi-builder-workspace/.derivedData/Build/Intermediates.noindex/Runtime.build/Debug-watchos/Runtime-t.build/Runtime.modulemap
WriteAuxiliaryFile /Users/admin/builder/spi-builder-workspace/.derivedData/Build/Intermediates.noindex/Runtime.build/Debug-watchos/Runtime-t.build/Runtime.DependencyStaticMetadataFileList (in target 'Runtime' from project 'Runtime')
    cd /Users/admin/builder/spi-builder-workspace
    write-file /Users/admin/builder/spi-builder-workspace/.derivedData/Build/Intermediates.noindex/Runtime.build/Debug-watchos/Runtime-t.build/Runtime.DependencyStaticMetadataFileList
WriteAuxiliaryFile /Users/admin/builder/spi-builder-workspace/.derivedData/Build/Intermediates.noindex/Runtime.build/Debug-watchos/Runtime-t.build/Objects-normal/arm64/Runtime_const_extract_protocols.json (in target 'Runtime' from project 'Runtime')
    cd /Users/admin/builder/spi-builder-workspace
    write-file /Users/admin/builder/spi-builder-workspace/.derivedData/Build/Intermediates.noindex/Runtime.build/Debug-watchos/Runtime-t.build/Objects-normal/arm64/Runtime_const_extract_protocols.json
WriteAuxiliaryFile /Users/admin/builder/spi-builder-workspace/.derivedData/Build/Intermediates.noindex/Runtime.build/Debug-watchos/Runtime-t.build/Objects-normal/arm64_32/Runtime-OutputFileMap.json (in target 'Runtime' from project 'Runtime')
    cd /Users/admin/builder/spi-builder-workspace
    write-file /Users/admin/builder/spi-builder-workspace/.derivedData/Build/Intermediates.noindex/Runtime.build/Debug-watchos/Runtime-t.build/Objects-normal/arm64_32/Runtime-OutputFileMap.json
WriteAuxiliaryFile /Users/admin/builder/spi-builder-workspace/.derivedData/Build/Intermediates.noindex/Runtime.build/Debug-watchos/Runtime-t.build/Objects-normal/arm64_32/Runtime.SwiftConstValuesFileList (in target 'Runtime' from project 'Runtime')
    cd /Users/admin/builder/spi-builder-workspace
    write-file /Users/admin/builder/spi-builder-workspace/.derivedData/Build/Intermediates.noindex/Runtime.build/Debug-watchos/Runtime-t.build/Objects-normal/arm64_32/Runtime.SwiftConstValuesFileList
WriteAuxiliaryFile /Users/admin/builder/spi-builder-workspace/.derivedData/Build/Intermediates.noindex/Runtime.build/Debug-watchos/Runtime-t.build/Objects-normal/arm64_32/Runtime.SwiftFileList (in target 'Runtime' from project 'Runtime')
    cd /Users/admin/builder/spi-builder-workspace
    write-file /Users/admin/builder/spi-builder-workspace/.derivedData/Build/Intermediates.noindex/Runtime.build/Debug-watchos/Runtime-t.build/Objects-normal/arm64_32/Runtime.SwiftFileList
WriteAuxiliaryFile /Users/admin/builder/spi-builder-workspace/.derivedData/Build/Intermediates.noindex/Runtime.build/Debug-watchos/Runtime-t.build/Objects-normal/arm64_32/Runtime_const_extract_protocols.json (in target 'Runtime' from project 'Runtime')
    cd /Users/admin/builder/spi-builder-workspace
    write-file /Users/admin/builder/spi-builder-workspace/.derivedData/Build/Intermediates.noindex/Runtime.build/Debug-watchos/Runtime-t.build/Objects-normal/arm64_32/Runtime_const_extract_protocols.json
WriteAuxiliaryFile /Users/admin/builder/spi-builder-workspace/.derivedData/Build/Intermediates.noindex/Runtime.build/Debug-watchos/Runtime-t.build/Objects-normal/arm64_32/Runtime.LinkFileList (in target 'Runtime' from project 'Runtime')
    cd /Users/admin/builder/spi-builder-workspace
    write-file /Users/admin/builder/spi-builder-workspace/.derivedData/Build/Intermediates.noindex/Runtime.build/Debug-watchos/Runtime-t.build/Objects-normal/arm64_32/Runtime.LinkFileList
WriteAuxiliaryFile /Users/admin/builder/spi-builder-workspace/.derivedData/Build/Intermediates.noindex/Runtime.build/Debug-watchos/Runtime-t.build/Objects-normal/arm64/Runtime.SwiftFileList (in target 'Runtime' from project 'Runtime')
    cd /Users/admin/builder/spi-builder-workspace
    write-file /Users/admin/builder/spi-builder-workspace/.derivedData/Build/Intermediates.noindex/Runtime.build/Debug-watchos/Runtime-t.build/Objects-normal/arm64/Runtime.SwiftFileList
WriteAuxiliaryFile /Users/admin/builder/spi-builder-workspace/.derivedData/Build/Intermediates.noindex/Runtime.build/Debug-watchos/Runtime-t.build/Objects-normal/arm64/Runtime.SwiftConstValuesFileList (in target 'Runtime' from project 'Runtime')
    cd /Users/admin/builder/spi-builder-workspace
    write-file /Users/admin/builder/spi-builder-workspace/.derivedData/Build/Intermediates.noindex/Runtime.build/Debug-watchos/Runtime-t.build/Objects-normal/arm64/Runtime.SwiftConstValuesFileList
WriteAuxiliaryFile /Users/admin/builder/spi-builder-workspace/.derivedData/Build/Intermediates.noindex/Runtime.build/Debug-watchos/Runtime-t.build/Objects-normal/arm64/Runtime.LinkFileList (in target 'Runtime' from project 'Runtime')
    cd /Users/admin/builder/spi-builder-workspace
    write-file /Users/admin/builder/spi-builder-workspace/.derivedData/Build/Intermediates.noindex/Runtime.build/Debug-watchos/Runtime-t.build/Objects-normal/arm64/Runtime.LinkFileList
WriteAuxiliaryFile /Users/admin/builder/spi-builder-workspace/.derivedData/Build/Intermediates.noindex/Runtime.build/Debug-watchos/Runtime-t.build/Objects-normal/arm64/Runtime-OutputFileMap.json (in target 'Runtime' from project 'Runtime')
    cd /Users/admin/builder/spi-builder-workspace
    write-file /Users/admin/builder/spi-builder-workspace/.derivedData/Build/Intermediates.noindex/Runtime.build/Debug-watchos/Runtime-t.build/Objects-normal/arm64/Runtime-OutputFileMap.json
Copy /Users/admin/builder/spi-builder-workspace/.derivedData/Build/Intermediates.noindex/GeneratedModuleMaps-watchos/Runtime.modulemap /Users/admin/builder/spi-builder-workspace/.derivedData/Build/Intermediates.noindex/Runtime.build/Debug-watchos/Runtime-t.build/Runtime.modulemap (in target 'Runtime' from project 'Runtime')
    cd /Users/admin/builder/spi-builder-workspace
    builtin-copy -exclude .DS_Store -exclude CVS -exclude .svn -exclude .git -exclude .hg -resolve-src-symlinks /Users/admin/builder/spi-builder-workspace/.derivedData/Build/Intermediates.noindex/Runtime.build/Debug-watchos/Runtime-t.build/Runtime.modulemap /Users/admin/builder/spi-builder-workspace/.derivedData/Build/Intermediates.noindex/GeneratedModuleMaps-watchos
SwiftDriver Runtime normal arm64_32 com.apple.xcode.tools.swift.compiler (in target 'Runtime' from project 'Runtime')
    cd /Users/admin/builder/spi-builder-workspace/.swiftpm/xcode
    builtin-SwiftDriver -- /Applications/Xcode-27.0.0-Release.Candidate.app/Contents/Developer/Toolchains/XcodeDefault.xctoolchain/usr/bin/swiftc -parse-as-library -module-name Runtime -Onone @/Users/admin/builder/spi-builder-workspace/.derivedData/Build/Intermediates.noindex/Runtime.build/Debug-watchos/Runtime-t.build/Objects-normal/arm64_32/Runtime.SwiftFileList -DSWIFT_PACKAGE -DDEBUG -DSWIFT_MODULE_RESOURCE_BUNDLE_UNAVAILABLE -Xcc -fmodule-map-file\=/Users/admin/builder/spi-builder-workspace/.dependencies/checkouts/CRuntime/Sources/CRuntime/module.modulemap -DXcode -plugin-path /Applications/Xcode-27.0.0-Release.Candidate.app/Contents/Developer/Toolchains/XcodeDefault.xctoolchain/usr/lib/swift/host/plugins/testing -enable-experimental-feature DebugDescriptionMacro -sdk /Applications/Xcode-27.0.0-Release.Candidate.app/Contents/Developer/Platforms/WatchOS.platform/Developer/SDKs/WatchOS27.0.sdk -target arm64_32-apple-watchos9.0 -g -module-cache-path /Users/admin/builder/spi-builder-workspace/.derivedData/ModuleCache.noindex -Xfrontend -serialize-debugging-options -profile-coverage-mapping -profile-generate -enable-testing -index-store-path /Users/admin/builder/spi-builder-workspace/.derivedData/Index.noindex/DataStore -Xcc -D_LIBCPP_HARDENING_MODE\=_LIBCPP_HARDENING_MODE_DEBUG -swift-version 5 -I /Users/admin/builder/spi-builder-workspace/.derivedData/Build/Products/Debug-watchos -Isystem /Applications/Xcode-27.0.0-Release.Candidate.app/Contents/Developer/Platforms/WatchOS.platform/Developer/usr/lib -F /Users/admin/builder/spi-builder-workspace/.derivedData/Build/Products/Debug-watchos -F /Applications/Xcode-27.0.0-Release.Candidate.app/Contents/Developer/Platforms/WatchOS.platform/Developer/Library/Frameworks -F /Applications/Xcode-27.0.0-Release.Candidate.app/Contents/Developer/Platforms/WatchOS.platform/Developer/SDKs/WatchOS27.0.sdk/Developer/Library/Frameworks -c -j10 -enable-batch-mode -incremental -Xcc -ivfsstatcache -Xcc /Users/admin/builder/spi-builder-workspace/.derivedData/SDKStatCaches.noindex/watchos27.0-24R360-e829b21a6f8c9b70876ba0858053c04477534ef55a1706bf4c1112bbb242f0a2.sdkstatcache -output-file-map /Users/admin/builder/spi-builder-workspace/.derivedData/Build/Intermediates.noindex/Runtime.build/Debug-watchos/Runtime-t.build/Objects-normal/arm64_32/Runtime-OutputFileMap.json -save-temps -no-color-diagnostics -explicit-module-build -module-cache-path /Users/admin/builder/spi-builder-workspace/.derivedData/Build/Intermediates.noindex/SwiftExplicitPrecompiledModules -clang-scanner-module-cache-path /Users/admin/builder/spi-builder-workspace/.derivedData/ModuleCache.noindex -sdk-module-cache-path /Users/admin/builder/spi-builder-workspace/.derivedData/SDKExplicitPrecompiledModules -emit-dependencies -emit-module -emit-module-path /Users/admin/builder/spi-builder-workspace/.derivedData/Build/Intermediates.noindex/Runtime.build/Debug-watchos/Runtime-t.build/Objects-normal/arm64_32/Runtime.swiftmodule -serialize-diagnostics -dependency-scan-serialize-diagnostics-path /Users/admin/builder/spi-builder-workspace/.derivedData/Build/Intermediates.noindex/Runtime.build/Debug-watchos/Runtime-t.build/Objects-normal/arm64_32/Runtime-dependency-scan.dia -validate-clang-modules-once -clang-build-session-file /Users/admin/builder/spi-builder-workspace/.derivedData/ModuleCache.noindex/Session.modulevalidation -Xcc -fmodules-prune-interval\=86400 -Xcc -fmodules-prune-after\=345600 -emit-const-values -const-gather-protocols-list /Users/admin/builder/spi-builder-workspace/.derivedData/Build/Intermediates.noindex/Runtime.build/Debug-watchos/Runtime-t.build/Objects-normal/arm64_32/Runtime_const_extract_protocols.json -Xcc -I/Users/admin/builder/spi-builder-workspace/.derivedData/Build/Products/Debug-watchos/include -Xcc -I/Users/admin/builder/spi-builder-workspace/.derivedData/Build/Intermediates.noindex/Runtime.build/Debug-watchos/Runtime-t.build/DerivedSources-normal/arm64_32 -Xcc -I/Users/admin/builder/spi-builder-workspace/.derivedData/Build/Intermediates.noindex/Runtime.build/Debug-watchos/Runtime-t.build/DerivedSources/arm64_32 -Xcc -I/Users/admin/builder/spi-builder-workspace/.derivedData/Build/Intermediates.noindex/Runtime.build/Debug-watchos/Runtime-t.build/DerivedSources -Xcc -DSWIFT_PACKAGE -Xcc -DDEBUG\=1 -emit-objc-header -emit-objc-header-path /Users/admin/builder/spi-builder-workspace/.derivedData/Build/Intermediates.noindex/Runtime.build/Debug-watchos/Runtime-t.build/Objects-normal/arm64_32/Runtime-Swift.h -working-directory /Users/admin/builder/spi-builder-workspace/.swiftpm/xcode -experimental-emit-module-separately -disable-cmo
SwiftDriver Runtime normal arm64 com.apple.xcode.tools.swift.compiler (in target 'Runtime' from project 'Runtime')
    cd /Users/admin/builder/spi-builder-workspace/.swiftpm/xcode
    builtin-SwiftDriver -- /Applications/Xcode-27.0.0-Release.Candidate.app/Contents/Developer/Toolchains/XcodeDefault.xctoolchain/usr/bin/swiftc -parse-as-library -module-name Runtime -Onone @/Users/admin/builder/spi-builder-workspace/.derivedData/Build/Intermediates.noindex/Runtime.build/Debug-watchos/Runtime-t.build/Objects-normal/arm64/Runtime.SwiftFileList -DSWIFT_PACKAGE -DDEBUG -DSWIFT_MODULE_RESOURCE_BUNDLE_UNAVAILABLE -Xcc -fmodule-map-file\=/Users/admin/builder/spi-builder-workspace/.dependencies/checkouts/CRuntime/Sources/CRuntime/module.modulemap -DXcode -plugin-path /Applications/Xcode-27.0.0-Release.Candidate.app/Contents/Developer/Toolchains/XcodeDefault.xctoolchain/usr/lib/swift/host/plugins/testing -enable-experimental-feature DebugDescriptionMacro -sdk /Applications/Xcode-27.0.0-Release.Candidate.app/Contents/Developer/Platforms/WatchOS.platform/Developer/SDKs/WatchOS27.0.sdk -target arm64-apple-watchos9.0 -g -module-cache-path /Users/admin/builder/spi-builder-workspace/.derivedData/ModuleCache.noindex -Xfrontend -serialize-debugging-options -profile-coverage-mapping -profile-generate -enable-testing -index-store-path /Users/admin/builder/spi-builder-workspace/.derivedData/Index.noindex/DataStore -Xcc -D_LIBCPP_HARDENING_MODE\=_LIBCPP_HARDENING_MODE_DEBUG -swift-version 5 -I /Users/admin/builder/spi-builder-workspace/.derivedData/Build/Products/Debug-watchos -Isystem /Applications/Xcode-27.0.0-Release.Candidate.app/Contents/Developer/Platforms/WatchOS.platform/Developer/usr/lib -F /Users/admin/builder/spi-builder-workspace/.derivedData/Build/Products/Debug-watchos -F /Applications/Xcode-27.0.0-Release.Candidate.app/Contents/Developer/Platforms/WatchOS.platform/Developer/Library/Frameworks -F /Applications/Xcode-27.0.0-Release.Candidate.app/Contents/Developer/Platforms/WatchOS.platform/Developer/SDKs/WatchOS27.0.sdk/Developer/Library/Frameworks -c -j10 -enable-batch-mode -incremental -Xcc -ivfsstatcache -Xcc /Users/admin/builder/spi-builder-workspace/.derivedData/SDKStatCaches.noindex/watchos27.0-24R360-e829b21a6f8c9b70876ba0858053c04477534ef55a1706bf4c1112bbb242f0a2.sdkstatcache -output-file-map /Users/admin/builder/spi-builder-workspace/.derivedData/Build/Intermediates.noindex/Runtime.build/Debug-watchos/Runtime-t.build/Objects-normal/arm64/Runtime-OutputFileMap.json -save-temps -no-color-diagnostics -explicit-module-build -module-cache-path /Users/admin/builder/spi-builder-workspace/.derivedData/Build/Intermediates.noindex/SwiftExplicitPrecompiledModules -clang-scanner-module-cache-path /Users/admin/builder/spi-builder-workspace/.derivedData/ModuleCache.noindex -sdk-module-cache-path /Users/admin/builder/spi-builder-workspace/.derivedData/SDKExplicitPrecompiledModules -emit-dependencies -emit-module -emit-module-path /Users/admin/builder/spi-builder-workspace/.derivedData/Build/Intermediates.noindex/Runtime.build/Debug-watchos/Runtime-t.build/Objects-normal/arm64/Runtime.swiftmodule -serialize-diagnostics -dependency-scan-serialize-diagnostics-path /Users/admin/builder/spi-builder-workspace/.derivedData/Build/Intermediates.noindex/Runtime.build/Debug-watchos/Runtime-t.build/Objects-normal/arm64/Runtime-dependency-scan.dia -validate-clang-modules-once -clang-build-session-file /Users/admin/builder/spi-builder-workspace/.derivedData/ModuleCache.noindex/Session.modulevalidation -Xcc -fmodules-prune-interval\=86400 -Xcc -fmodules-prune-after\=345600 -emit-const-values -const-gather-protocols-list /Users/admin/builder/spi-builder-workspace/.derivedData/Build/Intermediates.noindex/Runtime.build/Debug-watchos/Runtime-t.build/Objects-normal/arm64/Runtime_const_extract_protocols.json -Xcc -I/Users/admin/builder/spi-builder-workspace/.derivedData/Build/Products/Debug-watchos/include -Xcc -I/Users/admin/builder/spi-builder-workspace/.derivedData/Build/Intermediates.noindex/Runtime.build/Debug-watchos/Runtime-t.build/DerivedSources-normal/arm64 -Xcc -I/Users/admin/builder/spi-builder-workspace/.derivedData/Build/Intermediates.noindex/Runtime.build/Debug-watchos/Runtime-t.build/DerivedSources/arm64 -Xcc -I/Users/admin/builder/spi-builder-workspace/.derivedData/Build/Intermediates.noindex/Runtime.build/Debug-watchos/Runtime-t.build/DerivedSources -Xcc -DSWIFT_PACKAGE -Xcc -DDEBUG\=1 -emit-objc-header -emit-objc-header-path /Users/admin/builder/spi-builder-workspace/.derivedData/Build/Intermediates.noindex/Runtime.build/Debug-watchos/Runtime-t.build/Objects-normal/arm64/Runtime-Swift.h -working-directory /Users/admin/builder/spi-builder-workspace/.swiftpm/xcode -experimental-emit-module-separately -disable-cmo
SwiftExplicitDependencyGeneratePcm arm64 /Users/admin/builder/spi-builder-workspace/.derivedData/SDKExplicitPrecompiledModules/_SwiftConcurrencyShims-659N52XSKR5F0QSB880BH2FJR.pcm
SwiftExplicitDependencyGeneratePcm arm64 /Users/admin/builder/spi-builder-workspace/.derivedData/SDKExplicitPrecompiledModules/_AvailabilityInternal-BUNV3UXM65NT37THI4W1AM0SF.pcm
SwiftExplicitDependencyGeneratePcm arm64 /Users/admin/builder/spi-builder-workspace/.derivedData/SDKExplicitPrecompiledModules/SwiftShims-4MXFZPV6FEB0XBYXCGPWAMQGL.pcm
SwiftExplicitDependencyGeneratePcm arm64 /Users/admin/builder/spi-builder-workspace/.derivedData/SDKExplicitPrecompiledModules/_Builtin_float-C0CW5Q4HGBQYKE77TC42IAFB5.pcm
SwiftExplicitDependencyGeneratePcm arm64 /Users/admin/builder/spi-builder-workspace/.derivedData/SDKExplicitPrecompiledModules/_Builtin_stdbool-83J96QSOFE9VX04AAS6310UAE.pcm
SwiftExplicitDependencyGeneratePcm arm64 /Users/admin/builder/spi-builder-workspace/.derivedData/Build/Intermediates.noindex/SwiftExplicitPrecompiledModules/CRuntime-6Q2L0S2UFWBINRXCIN2W7YOS1.pcm
SwiftExplicitDependencyGeneratePcm arm64 /Users/admin/builder/spi-builder-workspace/.derivedData/SDKExplicitPrecompiledModules/ptrauth-3TZ9WJCGLYD25HQPWH4968ONX.pcm
SwiftExplicitDependencyGeneratePcm arm64_32 /Users/admin/builder/spi-builder-workspace/.derivedData/SDKExplicitPrecompiledModules/_SwiftConcurrencyShims-6RTBPQ03V7BM9SPRK8SUE055H.pcm
SwiftExplicitDependencyGeneratePcm arm64_32 /Users/admin/builder/spi-builder-workspace/.derivedData/SDKExplicitPrecompiledModules/_Builtin_stdarg-D305JG44A2WPI6CJY37X3QJE8.pcm
SwiftExplicitDependencyGeneratePcm arm64 /Users/admin/builder/spi-builder-workspace/.derivedData/SDKExplicitPrecompiledModules/_Builtin_stdarg-A7UU8LE6MP85SM26YO7PBZNUQ.pcm
SwiftExplicitDependencyGeneratePcm arm64_32 /Users/admin/builder/spi-builder-workspace/.derivedData/SDKExplicitPrecompiledModules/ptrauth-BFXF358ME5AK535N5A9Z766WU.pcm
SwiftExplicitDependencyGeneratePcm arm64_32 /Users/admin/builder/spi-builder-workspace/.derivedData/SDKExplicitPrecompiledModules/_Builtin_stddef-H44EFHQX6XSS5MZ7QP6YJZ76.pcm
SwiftExplicitDependencyGeneratePcm arm64_32 /Users/admin/builder/spi-builder-workspace/.derivedData/SDKExplicitPrecompiledModules/SwiftShims-9CQQGWTSNTN9EB5NSHDWUJICH.pcm
SwiftExplicitDependencyGeneratePcm arm64_32 /Users/admin/builder/spi-builder-workspace/.derivedData/SDKExplicitPrecompiledModules/_Builtin_stdbool-A967K8W8YUYEC9SN52KJ7OO88.pcm
SwiftExplicitDependencyGeneratePcm arm64_32 /Users/admin/builder/spi-builder-workspace/.derivedData/SDKExplicitPrecompiledModules/_Builtin_float-6KO8O3PEWRCA4WC6PPLOYO6WJ.pcm
SwiftExplicitDependencyGeneratePcm arm64_32 /Users/admin/builder/spi-builder-workspace/.derivedData/Build/Intermediates.noindex/SwiftExplicitPrecompiledModules/CRuntime-CLJFX8C2UH0JB4W2BMOP10LNB.pcm
SwiftExplicitDependencyGeneratePcm arm64_32 /Users/admin/builder/spi-builder-workspace/.derivedData/SDKExplicitPrecompiledModules/_AvailabilityInternal-244WAN3Z1QBT7PIA64EZEFY1R.pcm
SwiftExplicitDependencyGeneratePcm arm64 /Users/admin/builder/spi-builder-workspace/.derivedData/SDKExplicitPrecompiledModules/_Builtin_stddef-1FU30Y8SWFB7OUUHMJQH5J6FM.pcm
SwiftExplicitDependencyGeneratePcm arm64_32 /Users/admin/builder/spi-builder-workspace/.derivedData/SDKExplicitPrecompiledModules/ptrcheck-7ELIH9BTIGVKX3UBITM9N72WD.pcm
SwiftExplicitDependencyGeneratePcm arm64 /Users/admin/builder/spi-builder-workspace/.derivedData/SDKExplicitPrecompiledModules/ptrcheck-AIF0NDOYZ8ORBNHQAQR5NNB8M.pcm
SwiftExplicitDependencyGeneratePcm arm64 /Users/admin/builder/spi-builder-workspace/.derivedData/SDKExplicitPrecompiledModules/_DarwinFoundation1-7SPX3MD0HMP55E4OLNCPNDQ53.pcm
SwiftExplicitDependencyGeneratePcm arm64_32 /Users/admin/builder/spi-builder-workspace/.derivedData/SDKExplicitPrecompiledModules/_DarwinFoundation1-2GWF9RFMPLQW4PDHS3NARVI3G.pcm
SwiftExplicitDependencyGeneratePcm arm64_32 /Users/admin/builder/spi-builder-workspace/.derivedData/SDKExplicitPrecompiledModules/_DarwinFoundation2-9MY8GOSYRO0M9MKNXF6D3MBNK.pcm
SwiftExplicitDependencyGeneratePcm arm64_32 /Users/admin/builder/spi-builder-workspace/.derivedData/SDKExplicitPrecompiledModules/_Builtin_limits-3VKBU2AFTD65PAJZ5CJ3LHFM2.pcm
SwiftExplicitDependencyGeneratePcm arm64 /Users/admin/builder/spi-builder-workspace/.derivedData/SDKExplicitPrecompiledModules/_DarwinFoundation2-D0XAPJU49S5E9XMKYOFGSTB1Q.pcm
SwiftExplicitDependencyGeneratePcm arm64 /Users/admin/builder/spi-builder-workspace/.derivedData/SDKExplicitPrecompiledModules/_Builtin_limits-9GWPA2B0H20DYUNYHYCWKABJG.pcm
SwiftExplicitDependencyGeneratePcm arm64_32 /Users/admin/builder/spi-builder-workspace/.derivedData/SDKExplicitPrecompiledModules/string_h-BFVLUQUSBZWYMLCU9QI7VZALW.pcm
SwiftExplicitDependencyGeneratePcm arm64_32 /Users/admin/builder/spi-builder-workspace/.derivedData/SDKExplicitPrecompiledModules/_Builtin_stdint-1HMXWI3V0V4TXHRWZOMZGZ80Y.pcm
SwiftExplicitDependencyGeneratePcm arm64_32 /Users/admin/builder/spi-builder-workspace/.derivedData/SDKExplicitPrecompiledModules/sys_types-8TLLMW08ZJWDGIIPKOYFGHHZW.pcm
SwiftExplicitDependencyGeneratePcm arm64 /Users/admin/builder/spi-builder-workspace/.derivedData/SDKExplicitPrecompiledModules/_Builtin_stdint-8XMILLJZEGRN2XG7XZUXZ5RLX.pcm
SwiftExplicitDependencyGeneratePcm arm64 /Users/admin/builder/spi-builder-workspace/.derivedData/SDKExplicitPrecompiledModules/sys_types-2KXQLI78OUCDP779AE68GZJ2.pcm
SwiftExplicitDependencyGeneratePcm arm64 /Users/admin/builder/spi-builder-workspace/.derivedData/SDKExplicitPrecompiledModules/string_h-E6PRXK75PHIPCZFWOFCQ3QBMK.pcm
SwiftExplicitDependencyGeneratePcm arm64_32 /Users/admin/builder/spi-builder-workspace/.derivedData/SDKExplicitPrecompiledModules/_DarwinFoundation3-3DUTYQDQSD9HUAAVY947NMWOI.pcm
SwiftExplicitDependencyGeneratePcm arm64 /Users/admin/builder/spi-builder-workspace/.derivedData/SDKExplicitPrecompiledModules/_DarwinFoundation3-B97LRG0E9GON2NUE65TVG81HU.pcm
SwiftExplicitDependencyGeneratePcm arm64_32 /Users/admin/builder/spi-builder-workspace/.derivedData/SDKExplicitPrecompiledModules/_Builtin_inttypes-D2KPCR4PEX9AQA33NGLUT5SBR.pcm
SwiftExplicitDependencyGeneratePcm arm64 /Users/admin/builder/spi-builder-workspace/.derivedData/SDKExplicitPrecompiledModules/_Builtin_inttypes-3UQSCM7WNM9EK4HZML8TY5J3D.pcm
SwiftExplicitDependencyGeneratePcm arm64_32 /Users/admin/builder/spi-builder-workspace/.derivedData/SDKExplicitPrecompiledModules/Darwin-3FVT1SKLN2ZQ5RVOABMTQBB34.pcm
SwiftExplicitDependencyGeneratePcm arm64 /Users/admin/builder/spi-builder-workspace/.derivedData/SDKExplicitPrecompiledModules/Darwin-3984OXKFNSPE77NT743WK8SEX.pcm
SwiftExplicitDependencyGeneratePcm arm64_32 /Users/admin/builder/spi-builder-workspace/.derivedData/SDKExplicitPrecompiledModules/ObjectiveC-6IJNELR2E80E7LUKESVCP2KET.pcm
SwiftExplicitDependencyGeneratePcm arm64 /Users/admin/builder/spi-builder-workspace/.derivedData/SDKExplicitPrecompiledModules/ObjectiveC-72IVD3VS2RS8Q28D9PIMY0KQP.pcm
SwiftExplicitDependencyGeneratePcm arm64_32 /Users/admin/builder/spi-builder-workspace/.derivedData/SDKExplicitPrecompiledModules/os_object-5YWTC6L4756IWSTPGXS5NM0D0.pcm
SwiftExplicitDependencyGeneratePcm arm64 /Users/admin/builder/spi-builder-workspace/.derivedData/SDKExplicitPrecompiledModules/os_object-3SDKD7F87FTZ26OON37DRYT6O.pcm
SwiftExplicitDependencyGeneratePcm arm64_32 /Users/admin/builder/spi-builder-workspace/.derivedData/SDKExplicitPrecompiledModules/os_workgroup-5JHTPDMNBUNHLJI8LPHKQK1JK.pcm
SwiftExplicitDependencyGeneratePcm arm64 /Users/admin/builder/spi-builder-workspace/.derivedData/SDKExplicitPrecompiledModules/os_workgroup-89GG5G7YC2D0ZTK6AZXXQ20DH.pcm
SwiftExplicitDependencyGeneratePcm arm64_32 /Users/admin/builder/spi-builder-workspace/.derivedData/SDKExplicitPrecompiledModules/Dispatch-2P62F1T4XV63S4P99TUDTOK2Q.pcm
SwiftExplicitDependencyGeneratePcm arm64 /Users/admin/builder/spi-builder-workspace/.derivedData/SDKExplicitPrecompiledModules/Dispatch-1NLJOVAK60XP0DUB05XA59EIM.pcm
SwiftExplicitDependencyGeneratePcm arm64 /Users/admin/builder/spi-builder-workspace/.derivedData/SDKExplicitPrecompiledModules/CoreFoundation-8T2L24YC5NU7WO6WQJWRY7W08.pcm
SwiftExplicitDependencyGeneratePcm arm64 /Users/admin/builder/spi-builder-workspace/.derivedData/SDKExplicitPrecompiledModules/XPC-40DR0X1DHKGCV4J1IOLFS8MOU.pcm
SwiftExplicitDependencyGeneratePcm arm64_32 /Users/admin/builder/spi-builder-workspace/.derivedData/SDKExplicitPrecompiledModules/XPC-81Y45QFY96XYYFCW2GT6FY8S4.pcm
SwiftExplicitDependencyGeneratePcm arm64_32 /Users/admin/builder/spi-builder-workspace/.derivedData/SDKExplicitPrecompiledModules/CoreFoundation-8E6Y4BA3EXYKUGJ24GT9LGV3N.pcm
SwiftExplicitDependencyGeneratePcm arm64_32 /Users/admin/builder/spi-builder-workspace/.derivedData/SDKExplicitPrecompiledModules/Security-D7TOWF88VWF67TB9HAFP5UWB1.pcm
SwiftExplicitDependencyGeneratePcm arm64 /Users/admin/builder/spi-builder-workspace/.derivedData/SDKExplicitPrecompiledModules/Security-6RZ6YBRU8WCUHRFFRVUK5WKMM.pcm
SwiftExplicitDependencyGeneratePcm arm64 /Users/admin/builder/spi-builder-workspace/.derivedData/SDKExplicitPrecompiledModules/Foundation-DLBKUSGXN8QHAT8W0OARR9S8A.pcm
SwiftExplicitDependencyGeneratePcm arm64_32 /Users/admin/builder/spi-builder-workspace/.derivedData/SDKExplicitPrecompiledModules/Foundation-BJ2VQGI3OGR34500MEQ1VKHPH.pcm
SwiftEmitModule normal arm64 Emitting\ module\ for\ Runtime (in target 'Runtime' from project 'Runtime')
SwiftCompile normal arm64 (in target 'Runtime' from project 'Runtime')
    cd /Users/admin/builder/spi-builder-workspace/.swiftpm/xcode

SwiftCompile normal arm64 Compiling\ PropertyInfo.swift,\ TypeInfo.swift,\ TypeInfoConvertible.swift,\ Pointers.swift /Users/admin/builder/spi-builder-workspace/Sources/Runtime/Models/PropertyInfo.swift /Users/admin/builder/spi-builder-workspace/Sources/Runtime/Models/TypeInfo.swift /Users/admin/builder/spi-builder-workspace/Sources/Runtime/Models/TypeInfoConvertible.swift /Users/admin/builder/spi-builder-workspace/Sources/Runtime/Pointers/Pointers.swift (in target 'Runtime' from project 'Runtime')
SwiftCompile normal arm64 /Users/admin/builder/spi-builder-workspace/Sources/Runtime/Models/PropertyInfo.swift (in target 'Runtime' from project 'Runtime')
    cd /Users/admin/builder/spi-builder-workspace/.swiftpm/xcode
    builtin-SwiftPerFileCompile PropertyInfo.swift
SwiftCompile normal arm64 /Users/admin/builder/spi-builder-workspace/Sources/Runtime/Models/TypeInfo.swift (in target 'Runtime' from project 'Runtime')
    cd /Users/admin/builder/spi-builder-workspace/.swiftpm/xcode
    builtin-SwiftPerFileCompile TypeInfo.swift
SwiftCompile normal arm64 /Users/admin/builder/spi-builder-workspace/Sources/Runtime/Models/TypeInfoConvertible.swift (in target 'Runtime' from project 'Runtime')
    cd /Users/admin/builder/spi-builder-workspace/.swiftpm/xcode
    builtin-SwiftPerFileCompile TypeInfoConvertible.swift
SwiftCompile normal arm64 /Users/admin/builder/spi-builder-workspace/Sources/Runtime/Pointers/Pointers.swift (in target 'Runtime' from project 'Runtime')
    cd /Users/admin/builder/spi-builder-workspace/.swiftpm/xcode
    builtin-SwiftPerFileCompile Pointers.swift
SwiftCompile normal arm64 Compiling\ GettersSetters.swift,\ Pointer+Extensions.swift,\ RetainCounts.swift,\ String+Extensions.swift /Users/admin/builder/spi-builder-workspace/Sources/Runtime/Utilities/GettersSetters.swift /Users/admin/builder/spi-builder-workspace/Sources/Runtime/Utilities/Pointer+Extensions.swift /Users/admin/builder/spi-builder-workspace/Sources/Runtime/Utilities/RetainCounts.swift /Users/admin/builder/spi-builder-workspace/Sources/Runtime/Utilities/String+Extensions.swift (in target 'Runtime' from project 'Runtime')
SwiftCompile normal arm64 /Users/admin/builder/spi-builder-workspace/Sources/Runtime/Utilities/GettersSetters.swift (in target 'Runtime' from project 'Runtime')
    cd /Users/admin/builder/spi-builder-workspace/.swiftpm/xcode
    builtin-SwiftPerFileCompile GettersSetters.swift
SwiftCompile normal arm64 /Users/admin/builder/spi-builder-workspace/Sources/Runtime/Utilities/Pointer+Extensions.swift (in target 'Runtime' from project 'Runtime')
    cd /Users/admin/builder/spi-builder-workspace/.swiftpm/xcode
    builtin-SwiftPerFileCompile Pointer+Extensions.swift
SwiftCompile normal arm64 /Users/admin/builder/spi-builder-workspace/Sources/Runtime/Utilities/RetainCounts.swift (in target 'Runtime' from project 'Runtime')
    cd /Users/admin/builder/spi-builder-workspace/.swiftpm/xcode
    builtin-SwiftPerFileCompile RetainCounts.swift
SwiftCompile normal arm64 /Users/admin/builder/spi-builder-workspace/Sources/Runtime/Utilities/String+Extensions.swift (in target 'Runtime' from project 'Runtime')
    cd /Users/admin/builder/spi-builder-workspace/.swiftpm/xcode
    builtin-SwiftPerFileCompile String+Extensions.swift
SwiftCompile normal arm64 Compiling\ Case.swift,\ Errors.swift,\ FunctionInfo.swift,\ Kind.swift /Users/admin/builder/spi-builder-workspace/Sources/Runtime/Models/Case.swift /Users/admin/builder/spi-builder-workspace/Sources/Runtime/Models/Errors.swift /Users/admin/builder/spi-builder-workspace/Sources/Runtime/Models/FunctionInfo.swift /Users/admin/builder/spi-builder-workspace/Sources/Runtime/Models/Kind.swift (in target 'Runtime' from project 'Runtime')
SwiftCompile normal arm64 /Users/admin/builder/spi-builder-workspace/Sources/Runtime/Models/Case.swift (in target 'Runtime' from project 'Runtime')
    cd /Users/admin/builder/spi-builder-workspace/.swiftpm/xcode
    builtin-SwiftPerFileCompile Case.swift
SwiftCompile normal arm64 /Users/admin/builder/spi-builder-workspace/Sources/Runtime/Models/Errors.swift (in target 'Runtime' from project 'Runtime')
    cd /Users/admin/builder/spi-builder-workspace/.swiftpm/xcode
    builtin-SwiftPerFileCompile Errors.swift
SwiftCompile normal arm64 /Users/admin/builder/spi-builder-workspace/Sources/Runtime/Models/FunctionInfo.swift (in target 'Runtime' from project 'Runtime')
    cd /Users/admin/builder/spi-builder-workspace/.swiftpm/xcode
    builtin-SwiftPerFileCompile FunctionInfo.swift
SwiftCompile normal arm64 /Users/admin/builder/spi-builder-workspace/Sources/Runtime/Models/Kind.swift (in target 'Runtime' from project 'Runtime')
    cd /Users/admin/builder/spi-builder-workspace/.swiftpm/xcode
    builtin-SwiftPerFileCompile Kind.swift
SwiftCompile normal arm64 Compiling\ RelativePointer.swift,\ RelativeVectorPointer.swift,\ Union.swift,\ Vector.swift /Users/admin/builder/spi-builder-workspace/Sources/Runtime/Pointers/RelativePointer.swift /Users/admin/builder/spi-builder-workspace/Sources/Runtime/Pointers/RelativeVectorPointer.swift /Users/admin/builder/spi-builder-workspace/Sources/Runtime/Pointers/Union.swift /Users/admin/builder/spi-builder-workspace/Sources/Runtime/Pointers/Vector.swift (in target 'Runtime' from project 'Runtime')
SwiftCompile normal arm64 /Users/admin/builder/spi-builder-workspace/Sources/Runtime/Pointers/RelativePointer.swift (in target 'Runtime' from project 'Runtime')
    cd /Users/admin/builder/spi-builder-workspace/.swiftpm/xcode
    builtin-SwiftPerFileCompile RelativePointer.swift
SwiftCompile normal arm64 /Users/admin/builder/spi-builder-workspace/Sources/Runtime/Pointers/RelativeVectorPointer.swift (in target 'Runtime' from project 'Runtime')
    cd /Users/admin/builder/spi-builder-workspace/.swiftpm/xcode
    builtin-SwiftPerFileCompile RelativeVectorPointer.swift
SwiftCompile normal arm64 /Users/admin/builder/spi-builder-workspace/Sources/Runtime/Pointers/Union.swift (in target 'Runtime' from project 'Runtime')
    cd /Users/admin/builder/spi-builder-workspace/.swiftpm/xcode
    builtin-SwiftPerFileCompile Union.swift
SwiftCompile normal arm64 /Users/admin/builder/spi-builder-workspace/Sources/Runtime/Pointers/Vector.swift (in target 'Runtime' from project 'Runtime')
    cd /Users/admin/builder/spi-builder-workspace/.swiftpm/xcode
    builtin-SwiftPerFileCompile Vector.swift
SwiftCompile normal arm64 Compiling\ DefaultValue.swift,\ Factory.swift,\ ClassHeader.swift,\ ClassMetadataLayout.swift,\ ClassTypeDescriptor.swift /Users/admin/builder/spi-builder-workspace/Sources/Runtime/Factory/DefaultValue.swift /Users/admin/builder/spi-builder-workspace/Sources/Runtime/Factory/Factory.swift /Users/admin/builder/spi-builder-workspace/Sources/Runtime/Layouts/ClassHeader.swift /Users/admin/builder/spi-builder-workspace/Sources/Runtime/Layouts/ClassMetadataLayout.swift /Users/admin/builder/spi-builder-workspace/Sources/Runtime/Layouts/ClassTypeDescriptor.swift (in target 'Runtime' from project 'Runtime')
Call parameter type does not match function signature!
i64 32
 i32  %79 = call noalias ptr @swift_allocObject(ptr getelementptr inbounds (%swift.full_boxmetadata, ptr @metadata, i32 0, i32 2), i64 32, i64 7) #3, !dbg !369
<unknown>:0: error: fatal error encountered during compilation; please submit a bug report (https://swift.org/contributing/#reporting-bugs)
<unknown>:0: note: Broken module found, compilation aborted!
Please submit a bug report (https://swift.org/contributing/#reporting-bugs) and include the crash backtrace.
Stack dump:
0.	Program arguments: /Applications/Xcode-27.0.0-Release.Candidate.app/Contents/Developer/Toolchains/XcodeDefault.xctoolchain/usr/bin/swift-frontend -frontend -c -primary-file /Users/admin/builder/spi-builder-workspace/Sources/Runtime/Factory/DefaultValue.swift -primary-file /Users/admin/builder/spi-builder-workspace/Sources/Runtime/Factory/Factory.swift -primary-file /Users/admin/builder/spi-builder-workspace/Sources/Runtime/Layouts/ClassHeader.swift -primary-file /Users/admin/builder/spi-builder-workspace/Sources/Runtime/Layouts/ClassMetadataLayout.swift -primary-file /Users/admin/builder/spi-builder-workspace/Sources/Runtime/Layouts/ClassTypeDescriptor.swift /Users/admin/builder/spi-builder-workspace/Sources/Runtime/Layouts/EnumMetadataLayout.swift /Users/admin/builder/spi-builder-workspace/Sources/Runtime/Layouts/EnumTypeDescriptor.swift /Users/admin/builder/spi-builder-workspace/Sources/Runtime/Layouts/ExistentialContainter.swift /Users/admin/builder/spi-builder-workspace/Sources/Runtime/Layouts/FieldDescriptor.swift /Users/admin/builder/spi-builder-workspace/Sources/Runtime/Layouts/FunctionMetadataLayout.swift /Users/admin/builder/spi-builder-workspace/Sources/Runtime/Layouts/MetadataLayoutType.swift /Users/admin/builder/spi-builder-workspace/Sources/Runtime/Layouts/ProtocolDescriptor.swift /Users/admin/builder/spi-builder-workspace/Sources/Runtime/Layouts/ProtocolMetadataLayout.swift /Users/admin/builder/spi-builder-workspace/Sources/Runtime/Layouts/ProtocolTypeContainer.swift /Users/admin/builder/spi-builder-workspace/Sources/Runtime/Layouts/StructMetadataLayout.swift /Users/admin/builder/spi-builder-workspace/Sources/Runtime/Layouts/StructTypeDescriptor.swift /Users/admin/builder/spi-builder-workspace/Sources/Runtime/Layouts/TargetTypeGenericContextDescriptorHeader.swift /Users/admin/builder/spi-builder-workspace/Sources/Runtime/Layouts/TupleMetadataLayout.swift /Users/admin/builder/spi-builder-workspace/Sources/Runtime/Layouts/TypeDescriptor.swift /Users/admin/builder/spi-builder-workspace/Sources/Runtime/Layouts/ValueWitnessTable.swift /Users/admin/builder/spi-builder-workspace/Sources/Runtime/Metadata/ClassMetadata.swift /Users/admin/builder/spi-builder-workspace/Sources/Runtime/Metadata/EnumMetadata.swift /Users/admin/builder/spi-builder-workspace/Sources/Runtime/Metadata/FuntionMetadata.swift /Users/admin/builder/spi-builder-workspace/Sources/Runtime/Metadata/Metadata.swift /Users/admin/builder/spi-builder-workspace/Sources/Runtime/Metadata/MetadataType.swift /Users/admin/builder/spi-builder-workspace/Sources/Runtime/Metadata/NominalMetadataType.swift /Users/admin/builder/spi-builder-workspace/Sources/Runtime/Metadata/ProtocolMetadata.swift /Users/admin/builder/spi-builder-workspace/Sources/Runtime/Metadata/StructMetadata.swift /Users/admin/builder/spi-builder-workspace/Sources/Runtime/Metadata/TupleMetadata.swift /Users/admin/builder/spi-builder-workspace/Sources/Runtime/Models/Case.swift /Users/admin/builder/spi-builder-workspace/Sources/Runtime/Models/Errors.swift /Users/admin/builder/spi-builder-workspace/Sources/Runtime/Models/FunctionInfo.swift /Users/admin/builder/spi-builder-workspace/Sources/Runtime/Models/Kind.swift /Users/admin/builder/spi-builder-workspace/Sources/Runtime/Models/PropertyInfo.swift /Users/admin/builder/spi-builder-workspace/Sources/Runtime/Models/TypeInfo.swift /Users/admin/builder/spi-builder-workspace/Sources/Runtime/Models/TypeInfoConvertible.swift /Users/admin/builder/spi-builder-workspace/Sources/Runtime/Pointers/Pointers.swift /Users/admin/builder/spi-builder-workspace/Sources/Runtime/Pointers/RelativePointer.swift /Users/admin/builder/spi-builder-workspace/Sources/Runtime/Pointers/RelativeVectorPointer.swift /Users/admin/builder/spi-builder-workspace/Sources/Runtime/Pointers/Union.swift /Users/admin/builder/spi-builder-workspace/Sources/Runtime/Pointers/Vector.swift /Users/admin/builder/spi-builder-workspace/Sources/Runtime/Utilities/GettersSetters.swift /Users/admin/builder/spi-builder-workspace/Sources/Runtime/Utilities/Pointer+Extensions.swift /Users/admin/builder/spi-builder-workspace/Sources/Runtime/Utilities/RetainCounts.swift /Users/admin/builder/spi-builder-workspace/Sources/Runtime/Utilities/String+Extensions.swift -supplementary-output-file-map /Users/admin/builder/spi-builder-workspace/.derivedData/Build/Intermediates.noindex/Runtime.build/Debug-watchos/Runtime-t.build/Objects-normal/arm64/supplementaryOutputs-2 -target arm64-apple-watchos9.0 -disable-cross-import-overlay-search -load-resolved-plugin /Applications/Xcode-27.0.0-Release.Candidate.app/Contents/Developer/Platforms/WatchOS.platform/Developer/usr/lib/swift/host/plugins/libFoundationMacros.dylib#/Applications/Xcode-27.0.0-Release.Candidate.app/Contents/Developer/Platforms/WatchOS.platform/Developer/usr/bin/swift-plugin-server#FoundationMacros -load-resolved-plugin /Applications/Xcode-27.0.0-Release.Candidate.app/Contents/Developer/Platforms/WatchOS.platform/Developer/usr/lib/swift/host/plugins/libObservationMacros.dylib#/Applications/Xcode-27.0.0-Release.Candidate.app/Contents/Developer/Platforms/WatchOS.platform/Developer/usr/bin/swift-plugin-server#ObservationMacros -load-resolved-plugin /Applications/Xcode-27.0.0-Release.Candidate.app/Contents/Developer/Platforms/WatchOS.platform/Developer/usr/lib/swift/host/plugins/libSwiftMacros.dylib#/Applications/Xcode-27.0.0-Release.Candidate.app/Contents/Developer/Platforms/WatchOS.platform/Developer/usr/bin/swift-plugin-server#SwiftMacros -disable-implicit-swift-modules -Xcc -fno-implicit-modules -Xcc -fno-implicit-module-maps -explicit-swift-module-map-file /Users/admin/builder/spi-builder-workspace/.derivedData/Build/Intermediates.noindex/Runtime.build/Debug-watchos/Runtime-t.build/Objects-normal/arm64/Runtime-dependencies-1.json -Xllvm -aarch64-use-tbi -enable-objc-interop -stack-check -sdk /Applications/Xcode-27.0.0-Release.Candidate.app/Contents/Developer/Platforms/WatchOS.platform/Developer/SDKs/WatchOS27.0.sdk -I /Users/admin/builder/spi-builder-workspace/.derivedData/Build/Products/Debug-watchos -Isystem /Applications/Xcode-27.0.0-Release.Candidate.app/Contents/Developer/Platforms/WatchOS.platform/Developer/usr/lib -F /Users/admin/builder/spi-builder-workspace/.derivedData/Build/Products/Debug-watchos -F /Applications/Xcode-27.0.0-Release.Candidate.app/Contents/Developer/Platforms/WatchOS.platform/Developer/Library/Frameworks -F /Applications/Xcode-27.0.0-Release.Candidate.app/Contents/Developer/Platforms/WatchOS.platform/Developer/SDKs/WatchOS27.0.sdk/Developer/Library/Frameworks -module-cache-path /Users/admin/builder/spi-builder-workspace/.derivedData/Build/Intermediates.noindex/SwiftExplicitPrecompiledModules -no-color-diagnostics -Xcc -fno-color-diagnostics -enable-testing -g -debug-info-format=dwarf -dwarf-version=4 -profile-generate -profile-coverage-mapping -swift-version 5 -Onone -D SWIFT_PACKAGE -D DEBUG -D SWIFT_MODULE_RESOURCE_BUNDLE_UNAVAILABLE -D Xcode -serialize-debugging-options -enable-experimental-feature DebugDescriptionMacro -empty-abi-descriptor -validate-clang-modules-once -clang-build-session-file /Users/admin/builder/spi-builder-workspace/.derivedData/ModuleCache.noindex/Session.modulevalidation -Xcc -working-directory -Xcc /Users/admin/builder/spi-builder-workspace/.swiftpm/xcode -enable-anonymous-context-mangled-names -file-compilation-dir /Users/admin/builder/spi-builder-workspace/.swiftpm/xcode -Xcc -fmodule-map-file=/Users/admin/builder/spi-builder-workspace/.dependencies/checkouts/CRuntime/Sources/CRuntime/module.modulemap -Xcc -D_LIBCPP_HARDENING_MODE=_LIBCPP_HARDENING_MODE_DEBUG -Xcc -ivfsstatcache -Xcc /Users/admin/builder/spi-builder-workspace/.derivedData/SDKStatCaches.noindex/watchos27.0-24R360-e829b21a6f8c9b70876ba0858053c04477534ef55a1706bf4c1112bbb242f0a2.sdkstatcache -Xcc -fmodules-prune-interval=86400 -Xcc -fmodules-prune-after=345600 -Xcc -I/Users/admin/builder/spi-builder-workspace/.derivedData/Build/Products/Debug-watchos/include -Xcc -I/Users/admin/builder/spi-builder-workspace/.derivedData/Build/Intermediates.noindex/Runtime.build/Debug-watchos/Runtime-t.build/DerivedSources-normal/arm64 -Xcc -I/Users/admin/builder/spi-builder-workspace/.derivedData/Build/Intermediates.noindex/Runtime.build/Debug-watchos/Runtime-t.build/DerivedSources/arm64 -Xcc -I/Users/admin/builder/spi-builder-workspace/.derivedData/Build/Intermediates.noindex/Runtime.build/Debug-watchos/Runtime-t.build/DerivedSources -Xcc -DSWIFT_PACKAGE -Xcc -DDEBUG=1 -no-auto-bridging-header-chaining -module-name Runtime -const-gather-protocols-file /Users/admin/builder/spi-builder-workspace/.derivedData/Build/Intermediates.noindex/Runtime.build/Debug-watchos/Runtime-t.build/Objects-normal/arm64/Runtime_const_extract_protocols.json -disable-clang-spi -clang-target arm64-apple-watchos27.0 -target-sdk-version 27.0 -target-sdk-name watchos27.0 -in-process-plugin-server-path /Applications/Xcode-27.0.0-Release.Candidate.app/Contents/Developer/Toolchains/XcodeDefault.xctoolchain/usr/lib/swift/host/libSwiftInProcPluginServer.dylib -parse-as-library -o /Users/admin/builder/spi-builder-workspace/.derivedData/Build/Intermediates.noindex/Runtime.build/Debug-watchos/Runtime-t.build/Objects-normal/arm64/DefaultValue.o -o /Users/admin/builder/spi-builder-workspace/.derivedData/Build/Intermediates.noindex/Runtime.build/Debug-watchos/Runtime-t.build/Objects-normal/arm64/Factory.o -o /Users/admin/builder/spi-builder-workspace/.derivedData/Build/Intermediates.noindex/Runtime.build/Debug-watchos/Runtime-t.build/Objects-normal/arm64/ClassHeader.o -o /Users/admin/builder/spi-builder-workspace/.derivedData/Build/Intermediates.noindex/Runtime.build/Debug-watchos/Runtime-t.build/Objects-normal/arm64/ClassMetadataLayout.o -o /Users/admin/builder/spi-builder-workspace/.derivedData/Build/Intermediates.noindex/Runtime.build/Debug-watchos/Runtime-t.build/Objects-normal/arm64/ClassTypeDescriptor.o -debug-module-path /Users/admin/builder/spi-builder-workspace/.derivedData/Build/Intermediates.noindex/Runtime.build/Debug-watchos/Runtime-t.build/Objects-normal/arm64/Runtime.swiftmodule -index-unit-output-path /Runtime.build/Debug-watchos/Runtime-t.build/Objects-normal/arm64/DefaultValue.o -index-unit-output-path /Runtime.build/Debug-watchos/Runtime-t.build/Objects-normal/arm64/Factory.o -index-unit-output-path /Runtime.build/Debug-watchos/Runtime-t.build/Objects-normal/arm64/ClassHeader.o -index-unit-output-path /Runtime.build/Debug-watchos/Runtime-t.build/Objects-normal/arm64/ClassMetadataLayout.o -index-unit-output-path /Runtime.build/Debug-watchos/Runtime-t.build/Objects-normal/arm64/ClassTypeDescriptor.o -index-store-path /Users/admin/builder/spi-builder-workspace/.derivedData/Index.noindex/DataStore -index-system-modules
1.	Apple Swift version 6.4 (swiftlang-6.4.0.34.1 clang-2100.3.34.1)
2.	Compiling with effective version 5.10
3.	Running pass "verify" on module "/Users/admin/builder/spi-builder-workspace/.derivedData/Build/Intermediates.noindex/Runtime.build/Debug-watchos/Runtime-t.build/Objects-normal/arm64/Factory.o"
Stack dump without symbol names (ensure you have llvm-symbolizer in your PATH or set the environment var `LLVM_SYMBOLIZER_PATH` to point to it):
0  swift-frontend           0x00000001077dfbd0 llvm::sys::PrintStackTrace(llvm::raw_ostream&, int) + 56
1  swift-frontend           0x00000001077dd358 llvm::sys::RunSignalHandlers() + 172
2  swift-frontend           0x00000001077e01c8 SignalHandler(int, __siginfo*, void*) + 360
3  libsystem_platform.dylib 0x0000000183019744 _sigtramp + 56
4  libsystem_pthread.dylib  0x000000018300f8d8 pthread_kill + 296
5  libsystem_c.dylib        0x0000000182f15978 abort + 148
6  swift-frontend           0x000000010170cff8 swift::DiagnosticHelper::~DiagnosticHelper() + 0
7  swift-frontend           0x000000010774e460 llvm::report_fatal_error(llvm::Twine const&, bool) + 292
8  swift-frontend           0x000000010774e33c llvm::report_fatal_error(llvm::Twine const&, bool) + 0
9  swift-frontend           0x000000010196ea60 llvm::detail::PassModel<llvm::Module, llvm::VerifierPass, llvm::AnalysisManager<llvm::Module>>::printPipeline(llvm::raw_ostream&, llvm::function_ref<llvm::StringRef (llvm::StringRef)>) + 0
10 swift-frontend           0x00000001075527b4 llvm::PassManager<llvm::Module, llvm::AnalysisManager<llvm::Module>>::run(llvm::Module&, llvm::AnalysisManager<llvm::Module>&) + 708
11 swift-frontend           0x0000000101961334 swift::performLLVMOptimizations(swift::IRGenOptions const&, swift::DiagnosticEngine&, llvm::sys::SmartMutex<false>*, llvm::Module*, llvm::TargetMachine*, llvm::IntrusiveRefCntPtr<llvm::vfs::FileSystem>, llvm::raw_pwrite_stream*) + 6556
12 swift-frontend           0x000000010196328c swift::performLLVM(swift::IRGenOptions const&, swift::DiagnosticEngine&, llvm::sys::SmartMutex<false>*, llvm::GlobalVariable*, llvm::Module*, llvm::TargetMachine*, llvm::IntrusiveRefCntPtr<llvm::vfs::FileSystem>, llvm::StringRef, llvm::vfs::OutputBackend&, swift::UnifiedStatsReporter*) + 3496
13 swift-frontend           0x00000001012f8264 generateCode(swift::CompilerInstance&, llvm::StringRef, llvm::Module*, llvm::GlobalVariable*) + 492
14 swift-frontend           0x00000001012f0e38 performCompileStepsPostSILGen(swift::CompilerInstance&, std::__1::unique_ptr<swift::SILModule, std::__1::default_delete<swift::SILModule>>, llvm::PointerUnion<swift::ModuleDecl*, swift::SourceFile*>, swift::PrimarySpecificPaths const&, int&, swift::FrontendObserver*, llvm::ArrayRef<char const*>, llvm::ArrayRef<swift::PrimarySpecificPaths>) + 3080
15 swift-frontend           0x00000001012ef248 swift::performCompileStepsPostSema(swift::CompilerInstance&, int&, swift::FrontendObserver*, llvm::ArrayRef<char const*>) + 992
16 swift-frontend           0x00000001012f4c0c performCompile(swift::CompilerInstance&, int&, swift::FrontendObserver*, llvm::ArrayRef<char const*>) + 1312
17 swift-frontend           0x00000001012f1dc4 swift::performFrontend(llvm::ArrayRef<char const*>, char const*, void*, swift::FrontendObserver*) + 3776
18 swift-frontend           0x0000000101271008 swift::mainEntry(int, char const**) + 5600
19 dyld                     0x0000000182c444e4 start + 6992
Failed frontend command:
/Applications/Xcode-27.0.0-Release.Candidate.app/Contents/Developer/Toolchains/XcodeDefault.xctoolchain/usr/bin/swift-frontend -frontend -c -primary-file /Users/admin/builder/spi-builder-workspace/Sources/Runtime/Factory/DefaultValue.swift -primary-file /Users/admin/builder/spi-builder-workspace/Sources/Runtime/Factory/Factory.swift -primary-file /Users/admin/builder/spi-builder-workspace/Sources/Runtime/Layouts/ClassHeader.swift -primary-file /Users/admin/builder/spi-builder-workspace/Sources/Runtime/Layouts/ClassMetadataLayout.swift -primary-file /Users/admin/builder/spi-builder-workspace/Sources/Runtime/Layouts/ClassTypeDescriptor.swift /Users/admin/builder/spi-builder-workspace/Sources/Runtime/Layouts/EnumMetadataLayout.swift /Users/admin/builder/spi-builder-workspace/Sources/Runtime/Layouts/EnumTypeDescriptor.swift /Users/admin/builder/spi-builder-workspace/Sources/Runtime/Layouts/ExistentialContainter.swift /Users/admin/builder/spi-builder-workspace/Sources/Runtime/Layouts/FieldDescriptor.swift /Users/admin/builder/spi-builder-workspace/Sources/Runtime/Layouts/FunctionMetadataLayout.swift /Users/admin/builder/spi-builder-workspace/Sources/Runtime/Layouts/MetadataLayoutType.swift /Users/admin/builder/spi-builder-workspace/Sources/Runtime/Layouts/ProtocolDescriptor.swift /Users/admin/builder/spi-builder-workspace/Sources/Runtime/Layouts/ProtocolMetadataLayout.swift /Users/admin/builder/spi-builder-workspace/Sources/Runtime/Layouts/ProtocolTypeContainer.swift /Users/admin/builder/spi-builder-workspace/Sources/Runtime/Layouts/StructMetadataLayout.swift /Users/admin/builder/spi-builder-workspace/Sources/Runtime/Layouts/StructTypeDescriptor.swift /Users/admin/builder/spi-builder-workspace/Sources/Runtime/Layouts/TargetTypeGenericContextDescriptorHeader.swift /Users/admin/builder/spi-builder-workspace/Sources/Runtime/Layouts/TupleMetadataLayout.swift /Users/admin/builder/spi-builder-workspace/Sources/Runtime/Layouts/TypeDescriptor.swift /Users/admin/builder/spi-builder-workspace/Sources/Runtime/Layouts/ValueWitnessTable.swift /Users/admin/builder/spi-builder-workspace/Sources/Runtime/Metadata/ClassMetadata.swift /Users/admin/builder/spi-builder-workspace/Sources/Runtime/Metadata/EnumMetadata.swift /Users/admin/builder/spi-builder-workspace/Sources/Runtime/Metadata/FuntionMetadata.swift /Users/admin/builder/spi-builder-workspace/Sources/Runtime/Metadata/Metadata.swift /Users/admin/builder/spi-builder-workspace/Sources/Runtime/Metadata/MetadataType.swift /Users/admin/builder/spi-builder-workspace/Sources/Runtime/Metadata/NominalMetadataType.swift /Users/admin/builder/spi-builder-workspace/Sources/Runtime/Metadata/ProtocolMetadata.swift /Users/admin/builder/spi-builder-workspace/Sources/Runtime/Metadata/StructMetadata.swift /Users/admin/builder/spi-builder-workspace/Sources/Runtime/Metadata/TupleMetadata.swift /Users/admin/builder/spi-builder-workspace/Sources/Runtime/Models/Case.swift /Users/admin/builder/spi-builder-workspace/Sources/Runtime/Models/Errors.swift /Users/admin/builder/spi-builder-workspace/Sources/Runtime/Models/FunctionInfo.swift /Users/admin/builder/spi-builder-workspace/Sources/Runtime/Models/Kind.swift /Users/admin/builder/spi-builder-workspace/Sources/Runtime/Models/PropertyInfo.swift /Users/admin/builder/spi-builder-workspace/Sources/Runtime/Models/TypeInfo.swift /Users/admin/builder/spi-builder-workspace/Sources/Runtime/Models/TypeInfoConvertible.swift /Users/admin/builder/spi-builder-workspace/Sources/Runtime/Pointers/Pointers.swift /Users/admin/builder/spi-builder-workspace/Sources/Runtime/Pointers/RelativePointer.swift /Users/admin/builder/spi-builder-workspace/Sources/Runtime/Pointers/RelativeVectorPointer.swift /Users/admin/builder/spi-builder-workspace/Sources/Runtime/Pointers/Union.swift /Users/admin/builder/spi-builder-workspace/Sources/Runtime/Pointers/Vector.swift /Users/admin/builder/spi-builder-workspace/Sources/Runtime/Utilities/GettersSetters.swift /Users/admin/builder/spi-builder-workspace/Sources/Runtime/Utilities/Pointer+Extensions.swift /Users/admin/builder/spi-builder-workspace/Sources/Runtime/Utilities/RetainCounts.swift /Users/admin/builder/spi-builder-workspace/Sources/Runtime/Utilities/String+Extensions.swift -supplementary-output-file-map /Users/admin/builder/spi-builder-workspace/.derivedData/Build/Intermediates.noindex/Runtime.build/Debug-watchos/Runtime-t.build/Objects-normal/arm64/supplementaryOutputs-2 -target arm64-apple-watchos9.0 -disable-cross-import-overlay-search -load-resolved-plugin /Applications/Xcode-27.0.0-Release.Candidate.app/Contents/Developer/Platforms/WatchOS.platform/Developer/usr/lib/swift/host/plugins/libFoundationMacros.dylib\#/Applications/Xcode-27.0.0-Release.Candidate.app/Contents/Developer/Platforms/WatchOS.platform/Developer/usr/bin/swift-plugin-server\#FoundationMacros -load-resolved-plugin /Applications/Xcode-27.0.0-Release.Candidate.app/Contents/Developer/Platforms/WatchOS.platform/Developer/usr/lib/swift/host/plugins/libObservationMacros.dylib\#/Applications/Xcode-27.0.0-Release.Candidate.app/Contents/Developer/Platforms/WatchOS.platform/Developer/usr/bin/swift-plugin-server\#ObservationMacros -load-resolved-plugin /Applications/Xcode-27.0.0-Release.Candidate.app/Contents/Developer/Platforms/WatchOS.platform/Developer/usr/lib/swift/host/plugins/libSwiftMacros.dylib\#/Applications/Xcode-27.0.0-Release.Candidate.app/Contents/Developer/Platforms/WatchOS.platform/Developer/usr/bin/swift-plugin-server\#SwiftMacros -disable-implicit-swift-modules -Xcc -fno-implicit-modules -Xcc -fno-implicit-module-maps -explicit-swift-module-map-file /Users/admin/builder/spi-builder-workspace/.derivedData/Build/Intermediates.noindex/Runtime.build/Debug-watchos/Runtime-t.build/Objects-normal/arm64/Runtime-dependencies-1.json -Xllvm -aarch64-use-tbi -enable-objc-interop -stack-check -sdk /Applications/Xcode-27.0.0-Release.Candidate.app/Contents/Developer/Platforms/WatchOS.platform/Developer/SDKs/WatchOS27.0.sdk -I /Users/admin/builder/spi-builder-workspace/.derivedData/Build/Products/Debug-watchos -Isystem /Applications/Xcode-27.0.0-Release.Candidate.app/Contents/Developer/Platforms/WatchOS.platform/Developer/usr/lib -F /Users/admin/builder/spi-builder-workspace/.derivedData/Build/Products/Debug-watchos -F /Applications/Xcode-27.0.0-Release.Candidate.app/Contents/Developer/Platforms/WatchOS.platform/Developer/Library/Frameworks -F /Applications/Xcode-27.0.0-Release.Candidate.app/Contents/Developer/Platforms/WatchOS.platform/Developer/SDKs/WatchOS27.0.sdk/Developer/Library/Frameworks -module-cache-path /Users/admin/builder/spi-builder-workspace/.derivedData/Build/Intermediates.noindex/SwiftExplicitPrecompiledModules -no-color-diagnostics -Xcc -fno-color-diagnostics -enable-testing -g -debug-info-format\=dwarf -dwarf-version\=4 -profile-generate -profile-coverage-mapping -swift-version 5 -Onone -D SWIFT_PACKAGE -D DEBUG -D SWIFT_MODULE_RESOURCE_BUNDLE_UNAVAILABLE -D Xcode -serialize-debugging-options -enable-experimental-feature DebugDescriptionMacro -empty-abi-descriptor -validate-clang-modules-once -clang-build-session-file /Users/admin/builder/spi-builder-workspace/.derivedData/ModuleCache.noindex/Session.modulevalidation -Xcc -working-directory -Xcc /Users/admin/builder/spi-builder-workspace/.swiftpm/xcode -enable-anonymous-context-mangled-names -file-compilation-dir /Users/admin/builder/spi-builder-workspace/.swiftpm/xcode -Xcc -fmodule-map-file\=/Users/admin/builder/spi-builder-workspace/.dependencies/checkouts/CRuntime/Sources/CRuntime/module.modulemap -Xcc -D_LIBCPP_HARDENING_MODE\=_LIBCPP_HARDENING_MODE_DEBUG -Xcc -ivfsstatcache -Xcc /Users/admin/builder/spi-builder-workspace/.derivedData/SDKStatCaches.noindex/watchos27.0-24R360-e829b21a6f8c9b70876ba0858053c04477534ef55a1706bf4c1112bbb242f0a2.sdkstatcache -Xcc -fmodules-prune-interval\=86400 -Xcc -fmodules-prune-after\=345600 -Xcc -I/Users/admin/builder/spi-builder-workspace/.derivedData/Build/Products/Debug-watchos/include -Xcc -I/Users/admin/builder/spi-builder-workspace/.derivedData/Build/Intermediates.noindex/Runtime.build/Debug-watchos/Runtime-t.build/DerivedSources-normal/arm64 -Xcc -I/Users/admin/builder/spi-builder-workspace/.derivedData/Build/Intermediates.noindex/Runtime.build/Debug-watchos/Runtime-t.build/DerivedSources/arm64 -Xcc -I/Users/admin/builder/spi-builder-workspace/.derivedData/Build/Intermediates.noindex/Runtime.build/Debug-watchos/Runtime-t.build/DerivedSources -Xcc -DSWIFT_PACKAGE -Xcc -DDEBUG\=1 -no-auto-bridging-header-chaining -module-name Runtime -const-gather-protocols-file /Users/admin/builder/spi-builder-workspace/.derivedData/Build/Intermediates.noindex/Runtime.build/Debug-watchos/Runtime-t.build/Objects-normal/arm64/Runtime_const_extract_protocols.json -disable-clang-spi -clang-target arm64-apple-watchos27.0 -target-sdk-version 27.0 -target-sdk-name watchos27.0 -in-process-plugin-server-path /Applications/Xcode-27.0.0-Release.Candidate.app/Contents/Developer/Toolchains/XcodeDefault.xctoolchain/usr/lib/swift/host/libSwiftInProcPluginServer.dylib -parse-as-library -o /Users/admin/builder/spi-builder-workspace/.derivedData/Build/Intermediates.noindex/Runtime.build/Debug-watchos/Runtime-t.build/Objects-normal/arm64/DefaultValue.o -o /Users/admin/builder/spi-builder-workspace/.derivedData/Build/Intermediates.noindex/Runtime.build/Debug-watchos/Runtime-t.build/Objects-normal/arm64/Factory.o -o /Users/admin/builder/spi-builder-workspace/.derivedData/Build/Intermediates.noindex/Runtime.build/Debug-watchos/Runtime-t.build/Objects-normal/arm64/ClassHeader.o -o /Users/admin/builder/spi-builder-workspace/.derivedData/Build/Intermediates.noindex/Runtime.build/Debug-watchos/Runtime-t.build/Objects-normal/arm64/ClassMetadataLayout.o -o /Users/admin/builder/spi-builder-workspace/.derivedData/Build/Intermediates.noindex/Runtime.build/Debug-watchos/Runtime-t.build/Objects-normal/arm64/ClassTypeDescriptor.o -debug-module-path /Users/admin/builder/spi-builder-workspace/.derivedData/Build/Intermediates.noindex/Runtime.build/Debug-watchos/Runtime-t.build/Objects-normal/arm64/Runtime.swiftmodule -index-unit-output-path /Runtime.build/Debug-watchos/Runtime-t.build/Objects-normal/arm64/DefaultValue.o -index-unit-output-path /Runtime.build/Debug-watchos/Runtime-t.build/Objects-normal/arm64/Factory.o -index-unit-output-path /Runtime.build/Debug-watchos/Runtime-t.build/Objects-normal/arm64/ClassHeader.o -index-unit-output-path /Runtime.build/Debug-watchos/Runtime-t.build/Objects-normal/arm64/ClassMetadataLayout.o -index-unit-output-path /Runtime.build/Debug-watchos/Runtime-t.build/Objects-normal/arm64/ClassTypeDescriptor.o -index-store-path /Users/admin/builder/spi-builder-workspace/.derivedData/Index.noindex/DataStore -index-system-modules
Command SwiftCompile failed with a nonzero exit code
SwiftCompile normal arm64 /Users/admin/builder/spi-builder-workspace/Sources/Runtime/Factory/DefaultValue.swift (in target 'Runtime' from project 'Runtime')
    cd /Users/admin/builder/spi-builder-workspace/.swiftpm/xcode
    builtin-SwiftPerFileCompile DefaultValue.swift
/Users/admin/builder/spi-builder-workspace/.derivedData/Build/Intermediates.noindex/Runtime.build/Debug-watchos/Runtime-t.build/Objects-normal/arm64/DefaultValue.dia:1:1: warning: Could not read serialized diagnostics file: Error Domain=NSCocoaErrorDomain Code=260 "The file “DefaultValue.dia” couldn’t be opened because there is no such file." UserInfo={NSFilePath=/Users/admin/builder/spi-builder-workspace/.derivedData/Build/Intermediates.noindex/Runtime.build/Debug-watchos/Runtime-t.build/Objects-normal/arm64/DefaultValue.dia, NSURL=file:///Users/admin/builder/spi-builder-workspace/.derivedData/Build/Intermediates.noindex/Runtime.build/Debug-watchos/Runtime-t.build/Objects-normal/arm64/DefaultValue.dia, NSUnderlyingError=0xc60e510e0 {Error Domain=NSPOSIXErrorDomain Code=2 "No such file or directory"}} (in target 'Runtime' from project 'Runtime')
SwiftCompile normal arm64 /Users/admin/builder/spi-builder-workspace/Sources/Runtime/Factory/Factory.swift (in target 'Runtime' from project 'Runtime')
    cd /Users/admin/builder/spi-builder-workspace/.swiftpm/xcode
    builtin-SwiftPerFileCompile Factory.swift
/Users/admin/builder/spi-builder-workspace/.derivedData/Build/Intermediates.noindex/Runtime.build/Debug-watchos/Runtime-t.build/Objects-normal/arm64/Factory.dia:1:1: warning: Could not read serialized diagnostics file: Error Domain=NSCocoaErrorDomain Code=260 "The file “Factory.dia” couldn’t be opened because there is no such file." UserInfo={NSFilePath=/Users/admin/builder/spi-builder-workspace/.derivedData/Build/Intermediates.noindex/Runtime.build/Debug-watchos/Runtime-t.build/Objects-normal/arm64/Factory.dia, NSURL=file:///Users/admin/builder/spi-builder-workspace/.derivedData/Build/Intermediates.noindex/Runtime.build/Debug-watchos/Runtime-t.build/Objects-normal/arm64/Factory.dia, NSUnderlyingError=0xc60e52460 {Error Domain=NSPOSIXErrorDomain Code=2 "No such file or directory"}} (in target 'Runtime' from project 'Runtime')
SwiftCompile normal arm64 /Users/admin/builder/spi-builder-workspace/Sources/Runtime/Layouts/ClassHeader.swift (in target 'Runtime' from project 'Runtime')
    cd /Users/admin/builder/spi-builder-workspace/.swiftpm/xcode
    builtin-SwiftPerFileCompile ClassHeader.swift
/Users/admin/builder/spi-builder-workspace/.derivedData/Build/Intermediates.noindex/Runtime.build/Debug-watchos/Runtime-t.build/Objects-normal/arm64/ClassHeader.dia:1:1: warning: Could not read serialized diagnostics file: Error Domain=NSCocoaErrorDomain Code=260 "The file “ClassHeader.dia” couldn’t be opened because there is no such file." UserInfo={NSFilePath=/Users/admin/builder/spi-builder-workspace/.derivedData/Build/Intermediates.noindex/Runtime.build/Debug-watchos/Runtime-t.build/Objects-normal/arm64/ClassHeader.dia, NSURL=file:///Users/admin/builder/spi-builder-workspace/.derivedData/Build/Intermediates.noindex/Runtime.build/Debug-watchos/Runtime-t.build/Objects-normal/arm64/ClassHeader.dia, NSUnderlyingError=0xc60e52a90 {Error Domain=NSPOSIXErrorDomain Code=2 "No such file or directory"}} (in target 'Runtime' from project 'Runtime')
SwiftCompile normal arm64 /Users/admin/builder/spi-builder-workspace/Sources/Runtime/Layouts/ClassMetadataLayout.swift (in target 'Runtime' from project 'Runtime')
    cd /Users/admin/builder/spi-builder-workspace/.swiftpm/xcode
    builtin-SwiftPerFileCompile ClassMetadataLayout.swift
/Users/admin/builder/spi-builder-workspace/.derivedData/Build/Intermediates.noindex/Runtime.build/Debug-watchos/Runtime-t.build/Objects-normal/arm64/ClassMetadataLayout.dia:1:1: warning: Could not read serialized diagnostics file: Error Domain=NSCocoaErrorDomain Code=260 "The file “ClassMetadataLayout.dia” couldn’t be opened because there is no such file." UserInfo={NSFilePath=/Users/admin/builder/spi-builder-workspace/.derivedData/Build/Intermediates.noindex/Runtime.build/Debug-watchos/Runtime-t.build/Objects-normal/arm64/ClassMetadataLayout.dia, NSURL=file:///Users/admin/builder/spi-builder-workspace/.derivedData/Build/Intermediates.noindex/Runtime.build/Debug-watchos/Runtime-t.build/Objects-normal/arm64/ClassMetadataLayout.dia, NSUnderlyingError=0xc60e52730 {Error Domain=NSPOSIXErrorDomain Code=2 "No such file or directory"}} (in target 'Runtime' from project 'Runtime')
SwiftCompile normal arm64 /Users/admin/builder/spi-builder-workspace/Sources/Runtime/Layouts/ClassTypeDescriptor.swift (in target 'Runtime' from project 'Runtime')
    cd /Users/admin/builder/spi-builder-workspace/.swiftpm/xcode
    builtin-SwiftPerFileCompile ClassTypeDescriptor.swift
/Users/admin/builder/spi-builder-workspace/.derivedData/Build/Intermediates.noindex/Runtime.build/Debug-watchos/Runtime-t.build/Objects-normal/arm64/ClassTypeDescriptor.dia:1:1: warning: Could not read serialized diagnostics file: Error Domain=NSCocoaErrorDomain Code=260 "The file “ClassTypeDescriptor.dia” couldn’t be opened because there is no such file." UserInfo={NSFilePath=/Users/admin/builder/spi-builder-workspace/.derivedData/Build/Intermediates.noindex/Runtime.build/Debug-watchos/Runtime-t.build/Objects-normal/arm64/ClassTypeDescriptor.dia, NSURL=file:///Users/admin/builder/spi-builder-workspace/.derivedData/Build/Intermediates.noindex/Runtime.build/Debug-watchos/Runtime-t.build/Objects-normal/arm64/ClassTypeDescriptor.dia, NSUnderlyingError=0xc60e53000 {Error Domain=NSPOSIXErrorDomain Code=2 "No such file or directory"}} (in target 'Runtime' from project 'Runtime')
SwiftCompile normal arm64 Compiling\ ClassMetadata.swift,\ EnumMetadata.swift,\ FuntionMetadata.swift,\ Metadata.swift,\ MetadataType.swift /Users/admin/builder/spi-builder-workspace/Sources/Runtime/Metadata/ClassMetadata.swift /Users/admin/builder/spi-builder-workspace/Sources/Runtime/Metadata/EnumMetadata.swift /Users/admin/builder/spi-builder-workspace/Sources/Runtime/Metadata/FuntionMetadata.swift /Users/admin/builder/spi-builder-workspace/Sources/Runtime/Metadata/Metadata.swift /Users/admin/builder/spi-builder-workspace/Sources/Runtime/Metadata/MetadataType.swift (in target 'Runtime' from project 'Runtime')
SwiftCompile normal arm64 /Users/admin/builder/spi-builder-workspace/Sources/Runtime/Metadata/ClassMetadata.swift (in target 'Runtime' from project 'Runtime')
    cd /Users/admin/builder/spi-builder-workspace/.swiftpm/xcode
    builtin-SwiftPerFileCompile ClassMetadata.swift
SwiftCompile normal arm64 /Users/admin/builder/spi-builder-workspace/Sources/Runtime/Metadata/EnumMetadata.swift (in target 'Runtime' from project 'Runtime')
    cd /Users/admin/builder/spi-builder-workspace/.swiftpm/xcode
    builtin-SwiftPerFileCompile EnumMetadata.swift
SwiftCompile normal arm64 /Users/admin/builder/spi-builder-workspace/Sources/Runtime/Metadata/FuntionMetadata.swift (in target 'Runtime' from project 'Runtime')
    cd /Users/admin/builder/spi-builder-workspace/.swiftpm/xcode
    builtin-SwiftPerFileCompile FuntionMetadata.swift
SwiftCompile normal arm64 /Users/admin/builder/spi-builder-workspace/Sources/Runtime/Metadata/Metadata.swift (in target 'Runtime' from project 'Runtime')
    cd /Users/admin/builder/spi-builder-workspace/.swiftpm/xcode
    builtin-SwiftPerFileCompile Metadata.swift
SwiftCompile normal arm64 /Users/admin/builder/spi-builder-workspace/Sources/Runtime/Metadata/MetadataType.swift (in target 'Runtime' from project 'Runtime')
    cd /Users/admin/builder/spi-builder-workspace/.swiftpm/xcode
    builtin-SwiftPerFileCompile MetadataType.swift
SwiftCompile normal arm64 Compiling\ MetadataLayoutType.swift,\ ProtocolDescriptor.swift,\ ProtocolMetadataLayout.swift,\ ProtocolTypeContainer.swift,\ StructMetadataLayout.swift /Users/admin/builder/spi-builder-workspace/Sources/Runtime/Layouts/MetadataLayoutType.swift /Users/admin/builder/spi-builder-workspace/Sources/Runtime/Layouts/ProtocolDescriptor.swift /Users/admin/builder/spi-builder-workspace/Sources/Runtime/Layouts/ProtocolMetadataLayout.swift /Users/admin/builder/spi-builder-workspace/Sources/Runtime/Layouts/ProtocolTypeContainer.swift /Users/admin/builder/spi-builder-workspace/Sources/Runtime/Layouts/StructMetadataLayout.swift (in target 'Runtime' from project 'Runtime')
SwiftCompile normal arm64 /Users/admin/builder/spi-builder-workspace/Sources/Runtime/Layouts/MetadataLayoutType.swift (in target 'Runtime' from project 'Runtime')
    cd /Users/admin/builder/spi-builder-workspace/.swiftpm/xcode
    builtin-SwiftPerFileCompile MetadataLayoutType.swift
SwiftCompile normal arm64 /Users/admin/builder/spi-builder-workspace/Sources/Runtime/Layouts/ProtocolDescriptor.swift (in target 'Runtime' from project 'Runtime')
    cd /Users/admin/builder/spi-builder-workspace/.swiftpm/xcode
    builtin-SwiftPerFileCompile ProtocolDescriptor.swift
SwiftCompile normal arm64 /Users/admin/builder/spi-builder-workspace/Sources/Runtime/Layouts/ProtocolMetadataLayout.swift (in target 'Runtime' from project 'Runtime')
    cd /Users/admin/builder/spi-builder-workspace/.swiftpm/xcode
    builtin-SwiftPerFileCompile ProtocolMetadataLayout.swift
SwiftCompile normal arm64 /Users/admin/builder/spi-builder-workspace/Sources/Runtime/Layouts/ProtocolTypeContainer.swift (in target 'Runtime' from project 'Runtime')
    cd /Users/admin/builder/spi-builder-workspace/.swiftpm/xcode
    builtin-SwiftPerFileCompile ProtocolTypeContainer.swift
SwiftCompile normal arm64 /Users/admin/builder/spi-builder-workspace/Sources/Runtime/Layouts/StructMetadataLayout.swift (in target 'Runtime' from project 'Runtime')
    cd /Users/admin/builder/spi-builder-workspace/.swiftpm/xcode
    builtin-SwiftPerFileCompile StructMetadataLayout.swift
SwiftCompile normal arm64 Compiling\ StructTypeDescriptor.swift,\ TargetTypeGenericContextDescriptorHeader.swift,\ TupleMetadataLayout.swift,\ TypeDescriptor.swift,\ ValueWitnessTable.swift /Users/admin/builder/spi-builder-workspace/Sources/Runtime/Layouts/StructTypeDescriptor.swift /Users/admin/builder/spi-builder-workspace/Sources/Runtime/Layouts/TargetTypeGenericContextDescriptorHeader.swift /Users/admin/builder/spi-builder-workspace/Sources/Runtime/Layouts/TupleMetadataLayout.swift /Users/admin/builder/spi-builder-workspace/Sources/Runtime/Layouts/TypeDescriptor.swift /Users/admin/builder/spi-builder-workspace/Sources/Runtime/Layouts/ValueWitnessTable.swift (in target 'Runtime' from project 'Runtime')
SwiftCompile normal arm64 /Users/admin/builder/spi-builder-workspace/Sources/Runtime/Layouts/StructTypeDescriptor.swift (in target 'Runtime' from project 'Runtime')
    cd /Users/admin/builder/spi-builder-workspace/.swiftpm/xcode
    builtin-SwiftPerFileCompile StructTypeDescriptor.swift
SwiftCompile normal arm64 /Users/admin/builder/spi-builder-workspace/Sources/Runtime/Layouts/TargetTypeGenericContextDescriptorHeader.swift (in target 'Runtime' from project 'Runtime')
    cd /Users/admin/builder/spi-builder-workspace/.swiftpm/xcode
    builtin-SwiftPerFileCompile TargetTypeGenericContextDescriptorHeader.swift
SwiftCompile normal arm64 /Users/admin/builder/spi-builder-workspace/Sources/Runtime/Layouts/TupleMetadataLayout.swift (in target 'Runtime' from project 'Runtime')
    cd /Users/admin/builder/spi-builder-workspace/.swiftpm/xcode
    builtin-SwiftPerFileCompile TupleMetadataLayout.swift
SwiftCompile normal arm64 /Users/admin/builder/spi-builder-workspace/Sources/Runtime/Layouts/TypeDescriptor.swift (in target 'Runtime' from project 'Runtime')
    cd /Users/admin/builder/spi-builder-workspace/.swiftpm/xcode
    builtin-SwiftPerFileCompile TypeDescriptor.swift
SwiftCompile normal arm64 /Users/admin/builder/spi-builder-workspace/Sources/Runtime/Layouts/ValueWitnessTable.swift (in target 'Runtime' from project 'Runtime')
    cd /Users/admin/builder/spi-builder-workspace/.swiftpm/xcode
    builtin-SwiftPerFileCompile ValueWitnessTable.swift
SwiftCompile normal arm64 Compiling\ NominalMetadataType.swift,\ ProtocolMetadata.swift,\ StructMetadata.swift,\ TupleMetadata.swift /Users/admin/builder/spi-builder-workspace/Sources/Runtime/Metadata/NominalMetadataType.swift /Users/admin/builder/spi-builder-workspace/Sources/Runtime/Metadata/ProtocolMetadata.swift /Users/admin/builder/spi-builder-workspace/Sources/Runtime/Metadata/StructMetadata.swift /Users/admin/builder/spi-builder-workspace/Sources/Runtime/Metadata/TupleMetadata.swift (in target 'Runtime' from project 'Runtime')
SwiftCompile normal arm64 /Users/admin/builder/spi-builder-workspace/Sources/Runtime/Metadata/NominalMetadataType.swift (in target 'Runtime' from project 'Runtime')
    cd /Users/admin/builder/spi-builder-workspace/.swiftpm/xcode
    builtin-SwiftPerFileCompile NominalMetadataType.swift
SwiftCompile normal arm64 /Users/admin/builder/spi-builder-workspace/Sources/Runtime/Metadata/ProtocolMetadata.swift (in target 'Runtime' from project 'Runtime')
    cd /Users/admin/builder/spi-builder-workspace/.swiftpm/xcode
    builtin-SwiftPerFileCompile ProtocolMetadata.swift
SwiftCompile normal arm64 /Users/admin/builder/spi-builder-workspace/Sources/Runtime/Metadata/StructMetadata.swift (in target 'Runtime' from project 'Runtime')
    cd /Users/admin/builder/spi-builder-workspace/.swiftpm/xcode
    builtin-SwiftPerFileCompile StructMetadata.swift
SwiftCompile normal arm64 /Users/admin/builder/spi-builder-workspace/Sources/Runtime/Metadata/TupleMetadata.swift (in target 'Runtime' from project 'Runtime')
    cd /Users/admin/builder/spi-builder-workspace/.swiftpm/xcode
    builtin-SwiftPerFileCompile TupleMetadata.swift
SwiftEmitModule normal arm64_32 Emitting\ module\ for\ Runtime (in target 'Runtime' from project 'Runtime')
SwiftCompile normal arm64_32 (in target 'Runtime' from project 'Runtime')
    cd /Users/admin/builder/spi-builder-workspace/.swiftpm/xcode

SwiftDriverJobDiscovery normal arm64 Emitting module for Runtime (in target 'Runtime' from project 'Runtime')
SwiftDriver\ Compilation\ Requirements Runtime normal arm64 com.apple.xcode.tools.swift.compiler (in target 'Runtime' from project 'Runtime')
    cd /Users/admin/builder/spi-builder-workspace/.swiftpm/xcode
    builtin-Swift-Compilation-Requirements -- /Applications/Xcode-27.0.0-Release.Candidate.app/Contents/Developer/Toolchains/XcodeDefault.xctoolchain/usr/bin/swiftc -parse-as-library -module-name Runtime -Onone @/Users/admin/builder/spi-builder-workspace/.derivedData/Build/Intermediates.noindex/Runtime.build/Debug-watchos/Runtime-t.build/Objects-normal/arm64/Runtime.SwiftFileList -DSWIFT_PACKAGE -DDEBUG -DSWIFT_MODULE_RESOURCE_BUNDLE_UNAVAILABLE -Xcc -fmodule-map-file\=/Users/admin/builder/spi-builder-workspace/.dependencies/checkouts/CRuntime/Sources/CRuntime/module.modulemap -DXcode -plugin-path /Applications/Xcode-27.0.0-Release.Candidate.app/Contents/Developer/Toolchains/XcodeDefault.xctoolchain/usr/lib/swift/host/plugins/testing -enable-experimental-feature DebugDescriptionMacro -sdk /Applications/Xcode-27.0.0-Release.Candidate.app/Contents/Developer/Platforms/WatchOS.platform/Developer/SDKs/WatchOS27.0.sdk -target arm64-apple-watchos9.0 -g -module-cache-path /Users/admin/builder/spi-builder-workspace/.derivedData/ModuleCache.noindex -Xfrontend -serialize-debugging-options -profile-coverage-mapping -profile-generate -enable-testing -index-store-path /Users/admin/builder/spi-builder-workspace/.derivedData/Index.noindex/DataStore -Xcc -D_LIBCPP_HARDENING_MODE\=_LIBCPP_HARDENING_MODE_DEBUG -swift-version 5 -I /Users/admin/builder/spi-builder-workspace/.derivedData/Build/Products/Debug-watchos -Isystem /Applications/Xcode-27.0.0-Release.Candidate.app/Contents/Developer/Platforms/WatchOS.platform/Developer/usr/lib -F /Users/admin/builder/spi-builder-workspace/.derivedData/Build/Products/Debug-watchos -F /Applications/Xcode-27.0.0-Release.Candidate.app/Contents/Developer/Platforms/WatchOS.platform/Developer/Library/Frameworks -F /Applications/Xcode-27.0.0-Release.Candidate.app/Contents/Developer/Platforms/WatchOS.platform/Developer/SDKs/WatchOS27.0.sdk/Developer/Library/Frameworks -c -j10 -enable-batch-mode -incremental -Xcc -ivfsstatcache -Xcc /Users/admin/builder/spi-builder-workspace/.derivedData/SDKStatCaches.noindex/watchos27.0-24R360-e829b21a6f8c9b70876ba0858053c04477534ef55a1706bf4c1112bbb242f0a2.sdkstatcache -output-file-map /Users/admin/builder/spi-builder-workspace/.derivedData/Build/Intermediates.noindex/Runtime.build/Debug-watchos/Runtime-t.build/Objects-normal/arm64/Runtime-OutputFileMap.json -save-temps -no-color-diagnostics -explicit-module-build -module-cache-path /Users/admin/builder/spi-builder-workspace/.derivedData/Build/Intermediates.noindex/SwiftExplicitPrecompiledModules -clang-scanner-module-cache-path /Users/admin/builder/spi-builder-workspace/.derivedData/ModuleCache.noindex -sdk-module-cache-path /Users/admin/builder/spi-builder-workspace/.derivedData/SDKExplicitPrecompiledModules -emit-dependencies -emit-module -emit-module-path /Users/admin/builder/spi-builder-workspace/.derivedData/Build/Intermediates.noindex/Runtime.build/Debug-watchos/Runtime-t.build/Objects-normal/arm64/Runtime.swiftmodule -serialize-diagnostics -dependency-scan-serialize-diagnostics-path /Users/admin/builder/spi-builder-workspace/.derivedData/Build/Intermediates.noindex/Runtime.build/Debug-watchos/Runtime-t.build/Objects-normal/arm64/Runtime-dependency-scan.dia -validate-clang-modules-once -clang-build-session-file /Users/admin/builder/spi-builder-workspace/.derivedData/ModuleCache.noindex/Session.modulevalidation -Xcc -fmodules-prune-interval\=86400 -Xcc -fmodules-prune-after\=345600 -emit-const-values -const-gather-protocols-list /Users/admin/builder/spi-builder-workspace/.derivedData/Build/Intermediates.noindex/Runtime.build/Debug-watchos/Runtime-t.build/Objects-normal/arm64/Runtime_const_extract_protocols.json -Xcc -I/Users/admin/builder/spi-builder-workspace/.derivedData/Build/Products/Debug-watchos/include -Xcc -I/Users/admin/builder/spi-builder-workspace/.derivedData/Build/Intermediates.noindex/Runtime.build/Debug-watchos/Runtime-t.build/DerivedSources-normal/arm64 -Xcc -I/Users/admin/builder/spi-builder-workspace/.derivedData/Build/Intermediates.noindex/Runtime.build/Debug-watchos/Runtime-t.build/DerivedSources/arm64 -Xcc -I/Users/admin/builder/spi-builder-workspace/.derivedData/Build/Intermediates.noindex/Runtime.build/Debug-watchos/Runtime-t.build/DerivedSources -Xcc -DSWIFT_PACKAGE -Xcc -DDEBUG\=1 -emit-objc-header -emit-objc-header-path /Users/admin/builder/spi-builder-workspace/.derivedData/Build/Intermediates.noindex/Runtime.build/Debug-watchos/Runtime-t.build/Objects-normal/arm64/Runtime-Swift.h -working-directory /Users/admin/builder/spi-builder-workspace/.swiftpm/xcode -experimental-emit-module-separately -disable-cmo
PruneExplicitPrecompiledModules /Users/admin/builder/spi-builder-workspace/.derivedData/Build/Intermediates.noindex/ExplicitPrecompiledModules
PruneExplicitPrecompiledModules /Users/admin/builder/spi-builder-workspace/.derivedData/Build/Intermediates.noindex/SwiftExplicitPrecompiledModules
PruneExplicitPrecompiledModules /Users/admin/builder/spi-builder-workspace/.derivedData/SDKExplicitPrecompiledModules
2026-09-20 00:22:36.433 xcodebuild[689:4455] [MT] IDERunDestination: Supported platforms for the buildables in the current scheme is empty.
** BUILD FAILED **
The following build commands failed:
	SwiftCompile normal arm64 Compiling\ DefaultValue.swift,\ Factory.swift,\ ClassHeader.swift,\ ClassMetadataLayout.swift,\ ClassTypeDescriptor.swift /Users/admin/builder/spi-builder-workspace/Sources/Runtime/Factory/DefaultValue.swift /Users/admin/builder/spi-builder-workspace/Sources/Runtime/Factory/Factory.swift /Users/admin/builder/spi-builder-workspace/Sources/Runtime/Layouts/ClassHeader.swift /Users/admin/builder/spi-builder-workspace/Sources/Runtime/Layouts/ClassMetadataLayout.swift /Users/admin/builder/spi-builder-workspace/Sources/Runtime/Layouts/ClassTypeDescriptor.swift (in target 'Runtime' from project 'Runtime')
	Building workspace Runtime with scheme Runtime
(2 failures)
Command line invocation:
    /Applications/Xcode-27.0.0-Release.Candidate.app/Contents/Developer/usr/bin/xcodebuild -IDEClonedSourcePackagesDirPathOverride=/Users/admin/builder/spi-builder-workspace/.dependencies -resolvePackageDependencies
Resolve Package Graph
Resolved source packages:
  CRuntime: https://github.com/wickwirew/CRuntime.git @ 2.1.2
  Runtime: /Users/admin/builder/spi-builder-workspace
resolved source packages: CRuntime, Runtime
2026-09-20 00:22:41.519 xcodebuild[777:4874] [MT] IDERunDestination: Supported platforms for the buildables in the current scheme is empty.
{
  "dependencies" : [
    {
      "identity" : "cruntime",
      "requirement" : {
        "range" : [
          {
            "lower_bound" : "2.1.2",
            "upper_bound" : "3.0.0"
          }
        ]
      },
      "type" : "sourceControl",
      "url" : "https://github.com/wickwirew/CRuntime.git"
    }
  ],
  "manifest_display_name" : "Runtime",
  "name" : "Runtime",
  "path" : "/Users/admin/builder/spi-builder-workspace",
  "platforms" : [
  ],
  "products" : [
    {
      "name" : "Runtime",
      "targets" : [
        "Runtime"
      ],
      "type" : {
        "library" : [
          "automatic"
        ]
      }
    }
  ],
  "swift_languages_versions" : [
    "5"
  ],
  "targets" : [
    {
      "c99name" : "RuntimeTests",
      "module_type" : "SwiftTarget",
      "name" : "RuntimeTests",
      "path" : "Tests/RuntimeTests",
      "sources" : [
        "FactoryTests.swift",
        "GetSetClassTests.swift",
        "GetSetStructTests.swift",
        "LinuxMain.swift",
        "MetadataTests.swift",
        "ValuePointerTests.swift",
        "ValueWitnessTableTests.swift",
        "XCTestManifests.swift"
      ],
      "target_dependencies" : [
        "Runtime"
      ],
      "type" : "test"
    },
    {
      "c99name" : "Runtime",
      "module_type" : "SwiftTarget",
      "name" : "Runtime",
      "path" : "Sources/Runtime",
      "product_dependencies" : [
        "CRuntime"
      ],
      "product_memberships" : [
        "Runtime"
      ],
      "sources" : [
        "Factory/DefaultValue.swift",
        "Factory/Factory.swift",
        "Layouts/ClassHeader.swift",
        "Layouts/ClassMetadataLayout.swift",
        "Layouts/ClassTypeDescriptor.swift",
        "Layouts/EnumMetadataLayout.swift",
        "Layouts/EnumTypeDescriptor.swift",
        "Layouts/ExistentialContainter.swift",
        "Layouts/FieldDescriptor.swift",
        "Layouts/FunctionMetadataLayout.swift",
        "Layouts/MetadataLayoutType.swift",
        "Layouts/ProtocolDescriptor.swift",
        "Layouts/ProtocolMetadataLayout.swift",
        "Layouts/ProtocolTypeContainer.swift",
        "Layouts/StructMetadataLayout.swift",
        "Layouts/StructTypeDescriptor.swift",
        "Layouts/TargetTypeGenericContextDescriptorHeader.swift",
        "Layouts/TupleMetadataLayout.swift",
        "Layouts/TypeDescriptor.swift",
        "Layouts/ValueWitnessTable.swift",
        "Metadata/ClassMetadata.swift",
        "Metadata/EnumMetadata.swift",
        "Metadata/FuntionMetadata.swift",
        "Metadata/Metadata.swift",
        "Metadata/MetadataType.swift",
        "Metadata/NominalMetadataType.swift",
        "Metadata/ProtocolMetadata.swift",
        "Metadata/StructMetadata.swift",
        "Metadata/TupleMetadata.swift",
        "Models/Case.swift",
        "Models/Errors.swift",
        "Models/FunctionInfo.swift",
        "Models/Kind.swift",
        "Models/PropertyInfo.swift",
        "Models/TypeInfo.swift",
        "Models/TypeInfoConvertible.swift",
        "Pointers/Pointers.swift",
        "Pointers/RelativePointer.swift",
        "Pointers/RelativeVectorPointer.swift",
        "Pointers/Union.swift",
        "Pointers/Vector.swift",
        "Utilities/GettersSetters.swift",
        "Utilities/Pointer+Extensions.swift",
        "Utilities/RetainCounts.swift",
        "Utilities/String+Extensions.swift"
      ],
      "type" : "library"
    }
  ],
  "tools_version" : "5.0"
}
{
  "workspace" : {
    "name" : "Runtime",
    "schemes" : [
      "Runtime"
    ]
  }
}
2026-09-20 00:22:42.979 xcodebuild[785:4949] [MT] IDERunDestination: Supported platforms for the buildables in the current scheme is empty.
Running build ...
env DEVELOPER_DIR=/Applications/Xcode-27.0.0-Release.Candidate.app xcrun xcodebuild -IDEClonedSourcePackagesDirPathOverride=$PWD/.dependencies -skipMacroValidation -skipPackagePluginValidation -derivedDataPath $PWD/.derivedData build -scheme Runtime -destination generic/platform=watchOS
Command line invocation:
    /Applications/Xcode-27.0.0-Release.Candidate.app/Contents/Developer/usr/bin/xcodebuild -IDEClonedSourcePackagesDirPathOverride=/Users/admin/builder/spi-builder-workspace/.dependencies -skipMacroValidation -skipPackagePluginValidation -derivedDataPath /Users/admin/builder/spi-builder-workspace/.derivedData build -scheme Runtime -destination generic/platform=watchOS
Resolve Package Graph
Resolved source packages:
  Runtime: /Users/admin/builder/spi-builder-workspace
  CRuntime: https://github.com/wickwirew/CRuntime.git @ 2.1.2
ComputePackagePrebuildTargetDependencyGraph
Prepare packages
CreateBuildRequest
SendProjectDescription
CreateBuildOperation
ComputeTargetDependencyGraph
note: Building targets in dependency order
note: Target dependency graph (4 targets)
    Target 'Runtime-product' in project 'Runtime'
        ➜ Explicit dependency on target 'Runtime' in project 'Runtime'
        ➜ Explicit dependency on target 'CRuntime-product' in project 'CRuntime'
    Target 'Runtime' in project 'Runtime'
        ➜ Explicit dependency on target 'CRuntime-product' in project 'CRuntime'
    Target 'CRuntime-product' in project 'CRuntime'
        ➜ Explicit dependency on target 'CRuntime' in project 'CRuntime'
    Target 'CRuntime' in project 'CRuntime' (no dependencies)
GatherProvisioningInputs
CreateBuildDescription
ClangStatCache /Applications/Xcode-27.0.0-Release.Candidate.app/Contents/Developer/Toolchains/XcodeDefault.xctoolchain/usr/bin/clang-stat-cache /Applications/Xcode-27.0.0-Release.Candidate.app/Contents/Developer/Platforms/WatchOS.platform/Developer/SDKs/WatchOS27.0.sdk /Users/admin/builder/spi-builder-workspace/.derivedData/SDKStatCaches.noindex/watchos27.0-24R360-e829b21a6f8c9b70876ba0858053c04477534ef55a1706bf4c1112bbb242f0a2.sdkstatcache
    cd /Users/admin/builder/spi-builder-workspace/.swiftpm/xcode
    /Applications/Xcode-27.0.0-Release.Candidate.app/Contents/Developer/Toolchains/XcodeDefault.xctoolchain/usr/bin/clang-stat-cache /Applications/Xcode-27.0.0-Release.Candidate.app/Contents/Developer/Platforms/WatchOS.platform/Developer/SDKs/WatchOS27.0.sdk -o /Users/admin/builder/spi-builder-workspace/.derivedData/SDKStatCaches.noindex/watchos27.0-24R360-e829b21a6f8c9b70876ba0858053c04477534ef55a1706bf4c1112bbb242f0a2.sdkstatcache
SwiftDriver Runtime normal arm64 com.apple.xcode.tools.swift.compiler (in target 'Runtime' from project 'Runtime')
    cd /Users/admin/builder/spi-builder-workspace/.swiftpm/xcode
    builtin-SwiftDriver -- /Applications/Xcode-27.0.0-Release.Candidate.app/Contents/Developer/Toolchains/XcodeDefault.xctoolchain/usr/bin/swiftc -parse-as-library -module-name Runtime -Onone @/Users/admin/builder/spi-builder-workspace/.derivedData/Build/Intermediates.noindex/Runtime.build/Debug-watchos/Runtime-t.build/Objects-normal/arm64/Runtime.SwiftFileList -DSWIFT_PACKAGE -DDEBUG -DSWIFT_MODULE_RESOURCE_BUNDLE_UNAVAILABLE -Xcc -fmodule-map-file\=/Users/admin/builder/spi-builder-workspace/.dependencies/checkouts/CRuntime/Sources/CRuntime/module.modulemap -DXcode -plugin-path /Applications/Xcode-27.0.0-Release.Candidate.app/Contents/Developer/Toolchains/XcodeDefault.xctoolchain/usr/lib/swift/host/plugins/testing -enable-experimental-feature DebugDescriptionMacro -sdk /Applications/Xcode-27.0.0-Release.Candidate.app/Contents/Developer/Platforms/WatchOS.platform/Developer/SDKs/WatchOS27.0.sdk -target arm64-apple-watchos9.0 -g -module-cache-path /Users/admin/builder/spi-builder-workspace/.derivedData/ModuleCache.noindex -Xfrontend -serialize-debugging-options -profile-coverage-mapping -profile-generate -enable-testing -index-store-path /Users/admin/builder/spi-builder-workspace/.derivedData/Index.noindex/DataStore -Xcc -D_LIBCPP_HARDENING_MODE\=_LIBCPP_HARDENING_MODE_DEBUG -swift-version 5 -I /Users/admin/builder/spi-builder-workspace/.derivedData/Build/Products/Debug-watchos -Isystem /Applications/Xcode-27.0.0-Release.Candidate.app/Contents/Developer/Platforms/WatchOS.platform/Developer/usr/lib -F /Users/admin/builder/spi-builder-workspace/.derivedData/Build/Products/Debug-watchos -F /Applications/Xcode-27.0.0-Release.Candidate.app/Contents/Developer/Platforms/WatchOS.platform/Developer/Library/Frameworks -F /Applications/Xcode-27.0.0-Release.Candidate.app/Contents/Developer/Platforms/WatchOS.platform/Developer/SDKs/WatchOS27.0.sdk/Developer/Library/Frameworks -c -j10 -enable-batch-mode -incremental -Xcc -ivfsstatcache -Xcc /Users/admin/builder/spi-builder-workspace/.derivedData/SDKStatCaches.noindex/watchos27.0-24R360-e829b21a6f8c9b70876ba0858053c04477534ef55a1706bf4c1112bbb242f0a2.sdkstatcache -output-file-map /Users/admin/builder/spi-builder-workspace/.derivedData/Build/Intermediates.noindex/Runtime.build/Debug-watchos/Runtime-t.build/Objects-normal/arm64/Runtime-OutputFileMap.json -save-temps -no-color-diagnostics -explicit-module-build -module-cache-path /Users/admin/builder/spi-builder-workspace/.derivedData/Build/Intermediates.noindex/SwiftExplicitPrecompiledModules -clang-scanner-module-cache-path /Users/admin/builder/spi-builder-workspace/.derivedData/ModuleCache.noindex -sdk-module-cache-path /Users/admin/builder/spi-builder-workspace/.derivedData/SDKExplicitPrecompiledModules -emit-dependencies -emit-module -emit-module-path /Users/admin/builder/spi-builder-workspace/.derivedData/Build/Intermediates.noindex/Runtime.build/Debug-watchos/Runtime-t.build/Objects-normal/arm64/Runtime.swiftmodule -serialize-diagnostics -dependency-scan-serialize-diagnostics-path /Users/admin/builder/spi-builder-workspace/.derivedData/Build/Intermediates.noindex/Runtime.build/Debug-watchos/Runtime-t.build/Objects-normal/arm64/Runtime-dependency-scan.dia -validate-clang-modules-once -clang-build-session-file /Users/admin/builder/spi-builder-workspace/.derivedData/ModuleCache.noindex/Session.modulevalidation -Xcc -fmodules-prune-interval\=86400 -Xcc -fmodules-prune-after\=345600 -emit-const-values -const-gather-protocols-list /Users/admin/builder/spi-builder-workspace/.derivedData/Build/Intermediates.noindex/Runtime.build/Debug-watchos/Runtime-t.build/Objects-normal/arm64/Runtime_const_extract_protocols.json -Xcc -I/Users/admin/builder/spi-builder-workspace/.derivedData/Build/Products/Debug-watchos/include -Xcc -I/Users/admin/builder/spi-builder-workspace/.derivedData/Build/Intermediates.noindex/Runtime.build/Debug-watchos/Runtime-t.build/DerivedSources-normal/arm64 -Xcc -I/Users/admin/builder/spi-builder-workspace/.derivedData/Build/Intermediates.noindex/Runtime.build/Debug-watchos/Runtime-t.build/DerivedSources/arm64 -Xcc -I/Users/admin/builder/spi-builder-workspace/.derivedData/Build/Intermediates.noindex/Runtime.build/Debug-watchos/Runtime-t.build/DerivedSources -Xcc -DSWIFT_PACKAGE -Xcc -DDEBUG\=1 -emit-objc-header -emit-objc-header-path /Users/admin/builder/spi-builder-workspace/.derivedData/Build/Intermediates.noindex/Runtime.build/Debug-watchos/Runtime-t.build/Objects-normal/arm64/Runtime-Swift.h -working-directory /Users/admin/builder/spi-builder-workspace/.swiftpm/xcode -experimental-emit-module-separately -disable-cmo
SwiftDriver Runtime normal arm64_32 com.apple.xcode.tools.swift.compiler (in target 'Runtime' from project 'Runtime')
    cd /Users/admin/builder/spi-builder-workspace/.swiftpm/xcode
    builtin-SwiftDriver -- /Applications/Xcode-27.0.0-Release.Candidate.app/Contents/Developer/Toolchains/XcodeDefault.xctoolchain/usr/bin/swiftc -parse-as-library -module-name Runtime -Onone @/Users/admin/builder/spi-builder-workspace/.derivedData/Build/Intermediates.noindex/Runtime.build/Debug-watchos/Runtime-t.build/Objects-normal/arm64_32/Runtime.SwiftFileList -DSWIFT_PACKAGE -DDEBUG -DSWIFT_MODULE_RESOURCE_BUNDLE_UNAVAILABLE -Xcc -fmodule-map-file\=/Users/admin/builder/spi-builder-workspace/.dependencies/checkouts/CRuntime/Sources/CRuntime/module.modulemap -DXcode -plugin-path /Applications/Xcode-27.0.0-Release.Candidate.app/Contents/Developer/Toolchains/XcodeDefault.xctoolchain/usr/lib/swift/host/plugins/testing -enable-experimental-feature DebugDescriptionMacro -sdk /Applications/Xcode-27.0.0-Release.Candidate.app/Contents/Developer/Platforms/WatchOS.platform/Developer/SDKs/WatchOS27.0.sdk -target arm64_32-apple-watchos9.0 -g -module-cache-path /Users/admin/builder/spi-builder-workspace/.derivedData/ModuleCache.noindex -Xfrontend -serialize-debugging-options -profile-coverage-mapping -profile-generate -enable-testing -index-store-path /Users/admin/builder/spi-builder-workspace/.derivedData/Index.noindex/DataStore -Xcc -D_LIBCPP_HARDENING_MODE\=_LIBCPP_HARDENING_MODE_DEBUG -swift-version 5 -I /Users/admin/builder/spi-builder-workspace/.derivedData/Build/Products/Debug-watchos -Isystem /Applications/Xcode-27.0.0-Release.Candidate.app/Contents/Developer/Platforms/WatchOS.platform/Developer/usr/lib -F /Users/admin/builder/spi-builder-workspace/.derivedData/Build/Products/Debug-watchos -F /Applications/Xcode-27.0.0-Release.Candidate.app/Contents/Developer/Platforms/WatchOS.platform/Developer/Library/Frameworks -F /Applications/Xcode-27.0.0-Release.Candidate.app/Contents/Developer/Platforms/WatchOS.platform/Developer/SDKs/WatchOS27.0.sdk/Developer/Library/Frameworks -c -j10 -enable-batch-mode -incremental -Xcc -ivfsstatcache -Xcc /Users/admin/builder/spi-builder-workspace/.derivedData/SDKStatCaches.noindex/watchos27.0-24R360-e829b21a6f8c9b70876ba0858053c04477534ef55a1706bf4c1112bbb242f0a2.sdkstatcache -output-file-map /Users/admin/builder/spi-builder-workspace/.derivedData/Build/Intermediates.noindex/Runtime.build/Debug-watchos/Runtime-t.build/Objects-normal/arm64_32/Runtime-OutputFileMap.json -save-temps -no-color-diagnostics -explicit-module-build -module-cache-path /Users/admin/builder/spi-builder-workspace/.derivedData/Build/Intermediates.noindex/SwiftExplicitPrecompiledModules -clang-scanner-module-cache-path /Users/admin/builder/spi-builder-workspace/.derivedData/ModuleCache.noindex -sdk-module-cache-path /Users/admin/builder/spi-builder-workspace/.derivedData/SDKExplicitPrecompiledModules -emit-dependencies -emit-module -emit-module-path /Users/admin/builder/spi-builder-workspace/.derivedData/Build/Intermediates.noindex/Runtime.build/Debug-watchos/Runtime-t.build/Objects-normal/arm64_32/Runtime.swiftmodule -serialize-diagnostics -dependency-scan-serialize-diagnostics-path /Users/admin/builder/spi-builder-workspace/.derivedData/Build/Intermediates.noindex/Runtime.build/Debug-watchos/Runtime-t.build/Objects-normal/arm64_32/Runtime-dependency-scan.dia -validate-clang-modules-once -clang-build-session-file /Users/admin/builder/spi-builder-workspace/.derivedData/ModuleCache.noindex/Session.modulevalidation -Xcc -fmodules-prune-interval\=86400 -Xcc -fmodules-prune-after\=345600 -emit-const-values -const-gather-protocols-list /Users/admin/builder/spi-builder-workspace/.derivedData/Build/Intermediates.noindex/Runtime.build/Debug-watchos/Runtime-t.build/Objects-normal/arm64_32/Runtime_const_extract_protocols.json -Xcc -I/Users/admin/builder/spi-builder-workspace/.derivedData/Build/Products/Debug-watchos/include -Xcc -I/Users/admin/builder/spi-builder-workspace/.derivedData/Build/Intermediates.noindex/Runtime.build/Debug-watchos/Runtime-t.build/DerivedSources-normal/arm64_32 -Xcc -I/Users/admin/builder/spi-builder-workspace/.derivedData/Build/Intermediates.noindex/Runtime.build/Debug-watchos/Runtime-t.build/DerivedSources/arm64_32 -Xcc -I/Users/admin/builder/spi-builder-workspace/.derivedData/Build/Intermediates.noindex/Runtime.build/Debug-watchos/Runtime-t.build/DerivedSources -Xcc -DSWIFT_PACKAGE -Xcc -DDEBUG\=1 -emit-objc-header -emit-objc-header-path /Users/admin/builder/spi-builder-workspace/.derivedData/Build/Intermediates.noindex/Runtime.build/Debug-watchos/Runtime-t.build/Objects-normal/arm64_32/Runtime-Swift.h -working-directory /Users/admin/builder/spi-builder-workspace/.swiftpm/xcode -experimental-emit-module-separately -disable-cmo
SwiftCompile normal arm64 Compiling\ MetadataLayoutType.swift,\ ProtocolDescriptor.swift,\ ProtocolMetadataLayout.swift,\ ProtocolTypeContainer.swift,\ StructMetadataLayout.swift /Users/admin/builder/spi-builder-workspace/Sources/Runtime/Layouts/MetadataLayoutType.swift /Users/admin/builder/spi-builder-workspace/Sources/Runtime/Layouts/ProtocolDescriptor.swift /Users/admin/builder/spi-builder-workspace/Sources/Runtime/Layouts/ProtocolMetadataLayout.swift /Users/admin/builder/spi-builder-workspace/Sources/Runtime/Layouts/ProtocolTypeContainer.swift /Users/admin/builder/spi-builder-workspace/Sources/Runtime/Layouts/StructMetadataLayout.swift (in target 'Runtime' from project 'Runtime')
SwiftCompile normal arm64 /Users/admin/builder/spi-builder-workspace/Sources/Runtime/Layouts/MetadataLayoutType.swift (in target 'Runtime' from project 'Runtime')
    cd /Users/admin/builder/spi-builder-workspace/.swiftpm/xcode
    builtin-SwiftPerFileCompile MetadataLayoutType.swift
SwiftCompile normal arm64 /Users/admin/builder/spi-builder-workspace/Sources/Runtime/Layouts/ProtocolDescriptor.swift (in target 'Runtime' from project 'Runtime')
    cd /Users/admin/builder/spi-builder-workspace/.swiftpm/xcode
    builtin-SwiftPerFileCompile ProtocolDescriptor.swift
SwiftCompile normal arm64 /Users/admin/builder/spi-builder-workspace/Sources/Runtime/Layouts/ProtocolMetadataLayout.swift (in target 'Runtime' from project 'Runtime')
    cd /Users/admin/builder/spi-builder-workspace/.swiftpm/xcode
    builtin-SwiftPerFileCompile ProtocolMetadataLayout.swift
SwiftCompile normal arm64 /Users/admin/builder/spi-builder-workspace/Sources/Runtime/Layouts/ProtocolTypeContainer.swift (in target 'Runtime' from project 'Runtime')
    cd /Users/admin/builder/spi-builder-workspace/.swiftpm/xcode
    builtin-SwiftPerFileCompile ProtocolTypeContainer.swift
SwiftCompile normal arm64 /Users/admin/builder/spi-builder-workspace/Sources/Runtime/Layouts/StructMetadataLayout.swift (in target 'Runtime' from project 'Runtime')
    cd /Users/admin/builder/spi-builder-workspace/.swiftpm/xcode
    builtin-SwiftPerFileCompile StructMetadataLayout.swift
SwiftCompile normal arm64 Compiling\ StructTypeDescriptor.swift,\ TargetTypeGenericContextDescriptorHeader.swift,\ TupleMetadataLayout.swift,\ TypeDescriptor.swift,\ ValueWitnessTable.swift /Users/admin/builder/spi-builder-workspace/Sources/Runtime/Layouts/StructTypeDescriptor.swift /Users/admin/builder/spi-builder-workspace/Sources/Runtime/Layouts/TargetTypeGenericContextDescriptorHeader.swift /Users/admin/builder/spi-builder-workspace/Sources/Runtime/Layouts/TupleMetadataLayout.swift /Users/admin/builder/spi-builder-workspace/Sources/Runtime/Layouts/TypeDescriptor.swift /Users/admin/builder/spi-builder-workspace/Sources/Runtime/Layouts/ValueWitnessTable.swift (in target 'Runtime' from project 'Runtime')
SwiftCompile normal arm64 /Users/admin/builder/spi-builder-workspace/Sources/Runtime/Layouts/StructTypeDescriptor.swift (in target 'Runtime' from project 'Runtime')
    cd /Users/admin/builder/spi-builder-workspace/.swiftpm/xcode
    builtin-SwiftPerFileCompile StructTypeDescriptor.swift
SwiftCompile normal arm64 /Users/admin/builder/spi-builder-workspace/Sources/Runtime/Layouts/TargetTypeGenericContextDescriptorHeader.swift (in target 'Runtime' from project 'Runtime')
    cd /Users/admin/builder/spi-builder-workspace/.swiftpm/xcode
    builtin-SwiftPerFileCompile TargetTypeGenericContextDescriptorHeader.swift
SwiftCompile normal arm64 /Users/admin/builder/spi-builder-workspace/Sources/Runtime/Layouts/TupleMetadataLayout.swift (in target 'Runtime' from project 'Runtime')
    cd /Users/admin/builder/spi-builder-workspace/.swiftpm/xcode
    builtin-SwiftPerFileCompile TupleMetadataLayout.swift
SwiftCompile normal arm64 /Users/admin/builder/spi-builder-workspace/Sources/Runtime/Layouts/TypeDescriptor.swift (in target 'Runtime' from project 'Runtime')
    cd /Users/admin/builder/spi-builder-workspace/.swiftpm/xcode
    builtin-SwiftPerFileCompile TypeDescriptor.swift
SwiftCompile normal arm64 /Users/admin/builder/spi-builder-workspace/Sources/Runtime/Layouts/ValueWitnessTable.swift (in target 'Runtime' from project 'Runtime')
    cd /Users/admin/builder/spi-builder-workspace/.swiftpm/xcode
    builtin-SwiftPerFileCompile ValueWitnessTable.swift
SwiftCompile normal arm64 Compiling\ PropertyInfo.swift,\ TypeInfo.swift,\ TypeInfoConvertible.swift,\ Pointers.swift /Users/admin/builder/spi-builder-workspace/Sources/Runtime/Models/PropertyInfo.swift /Users/admin/builder/spi-builder-workspace/Sources/Runtime/Models/TypeInfo.swift /Users/admin/builder/spi-builder-workspace/Sources/Runtime/Models/TypeInfoConvertible.swift /Users/admin/builder/spi-builder-workspace/Sources/Runtime/Pointers/Pointers.swift (in target 'Runtime' from project 'Runtime')
SwiftCompile normal arm64 /Users/admin/builder/spi-builder-workspace/Sources/Runtime/Models/PropertyInfo.swift (in target 'Runtime' from project 'Runtime')
    cd /Users/admin/builder/spi-builder-workspace/.swiftpm/xcode
    builtin-SwiftPerFileCompile PropertyInfo.swift
SwiftCompile normal arm64 /Users/admin/builder/spi-builder-workspace/Sources/Runtime/Models/TypeInfo.swift (in target 'Runtime' from project 'Runtime')
    cd /Users/admin/builder/spi-builder-workspace/.swiftpm/xcode
    builtin-SwiftPerFileCompile TypeInfo.swift
SwiftCompile normal arm64 /Users/admin/builder/spi-builder-workspace/Sources/Runtime/Models/TypeInfoConvertible.swift (in target 'Runtime' from project 'Runtime')
    cd /Users/admin/builder/spi-builder-workspace/.swiftpm/xcode
    builtin-SwiftPerFileCompile TypeInfoConvertible.swift
SwiftCompile normal arm64 /Users/admin/builder/spi-builder-workspace/Sources/Runtime/Pointers/Pointers.swift (in target 'Runtime' from project 'Runtime')
    cd /Users/admin/builder/spi-builder-workspace/.swiftpm/xcode
    builtin-SwiftPerFileCompile Pointers.swift
SwiftCompile normal arm64 Compiling\ GettersSetters.swift,\ Pointer+Extensions.swift,\ RetainCounts.swift,\ String+Extensions.swift /Users/admin/builder/spi-builder-workspace/Sources/Runtime/Utilities/GettersSetters.swift /Users/admin/builder/spi-builder-workspace/Sources/Runtime/Utilities/Pointer+Extensions.swift /Users/admin/builder/spi-builder-workspace/Sources/Runtime/Utilities/RetainCounts.swift /Users/admin/builder/spi-builder-workspace/Sources/Runtime/Utilities/String+Extensions.swift (in target 'Runtime' from project 'Runtime')
SwiftCompile normal arm64 /Users/admin/builder/spi-builder-workspace/Sources/Runtime/Utilities/GettersSetters.swift (in target 'Runtime' from project 'Runtime')
    cd /Users/admin/builder/spi-builder-workspace/.swiftpm/xcode
    builtin-SwiftPerFileCompile GettersSetters.swift
SwiftCompile normal arm64 /Users/admin/builder/spi-builder-workspace/Sources/Runtime/Utilities/Pointer+Extensions.swift (in target 'Runtime' from project 'Runtime')
    cd /Users/admin/builder/spi-builder-workspace/.swiftpm/xcode
    builtin-SwiftPerFileCompile Pointer+Extensions.swift
SwiftCompile normal arm64 /Users/admin/builder/spi-builder-workspace/Sources/Runtime/Utilities/RetainCounts.swift (in target 'Runtime' from project 'Runtime')
    cd /Users/admin/builder/spi-builder-workspace/.swiftpm/xcode
    builtin-SwiftPerFileCompile RetainCounts.swift
SwiftCompile normal arm64 /Users/admin/builder/spi-builder-workspace/Sources/Runtime/Utilities/String+Extensions.swift (in target 'Runtime' from project 'Runtime')
    cd /Users/admin/builder/spi-builder-workspace/.swiftpm/xcode
    builtin-SwiftPerFileCompile String+Extensions.swift
SwiftEmitModule normal arm64 Emitting\ module\ for\ Runtime (in target 'Runtime' from project 'Runtime')
SwiftCompile normal arm64 (in target 'Runtime' from project 'Runtime')
    cd /Users/admin/builder/spi-builder-workspace/.swiftpm/xcode

SwiftCompile normal arm64 Compiling\ DefaultValue.swift,\ Factory.swift,\ ClassHeader.swift,\ ClassMetadataLayout.swift,\ ClassTypeDescriptor.swift /Users/admin/builder/spi-builder-workspace/Sources/Runtime/Factory/DefaultValue.swift /Users/admin/builder/spi-builder-workspace/Sources/Runtime/Factory/Factory.swift /Users/admin/builder/spi-builder-workspace/Sources/Runtime/Layouts/ClassHeader.swift /Users/admin/builder/spi-builder-workspace/Sources/Runtime/Layouts/ClassMetadataLayout.swift /Users/admin/builder/spi-builder-workspace/Sources/Runtime/Layouts/ClassTypeDescriptor.swift (in target 'Runtime' from project 'Runtime')
Call parameter type does not match function signature!
i64 32
 i32  %79 = call noalias ptr @swift_allocObject(ptr getelementptr inbounds (%swift.full_boxmetadata, ptr @metadata, i32 0, i32 2), i64 32, i64 7) #3, !dbg !369
<unknown>:0: error: fatal error encountered during compilation; please submit a bug report (https://swift.org/contributing/#reporting-bugs)
<unknown>:0: note: Broken module found, compilation aborted!
Please submit a bug report (https://swift.org/contributing/#reporting-bugs) and include the crash backtrace.
Stack dump:
0.	Program arguments: /Applications/Xcode-27.0.0-Release.Candidate.app/Contents/Developer/Toolchains/XcodeDefault.xctoolchain/usr/bin/swift-frontend -frontend -c -primary-file /Users/admin/builder/spi-builder-workspace/Sources/Runtime/Factory/DefaultValue.swift -primary-file /Users/admin/builder/spi-builder-workspace/Sources/Runtime/Factory/Factory.swift -primary-file /Users/admin/builder/spi-builder-workspace/Sources/Runtime/Layouts/ClassHeader.swift -primary-file /Users/admin/builder/spi-builder-workspace/Sources/Runtime/Layouts/ClassMetadataLayout.swift -primary-file /Users/admin/builder/spi-builder-workspace/Sources/Runtime/Layouts/ClassTypeDescriptor.swift /Users/admin/builder/spi-builder-workspace/Sources/Runtime/Layouts/EnumMetadataLayout.swift /Users/admin/builder/spi-builder-workspace/Sources/Runtime/Layouts/EnumTypeDescriptor.swift /Users/admin/builder/spi-builder-workspace/Sources/Runtime/Layouts/ExistentialContainter.swift /Users/admin/builder/spi-builder-workspace/Sources/Runtime/Layouts/FieldDescriptor.swift /Users/admin/builder/spi-builder-workspace/Sources/Runtime/Layouts/FunctionMetadataLayout.swift /Users/admin/builder/spi-builder-workspace/Sources/Runtime/Layouts/MetadataLayoutType.swift /Users/admin/builder/spi-builder-workspace/Sources/Runtime/Layouts/ProtocolDescriptor.swift /Users/admin/builder/spi-builder-workspace/Sources/Runtime/Layouts/ProtocolMetadataLayout.swift /Users/admin/builder/spi-builder-workspace/Sources/Runtime/Layouts/ProtocolTypeContainer.swift /Users/admin/builder/spi-builder-workspace/Sources/Runtime/Layouts/StructMetadataLayout.swift /Users/admin/builder/spi-builder-workspace/Sources/Runtime/Layouts/StructTypeDescriptor.swift /Users/admin/builder/spi-builder-workspace/Sources/Runtime/Layouts/TargetTypeGenericContextDescriptorHeader.swift /Users/admin/builder/spi-builder-workspace/Sources/Runtime/Layouts/TupleMetadataLayout.swift /Users/admin/builder/spi-builder-workspace/Sources/Runtime/Layouts/TypeDescriptor.swift /Users/admin/builder/spi-builder-workspace/Sources/Runtime/Layouts/ValueWitnessTable.swift /Users/admin/builder/spi-builder-workspace/Sources/Runtime/Metadata/ClassMetadata.swift /Users/admin/builder/spi-builder-workspace/Sources/Runtime/Metadata/EnumMetadata.swift /Users/admin/builder/spi-builder-workspace/Sources/Runtime/Metadata/FuntionMetadata.swift /Users/admin/builder/spi-builder-workspace/Sources/Runtime/Metadata/Metadata.swift /Users/admin/builder/spi-builder-workspace/Sources/Runtime/Metadata/MetadataType.swift /Users/admin/builder/spi-builder-workspace/Sources/Runtime/Metadata/NominalMetadataType.swift /Users/admin/builder/spi-builder-workspace/Sources/Runtime/Metadata/ProtocolMetadata.swift /Users/admin/builder/spi-builder-workspace/Sources/Runtime/Metadata/StructMetadata.swift /Users/admin/builder/spi-builder-workspace/Sources/Runtime/Metadata/TupleMetadata.swift /Users/admin/builder/spi-builder-workspace/Sources/Runtime/Models/Case.swift /Users/admin/builder/spi-builder-workspace/Sources/Runtime/Models/Errors.swift /Users/admin/builder/spi-builder-workspace/Sources/Runtime/Models/FunctionInfo.swift /Users/admin/builder/spi-builder-workspace/Sources/Runtime/Models/Kind.swift /Users/admin/builder/spi-builder-workspace/Sources/Runtime/Models/PropertyInfo.swift /Users/admin/builder/spi-builder-workspace/Sources/Runtime/Models/TypeInfo.swift /Users/admin/builder/spi-builder-workspace/Sources/Runtime/Models/TypeInfoConvertible.swift /Users/admin/builder/spi-builder-workspace/Sources/Runtime/Pointers/Pointers.swift /Users/admin/builder/spi-builder-workspace/Sources/Runtime/Pointers/RelativePointer.swift /Users/admin/builder/spi-builder-workspace/Sources/Runtime/Pointers/RelativeVectorPointer.swift /Users/admin/builder/spi-builder-workspace/Sources/Runtime/Pointers/Union.swift /Users/admin/builder/spi-builder-workspace/Sources/Runtime/Pointers/Vector.swift /Users/admin/builder/spi-builder-workspace/Sources/Runtime/Utilities/GettersSetters.swift /Users/admin/builder/spi-builder-workspace/Sources/Runtime/Utilities/Pointer+Extensions.swift /Users/admin/builder/spi-builder-workspace/Sources/Runtime/Utilities/RetainCounts.swift /Users/admin/builder/spi-builder-workspace/Sources/Runtime/Utilities/String+Extensions.swift -supplementary-output-file-map /Users/admin/builder/spi-builder-workspace/.derivedData/Build/Intermediates.noindex/Runtime.build/Debug-watchos/Runtime-t.build/Objects-normal/arm64/supplementaryOutputs-1 -target arm64-apple-watchos9.0 -disable-cross-import-overlay-search -load-resolved-plugin /Applications/Xcode-27.0.0-Release.Candidate.app/Contents/Developer/Platforms/WatchOS.platform/Developer/usr/lib/swift/host/plugins/libFoundationMacros.dylib#/Applications/Xcode-27.0.0-Release.Candidate.app/Contents/Developer/Platforms/WatchOS.platform/Developer/usr/bin/swift-plugin-server#FoundationMacros -load-resolved-plugin /Applications/Xcode-27.0.0-Release.Candidate.app/Contents/Developer/Platforms/WatchOS.platform/Developer/usr/lib/swift/host/plugins/libObservationMacros.dylib#/Applications/Xcode-27.0.0-Release.Candidate.app/Contents/Developer/Platforms/WatchOS.platform/Developer/usr/bin/swift-plugin-server#ObservationMacros -load-resolved-plugin /Applications/Xcode-27.0.0-Release.Candidate.app/Contents/Developer/Platforms/WatchOS.platform/Developer/usr/lib/swift/host/plugins/libSwiftMacros.dylib#/Applications/Xcode-27.0.0-Release.Candidate.app/Contents/Developer/Platforms/WatchOS.platform/Developer/usr/bin/swift-plugin-server#SwiftMacros -disable-implicit-swift-modules -Xcc -fno-implicit-modules -Xcc -fno-implicit-module-maps -explicit-swift-module-map-file /Users/admin/builder/spi-builder-workspace/.derivedData/Build/Intermediates.noindex/Runtime.build/Debug-watchos/Runtime-t.build/Objects-normal/arm64/Runtime-dependencies-1.json -Xllvm -aarch64-use-tbi -enable-objc-interop -stack-check -sdk /Applications/Xcode-27.0.0-Release.Candidate.app/Contents/Developer/Platforms/WatchOS.platform/Developer/SDKs/WatchOS27.0.sdk -I /Users/admin/builder/spi-builder-workspace/.derivedData/Build/Products/Debug-watchos -Isystem /Applications/Xcode-27.0.0-Release.Candidate.app/Contents/Developer/Platforms/WatchOS.platform/Developer/usr/lib -F /Users/admin/builder/spi-builder-workspace/.derivedData/Build/Products/Debug-watchos -F /Applications/Xcode-27.0.0-Release.Candidate.app/Contents/Developer/Platforms/WatchOS.platform/Developer/Library/Frameworks -F /Applications/Xcode-27.0.0-Release.Candidate.app/Contents/Developer/Platforms/WatchOS.platform/Developer/SDKs/WatchOS27.0.sdk/Developer/Library/Frameworks -module-cache-path /Users/admin/builder/spi-builder-workspace/.derivedData/Build/Intermediates.noindex/SwiftExplicitPrecompiledModules -no-color-diagnostics -Xcc -fno-color-diagnostics -enable-testing -g -debug-info-format=dwarf -dwarf-version=4 -profile-generate -profile-coverage-mapping -swift-version 5 -Onone -D SWIFT_PACKAGE -D DEBUG -D SWIFT_MODULE_RESOURCE_BUNDLE_UNAVAILABLE -D Xcode -serialize-debugging-options -enable-experimental-feature DebugDescriptionMacro -empty-abi-descriptor -validate-clang-modules-once -clang-build-session-file /Users/admin/builder/spi-builder-workspace/.derivedData/ModuleCache.noindex/Session.modulevalidation -Xcc -working-directory -Xcc /Users/admin/builder/spi-builder-workspace/.swiftpm/xcode -enable-anonymous-context-mangled-names -file-compilation-dir /Users/admin/builder/spi-builder-workspace/.swiftpm/xcode -Xcc -fmodule-map-file=/Users/admin/builder/spi-builder-workspace/.dependencies/checkouts/CRuntime/Sources/CRuntime/module.modulemap -Xcc -D_LIBCPP_HARDENING_MODE=_LIBCPP_HARDENING_MODE_DEBUG -Xcc -ivfsstatcache -Xcc /Users/admin/builder/spi-builder-workspace/.derivedData/SDKStatCaches.noindex/watchos27.0-24R360-e829b21a6f8c9b70876ba0858053c04477534ef55a1706bf4c1112bbb242f0a2.sdkstatcache -Xcc -fmodules-prune-interval=86400 -Xcc -fmodules-prune-after=345600 -Xcc -I/Users/admin/builder/spi-builder-workspace/.derivedData/Build/Products/Debug-watchos/include -Xcc -I/Users/admin/builder/spi-builder-workspace/.derivedData/Build/Intermediates.noindex/Runtime.build/Debug-watchos/Runtime-t.build/DerivedSources-normal/arm64 -Xcc -I/Users/admin/builder/spi-builder-workspace/.derivedData/Build/Intermediates.noindex/Runtime.build/Debug-watchos/Runtime-t.build/DerivedSources/arm64 -Xcc -I/Users/admin/builder/spi-builder-workspace/.derivedData/Build/Intermediates.noindex/Runtime.build/Debug-watchos/Runtime-t.build/DerivedSources -Xcc -DSWIFT_PACKAGE -Xcc -DDEBUG=1 -no-auto-bridging-header-chaining -module-name Runtime -const-gather-protocols-file /Users/admin/builder/spi-builder-workspace/.derivedData/Build/Intermediates.noindex/Runtime.build/Debug-watchos/Runtime-t.build/Objects-normal/arm64/Runtime_const_extract_protocols.json -disable-clang-spi -clang-target arm64-apple-watchos27.0 -target-sdk-version 27.0 -target-sdk-name watchos27.0 -in-process-plugin-server-path /Applications/Xcode-27.0.0-Release.Candidate.app/Contents/Developer/Toolchains/XcodeDefault.xctoolchain/usr/lib/swift/host/libSwiftInProcPluginServer.dylib -parse-as-library -o /Users/admin/builder/spi-builder-workspace/.derivedData/Build/Intermediates.noindex/Runtime.build/Debug-watchos/Runtime-t.build/Objects-normal/arm64/DefaultValue.o -o /Users/admin/builder/spi-builder-workspace/.derivedData/Build/Intermediates.noindex/Runtime.build/Debug-watchos/Runtime-t.build/Objects-normal/arm64/Factory.o -o /Users/admin/builder/spi-builder-workspace/.derivedData/Build/Intermediates.noindex/Runtime.build/Debug-watchos/Runtime-t.build/Objects-normal/arm64/ClassHeader.o -o /Users/admin/builder/spi-builder-workspace/.derivedData/Build/Intermediates.noindex/Runtime.build/Debug-watchos/Runtime-t.build/Objects-normal/arm64/ClassMetadataLayout.o -o /Users/admin/builder/spi-builder-workspace/.derivedData/Build/Intermediates.noindex/Runtime.build/Debug-watchos/Runtime-t.build/Objects-normal/arm64/ClassTypeDescriptor.o -debug-module-path /Users/admin/builder/spi-builder-workspace/.derivedData/Build/Intermediates.noindex/Runtime.build/Debug-watchos/Runtime-t.build/Objects-normal/arm64/Runtime.swiftmodule -index-unit-output-path /Runtime.build/Debug-watchos/Runtime-t.build/Objects-normal/arm64/DefaultValue.o -index-unit-output-path /Runtime.build/Debug-watchos/Runtime-t.build/Objects-normal/arm64/Factory.o -index-unit-output-path /Runtime.build/Debug-watchos/Runtime-t.build/Objects-normal/arm64/ClassHeader.o -index-unit-output-path /Runtime.build/Debug-watchos/Runtime-t.build/Objects-normal/arm64/ClassMetadataLayout.o -index-unit-output-path /Runtime.build/Debug-watchos/Runtime-t.build/Objects-normal/arm64/ClassTypeDescriptor.o -index-store-path /Users/admin/builder/spi-builder-workspace/.derivedData/Index.noindex/DataStore -index-system-modules
1.	Apple Swift version 6.4 (swiftlang-6.4.0.34.1 clang-2100.3.34.1)
2.	Compiling with effective version 5.10
3.	Running pass "verify" on module "/Users/admin/builder/spi-builder-workspace/.derivedData/Build/Intermediates.noindex/Runtime.build/Debug-watchos/Runtime-t.build/Objects-normal/arm64/Factory.o"
Stack dump without symbol names (ensure you have llvm-symbolizer in your PATH or set the environment var `LLVM_SYMBOLIZER_PATH` to point to it):
0  swift-frontend           0x000000010b4bfbd0 llvm::sys::PrintStackTrace(llvm::raw_ostream&, int) + 56
1  swift-frontend           0x000000010b4bd358 llvm::sys::RunSignalHandlers() + 172
2  swift-frontend           0x000000010b4c01c8 SignalHandler(int, __siginfo*, void*) + 360
3  libsystem_platform.dylib 0x0000000183019744 _sigtramp + 56
4  libsystem_pthread.dylib  0x000000018300f8d8 pthread_kill + 296
5  libsystem_c.dylib        0x0000000182f15978 abort + 148
6  swift-frontend           0x00000001053ecff8 swift::DiagnosticHelper::~DiagnosticHelper() + 0
7  swift-frontend           0x000000010b42e460 llvm::report_fatal_error(llvm::Twine const&, bool) + 292
8  swift-frontend           0x000000010b42e33c llvm::report_fatal_error(llvm::Twine const&, bool) + 0
9  swift-frontend           0x000000010564ea60 llvm::detail::PassModel<llvm::Module, llvm::VerifierPass, llvm::AnalysisManager<llvm::Module>>::printPipeline(llvm::raw_ostream&, llvm::function_ref<llvm::StringRef (llvm::StringRef)>) + 0
10 swift-frontend           0x000000010b2327b4 llvm::PassManager<llvm::Module, llvm::AnalysisManager<llvm::Module>>::run(llvm::Module&, llvm::AnalysisManager<llvm::Module>&) + 708
11 swift-frontend           0x0000000105641334 swift::performLLVMOptimizations(swift::IRGenOptions const&, swift::DiagnosticEngine&, llvm::sys::SmartMutex<false>*, llvm::Module*, llvm::TargetMachine*, llvm::IntrusiveRefCntPtr<llvm::vfs::FileSystem>, llvm::raw_pwrite_stream*) + 6556
12 swift-frontend           0x000000010564328c swift::performLLVM(swift::IRGenOptions const&, swift::DiagnosticEngine&, llvm::sys::SmartMutex<false>*, llvm::GlobalVariable*, llvm::Module*, llvm::TargetMachine*, llvm::IntrusiveRefCntPtr<llvm::vfs::FileSystem>, llvm::StringRef, llvm::vfs::OutputBackend&, swift::UnifiedStatsReporter*) + 3496
13 swift-frontend           0x0000000104fd8264 generateCode(swift::CompilerInstance&, llvm::StringRef, llvm::Module*, llvm::GlobalVariable*) + 492
14 swift-frontend           0x0000000104fd0e38 performCompileStepsPostSILGen(swift::CompilerInstance&, std::__1::unique_ptr<swift::SILModule, std::__1::default_delete<swift::SILModule>>, llvm::PointerUnion<swift::ModuleDecl*, swift::SourceFile*>, swift::PrimarySpecificPaths const&, int&, swift::FrontendObserver*, llvm::ArrayRef<char const*>, llvm::ArrayRef<swift::PrimarySpecificPaths>) + 3080
15 swift-frontend           0x0000000104fcf248 swift::performCompileStepsPostSema(swift::CompilerInstance&, int&, swift::FrontendObserver*, llvm::ArrayRef<char const*>) + 992
16 swift-frontend           0x0000000104fd4c0c performCompile(swift::CompilerInstance&, int&, swift::FrontendObserver*, llvm::ArrayRef<char const*>) + 1312
17 swift-frontend           0x0000000104fd1dc4 swift::performFrontend(llvm::ArrayRef<char const*>, char const*, void*, swift::FrontendObserver*) + 3776
18 swift-frontend           0x0000000104f51008 swift::mainEntry(int, char const**) + 5600
19 dyld                     0x0000000182c444e4 start + 6992
Failed frontend command:
/Applications/Xcode-27.0.0-Release.Candidate.app/Contents/Developer/Toolchains/XcodeDefault.xctoolchain/usr/bin/swift-frontend -frontend -c -primary-file /Users/admin/builder/spi-builder-workspace/Sources/Runtime/Factory/DefaultValue.swift -primary-file /Users/admin/builder/spi-builder-workspace/Sources/Runtime/Factory/Factory.swift -primary-file /Users/admin/builder/spi-builder-workspace/Sources/Runtime/Layouts/ClassHeader.swift -primary-file /Users/admin/builder/spi-builder-workspace/Sources/Runtime/Layouts/ClassMetadataLayout.swift -primary-file /Users/admin/builder/spi-builder-workspace/Sources/Runtime/Layouts/ClassTypeDescriptor.swift /Users/admin/builder/spi-builder-workspace/Sources/Runtime/Layouts/EnumMetadataLayout.swift /Users/admin/builder/spi-builder-workspace/Sources/Runtime/Layouts/EnumTypeDescriptor.swift /Users/admin/builder/spi-builder-workspace/Sources/Runtime/Layouts/ExistentialContainter.swift /Users/admin/builder/spi-builder-workspace/Sources/Runtime/Layouts/FieldDescriptor.swift /Users/admin/builder/spi-builder-workspace/Sources/Runtime/Layouts/FunctionMetadataLayout.swift /Users/admin/builder/spi-builder-workspace/Sources/Runtime/Layouts/MetadataLayoutType.swift /Users/admin/builder/spi-builder-workspace/Sources/Runtime/Layouts/ProtocolDescriptor.swift /Users/admin/builder/spi-builder-workspace/Sources/Runtime/Layouts/ProtocolMetadataLayout.swift /Users/admin/builder/spi-builder-workspace/Sources/Runtime/Layouts/ProtocolTypeContainer.swift /Users/admin/builder/spi-builder-workspace/Sources/Runtime/Layouts/StructMetadataLayout.swift /Users/admin/builder/spi-builder-workspace/Sources/Runtime/Layouts/StructTypeDescriptor.swift /Users/admin/builder/spi-builder-workspace/Sources/Runtime/Layouts/TargetTypeGenericContextDescriptorHeader.swift /Users/admin/builder/spi-builder-workspace/Sources/Runtime/Layouts/TupleMetadataLayout.swift /Users/admin/builder/spi-builder-workspace/Sources/Runtime/Layouts/TypeDescriptor.swift /Users/admin/builder/spi-builder-workspace/Sources/Runtime/Layouts/ValueWitnessTable.swift /Users/admin/builder/spi-builder-workspace/Sources/Runtime/Metadata/ClassMetadata.swift /Users/admin/builder/spi-builder-workspace/Sources/Runtime/Metadata/EnumMetadata.swift /Users/admin/builder/spi-builder-workspace/Sources/Runtime/Metadata/FuntionMetadata.swift /Users/admin/builder/spi-builder-workspace/Sources/Runtime/Metadata/Metadata.swift /Users/admin/builder/spi-builder-workspace/Sources/Runtime/Metadata/MetadataType.swift /Users/admin/builder/spi-builder-workspace/Sources/Runtime/Metadata/NominalMetadataType.swift /Users/admin/builder/spi-builder-workspace/Sources/Runtime/Metadata/ProtocolMetadata.swift /Users/admin/builder/spi-builder-workspace/Sources/Runtime/Metadata/StructMetadata.swift /Users/admin/builder/spi-builder-workspace/Sources/Runtime/Metadata/TupleMetadata.swift /Users/admin/builder/spi-builder-workspace/Sources/Runtime/Models/Case.swift /Users/admin/builder/spi-builder-workspace/Sources/Runtime/Models/Errors.swift /Users/admin/builder/spi-builder-workspace/Sources/Runtime/Models/FunctionInfo.swift /Users/admin/builder/spi-builder-workspace/Sources/Runtime/Models/Kind.swift /Users/admin/builder/spi-builder-workspace/Sources/Runtime/Models/PropertyInfo.swift /Users/admin/builder/spi-builder-workspace/Sources/Runtime/Models/TypeInfo.swift /Users/admin/builder/spi-builder-workspace/Sources/Runtime/Models/TypeInfoConvertible.swift /Users/admin/builder/spi-builder-workspace/Sources/Runtime/Pointers/Pointers.swift /Users/admin/builder/spi-builder-workspace/Sources/Runtime/Pointers/RelativePointer.swift /Users/admin/builder/spi-builder-workspace/Sources/Runtime/Pointers/RelativeVectorPointer.swift /Users/admin/builder/spi-builder-workspace/Sources/Runtime/Pointers/Union.swift /Users/admin/builder/spi-builder-workspace/Sources/Runtime/Pointers/Vector.swift /Users/admin/builder/spi-builder-workspace/Sources/Runtime/Utilities/GettersSetters.swift /Users/admin/builder/spi-builder-workspace/Sources/Runtime/Utilities/Pointer+Extensions.swift /Users/admin/builder/spi-builder-workspace/Sources/Runtime/Utilities/RetainCounts.swift /Users/admin/builder/spi-builder-workspace/Sources/Runtime/Utilities/String+Extensions.swift -supplementary-output-file-map /Users/admin/builder/spi-builder-workspace/.derivedData/Build/Intermediates.noindex/Runtime.build/Debug-watchos/Runtime-t.build/Objects-normal/arm64/supplementaryOutputs-1 -target arm64-apple-watchos9.0 -disable-cross-import-overlay-search -load-resolved-plugin /Applications/Xcode-27.0.0-Release.Candidate.app/Contents/Developer/Platforms/WatchOS.platform/Developer/usr/lib/swift/host/plugins/libFoundationMacros.dylib\#/Applications/Xcode-27.0.0-Release.Candidate.app/Contents/Developer/Platforms/WatchOS.platform/Developer/usr/bin/swift-plugin-server\#FoundationMacros -load-resolved-plugin /Applications/Xcode-27.0.0-Release.Candidate.app/Contents/Developer/Platforms/WatchOS.platform/Developer/usr/lib/swift/host/plugins/libObservationMacros.dylib\#/Applications/Xcode-27.0.0-Release.Candidate.app/Contents/Developer/Platforms/WatchOS.platform/Developer/usr/bin/swift-plugin-server\#ObservationMacros -load-resolved-plugin /Applications/Xcode-27.0.0-Release.Candidate.app/Contents/Developer/Platforms/WatchOS.platform/Developer/usr/lib/swift/host/plugins/libSwiftMacros.dylib\#/Applications/Xcode-27.0.0-Release.Candidate.app/Contents/Developer/Platforms/WatchOS.platform/Developer/usr/bin/swift-plugin-server\#SwiftMacros -disable-implicit-swift-modules -Xcc -fno-implicit-modules -Xcc -fno-implicit-module-maps -explicit-swift-module-map-file /Users/admin/builder/spi-builder-workspace/.derivedData/Build/Intermediates.noindex/Runtime.build/Debug-watchos/Runtime-t.build/Objects-normal/arm64/Runtime-dependencies-1.json -Xllvm -aarch64-use-tbi -enable-objc-interop -stack-check -sdk /Applications/Xcode-27.0.0-Release.Candidate.app/Contents/Developer/Platforms/WatchOS.platform/Developer/SDKs/WatchOS27.0.sdk -I /Users/admin/builder/spi-builder-workspace/.derivedData/Build/Products/Debug-watchos -Isystem /Applications/Xcode-27.0.0-Release.Candidate.app/Contents/Developer/Platforms/WatchOS.platform/Developer/usr/lib -F /Users/admin/builder/spi-builder-workspace/.derivedData/Build/Products/Debug-watchos -F /Applications/Xcode-27.0.0-Release.Candidate.app/Contents/Developer/Platforms/WatchOS.platform/Developer/Library/Frameworks -F /Applications/Xcode-27.0.0-Release.Candidate.app/Contents/Developer/Platforms/WatchOS.platform/Developer/SDKs/WatchOS27.0.sdk/Developer/Library/Frameworks -module-cache-path /Users/admin/builder/spi-builder-workspace/.derivedData/Build/Intermediates.noindex/SwiftExplicitPrecompiledModules -no-color-diagnostics -Xcc -fno-color-diagnostics -enable-testing -g -debug-info-format\=dwarf -dwarf-version\=4 -profile-generate -profile-coverage-mapping -swift-version 5 -Onone -D SWIFT_PACKAGE -D DEBUG -D SWIFT_MODULE_RESOURCE_BUNDLE_UNAVAILABLE -D Xcode -serialize-debugging-options -enable-experimental-feature DebugDescriptionMacro -empty-abi-descriptor -validate-clang-modules-once -clang-build-session-file /Users/admin/builder/spi-builder-workspace/.derivedData/ModuleCache.noindex/Session.modulevalidation -Xcc -working-directory -Xcc /Users/admin/builder/spi-builder-workspace/.swiftpm/xcode -enable-anonymous-context-mangled-names -file-compilation-dir /Users/admin/builder/spi-builder-workspace/.swiftpm/xcode -Xcc -fmodule-map-file\=/Users/admin/builder/spi-builder-workspace/.dependencies/checkouts/CRuntime/Sources/CRuntime/module.modulemap -Xcc -D_LIBCPP_HARDENING_MODE\=_LIBCPP_HARDENING_MODE_DEBUG -Xcc -ivfsstatcache -Xcc /Users/admin/builder/spi-builder-workspace/.derivedData/SDKStatCaches.noindex/watchos27.0-24R360-e829b21a6f8c9b70876ba0858053c04477534ef55a1706bf4c1112bbb242f0a2.sdkstatcache -Xcc -fmodules-prune-interval\=86400 -Xcc -fmodules-prune-after\=345600 -Xcc -I/Users/admin/builder/spi-builder-workspace/.derivedData/Build/Products/Debug-watchos/include -Xcc -I/Users/admin/builder/spi-builder-workspace/.derivedData/Build/Intermediates.noindex/Runtime.build/Debug-watchos/Runtime-t.build/DerivedSources-normal/arm64 -Xcc -I/Users/admin/builder/spi-builder-workspace/.derivedData/Build/Intermediates.noindex/Runtime.build/Debug-watchos/Runtime-t.build/DerivedSources/arm64 -Xcc -I/Users/admin/builder/spi-builder-workspace/.derivedData/Build/Intermediates.noindex/Runtime.build/Debug-watchos/Runtime-t.build/DerivedSources -Xcc -DSWIFT_PACKAGE -Xcc -DDEBUG\=1 -no-auto-bridging-header-chaining -module-name Runtime -const-gather-protocols-file /Users/admin/builder/spi-builder-workspace/.derivedData/Build/Intermediates.noindex/Runtime.build/Debug-watchos/Runtime-t.build/Objects-normal/arm64/Runtime_const_extract_protocols.json -disable-clang-spi -clang-target arm64-apple-watchos27.0 -target-sdk-version 27.0 -target-sdk-name watchos27.0 -in-process-plugin-server-path /Applications/Xcode-27.0.0-Release.Candidate.app/Contents/Developer/Toolchains/XcodeDefault.xctoolchain/usr/lib/swift/host/libSwiftInProcPluginServer.dylib -parse-as-library -o /Users/admin/builder/spi-builder-workspace/.derivedData/Build/Intermediates.noindex/Runtime.build/Debug-watchos/Runtime-t.build/Objects-normal/arm64/DefaultValue.o -o /Users/admin/builder/spi-builder-workspace/.derivedData/Build/Intermediates.noindex/Runtime.build/Debug-watchos/Runtime-t.build/Objects-normal/arm64/Factory.o -o /Users/admin/builder/spi-builder-workspace/.derivedData/Build/Intermediates.noindex/Runtime.build/Debug-watchos/Runtime-t.build/Objects-normal/arm64/ClassHeader.o -o /Users/admin/builder/spi-builder-workspace/.derivedData/Build/Intermediates.noindex/Runtime.build/Debug-watchos/Runtime-t.build/Objects-normal/arm64/ClassMetadataLayout.o -o /Users/admin/builder/spi-builder-workspace/.derivedData/Build/Intermediates.noindex/Runtime.build/Debug-watchos/Runtime-t.build/Objects-normal/arm64/ClassTypeDescriptor.o -debug-module-path /Users/admin/builder/spi-builder-workspace/.derivedData/Build/Intermediates.noindex/Runtime.build/Debug-watchos/Runtime-t.build/Objects-normal/arm64/Runtime.swiftmodule -index-unit-output-path /Runtime.build/Debug-watchos/Runtime-t.build/Objects-normal/arm64/DefaultValue.o -index-unit-output-path /Runtime.build/Debug-watchos/Runtime-t.build/Objects-normal/arm64/Factory.o -index-unit-output-path /Runtime.build/Debug-watchos/Runtime-t.build/Objects-normal/arm64/ClassHeader.o -index-unit-output-path /Runtime.build/Debug-watchos/Runtime-t.build/Objects-normal/arm64/ClassMetadataLayout.o -index-unit-output-path /Runtime.build/Debug-watchos/Runtime-t.build/Objects-normal/arm64/ClassTypeDescriptor.o -index-store-path /Users/admin/builder/spi-builder-workspace/.derivedData/Index.noindex/DataStore -index-system-modules
Command SwiftCompile failed with a nonzero exit code
SwiftCompile normal arm64 /Users/admin/builder/spi-builder-workspace/Sources/Runtime/Factory/DefaultValue.swift (in target 'Runtime' from project 'Runtime')
    cd /Users/admin/builder/spi-builder-workspace/.swiftpm/xcode
    builtin-SwiftPerFileCompile DefaultValue.swift
/Users/admin/builder/spi-builder-workspace/.derivedData/Build/Intermediates.noindex/Runtime.build/Debug-watchos/Runtime-t.build/Objects-normal/arm64/DefaultValue.dia:1:1: warning: Could not read serialized diagnostics file: Error Domain=NSCocoaErrorDomain Code=260 "The file “DefaultValue.dia” couldn’t be opened because there is no such file." UserInfo={NSFilePath=/Users/admin/builder/spi-builder-workspace/.derivedData/Build/Intermediates.noindex/Runtime.build/Debug-watchos/Runtime-t.build/Objects-normal/arm64/DefaultValue.dia, NSURL=file:///Users/admin/builder/spi-builder-workspace/.derivedData/Build/Intermediates.noindex/Runtime.build/Debug-watchos/Runtime-t.build/Objects-normal/arm64/DefaultValue.dia, NSUnderlyingError=0x926c3dad0 {Error Domain=NSPOSIXErrorDomain Code=2 "No such file or directory"}} (in target 'Runtime' from project 'Runtime')
SwiftCompile normal arm64 /Users/admin/builder/spi-builder-workspace/Sources/Runtime/Factory/Factory.swift (in target 'Runtime' from project 'Runtime')
    cd /Users/admin/builder/spi-builder-workspace/.swiftpm/xcode
    builtin-SwiftPerFileCompile Factory.swift
/Users/admin/builder/spi-builder-workspace/.derivedData/Build/Intermediates.noindex/Runtime.build/Debug-watchos/Runtime-t.build/Objects-normal/arm64/Factory.dia:1:1: warning: Could not read serialized diagnostics file: Error Domain=NSCocoaErrorDomain Code=260 "The file “Factory.dia” couldn’t be opened because there is no such file." UserInfo={NSFilePath=/Users/admin/builder/spi-builder-workspace/.derivedData/Build/Intermediates.noindex/Runtime.build/Debug-watchos/Runtime-t.build/Objects-normal/arm64/Factory.dia, NSURL=file:///Users/admin/builder/spi-builder-workspace/.derivedData/Build/Intermediates.noindex/Runtime.build/Debug-watchos/Runtime-t.build/Objects-normal/arm64/Factory.dia, NSUnderlyingError=0x926c3db30 {Error Domain=NSPOSIXErrorDomain Code=2 "No such file or directory"}} (in target 'Runtime' from project 'Runtime')
SwiftCompile normal arm64 /Users/admin/builder/spi-builder-workspace/Sources/Runtime/Layouts/ClassHeader.swift (in target 'Runtime' from project 'Runtime')
    cd /Users/admin/builder/spi-builder-workspace/.swiftpm/xcode
    builtin-SwiftPerFileCompile ClassHeader.swift
/Users/admin/builder/spi-builder-workspace/.derivedData/Build/Intermediates.noindex/Runtime.build/Debug-watchos/Runtime-t.build/Objects-normal/arm64/ClassHeader.dia:1:1: warning: Could not read serialized diagnostics file: Error Domain=NSCocoaErrorDomain Code=260 "The file “ClassHeader.dia” couldn’t be opened because there is no such file." UserInfo={NSFilePath=/Users/admin/builder/spi-builder-workspace/.derivedData/Build/Intermediates.noindex/Runtime.build/Debug-watchos/Runtime-t.build/Objects-normal/arm64/ClassHeader.dia, NSURL=file:///Users/admin/builder/spi-builder-workspace/.derivedData/Build/Intermediates.noindex/Runtime.build/Debug-watchos/Runtime-t.build/Objects-normal/arm64/ClassHeader.dia, NSUnderlyingError=0x926c3e8e0 {Error Domain=NSPOSIXErrorDomain Code=2 "No such file or directory"}} (in target 'Runtime' from project 'Runtime')
SwiftCompile normal arm64 /Users/admin/builder/spi-builder-workspace/Sources/Runtime/Layouts/ClassMetadataLayout.swift (in target 'Runtime' from project 'Runtime')
    cd /Users/admin/builder/spi-builder-workspace/.swiftpm/xcode
    builtin-SwiftPerFileCompile ClassMetadataLayout.swift
/Users/admin/builder/spi-builder-workspace/.derivedData/Build/Intermediates.noindex/Runtime.build/Debug-watchos/Runtime-t.build/Objects-normal/arm64/ClassMetadataLayout.dia:1:1: warning: Could not read serialized diagnostics file: Error Domain=NSCocoaErrorDomain Code=260 "The file “ClassMetadataLayout.dia” couldn’t be opened because there is no such file." UserInfo={NSFilePath=/Users/admin/builder/spi-builder-workspace/.derivedData/Build/Intermediates.noindex/Runtime.build/Debug-watchos/Runtime-t.build/Objects-normal/arm64/ClassMetadataLayout.dia, NSURL=file:///Users/admin/builder/spi-builder-workspace/.derivedData/Build/Intermediates.noindex/Runtime.build/Debug-watchos/Runtime-t.build/Objects-normal/arm64/ClassMetadataLayout.dia, NSUnderlyingError=0x926c3f4e0 {Error Domain=NSPOSIXErrorDomain Code=2 "No such file or directory"}} (in target 'Runtime' from project 'Runtime')
SwiftCompile normal arm64 /Users/admin/builder/spi-builder-workspace/Sources/Runtime/Layouts/ClassTypeDescriptor.swift (in target 'Runtime' from project 'Runtime')
    cd /Users/admin/builder/spi-builder-workspace/.swiftpm/xcode
    builtin-SwiftPerFileCompile ClassTypeDescriptor.swift
/Users/admin/builder/spi-builder-workspace/.derivedData/Build/Intermediates.noindex/Runtime.build/Debug-watchos/Runtime-t.build/Objects-normal/arm64/ClassTypeDescriptor.dia:1:1: warning: Could not read serialized diagnostics file: Error Domain=NSCocoaErrorDomain Code=260 "The file “ClassTypeDescriptor.dia” couldn’t be opened because there is no such file." UserInfo={NSFilePath=/Users/admin/builder/spi-builder-workspace/.derivedData/Build/Intermediates.noindex/Runtime.build/Debug-watchos/Runtime-t.build/Objects-normal/arm64/ClassTypeDescriptor.dia, NSURL=file:///Users/admin/builder/spi-builder-workspace/.derivedData/Build/Intermediates.noindex/Runtime.build/Debug-watchos/Runtime-t.build/Objects-normal/arm64/ClassTypeDescriptor.dia, NSUnderlyingError=0x926c3e340 {Error Domain=NSPOSIXErrorDomain Code=2 "No such file or directory"}} (in target 'Runtime' from project 'Runtime')
SwiftCompile normal arm64 Compiling\ ClassMetadata.swift,\ EnumMetadata.swift,\ FuntionMetadata.swift,\ Metadata.swift,\ MetadataType.swift /Users/admin/builder/spi-builder-workspace/Sources/Runtime/Metadata/ClassMetadata.swift /Users/admin/builder/spi-builder-workspace/Sources/Runtime/Metadata/EnumMetadata.swift /Users/admin/builder/spi-builder-workspace/Sources/Runtime/Metadata/FuntionMetadata.swift /Users/admin/builder/spi-builder-workspace/Sources/Runtime/Metadata/Metadata.swift /Users/admin/builder/spi-builder-workspace/Sources/Runtime/Metadata/MetadataType.swift (in target 'Runtime' from project 'Runtime')
SwiftCompile normal arm64 /Users/admin/builder/spi-builder-workspace/Sources/Runtime/Metadata/ClassMetadata.swift (in target 'Runtime' from project 'Runtime')
    cd /Users/admin/builder/spi-builder-workspace/.swiftpm/xcode
    builtin-SwiftPerFileCompile ClassMetadata.swift
SwiftCompile normal arm64 /Users/admin/builder/spi-builder-workspace/Sources/Runtime/Metadata/EnumMetadata.swift (in target 'Runtime' from project 'Runtime')
    cd /Users/admin/builder/spi-builder-workspace/.swiftpm/xcode
    builtin-SwiftPerFileCompile EnumMetadata.swift
SwiftCompile normal arm64 /Users/admin/builder/spi-builder-workspace/Sources/Runtime/Metadata/FuntionMetadata.swift (in target 'Runtime' from project 'Runtime')
    cd /Users/admin/builder/spi-builder-workspace/.swiftpm/xcode
    builtin-SwiftPerFileCompile FuntionMetadata.swift
SwiftCompile normal arm64 /Users/admin/builder/spi-builder-workspace/Sources/Runtime/Metadata/Metadata.swift (in target 'Runtime' from project 'Runtime')
    cd /Users/admin/builder/spi-builder-workspace/.swiftpm/xcode
    builtin-SwiftPerFileCompile Metadata.swift
SwiftCompile normal arm64 /Users/admin/builder/spi-builder-workspace/Sources/Runtime/Metadata/MetadataType.swift (in target 'Runtime' from project 'Runtime')
    cd /Users/admin/builder/spi-builder-workspace/.swiftpm/xcode
    builtin-SwiftPerFileCompile MetadataType.swift
SwiftCompile normal arm64 Compiling\ RelativePointer.swift,\ RelativeVectorPointer.swift,\ Union.swift,\ Vector.swift /Users/admin/builder/spi-builder-workspace/Sources/Runtime/Pointers/RelativePointer.swift /Users/admin/builder/spi-builder-workspace/Sources/Runtime/Pointers/RelativeVectorPointer.swift /Users/admin/builder/spi-builder-workspace/Sources/Runtime/Pointers/Union.swift /Users/admin/builder/spi-builder-workspace/Sources/Runtime/Pointers/Vector.swift (in target 'Runtime' from project 'Runtime')
SwiftCompile normal arm64 /Users/admin/builder/spi-builder-workspace/Sources/Runtime/Pointers/RelativePointer.swift (in target 'Runtime' from project 'Runtime')
    cd /Users/admin/builder/spi-builder-workspace/.swiftpm/xcode
    builtin-SwiftPerFileCompile RelativePointer.swift
SwiftCompile normal arm64 /Users/admin/builder/spi-builder-workspace/Sources/Runtime/Pointers/RelativeVectorPointer.swift (in target 'Runtime' from project 'Runtime')
    cd /Users/admin/builder/spi-builder-workspace/.swiftpm/xcode
    builtin-SwiftPerFileCompile RelativeVectorPointer.swift
SwiftCompile normal arm64 /Users/admin/builder/spi-builder-workspace/Sources/Runtime/Pointers/Union.swift (in target 'Runtime' from project 'Runtime')
    cd /Users/admin/builder/spi-builder-workspace/.swiftpm/xcode
    builtin-SwiftPerFileCompile Union.swift
SwiftCompile normal arm64 /Users/admin/builder/spi-builder-workspace/Sources/Runtime/Pointers/Vector.swift (in target 'Runtime' from project 'Runtime')
    cd /Users/admin/builder/spi-builder-workspace/.swiftpm/xcode
    builtin-SwiftPerFileCompile Vector.swift
SwiftCompile normal arm64 Compiling\ EnumMetadataLayout.swift,\ EnumTypeDescriptor.swift,\ ExistentialContainter.swift,\ FieldDescriptor.swift,\ FunctionMetadataLayout.swift /Users/admin/builder/spi-builder-workspace/Sources/Runtime/Layouts/EnumMetadataLayout.swift /Users/admin/builder/spi-builder-workspace/Sources/Runtime/Layouts/EnumTypeDescriptor.swift /Users/admin/builder/spi-builder-workspace/Sources/Runtime/Layouts/ExistentialContainter.swift /Users/admin/builder/spi-builder-workspace/Sources/Runtime/Layouts/FieldDescriptor.swift /Users/admin/builder/spi-builder-workspace/Sources/Runtime/Layouts/FunctionMetadataLayout.swift (in target 'Runtime' from project 'Runtime')
SwiftCompile normal arm64 /Users/admin/builder/spi-builder-workspace/Sources/Runtime/Layouts/EnumMetadataLayout.swift (in target 'Runtime' from project 'Runtime')
    cd /Users/admin/builder/spi-builder-workspace/.swiftpm/xcode
    builtin-SwiftPerFileCompile EnumMetadataLayout.swift
SwiftCompile normal arm64 /Users/admin/builder/spi-builder-workspace/Sources/Runtime/Layouts/EnumTypeDescriptor.swift (in target 'Runtime' from project 'Runtime')
    cd /Users/admin/builder/spi-builder-workspace/.swiftpm/xcode
    builtin-SwiftPerFileCompile EnumTypeDescriptor.swift
SwiftCompile normal arm64 /Users/admin/builder/spi-builder-workspace/Sources/Runtime/Layouts/ExistentialContainter.swift (in target 'Runtime' from project 'Runtime')
    cd /Users/admin/builder/spi-builder-workspace/.swiftpm/xcode
    builtin-SwiftPerFileCompile ExistentialContainter.swift
SwiftCompile normal arm64 /Users/admin/builder/spi-builder-workspace/Sources/Runtime/Layouts/FieldDescriptor.swift (in target 'Runtime' from project 'Runtime')
    cd /Users/admin/builder/spi-builder-workspace/.swiftpm/xcode
    builtin-SwiftPerFileCompile FieldDescriptor.swift
SwiftCompile normal arm64 /Users/admin/builder/spi-builder-workspace/Sources/Runtime/Layouts/FunctionMetadataLayout.swift (in target 'Runtime' from project 'Runtime')
    cd /Users/admin/builder/spi-builder-workspace/.swiftpm/xcode
    builtin-SwiftPerFileCompile FunctionMetadataLayout.swift
SwiftCompile normal arm64 Compiling\ Case.swift,\ Errors.swift,\ FunctionInfo.swift,\ Kind.swift /Users/admin/builder/spi-builder-workspace/Sources/Runtime/Models/Case.swift /Users/admin/builder/spi-builder-workspace/Sources/Runtime/Models/Errors.swift /Users/admin/builder/spi-builder-workspace/Sources/Runtime/Models/FunctionInfo.swift /Users/admin/builder/spi-builder-workspace/Sources/Runtime/Models/Kind.swift (in target 'Runtime' from project 'Runtime')
SwiftCompile normal arm64 /Users/admin/builder/spi-builder-workspace/Sources/Runtime/Models/Case.swift (in target 'Runtime' from project 'Runtime')
    cd /Users/admin/builder/spi-builder-workspace/.swiftpm/xcode
    builtin-SwiftPerFileCompile Case.swift
SwiftCompile normal arm64 /Users/admin/builder/spi-builder-workspace/Sources/Runtime/Models/Errors.swift (in target 'Runtime' from project 'Runtime')
    cd /Users/admin/builder/spi-builder-workspace/.swiftpm/xcode
    builtin-SwiftPerFileCompile Errors.swift
SwiftCompile normal arm64 /Users/admin/builder/spi-builder-workspace/Sources/Runtime/Models/FunctionInfo.swift (in target 'Runtime' from project 'Runtime')
    cd /Users/admin/builder/spi-builder-workspace/.swiftpm/xcode
    builtin-SwiftPerFileCompile FunctionInfo.swift
SwiftCompile normal arm64 /Users/admin/builder/spi-builder-workspace/Sources/Runtime/Models/Kind.swift (in target 'Runtime' from project 'Runtime')
    cd /Users/admin/builder/spi-builder-workspace/.swiftpm/xcode
    builtin-SwiftPerFileCompile Kind.swift
SwiftEmitModule normal arm64_32 Emitting\ module\ for\ Runtime (in target 'Runtime' from project 'Runtime')
SwiftCompile normal arm64_32 (in target 'Runtime' from project 'Runtime')
    cd /Users/admin/builder/spi-builder-workspace/.swiftpm/xcode

PruneExplicitPrecompiledModules /Users/admin/builder/spi-builder-workspace/.derivedData/SDKExplicitPrecompiledModules
PruneExplicitPrecompiledModules /Users/admin/builder/spi-builder-workspace/.derivedData/Build/Intermediates.noindex/ExplicitPrecompiledModules
PruneExplicitPrecompiledModules /Users/admin/builder/spi-builder-workspace/.derivedData/Build/Intermediates.noindex/SwiftExplicitPrecompiledModules
2026-09-20 00:22:44.066 xcodebuild[787:4984] [MT] IDERunDestination: Supported platforms for the buildables in the current scheme is empty.
** BUILD FAILED **
The following build commands failed:
	SwiftCompile normal arm64 Compiling\ DefaultValue.swift,\ Factory.swift,\ ClassHeader.swift,\ ClassMetadataLayout.swift,\ ClassTypeDescriptor.swift /Users/admin/builder/spi-builder-workspace/Sources/Runtime/Factory/DefaultValue.swift /Users/admin/builder/spi-builder-workspace/Sources/Runtime/Factory/Factory.swift /Users/admin/builder/spi-builder-workspace/Sources/Runtime/Layouts/ClassHeader.swift /Users/admin/builder/spi-builder-workspace/Sources/Runtime/Layouts/ClassMetadataLayout.swift /Users/admin/builder/spi-builder-workspace/Sources/Runtime/Layouts/ClassTypeDescriptor.swift (in target 'Runtime' from project 'Runtime')
	Building workspace Runtime with scheme Runtime
(2 failures)
BUILD FAILURE 6.4 watchOS