The Swift Package Index logo.Swift Package Index

Build Information

Failed to build XCBuildKit, reference 0.2.0 (b00bf1), with Swift 6.4 for watchOS using Xcode 27.0 on 21 Sep 2026 11:10:54 UTC.

Build Command

env DEVELOPER_DIR=/Applications/Xcode-27.0.0-Release.Candidate.app xcrun xcodebuild -IDEClonedSourcePackagesDirPathOverride=$PWD/.dependencies -skipMacroValidation -skipPackagePluginValidation -derivedDataPath $PWD/.derivedData build -scheme XCBuildKit -destination generic/platform=watchOS

Build Log

========================================
RunAll
========================================
Builder version: 5.1.0
Interrupt handler set up.
========================================
Checkout
========================================
Clone URL: https://github.com/engali94/XCBuildKit.git
Reference: 0.2.0
Initialized empty Git repository in /Users/admin/builder/spi-builder-workspace/.git/
From https://github.com/engali94/XCBuildKit
 * tag               0.2.0      -> FETCH_HEAD
HEAD is now at b00bf1e More granular control over the build process
Cloned https://github.com/engali94/XCBuildKit.git
Revision (git rev-parse @):
b00bf1e051149afcf8a200d5c1c71b8056aae672
SPI manifest file found: $PWD/.spi.yml
SUCCESS checkout https://github.com/engali94/XCBuildKit.git at 0.2.0
========================================
Build
========================================
Selected platform:         watchOS
Swift version:             6.4
Building package at path:  $PWD
https://github.com/engali94/XCBuildKit.git
Command line invocation:
    /Applications/Xcode-27.0.0-Release.Candidate.app/Contents/Developer/usr/bin/xcodebuild -IDEClonedSourcePackagesDirPathOverride=/Users/admin/builder/spi-builder-workspace/.dependencies -resolvePackageDependencies
Resolve Package Graph
Fetching from https://github.com/apple/swift-docc-plugin
Fetching from https://github.com/swiftlang/swift-docc-symbolkit
Creating working copy of package ‘swift-docc-plugin’
Checking out 1.5.0 of package ‘swift-docc-plugin’
Creating working copy of package ‘swift-docc-symbolkit’
Checking out 1.0.0 of package ‘swift-docc-symbolkit’
Resolve Package Graph
Resolved source packages:
  XCBuildKit: /Users/admin/builder/spi-builder-workspace
  SymbolKit: https://github.com/swiftlang/swift-docc-symbolkit @ 1.0.0
  SwiftDocCPlugin: https://github.com/apple/swift-docc-plugin @ 1.5.0
resolved source packages: XCBuildKit, SymbolKit, SwiftDocCPlugin
2026-09-21 07:09:29.804 xcodebuild[529:3032] [MT] IDERunDestination: Supported platforms for the buildables in the current scheme is empty.
{
  "dependencies" : [
    {
      "identity" : "swift-docc-plugin",
      "requirement" : {
        "range" : [
          {
            "lower_bound" : "1.0.0",
            "upper_bound" : "2.0.0"
          }
        ]
      },
      "type" : "sourceControl",
      "url" : "https://github.com/apple/swift-docc-plugin"
    }
  ],
  "manifest_display_name" : "XCBuildKit",
  "name" : "XCBuildKit",
  "path" : "/Users/admin/builder/spi-builder-workspace",
  "platforms" : [
    {
      "name" : "macos",
      "version" : "13.0"
    }
  ],
  "products" : [
    {
      "name" : "XCBuildKit",
      "targets" : [
        "XCBuildKit"
      ],
      "type" : {
        "library" : [
          "automatic"
        ]
      }
    }
  ],
  "targets" : [
    {
      "c99name" : "XCBuildKitTests",
      "module_type" : "SwiftTarget",
      "name" : "XCBuildKitTests",
      "path" : "Tests/XCBuildKitTests",
      "sources" : [
        "Shell/ShellCommandExecuterTests.swift",
        "XCBuild/XcodeBuildTests.swift"
      ],
      "target_dependencies" : [
        "XCBuildKit"
      ],
      "type" : "test"
    },
    {
      "c99name" : "XCBuildKit",
      "module_type" : "SwiftTarget",
      "name" : "XCBuildKit",
      "path" : "Sources/XCBuildKit",
      "product_memberships" : [
        "XCBuildKit"
      ],
      "sources" : [
        "Shell/ShellCommandExecuter.swift",
        "Shell/ShellCommandExecuting.swift",
        "Shell/ShellError.swift",
        "Shell/ShellOutput.swift",
        "XCBuild/BuildConfigurationValidator.swift",
        "XCBuild/BuildLogFormattable.swift",
        "XCBuild/BuildState.swift",
        "XCBuild/XcodeBuild.swift",
        "XCBuild/XcodeBuildAction.swift",
        "XCBuild/XcodeBuildOptions.swift",
        "XCBuild/XcodeBuilding.swift"
      ],
      "type" : "library"
    }
  ],
  "tools_version" : "6.0"
}
{
  "workspace" : {
    "name" : "XCBuildKit",
    "schemes" : [
      "XCBuildKit"
    ]
  }
}
2026-09-21 07:10:13.945 xcodebuild[822:5029] [MT] IDERunDestination: Supported platforms for the buildables in the current scheme is empty.
Running build ...
env DEVELOPER_DIR=/Applications/Xcode-27.0.0-Release.Candidate.app xcrun xcodebuild -IDEClonedSourcePackagesDirPathOverride=$PWD/.dependencies -skipMacroValidation -skipPackagePluginValidation -derivedDataPath $PWD/.derivedData build -scheme XCBuildKit -destination generic/platform=watchOS
Command line invocation:
    /Applications/Xcode-27.0.0-Release.Candidate.app/Contents/Developer/usr/bin/xcodebuild -IDEClonedSourcePackagesDirPathOverride=/Users/admin/builder/spi-builder-workspace/.dependencies -skipMacroValidation -skipPackagePluginValidation -derivedDataPath /Users/admin/builder/spi-builder-workspace/.derivedData build -scheme XCBuildKit -destination generic/platform=watchOS
Resolve Package Graph
Resolve Package Graph
Resolved source packages:
  SymbolKit: https://github.com/swiftlang/swift-docc-symbolkit @ 1.0.0
  XCBuildKit: /Users/admin/builder/spi-builder-workspace
  SwiftDocCPlugin: https://github.com/apple/swift-docc-plugin @ 1.5.0
ComputePackagePrebuildTargetDependencyGraph
Prepare packages
CreateBuildRequest
SendProjectDescription
CreateBuildOperation
ComputeTargetDependencyGraph
note: Building targets in dependency order
note: Target dependency graph (2 targets)
    Target 'XCBuildKit-product' in project 'XCBuildKit'
        ➜ Explicit dependency on target 'XCBuildKit' in project 'XCBuildKit'
    Target 'XCBuildKit' in project 'XCBuildKit' (no dependencies)
GatherProvisioningInputs
CreateBuildDescription
ExecuteExternalTool /Applications/Xcode-27.0.0-Release.Candidate.app/Contents/Developer/Toolchains/XcodeDefault.xctoolchain/usr/bin/clang -v -E -dM -isysroot /Applications/Xcode-27.0.0-Release.Candidate.app/Contents/Developer/Platforms/WatchOS.platform/Developer/SDKs/WatchOS27.0.sdk -x c -c /dev/null
ExecuteExternalTool /Applications/Xcode-27.0.0-Release.Candidate.app/Contents/Developer/Toolchains/XcodeDefault.xctoolchain/usr/bin/swiftc --version
ExecuteExternalTool /Applications/Xcode-27.0.0-Release.Candidate.app/Contents/Developer/Toolchains/XcodeDefault.xctoolchain/usr/bin/ld -version_details
ReadFileContents /Applications/Xcode-27.0.0-Release.Candidate.app/Contents/Developer/Toolchains/XcodeDefault.xctoolchain/usr/share/docc/features.json
Build description signature: 7e6eb1bde1c6ff1c1b22806f1c29a367
Build description path: /Users/admin/builder/spi-builder-workspace/.derivedData/Build/Intermediates.noindex/XCBuildData/7e6eb1bde1c6ff1c1b22806f1c29a367.xcbuilddata
CreateBuildDirectory /Users/admin/builder/spi-builder-workspace/.derivedData/SDKExplicitPrecompiledModules
    cd /Users/admin/builder/spi-builder-workspace/.swiftpm/xcode
    builtin-create-build-directory /Users/admin/builder/spi-builder-workspace/.derivedData/SDKExplicitPrecompiledModules
CreateBuildDirectory /Users/admin/builder/spi-builder-workspace/.derivedData/CompilationCache.noindex
    cd /Users/admin/builder/spi-builder-workspace/.swiftpm/xcode
    builtin-create-build-directory /Users/admin/builder/spi-builder-workspace/.derivedData/CompilationCache.noindex
CreateBuildDirectory /Users/admin/builder/spi-builder-workspace/.derivedData/ModuleCache.noindex
    cd /Users/admin/builder/spi-builder-workspace/.swiftpm/xcode
    builtin-create-build-directory /Users/admin/builder/spi-builder-workspace/.derivedData/ModuleCache.noindex
CreateBuildDirectory /Users/admin/builder/spi-builder-workspace/.derivedData/Build/Intermediates.noindex
    cd /Users/admin/builder/spi-builder-workspace/.swiftpm/xcode
    builtin-create-build-directory /Users/admin/builder/spi-builder-workspace/.derivedData/Build/Intermediates.noindex
CreateBuildDirectory /Users/admin/builder/spi-builder-workspace/.derivedData/Build/Products
    cd /Users/admin/builder/spi-builder-workspace/.swiftpm/xcode
    builtin-create-build-directory /Users/admin/builder/spi-builder-workspace/.derivedData/Build/Products
ClangStatCache /Applications/Xcode-27.0.0-Release.Candidate.app/Contents/Developer/Toolchains/XcodeDefault.xctoolchain/usr/bin/clang-stat-cache /Applications/Xcode-27.0.0-Release.Candidate.app/Contents/Developer/Platforms/WatchOS.platform/Developer/SDKs/WatchOS27.0.sdk /Users/admin/builder/spi-builder-workspace/.derivedData/SDKStatCaches.noindex/watchos27.0-24R360-e829b21a6f8c9b70876ba0858053c04477534ef55a1706bf4c1112bbb242f0a2.sdkstatcache
    cd /Users/admin/builder/spi-builder-workspace/.swiftpm/xcode
    /Applications/Xcode-27.0.0-Release.Candidate.app/Contents/Developer/Toolchains/XcodeDefault.xctoolchain/usr/bin/clang-stat-cache /Applications/Xcode-27.0.0-Release.Candidate.app/Contents/Developer/Platforms/WatchOS.platform/Developer/SDKs/WatchOS27.0.sdk -o /Users/admin/builder/spi-builder-workspace/.derivedData/SDKStatCaches.noindex/watchos27.0-24R360-e829b21a6f8c9b70876ba0858053c04477534ef55a1706bf4c1112bbb242f0a2.sdkstatcache
CreateBuildDirectory /Users/admin/builder/spi-builder-workspace/.derivedData/Build/Intermediates.noindex/SwiftExplicitPrecompiledModules
    cd /Users/admin/builder/spi-builder-workspace/.swiftpm/xcode
    builtin-create-build-directory /Users/admin/builder/spi-builder-workspace/.derivedData/Build/Intermediates.noindex/SwiftExplicitPrecompiledModules
CreateBuildDirectory /Users/admin/builder/spi-builder-workspace/.derivedData/Build/Intermediates.noindex/PrecompiledHeaders
    cd /Users/admin/builder/spi-builder-workspace/.swiftpm/xcode
    builtin-create-build-directory /Users/admin/builder/spi-builder-workspace/.derivedData/Build/Intermediates.noindex/PrecompiledHeaders
CreateBuildDirectory /Users/admin/builder/spi-builder-workspace/.derivedData/Build/Products/Debug-watchos
    cd /Users/admin/builder/spi-builder-workspace/.swiftpm/xcode
    builtin-create-build-directory /Users/admin/builder/spi-builder-workspace/.derivedData/Build/Products/Debug-watchos
CreateBuildDirectory /Users/admin/builder/spi-builder-workspace/.derivedData/Build/Intermediates.noindex/ExplicitPrecompiledModules
    cd /Users/admin/builder/spi-builder-workspace/.swiftpm/xcode
    builtin-create-build-directory /Users/admin/builder/spi-builder-workspace/.derivedData/Build/Intermediates.noindex/ExplicitPrecompiledModules
CreateBuildDirectory /Users/admin/builder/spi-builder-workspace/.derivedData/Build/Intermediates.noindex/EagerLinkingTBDs/Debug-watchos
    cd /Users/admin/builder/spi-builder-workspace/.swiftpm/xcode
    builtin-create-build-directory /Users/admin/builder/spi-builder-workspace/.derivedData/Build/Intermediates.noindex/EagerLinkingTBDs/Debug-watchos
CreateBuildDirectory /Users/admin/builder/spi-builder-workspace/.derivedData/Build/Products/Debug-watchos/PackageFrameworks
    cd /Users/admin/builder/spi-builder-workspace/.swiftpm/xcode
    builtin-create-build-directory /Users/admin/builder/spi-builder-workspace/.derivedData/Build/Products/Debug-watchos/PackageFrameworks
WriteAuxiliaryFile /Users/admin/builder/spi-builder-workspace/.derivedData/Build/Intermediates.noindex/XCBuildKit.build/Debug-watchos/XCBuildKit-t.build/XCBuildKit.DependencyStaticMetadataFileList (in target 'XCBuildKit' from project 'XCBuildKit')
    cd /Users/admin/builder/spi-builder-workspace
    write-file /Users/admin/builder/spi-builder-workspace/.derivedData/Build/Intermediates.noindex/XCBuildKit.build/Debug-watchos/XCBuildKit-t.build/XCBuildKit.DependencyStaticMetadataFileList
WriteAuxiliaryFile /Users/admin/builder/spi-builder-workspace/.derivedData/Build/Intermediates.noindex/XCBuildKit.build/Debug-watchos/XCBuildKit-t.build/XCBuildKit.DependencyMetadataFileList (in target 'XCBuildKit' from project 'XCBuildKit')
    cd /Users/admin/builder/spi-builder-workspace
    write-file /Users/admin/builder/spi-builder-workspace/.derivedData/Build/Intermediates.noindex/XCBuildKit.build/Debug-watchos/XCBuildKit-t.build/XCBuildKit.DependencyMetadataFileList
WriteAuxiliaryFile /Users/admin/builder/spi-builder-workspace/.derivedData/Build/Intermediates.noindex/XCBuildKit.build/Debug-watchos/XCBuildKit-t.build/XCBuildKit.modulemap (in target 'XCBuildKit' from project 'XCBuildKit')
    cd /Users/admin/builder/spi-builder-workspace
    write-file /Users/admin/builder/spi-builder-workspace/.derivedData/Build/Intermediates.noindex/XCBuildKit.build/Debug-watchos/XCBuildKit-t.build/XCBuildKit.modulemap
WriteAuxiliaryFile /Users/admin/builder/spi-builder-workspace/.derivedData/Build/Intermediates.noindex/XCBuildKit.build/Debug-watchos/XCBuildKit-t.build/Objects-normal/arm64_32/XCBuildKit.SwiftFileList (in target 'XCBuildKit' from project 'XCBuildKit')
    cd /Users/admin/builder/spi-builder-workspace
    write-file /Users/admin/builder/spi-builder-workspace/.derivedData/Build/Intermediates.noindex/XCBuildKit.build/Debug-watchos/XCBuildKit-t.build/Objects-normal/arm64_32/XCBuildKit.SwiftFileList
WriteAuxiliaryFile /Users/admin/builder/spi-builder-workspace/.derivedData/Build/Intermediates.noindex/XCBuildKit.build/Debug-watchos/XCBuildKit-t.build/Objects-normal/arm64_32/XCBuildKit.SwiftConstValuesFileList (in target 'XCBuildKit' from project 'XCBuildKit')
    cd /Users/admin/builder/spi-builder-workspace
    write-file /Users/admin/builder/spi-builder-workspace/.derivedData/Build/Intermediates.noindex/XCBuildKit.build/Debug-watchos/XCBuildKit-t.build/Objects-normal/arm64_32/XCBuildKit.SwiftConstValuesFileList
WriteAuxiliaryFile /Users/admin/builder/spi-builder-workspace/.derivedData/Build/Intermediates.noindex/XCBuildKit.build/Debug-watchos/XCBuildKit-t.build/Objects-normal/arm64_32/XCBuildKit-OutputFileMap.json (in target 'XCBuildKit' from project 'XCBuildKit')
    cd /Users/admin/builder/spi-builder-workspace
    write-file /Users/admin/builder/spi-builder-workspace/.derivedData/Build/Intermediates.noindex/XCBuildKit.build/Debug-watchos/XCBuildKit-t.build/Objects-normal/arm64_32/XCBuildKit-OutputFileMap.json
WriteAuxiliaryFile /Users/admin/builder/spi-builder-workspace/.derivedData/Build/Intermediates.noindex/XCBuildKit.build/Debug-watchos/XCBuildKit-t.build/Objects-normal/arm64_32/XCBuildKit_const_extract_protocols.json (in target 'XCBuildKit' from project 'XCBuildKit')
    cd /Users/admin/builder/spi-builder-workspace
    write-file /Users/admin/builder/spi-builder-workspace/.derivedData/Build/Intermediates.noindex/XCBuildKit.build/Debug-watchos/XCBuildKit-t.build/Objects-normal/arm64_32/XCBuildKit_const_extract_protocols.json
WriteAuxiliaryFile /Users/admin/builder/spi-builder-workspace/.derivedData/Build/Intermediates.noindex/XCBuildKit.build/Debug-watchos/XCBuildKit-t.build/Objects-normal/arm64/XCBuildKit_const_extract_protocols.json (in target 'XCBuildKit' from project 'XCBuildKit')
    cd /Users/admin/builder/spi-builder-workspace
    write-file /Users/admin/builder/spi-builder-workspace/.derivedData/Build/Intermediates.noindex/XCBuildKit.build/Debug-watchos/XCBuildKit-t.build/Objects-normal/arm64/XCBuildKit_const_extract_protocols.json
WriteAuxiliaryFile /Users/admin/builder/spi-builder-workspace/.derivedData/Build/Intermediates.noindex/XCBuildKit.build/Debug-watchos/XCBuildKit-t.build/Objects-normal/arm64_32/XCBuildKit.LinkFileList (in target 'XCBuildKit' from project 'XCBuildKit')
    cd /Users/admin/builder/spi-builder-workspace
    write-file /Users/admin/builder/spi-builder-workspace/.derivedData/Build/Intermediates.noindex/XCBuildKit.build/Debug-watchos/XCBuildKit-t.build/Objects-normal/arm64_32/XCBuildKit.LinkFileList
WriteAuxiliaryFile /Users/admin/builder/spi-builder-workspace/.derivedData/Build/Intermediates.noindex/XCBuildKit.build/Debug-watchos/XCBuildKit-t.build/Objects-normal/arm64/XCBuildKit.SwiftFileList (in target 'XCBuildKit' from project 'XCBuildKit')
    cd /Users/admin/builder/spi-builder-workspace
    write-file /Users/admin/builder/spi-builder-workspace/.derivedData/Build/Intermediates.noindex/XCBuildKit.build/Debug-watchos/XCBuildKit-t.build/Objects-normal/arm64/XCBuildKit.SwiftFileList
WriteAuxiliaryFile /Users/admin/builder/spi-builder-workspace/.derivedData/Build/Intermediates.noindex/XCBuildKit.build/Debug-watchos/XCBuildKit-t.build/Objects-normal/arm64/XCBuildKit.LinkFileList (in target 'XCBuildKit' from project 'XCBuildKit')
    cd /Users/admin/builder/spi-builder-workspace
    write-file /Users/admin/builder/spi-builder-workspace/.derivedData/Build/Intermediates.noindex/XCBuildKit.build/Debug-watchos/XCBuildKit-t.build/Objects-normal/arm64/XCBuildKit.LinkFileList
WriteAuxiliaryFile /Users/admin/builder/spi-builder-workspace/.derivedData/Build/Intermediates.noindex/XCBuildKit.build/Debug-watchos/XCBuildKit-t.build/Objects-normal/arm64/XCBuildKit.SwiftConstValuesFileList (in target 'XCBuildKit' from project 'XCBuildKit')
    cd /Users/admin/builder/spi-builder-workspace
    write-file /Users/admin/builder/spi-builder-workspace/.derivedData/Build/Intermediates.noindex/XCBuildKit.build/Debug-watchos/XCBuildKit-t.build/Objects-normal/arm64/XCBuildKit.SwiftConstValuesFileList
WriteAuxiliaryFile /Users/admin/builder/spi-builder-workspace/.derivedData/Build/Intermediates.noindex/XCBuildKit.build/Debug-watchos/XCBuildKit-t.build/Objects-normal/arm64/XCBuildKit-OutputFileMap.json (in target 'XCBuildKit' from project 'XCBuildKit')
    cd /Users/admin/builder/spi-builder-workspace
    write-file /Users/admin/builder/spi-builder-workspace/.derivedData/Build/Intermediates.noindex/XCBuildKit.build/Debug-watchos/XCBuildKit-t.build/Objects-normal/arm64/XCBuildKit-OutputFileMap.json
Copy /Users/admin/builder/spi-builder-workspace/.derivedData/Build/Intermediates.noindex/GeneratedModuleMaps-watchos/XCBuildKit.modulemap /Users/admin/builder/spi-builder-workspace/.derivedData/Build/Intermediates.noindex/XCBuildKit.build/Debug-watchos/XCBuildKit-t.build/XCBuildKit.modulemap (in target 'XCBuildKit' from project 'XCBuildKit')
    cd /Users/admin/builder/spi-builder-workspace
    builtin-copy -exclude .DS_Store -exclude CVS -exclude .svn -exclude .git -exclude .hg -resolve-src-symlinks /Users/admin/builder/spi-builder-workspace/.derivedData/Build/Intermediates.noindex/XCBuildKit.build/Debug-watchos/XCBuildKit-t.build/XCBuildKit.modulemap /Users/admin/builder/spi-builder-workspace/.derivedData/Build/Intermediates.noindex/GeneratedModuleMaps-watchos
SwiftDriver XCBuildKit normal arm64_32 com.apple.xcode.tools.swift.compiler (in target 'XCBuildKit' from project 'XCBuildKit')
    cd /Users/admin/builder/spi-builder-workspace/.swiftpm/xcode
    builtin-SwiftDriver -- /Applications/Xcode-27.0.0-Release.Candidate.app/Contents/Developer/Toolchains/XcodeDefault.xctoolchain/usr/bin/swiftc -parse-as-library -module-name XCBuildKit -Onone @/Users/admin/builder/spi-builder-workspace/.derivedData/Build/Intermediates.noindex/XCBuildKit.build/Debug-watchos/XCBuildKit-t.build/Objects-normal/arm64_32/XCBuildKit.SwiftFileList -DSWIFT_PACKAGE -DDEBUG -DSWIFT_MODULE_RESOURCE_BUNDLE_UNAVAILABLE -DXcode -plugin-path /Applications/Xcode-27.0.0-Release.Candidate.app/Contents/Developer/Toolchains/XcodeDefault.xctoolchain/usr/lib/swift/host/plugins/testing -enable-experimental-feature DebugDescriptionMacro -sdk /Applications/Xcode-27.0.0-Release.Candidate.app/Contents/Developer/Platforms/WatchOS.platform/Developer/SDKs/WatchOS27.0.sdk -target arm64_32-apple-watchos9.0 -g -module-cache-path /Users/admin/builder/spi-builder-workspace/.derivedData/ModuleCache.noindex -Xfrontend -serialize-debugging-options -profile-coverage-mapping -profile-generate -enable-testing -index-store-path /Users/admin/builder/spi-builder-workspace/.derivedData/Index.noindex/DataStore -Xcc -D_LIBCPP_HARDENING_MODE\=_LIBCPP_HARDENING_MODE_DEBUG -swift-version 6 -I /Users/admin/builder/spi-builder-workspace/.derivedData/Build/Products/Debug-watchos -Isystem /Applications/Xcode-27.0.0-Release.Candidate.app/Contents/Developer/Platforms/WatchOS.platform/Developer/usr/lib -F /Users/admin/builder/spi-builder-workspace/.derivedData/Build/Products/Debug-watchos -F /Applications/Xcode-27.0.0-Release.Candidate.app/Contents/Developer/Platforms/WatchOS.platform/Developer/Library/Frameworks -F /Applications/Xcode-27.0.0-Release.Candidate.app/Contents/Developer/Platforms/WatchOS.platform/Developer/SDKs/WatchOS27.0.sdk/Developer/Library/Frameworks -c -j10 -enable-batch-mode -incremental -Xcc -ivfsstatcache -Xcc /Users/admin/builder/spi-builder-workspace/.derivedData/SDKStatCaches.noindex/watchos27.0-24R360-e829b21a6f8c9b70876ba0858053c04477534ef55a1706bf4c1112bbb242f0a2.sdkstatcache -output-file-map /Users/admin/builder/spi-builder-workspace/.derivedData/Build/Intermediates.noindex/XCBuildKit.build/Debug-watchos/XCBuildKit-t.build/Objects-normal/arm64_32/XCBuildKit-OutputFileMap.json -save-temps -no-color-diagnostics -explicit-module-build -module-cache-path /Users/admin/builder/spi-builder-workspace/.derivedData/Build/Intermediates.noindex/SwiftExplicitPrecompiledModules -clang-scanner-module-cache-path /Users/admin/builder/spi-builder-workspace/.derivedData/ModuleCache.noindex -sdk-module-cache-path /Users/admin/builder/spi-builder-workspace/.derivedData/SDKExplicitPrecompiledModules -emit-dependencies -emit-module -emit-module-path /Users/admin/builder/spi-builder-workspace/.derivedData/Build/Intermediates.noindex/XCBuildKit.build/Debug-watchos/XCBuildKit-t.build/Objects-normal/arm64_32/XCBuildKit.swiftmodule -serialize-diagnostics -dependency-scan-serialize-diagnostics-path /Users/admin/builder/spi-builder-workspace/.derivedData/Build/Intermediates.noindex/XCBuildKit.build/Debug-watchos/XCBuildKit-t.build/Objects-normal/arm64_32/XCBuildKit-dependency-scan.dia -validate-clang-modules-once -clang-build-session-file /Users/admin/builder/spi-builder-workspace/.derivedData/ModuleCache.noindex/Session.modulevalidation -Xcc -fmodules-prune-interval\=86400 -Xcc -fmodules-prune-after\=345600 -package-name spi_builder_workspace -emit-const-values -const-gather-protocols-list /Users/admin/builder/spi-builder-workspace/.derivedData/Build/Intermediates.noindex/XCBuildKit.build/Debug-watchos/XCBuildKit-t.build/Objects-normal/arm64_32/XCBuildKit_const_extract_protocols.json -Xcc -I/Users/admin/builder/spi-builder-workspace/.derivedData/Build/Products/Debug-watchos/include -Xcc -I/Users/admin/builder/spi-builder-workspace/.derivedData/Build/Intermediates.noindex/XCBuildKit.build/Debug-watchos/XCBuildKit-t.build/DerivedSources-normal/arm64_32 -Xcc -I/Users/admin/builder/spi-builder-workspace/.derivedData/Build/Intermediates.noindex/XCBuildKit.build/Debug-watchos/XCBuildKit-t.build/DerivedSources/arm64_32 -Xcc -I/Users/admin/builder/spi-builder-workspace/.derivedData/Build/Intermediates.noindex/XCBuildKit.build/Debug-watchos/XCBuildKit-t.build/DerivedSources -Xcc -DSWIFT_PACKAGE -Xcc -DDEBUG\=1 -emit-objc-header -emit-objc-header-path /Users/admin/builder/spi-builder-workspace/.derivedData/Build/Intermediates.noindex/XCBuildKit.build/Debug-watchos/XCBuildKit-t.build/Objects-normal/arm64_32/XCBuildKit-Swift.h -working-directory /Users/admin/builder/spi-builder-workspace/.swiftpm/xcode -experimental-emit-module-separately -disable-cmo
SwiftDriver XCBuildKit normal arm64 com.apple.xcode.tools.swift.compiler (in target 'XCBuildKit' from project 'XCBuildKit')
    cd /Users/admin/builder/spi-builder-workspace/.swiftpm/xcode
    builtin-SwiftDriver -- /Applications/Xcode-27.0.0-Release.Candidate.app/Contents/Developer/Toolchains/XcodeDefault.xctoolchain/usr/bin/swiftc -parse-as-library -module-name XCBuildKit -Onone @/Users/admin/builder/spi-builder-workspace/.derivedData/Build/Intermediates.noindex/XCBuildKit.build/Debug-watchos/XCBuildKit-t.build/Objects-normal/arm64/XCBuildKit.SwiftFileList -DSWIFT_PACKAGE -DDEBUG -DSWIFT_MODULE_RESOURCE_BUNDLE_UNAVAILABLE -DXcode -plugin-path /Applications/Xcode-27.0.0-Release.Candidate.app/Contents/Developer/Toolchains/XcodeDefault.xctoolchain/usr/lib/swift/host/plugins/testing -enable-experimental-feature DebugDescriptionMacro -sdk /Applications/Xcode-27.0.0-Release.Candidate.app/Contents/Developer/Platforms/WatchOS.platform/Developer/SDKs/WatchOS27.0.sdk -target arm64-apple-watchos9.0 -g -module-cache-path /Users/admin/builder/spi-builder-workspace/.derivedData/ModuleCache.noindex -Xfrontend -serialize-debugging-options -profile-coverage-mapping -profile-generate -enable-testing -index-store-path /Users/admin/builder/spi-builder-workspace/.derivedData/Index.noindex/DataStore -Xcc -D_LIBCPP_HARDENING_MODE\=_LIBCPP_HARDENING_MODE_DEBUG -swift-version 6 -I /Users/admin/builder/spi-builder-workspace/.derivedData/Build/Products/Debug-watchos -Isystem /Applications/Xcode-27.0.0-Release.Candidate.app/Contents/Developer/Platforms/WatchOS.platform/Developer/usr/lib -F /Users/admin/builder/spi-builder-workspace/.derivedData/Build/Products/Debug-watchos -F /Applications/Xcode-27.0.0-Release.Candidate.app/Contents/Developer/Platforms/WatchOS.platform/Developer/Library/Frameworks -F /Applications/Xcode-27.0.0-Release.Candidate.app/Contents/Developer/Platforms/WatchOS.platform/Developer/SDKs/WatchOS27.0.sdk/Developer/Library/Frameworks -c -j10 -enable-batch-mode -incremental -Xcc -ivfsstatcache -Xcc /Users/admin/builder/spi-builder-workspace/.derivedData/SDKStatCaches.noindex/watchos27.0-24R360-e829b21a6f8c9b70876ba0858053c04477534ef55a1706bf4c1112bbb242f0a2.sdkstatcache -output-file-map /Users/admin/builder/spi-builder-workspace/.derivedData/Build/Intermediates.noindex/XCBuildKit.build/Debug-watchos/XCBuildKit-t.build/Objects-normal/arm64/XCBuildKit-OutputFileMap.json -save-temps -no-color-diagnostics -explicit-module-build -module-cache-path /Users/admin/builder/spi-builder-workspace/.derivedData/Build/Intermediates.noindex/SwiftExplicitPrecompiledModules -clang-scanner-module-cache-path /Users/admin/builder/spi-builder-workspace/.derivedData/ModuleCache.noindex -sdk-module-cache-path /Users/admin/builder/spi-builder-workspace/.derivedData/SDKExplicitPrecompiledModules -emit-dependencies -emit-module -emit-module-path /Users/admin/builder/spi-builder-workspace/.derivedData/Build/Intermediates.noindex/XCBuildKit.build/Debug-watchos/XCBuildKit-t.build/Objects-normal/arm64/XCBuildKit.swiftmodule -serialize-diagnostics -dependency-scan-serialize-diagnostics-path /Users/admin/builder/spi-builder-workspace/.derivedData/Build/Intermediates.noindex/XCBuildKit.build/Debug-watchos/XCBuildKit-t.build/Objects-normal/arm64/XCBuildKit-dependency-scan.dia -validate-clang-modules-once -clang-build-session-file /Users/admin/builder/spi-builder-workspace/.derivedData/ModuleCache.noindex/Session.modulevalidation -Xcc -fmodules-prune-interval\=86400 -Xcc -fmodules-prune-after\=345600 -package-name spi_builder_workspace -emit-const-values -const-gather-protocols-list /Users/admin/builder/spi-builder-workspace/.derivedData/Build/Intermediates.noindex/XCBuildKit.build/Debug-watchos/XCBuildKit-t.build/Objects-normal/arm64/XCBuildKit_const_extract_protocols.json -Xcc -I/Users/admin/builder/spi-builder-workspace/.derivedData/Build/Products/Debug-watchos/include -Xcc -I/Users/admin/builder/spi-builder-workspace/.derivedData/Build/Intermediates.noindex/XCBuildKit.build/Debug-watchos/XCBuildKit-t.build/DerivedSources-normal/arm64 -Xcc -I/Users/admin/builder/spi-builder-workspace/.derivedData/Build/Intermediates.noindex/XCBuildKit.build/Debug-watchos/XCBuildKit-t.build/DerivedSources/arm64 -Xcc -I/Users/admin/builder/spi-builder-workspace/.derivedData/Build/Intermediates.noindex/XCBuildKit.build/Debug-watchos/XCBuildKit-t.build/DerivedSources -Xcc -DSWIFT_PACKAGE -Xcc -DDEBUG\=1 -emit-objc-header -emit-objc-header-path /Users/admin/builder/spi-builder-workspace/.derivedData/Build/Intermediates.noindex/XCBuildKit.build/Debug-watchos/XCBuildKit-t.build/Objects-normal/arm64/XCBuildKit-Swift.h -working-directory /Users/admin/builder/spi-builder-workspace/.swiftpm/xcode -experimental-emit-module-separately -disable-cmo
SwiftExplicitDependencyGeneratePcm arm64 /Users/admin/builder/spi-builder-workspace/.derivedData/SDKExplicitPrecompiledModules/SwiftShims-AJ4AZYHQNC33R5RLN7AGEIOMP.pcm
SwiftExplicitDependencyGeneratePcm arm64 /Users/admin/builder/spi-builder-workspace/.derivedData/SDKExplicitPrecompiledModules/_AvailabilityInternal-42EVAC8Q6P1ZT6G3A168N97G4.pcm
SwiftExplicitDependencyGeneratePcm arm64 /Users/admin/builder/spi-builder-workspace/.derivedData/SDKExplicitPrecompiledModules/ptrcheck-8K07997SIHO7YGY7UQ3LOQ3TJ.pcm
SwiftExplicitDependencyGeneratePcm arm64 /Users/admin/builder/spi-builder-workspace/.derivedData/SDKExplicitPrecompiledModules/_Builtin_stdarg-3X4KLXUYEI0UGBILP4X7D0CYW.pcm
SwiftExplicitDependencyGeneratePcm arm64 /Users/admin/builder/spi-builder-workspace/.derivedData/SDKExplicitPrecompiledModules/ptrauth-C7VQASAJ967Q4Q6SRD4I3CFWZ.pcm
SwiftExplicitDependencyGeneratePcm arm64 /Users/admin/builder/spi-builder-workspace/.derivedData/SDKExplicitPrecompiledModules/_Builtin_stdbool-B692L2PMR118794VVYBG37897.pcm
SwiftExplicitDependencyGeneratePcm arm64 /Users/admin/builder/spi-builder-workspace/.derivedData/SDKExplicitPrecompiledModules/_Builtin_float-E4M4A8689VXF1T7P7BV56IKBT.pcm
SwiftExplicitDependencyGeneratePcm arm64 /Users/admin/builder/spi-builder-workspace/.derivedData/SDKExplicitPrecompiledModules/_SwiftConcurrencyShims-CTPSFSTDCBVSSQFHL6I305U72.pcm
SwiftExplicitDependencyGeneratePcm arm64 /Users/admin/builder/spi-builder-workspace/.derivedData/SDKExplicitPrecompiledModules/_Builtin_stddef-5OH846KKUPSJJT7GCX9XU1TKG.pcm
SwiftExplicitDependencyGeneratePcm arm64_32 /Users/admin/builder/spi-builder-workspace/.derivedData/SDKExplicitPrecompiledModules/_Builtin_stdarg-EYJP6DFYQL9GJLH1TJ84A8MHV.pcm
SwiftExplicitDependencyGeneratePcm arm64_32 /Users/admin/builder/spi-builder-workspace/.derivedData/SDKExplicitPrecompiledModules/_SwiftConcurrencyShims-58G4ISYSYDV3AT1DDGEE0QCUF.pcm
SwiftExplicitDependencyGeneratePcm arm64_32 /Users/admin/builder/spi-builder-workspace/.derivedData/SDKExplicitPrecompiledModules/_Builtin_stdbool-84ZA1VDW90AGWZ2LF5KOCM8DZ.pcm
SwiftExplicitDependencyGeneratePcm arm64_32 /Users/admin/builder/spi-builder-workspace/.derivedData/SDKExplicitPrecompiledModules/_Builtin_float-372PLGDQ1U3B6Z5EA5DJMDORJ.pcm
SwiftExplicitDependencyGeneratePcm arm64_32 /Users/admin/builder/spi-builder-workspace/.derivedData/SDKExplicitPrecompiledModules/_AvailabilityInternal-22ZP1ILSQW16KHXZS5GBZHOCS.pcm
SwiftExplicitDependencyGeneratePcm arm64_32 /Users/admin/builder/spi-builder-workspace/.derivedData/SDKExplicitPrecompiledModules/ptrauth-EW7YZZ7LEZE1QZF2T8148IPSA.pcm
SwiftExplicitDependencyGeneratePcm arm64_32 /Users/admin/builder/spi-builder-workspace/.derivedData/SDKExplicitPrecompiledModules/SwiftShims-D9VBB138U50XYYGW2C2V21N3L.pcm
SwiftExplicitDependencyGeneratePcm arm64_32 /Users/admin/builder/spi-builder-workspace/.derivedData/SDKExplicitPrecompiledModules/ptrcheck-EAZ3I917ZFA9H6ZCL6PGLG4TR.pcm
SwiftExplicitDependencyGeneratePcm arm64_32 /Users/admin/builder/spi-builder-workspace/.derivedData/SDKExplicitPrecompiledModules/_Builtin_stddef-2F9BFIPBQ5EWNSK5G7G7V4EKL.pcm
SwiftExplicitDependencyGeneratePcm arm64 /Users/admin/builder/spi-builder-workspace/.derivedData/SDKExplicitPrecompiledModules/_DarwinFoundation1-7YQ9TVI7XTOGQU9OADRXP33D1.pcm
SwiftExplicitDependencyGeneratePcm arm64_32 /Users/admin/builder/spi-builder-workspace/.derivedData/SDKExplicitPrecompiledModules/_DarwinFoundation1-5SNIO0SFHX9KJZTLQGIPAPXUZ.pcm
SwiftExplicitDependencyGeneratePcm arm64 /Users/admin/builder/spi-builder-workspace/.derivedData/SDKExplicitPrecompiledModules/_DarwinFoundation2-CUPL4FH2SA95GMALQP4M6O8UA.pcm
SwiftExplicitDependencyGeneratePcm arm64 /Users/admin/builder/spi-builder-workspace/.derivedData/SDKExplicitPrecompiledModules/_Builtin_limits-75TRA1C7IHYOFCG3KJXQVTHJ4.pcm
SwiftExplicitDependencyGeneratePcm arm64_32 /Users/admin/builder/spi-builder-workspace/.derivedData/SDKExplicitPrecompiledModules/_DarwinFoundation2-FP2Q8F1Q2HR151SBYKTU6Q8B.pcm
SwiftExplicitDependencyGeneratePcm arm64_32 /Users/admin/builder/spi-builder-workspace/.derivedData/SDKExplicitPrecompiledModules/_Builtin_limits-AQMEC9CLG0FZQN6TLGDQ6WF78.pcm
SwiftExplicitDependencyGeneratePcm arm64 /Users/admin/builder/spi-builder-workspace/.derivedData/SDKExplicitPrecompiledModules/string_h-4N9Z22C0HUO8GV7GFPCLZRZA2.pcm
SwiftExplicitDependencyGeneratePcm arm64 /Users/admin/builder/spi-builder-workspace/.derivedData/SDKExplicitPrecompiledModules/sys_types-9KPVYINL86WUSHF45TU8PWZZ1.pcm
SwiftExplicitDependencyGeneratePcm arm64 /Users/admin/builder/spi-builder-workspace/.derivedData/SDKExplicitPrecompiledModules/_Builtin_stdint-6TUACK4YPMARFT56PLIO388SJ.pcm
SwiftExplicitDependencyGeneratePcm arm64_32 /Users/admin/builder/spi-builder-workspace/.derivedData/SDKExplicitPrecompiledModules/string_h-8QY7P4ZQXQAF14WVDITTM4R70.pcm
SwiftExplicitDependencyGeneratePcm arm64_32 /Users/admin/builder/spi-builder-workspace/.derivedData/SDKExplicitPrecompiledModules/sys_types-65NN51P1G7GN2GUAUPC53JJ7N.pcm
SwiftExplicitDependencyGeneratePcm arm64_32 /Users/admin/builder/spi-builder-workspace/.derivedData/SDKExplicitPrecompiledModules/_Builtin_stdint-6IWJLTRH2WB6RCG4THPA65RDS.pcm
SwiftExplicitDependencyGeneratePcm arm64 /Users/admin/builder/spi-builder-workspace/.derivedData/SDKExplicitPrecompiledModules/_DarwinFoundation3-EJXZKD8LN9EYM9OWP9VLJ49PK.pcm
SwiftExplicitDependencyGeneratePcm arm64_32 /Users/admin/builder/spi-builder-workspace/.derivedData/SDKExplicitPrecompiledModules/_DarwinFoundation3-3YOBOPIW2MF1LRNQH7JBUBY4G.pcm
SwiftExplicitDependencyGeneratePcm arm64 /Users/admin/builder/spi-builder-workspace/.derivedData/SDKExplicitPrecompiledModules/_Builtin_inttypes-86YTNV5YADPJXFMJ82N3R4GWQ.pcm
SwiftExplicitDependencyGeneratePcm arm64 /Users/admin/builder/spi-builder-workspace/.derivedData/SDKExplicitPrecompiledModules/Darwin-CSB8C43KELVSFIQVR0803IZPN.pcm
SwiftExplicitDependencyGeneratePcm arm64_32 /Users/admin/builder/spi-builder-workspace/.derivedData/SDKExplicitPrecompiledModules/_Builtin_inttypes-BPZJ68HW1IMYWSHROAZ0IMUJP.pcm
SwiftExplicitDependencyGeneratePcm arm64_32 /Users/admin/builder/spi-builder-workspace/.derivedData/SDKExplicitPrecompiledModules/Darwin-10D35ZJWCWG7LJAF579U7I5V7.pcm
SwiftExplicitDependencyGeneratePcm arm64 /Users/admin/builder/spi-builder-workspace/.derivedData/SDKExplicitPrecompiledModules/ObjectiveC-22CZPC4WYQC9G8T393WT2KKLW.pcm
SwiftExplicitDependencyGeneratePcm arm64_32 /Users/admin/builder/spi-builder-workspace/.derivedData/SDKExplicitPrecompiledModules/ObjectiveC-71AGZNHLBMR2QK817EJNUN54E.pcm
SwiftExplicitDependencyGeneratePcm arm64 /Users/admin/builder/spi-builder-workspace/.derivedData/SDKExplicitPrecompiledModules/os_object-6KYGGZ4DPVZ3BBAZ6QICZN8LI.pcm
SwiftExplicitDependencyGeneratePcm arm64_32 /Users/admin/builder/spi-builder-workspace/.derivedData/SDKExplicitPrecompiledModules/os_object-CTXVQBCWDOH6JHUXIFDUOWFRL.pcm
SwiftExplicitDependencyGeneratePcm arm64 /Users/admin/builder/spi-builder-workspace/.derivedData/SDKExplicitPrecompiledModules/os_workgroup-AHE7ULDQBKER38CYPIKDTZF4M.pcm
SwiftExplicitDependencyGeneratePcm arm64_32 /Users/admin/builder/spi-builder-workspace/.derivedData/SDKExplicitPrecompiledModules/os_workgroup-9L9R05BT5LTFRZ2NM68BZTVV2.pcm
SwiftExplicitDependencyGeneratePcm arm64 /Users/admin/builder/spi-builder-workspace/.derivedData/SDKExplicitPrecompiledModules/Dispatch-39VR0G01IUJ09PQKMFGOHXZ4L.pcm
SwiftExplicitDependencyGeneratePcm arm64_32 /Users/admin/builder/spi-builder-workspace/.derivedData/SDKExplicitPrecompiledModules/Dispatch-CGIMI9KQKHNRQHR2IECIPRG14.pcm
SwiftExplicitDependencyGeneratePcm arm64 /Users/admin/builder/spi-builder-workspace/.derivedData/SDKExplicitPrecompiledModules/XPC-650JAZBTM6I0OMHYO6CKM0CWJ.pcm
SwiftExplicitDependencyGeneratePcm arm64 /Users/admin/builder/spi-builder-workspace/.derivedData/SDKExplicitPrecompiledModules/CoreFoundation-59XKO8YNRGGYNC5U5LK8B4EM.pcm
SwiftExplicitDependencyGeneratePcm arm64_32 /Users/admin/builder/spi-builder-workspace/.derivedData/SDKExplicitPrecompiledModules/CoreFoundation-76B9WJP9MDYT33HZQVSNNZQZD.pcm
SwiftExplicitDependencyGeneratePcm arm64_32 /Users/admin/builder/spi-builder-workspace/.derivedData/SDKExplicitPrecompiledModules/XPC-7SLKI45KYLKXH9QET2WYS3UZ4.pcm
SwiftExplicitDependencyGeneratePcm arm64 /Users/admin/builder/spi-builder-workspace/.derivedData/SDKExplicitPrecompiledModules/Security-69WNGEAVQP55EDBQHP3BLE8QU.pcm
SwiftExplicitDependencyGeneratePcm arm64_32 /Users/admin/builder/spi-builder-workspace/.derivedData/SDKExplicitPrecompiledModules/Security-1W411BS4UH2UNMNII2341429S.pcm
SwiftExplicitDependencyGeneratePcm arm64 /Users/admin/builder/spi-builder-workspace/.derivedData/SDKExplicitPrecompiledModules/Foundation-B3IXODHI7VO4VRX2RWRXLVJZT.pcm
SwiftExplicitDependencyGeneratePcm arm64_32 /Users/admin/builder/spi-builder-workspace/.derivedData/SDKExplicitPrecompiledModules/Foundation-AIQ30TCDC2B0LBUU6FPQZ0HWI.pcm
SwiftEmitModule normal arm64 Emitting\ module\ for\ XCBuildKit (in target 'XCBuildKit' from project 'XCBuildKit')
SwiftCompile normal arm64 (in target 'XCBuildKit' from project 'XCBuildKit')
    cd /Users/admin/builder/spi-builder-workspace/.swiftpm/xcode

/Users/admin/builder/spi-builder-workspace/Sources/XCBuildKit/Shell/ShellCommandExecuter.swift:235:26: error: cannot find type 'Process' in scope
233 |
234 | private actor ProcessController {
235 |     private var process: Process?
    |                          `- error: cannot find type 'Process' in scope
236 |     private let stderrCollector = OutputCollector()
237 |
/Users/admin/builder/spi-builder-workspace/Sources/XCBuildKit/Shell/ShellCommandExecuter.swift:243:10: error: cannot find type 'Process' in scope
241 |         environment: [String: String],
242 |         workingDirectory: String?
243 |     ) -> Process {
    |          `- error: cannot find type 'Process' in scope
244 |         let process = Process()
245 |         process.executableURL = executable
Failed frontend command:
/Applications/Xcode-27.0.0-Release.Candidate.app/Contents/Developer/Toolchains/XcodeDefault.xctoolchain/usr/bin/swift-frontend -frontend -emit-module -experimental-skip-non-inlinable-function-bodies-without-types /Users/admin/builder/spi-builder-workspace/Sources/XCBuildKit/Shell/ShellCommandExecuter.swift /Users/admin/builder/spi-builder-workspace/Sources/XCBuildKit/Shell/ShellCommandExecuting.swift /Users/admin/builder/spi-builder-workspace/Sources/XCBuildKit/Shell/ShellError.swift /Users/admin/builder/spi-builder-workspace/Sources/XCBuildKit/Shell/ShellOutput.swift /Users/admin/builder/spi-builder-workspace/Sources/XCBuildKit/XCBuild/BuildConfigurationValidator.swift /Users/admin/builder/spi-builder-workspace/Sources/XCBuildKit/XCBuild/BuildLogFormattable.swift /Users/admin/builder/spi-builder-workspace/Sources/XCBuildKit/XCBuild/BuildState.swift /Users/admin/builder/spi-builder-workspace/Sources/XCBuildKit/XCBuild/XcodeBuild.swift /Users/admin/builder/spi-builder-workspace/Sources/XCBuildKit/XCBuild/XcodeBuildAction.swift /Users/admin/builder/spi-builder-workspace/Sources/XCBuildKit/XCBuild/XcodeBuildOptions.swift /Users/admin/builder/spi-builder-workspace/Sources/XCBuildKit/XCBuild/XcodeBuilding.swift -target arm64-apple-watchos9.0 -disable-cross-import-overlay-search -load-resolved-plugin /Applications/Xcode-27.0.0-Release.Candidate.app/Contents/Developer/Platforms/WatchOS.platform/Developer/usr/lib/swift/host/plugins/libFoundationMacros.dylib\#/Applications/Xcode-27.0.0-Release.Candidate.app/Contents/Developer/Platforms/WatchOS.platform/Developer/usr/bin/swift-plugin-server\#FoundationMacros -load-resolved-plugin /Applications/Xcode-27.0.0-Release.Candidate.app/Contents/Developer/Platforms/WatchOS.platform/Developer/usr/lib/swift/host/plugins/libObservationMacros.dylib\#/Applications/Xcode-27.0.0-Release.Candidate.app/Contents/Developer/Platforms/WatchOS.platform/Developer/usr/bin/swift-plugin-server\#ObservationMacros -load-resolved-plugin /Applications/Xcode-27.0.0-Release.Candidate.app/Contents/Developer/Platforms/WatchOS.platform/Developer/usr/lib/swift/host/plugins/libSwiftMacros.dylib\#/Applications/Xcode-27.0.0-Release.Candidate.app/Contents/Developer/Platforms/WatchOS.platform/Developer/usr/bin/swift-plugin-server\#SwiftMacros -disable-implicit-swift-modules -Xcc -fno-implicit-modules -Xcc -fno-implicit-module-maps -explicit-swift-module-map-file /Users/admin/builder/spi-builder-workspace/.derivedData/Build/Intermediates.noindex/XCBuildKit.build/Debug-watchos/XCBuildKit-t.build/Objects-normal/arm64/XCBuildKit-dependencies-2.json -Xllvm -aarch64-use-tbi -enable-objc-interop -stack-check -sdk /Applications/Xcode-27.0.0-Release.Candidate.app/Contents/Developer/Platforms/WatchOS.platform/Developer/SDKs/WatchOS27.0.sdk -I /Users/admin/builder/spi-builder-workspace/.derivedData/Build/Products/Debug-watchos -Isystem /Applications/Xcode-27.0.0-Release.Candidate.app/Contents/Developer/Platforms/WatchOS.platform/Developer/usr/lib -F /Users/admin/builder/spi-builder-workspace/.derivedData/Build/Products/Debug-watchos -F /Applications/Xcode-27.0.0-Release.Candidate.app/Contents/Developer/Platforms/WatchOS.platform/Developer/Library/Frameworks -F /Applications/Xcode-27.0.0-Release.Candidate.app/Contents/Developer/Platforms/WatchOS.platform/Developer/SDKs/WatchOS27.0.sdk/Developer/Library/Frameworks -module-cache-path /Users/admin/builder/spi-builder-workspace/.derivedData/Build/Intermediates.noindex/SwiftExplicitPrecompiledModules -no-color-diagnostics -Xcc -fno-color-diagnostics -enable-testing -g -debug-info-format\=dwarf -dwarf-version\=4 -profile-generate -profile-coverage-mapping -swift-version 6 -Onone -D SWIFT_PACKAGE -D DEBUG -D SWIFT_MODULE_RESOURCE_BUNDLE_UNAVAILABLE -D Xcode -serialize-debugging-options -enable-experimental-feature DebugDescriptionMacro -empty-abi-descriptor -validate-clang-modules-once -clang-build-session-file /Users/admin/builder/spi-builder-workspace/.derivedData/ModuleCache.noindex/Session.modulevalidation -Xcc -working-directory -Xcc /Users/admin/builder/spi-builder-workspace/.swiftpm/xcode -enable-anonymous-context-mangled-names -file-compilation-dir /Users/admin/builder/spi-builder-workspace/.swiftpm/xcode -Xcc -D_LIBCPP_HARDENING_MODE\=_LIBCPP_HARDENING_MODE_DEBUG -Xcc -ivfsstatcache -Xcc /Users/admin/builder/spi-builder-workspace/.derivedData/SDKStatCaches.noindex/watchos27.0-24R360-e829b21a6f8c9b70876ba0858053c04477534ef55a1706bf4c1112bbb242f0a2.sdkstatcache -Xcc -fmodules-prune-interval\=86400 -Xcc -fmodules-prune-after\=345600 -Xcc -I/Users/admin/builder/spi-builder-workspace/.derivedData/Build/Products/Debug-watchos/include -Xcc -I/Users/admin/builder/spi-builder-workspace/.derivedData/Build/Intermediates.noindex/XCBuildKit.build/Debug-watchos/XCBuildKit-t.build/DerivedSources-normal/arm64 -Xcc -I/Users/admin/builder/spi-builder-workspace/.derivedData/Build/Intermediates.noindex/XCBuildKit.build/Debug-watchos/XCBuildKit-t.build/DerivedSources/arm64 -Xcc -I/Users/admin/builder/spi-builder-workspace/.derivedData/Build/Intermediates.noindex/XCBuildKit.build/Debug-watchos/XCBuildKit-t.build/DerivedSources -Xcc -DSWIFT_PACKAGE -Xcc -DDEBUG\=1 -no-auto-bridging-header-chaining -module-name XCBuildKit -package-name spi_builder_workspace -const-gather-protocols-file /Users/admin/builder/spi-builder-workspace/.derivedData/Build/Intermediates.noindex/XCBuildKit.build/Debug-watchos/XCBuildKit-t.build/Objects-normal/arm64/XCBuildKit_const_extract_protocols.json -disable-clang-spi -clang-target arm64-apple-watchos27.0 -target-sdk-version 27.0 -target-sdk-name watchos27.0 -in-process-plugin-server-path /Applications/Xcode-27.0.0-Release.Candidate.app/Contents/Developer/Toolchains/XcodeDefault.xctoolchain/usr/lib/swift/host/libSwiftInProcPluginServer.dylib -emit-module-doc-path /Users/admin/builder/spi-builder-workspace/.derivedData/Build/Intermediates.noindex/XCBuildKit.build/Debug-watchos/XCBuildKit-t.build/Objects-normal/arm64/XCBuildKit.swiftdoc -emit-module-source-info-path /Users/admin/builder/spi-builder-workspace/.derivedData/Build/Intermediates.noindex/XCBuildKit.build/Debug-watchos/XCBuildKit-t.build/Objects-normal/arm64/XCBuildKit.swiftsourceinfo -emit-objc-header-path /Users/admin/builder/spi-builder-workspace/.derivedData/Build/Intermediates.noindex/XCBuildKit.build/Debug-watchos/XCBuildKit-t.build/Objects-normal/arm64/XCBuildKit-Swift.h -serialize-diagnostics-path /Users/admin/builder/spi-builder-workspace/.derivedData/Build/Intermediates.noindex/XCBuildKit.build/Debug-watchos/XCBuildKit-t.build/Objects-normal/arm64/XCBuildKit-primary-emit-module.dia -emit-dependencies-path /Users/admin/builder/spi-builder-workspace/.derivedData/Build/Intermediates.noindex/XCBuildKit.build/Debug-watchos/XCBuildKit-t.build/Objects-normal/arm64/XCBuildKit-primary-emit-module.d -parse-as-library -o /Users/admin/builder/spi-builder-workspace/.derivedData/Build/Intermediates.noindex/XCBuildKit.build/Debug-watchos/XCBuildKit-t.build/Objects-normal/arm64/XCBuildKit.swiftmodule -emit-abi-descriptor-path /Users/admin/builder/spi-builder-workspace/.derivedData/Build/Intermediates.noindex/XCBuildKit.build/Debug-watchos/XCBuildKit-t.build/Objects-normal/arm64/XCBuildKit.abi.json
SwiftCompile normal arm64 Compiling\ XcodeBuilding.swift /Users/admin/builder/spi-builder-workspace/Sources/XCBuildKit/XCBuild/XcodeBuilding.swift (in target 'XCBuildKit' from project 'XCBuildKit')
SwiftCompile normal arm64 /Users/admin/builder/spi-builder-workspace/Sources/XCBuildKit/XCBuild/XcodeBuilding.swift (in target 'XCBuildKit' from project 'XCBuildKit')
    cd /Users/admin/builder/spi-builder-workspace/.swiftpm/xcode
    builtin-SwiftPerFileCompile XcodeBuilding.swift
SwiftCompile normal arm64 Compiling\ ShellOutput.swift /Users/admin/builder/spi-builder-workspace/Sources/XCBuildKit/Shell/ShellOutput.swift (in target 'XCBuildKit' from project 'XCBuildKit')
SwiftCompile normal arm64 /Users/admin/builder/spi-builder-workspace/Sources/XCBuildKit/Shell/ShellOutput.swift (in target 'XCBuildKit' from project 'XCBuildKit')
    cd /Users/admin/builder/spi-builder-workspace/.swiftpm/xcode
    builtin-SwiftPerFileCompile ShellOutput.swift
SwiftCompile normal arm64 Compiling\ XcodeBuildOptions.swift /Users/admin/builder/spi-builder-workspace/Sources/XCBuildKit/XCBuild/XcodeBuildOptions.swift (in target 'XCBuildKit' from project 'XCBuildKit')
SwiftCompile normal arm64 /Users/admin/builder/spi-builder-workspace/Sources/XCBuildKit/XCBuild/XcodeBuildOptions.swift (in target 'XCBuildKit' from project 'XCBuildKit')
    cd /Users/admin/builder/spi-builder-workspace/.swiftpm/xcode
    builtin-SwiftPerFileCompile XcodeBuildOptions.swift
SwiftCompile normal arm64 Compiling\ ShellCommandExecuter.swift,\ ShellCommandExecuting.swift /Users/admin/builder/spi-builder-workspace/Sources/XCBuildKit/Shell/ShellCommandExecuter.swift /Users/admin/builder/spi-builder-workspace/Sources/XCBuildKit/Shell/ShellCommandExecuting.swift (in target 'XCBuildKit' from project 'XCBuildKit')
/Users/admin/builder/spi-builder-workspace/Sources/XCBuildKit/Shell/ShellCommandExecuter.swift:235:26: error: cannot find type 'Process' in scope
233 |
234 | private actor ProcessController {
235 |     private var process: Process?
    |                          `- error: cannot find type 'Process' in scope
236 |     private let stderrCollector = OutputCollector()
237 |
/Users/admin/builder/spi-builder-workspace/Sources/XCBuildKit/Shell/ShellCommandExecuter.swift:243:10: error: cannot find type 'Process' in scope
241 |         environment: [String: String],
242 |         workingDirectory: String?
243 |     ) -> Process {
    |          `- error: cannot find type 'Process' in scope
244 |         let process = Process()
245 |         process.executableURL = executable
/Users/admin/builder/spi-builder-workspace/Sources/XCBuildKit/Shell/ShellCommandExecuter.swift:176:28: error: cannot find 'Process' in scope
174 |         }
175 |
176 |         let whichProcess = Process()
    |                            `- error: cannot find 'Process' in scope
177 |         whichProcess.executableURL = URL(fileURLWithPath: "/usr/bin/which")
178 |         whichProcess.arguments = [command]
SwiftCompile normal arm64 /Users/admin/builder/spi-builder-workspace/Sources/XCBuildKit/Shell/ShellCommandExecuter.swift (in target 'XCBuildKit' from project 'XCBuildKit')
    cd /Users/admin/builder/spi-builder-workspace/.swiftpm/xcode
    builtin-SwiftPerFileCompile ShellCommandExecuter.swift
SwiftCompile normal arm64 /Users/admin/builder/spi-builder-workspace/Sources/XCBuildKit/Shell/ShellCommandExecuting.swift (in target 'XCBuildKit' from project 'XCBuildKit')
    cd /Users/admin/builder/spi-builder-workspace/.swiftpm/xcode
    builtin-SwiftPerFileCompile ShellCommandExecuting.swift
SwiftCompile normal arm64 Compiling\ ShellError.swift /Users/admin/builder/spi-builder-workspace/Sources/XCBuildKit/Shell/ShellError.swift (in target 'XCBuildKit' from project 'XCBuildKit')
SwiftCompile normal arm64 /Users/admin/builder/spi-builder-workspace/Sources/XCBuildKit/Shell/ShellError.swift (in target 'XCBuildKit' from project 'XCBuildKit')
    cd /Users/admin/builder/spi-builder-workspace/.swiftpm/xcode
    builtin-SwiftPerFileCompile ShellError.swift
SwiftCompile normal arm64 Compiling\ BuildLogFormattable.swift /Users/admin/builder/spi-builder-workspace/Sources/XCBuildKit/XCBuild/BuildLogFormattable.swift (in target 'XCBuildKit' from project 'XCBuildKit')
SwiftCompile normal arm64 /Users/admin/builder/spi-builder-workspace/Sources/XCBuildKit/XCBuild/BuildLogFormattable.swift (in target 'XCBuildKit' from project 'XCBuildKit')
    cd /Users/admin/builder/spi-builder-workspace/.swiftpm/xcode
    builtin-SwiftPerFileCompile BuildLogFormattable.swift
SwiftCompile normal arm64 Compiling\ BuildConfigurationValidator.swift /Users/admin/builder/spi-builder-workspace/Sources/XCBuildKit/XCBuild/BuildConfigurationValidator.swift (in target 'XCBuildKit' from project 'XCBuildKit')
SwiftCompile normal arm64 /Users/admin/builder/spi-builder-workspace/Sources/XCBuildKit/XCBuild/BuildConfigurationValidator.swift (in target 'XCBuildKit' from project 'XCBuildKit')
    cd /Users/admin/builder/spi-builder-workspace/.swiftpm/xcode
    builtin-SwiftPerFileCompile BuildConfigurationValidator.swift
SwiftCompile normal arm64 Compiling\ XcodeBuildAction.swift /Users/admin/builder/spi-builder-workspace/Sources/XCBuildKit/XCBuild/XcodeBuildAction.swift (in target 'XCBuildKit' from project 'XCBuildKit')
SwiftCompile normal arm64 /Users/admin/builder/spi-builder-workspace/Sources/XCBuildKit/XCBuild/XcodeBuildAction.swift (in target 'XCBuildKit' from project 'XCBuildKit')
    cd /Users/admin/builder/spi-builder-workspace/.swiftpm/xcode
    builtin-SwiftPerFileCompile XcodeBuildAction.swift
SwiftCompile normal arm64 Compiling\ XcodeBuild.swift /Users/admin/builder/spi-builder-workspace/Sources/XCBuildKit/XCBuild/XcodeBuild.swift (in target 'XCBuildKit' from project 'XCBuildKit')
SwiftCompile normal arm64 /Users/admin/builder/spi-builder-workspace/Sources/XCBuildKit/XCBuild/XcodeBuild.swift (in target 'XCBuildKit' from project 'XCBuildKit')
    cd /Users/admin/builder/spi-builder-workspace/.swiftpm/xcode
    builtin-SwiftPerFileCompile XcodeBuild.swift
SwiftEmitModule normal arm64_32 Emitting\ module\ for\ XCBuildKit (in target 'XCBuildKit' from project 'XCBuildKit')
SwiftCompile normal arm64_32 (in target 'XCBuildKit' from project 'XCBuildKit')
    cd /Users/admin/builder/spi-builder-workspace/.swiftpm/xcode

PruneExplicitPrecompiledModules /Users/admin/builder/spi-builder-workspace/.derivedData/Build/Intermediates.noindex/ExplicitPrecompiledModules
PruneExplicitPrecompiledModules /Users/admin/builder/spi-builder-workspace/.derivedData/Build/Intermediates.noindex/SwiftExplicitPrecompiledModules
PruneExplicitPrecompiledModules /Users/admin/builder/spi-builder-workspace/.derivedData/SDKExplicitPrecompiledModules
2026-09-21 07:10:22.636 xcodebuild[873:5389] [MT] IDERunDestination: Supported platforms for the buildables in the current scheme is empty.
** BUILD FAILED **
The following build commands failed:
	SwiftCompile normal arm64 (in target 'XCBuildKit' from project 'XCBuildKit')
	SwiftEmitModule normal arm64 Emitting\ module\ for\ XCBuildKit (in target 'XCBuildKit' from project 'XCBuildKit')
	Building workspace XCBuildKit with scheme XCBuildKit
(3 failures)
Command line invocation:
    /Applications/Xcode-27.0.0-Release.Candidate.app/Contents/Developer/usr/bin/xcodebuild -IDEClonedSourcePackagesDirPathOverride=/Users/admin/builder/spi-builder-workspace/.dependencies -resolvePackageDependencies
Resolve Package Graph
Resolved source packages:
  XCBuildKit: /Users/admin/builder/spi-builder-workspace
  SwiftDocCPlugin: https://github.com/apple/swift-docc-plugin @ 1.5.0
  SymbolKit: https://github.com/swiftlang/swift-docc-symbolkit @ 1.0.0
resolved source packages: XCBuildKit, SwiftDocCPlugin, SymbolKit
2026-09-21 07:10:38.910 xcodebuild[1066:6450] [MT] IDERunDestination: Supported platforms for the buildables in the current scheme is empty.
{
  "dependencies" : [
    {
      "identity" : "swift-docc-plugin",
      "requirement" : {
        "range" : [
          {
            "lower_bound" : "1.0.0",
            "upper_bound" : "2.0.0"
          }
        ]
      },
      "type" : "sourceControl",
      "url" : "https://github.com/apple/swift-docc-plugin"
    }
  ],
  "manifest_display_name" : "XCBuildKit",
  "name" : "XCBuildKit",
  "path" : "/Users/admin/builder/spi-builder-workspace",
  "platforms" : [
    {
      "name" : "macos",
      "version" : "13.0"
    }
  ],
  "products" : [
    {
      "name" : "XCBuildKit",
      "targets" : [
        "XCBuildKit"
      ],
      "type" : {
        "library" : [
          "automatic"
        ]
      }
    }
  ],
  "targets" : [
    {
      "c99name" : "XCBuildKitTests",
      "module_type" : "SwiftTarget",
      "name" : "XCBuildKitTests",
      "path" : "Tests/XCBuildKitTests",
      "sources" : [
        "Shell/ShellCommandExecuterTests.swift",
        "XCBuild/XcodeBuildTests.swift"
      ],
      "target_dependencies" : [
        "XCBuildKit"
      ],
      "type" : "test"
    },
    {
      "c99name" : "XCBuildKit",
      "module_type" : "SwiftTarget",
      "name" : "XCBuildKit",
      "path" : "Sources/XCBuildKit",
      "product_memberships" : [
        "XCBuildKit"
      ],
      "sources" : [
        "Shell/ShellCommandExecuter.swift",
        "Shell/ShellCommandExecuting.swift",
        "Shell/ShellError.swift",
        "Shell/ShellOutput.swift",
        "XCBuild/BuildConfigurationValidator.swift",
        "XCBuild/BuildLogFormattable.swift",
        "XCBuild/BuildState.swift",
        "XCBuild/XcodeBuild.swift",
        "XCBuild/XcodeBuildAction.swift",
        "XCBuild/XcodeBuildOptions.swift",
        "XCBuild/XcodeBuilding.swift"
      ],
      "type" : "library"
    }
  ],
  "tools_version" : "6.0"
}
{
  "workspace" : {
    "name" : "XCBuildKit",
    "schemes" : [
      "XCBuildKit"
    ]
  }
}
2026-09-21 07:10:46.303 xcodebuild[1124:6843] [MT] IDERunDestination: Supported platforms for the buildables in the current scheme is empty.
Running build ...
env DEVELOPER_DIR=/Applications/Xcode-27.0.0-Release.Candidate.app xcrun xcodebuild -IDEClonedSourcePackagesDirPathOverride=$PWD/.dependencies -skipMacroValidation -skipPackagePluginValidation -derivedDataPath $PWD/.derivedData build -scheme XCBuildKit -destination generic/platform=watchOS
Command line invocation:
    /Applications/Xcode-27.0.0-Release.Candidate.app/Contents/Developer/usr/bin/xcodebuild -IDEClonedSourcePackagesDirPathOverride=/Users/admin/builder/spi-builder-workspace/.dependencies -skipMacroValidation -skipPackagePluginValidation -derivedDataPath /Users/admin/builder/spi-builder-workspace/.derivedData build -scheme XCBuildKit -destination generic/platform=watchOS
Resolve Package Graph
Resolved source packages:
  SymbolKit: https://github.com/swiftlang/swift-docc-symbolkit @ 1.0.0
  XCBuildKit: /Users/admin/builder/spi-builder-workspace
  SwiftDocCPlugin: https://github.com/apple/swift-docc-plugin @ 1.5.0
ComputePackagePrebuildTargetDependencyGraph
Prepare packages
CreateBuildRequest
SendProjectDescription
CreateBuildOperation
ComputeTargetDependencyGraph
note: Building targets in dependency order
note: Target dependency graph (2 targets)
    Target 'XCBuildKit-product' in project 'XCBuildKit'
        ➜ Explicit dependency on target 'XCBuildKit' in project 'XCBuildKit'
    Target 'XCBuildKit' in project 'XCBuildKit' (no dependencies)
GatherProvisioningInputs
CreateBuildDescription
ClangStatCache /Applications/Xcode-27.0.0-Release.Candidate.app/Contents/Developer/Toolchains/XcodeDefault.xctoolchain/usr/bin/clang-stat-cache /Applications/Xcode-27.0.0-Release.Candidate.app/Contents/Developer/Platforms/WatchOS.platform/Developer/SDKs/WatchOS27.0.sdk /Users/admin/builder/spi-builder-workspace/.derivedData/SDKStatCaches.noindex/watchos27.0-24R360-e829b21a6f8c9b70876ba0858053c04477534ef55a1706bf4c1112bbb242f0a2.sdkstatcache
    cd /Users/admin/builder/spi-builder-workspace/.swiftpm/xcode
    /Applications/Xcode-27.0.0-Release.Candidate.app/Contents/Developer/Toolchains/XcodeDefault.xctoolchain/usr/bin/clang-stat-cache /Applications/Xcode-27.0.0-Release.Candidate.app/Contents/Developer/Platforms/WatchOS.platform/Developer/SDKs/WatchOS27.0.sdk -o /Users/admin/builder/spi-builder-workspace/.derivedData/SDKStatCaches.noindex/watchos27.0-24R360-e829b21a6f8c9b70876ba0858053c04477534ef55a1706bf4c1112bbb242f0a2.sdkstatcache
SwiftDriver XCBuildKit normal arm64 com.apple.xcode.tools.swift.compiler (in target 'XCBuildKit' from project 'XCBuildKit')
    cd /Users/admin/builder/spi-builder-workspace/.swiftpm/xcode
    builtin-SwiftDriver -- /Applications/Xcode-27.0.0-Release.Candidate.app/Contents/Developer/Toolchains/XcodeDefault.xctoolchain/usr/bin/swiftc -parse-as-library -module-name XCBuildKit -Onone @/Users/admin/builder/spi-builder-workspace/.derivedData/Build/Intermediates.noindex/XCBuildKit.build/Debug-watchos/XCBuildKit-t.build/Objects-normal/arm64/XCBuildKit.SwiftFileList -DSWIFT_PACKAGE -DDEBUG -DSWIFT_MODULE_RESOURCE_BUNDLE_UNAVAILABLE -DXcode -plugin-path /Applications/Xcode-27.0.0-Release.Candidate.app/Contents/Developer/Toolchains/XcodeDefault.xctoolchain/usr/lib/swift/host/plugins/testing -enable-experimental-feature DebugDescriptionMacro -sdk /Applications/Xcode-27.0.0-Release.Candidate.app/Contents/Developer/Platforms/WatchOS.platform/Developer/SDKs/WatchOS27.0.sdk -target arm64-apple-watchos9.0 -g -module-cache-path /Users/admin/builder/spi-builder-workspace/.derivedData/ModuleCache.noindex -Xfrontend -serialize-debugging-options -profile-coverage-mapping -profile-generate -enable-testing -index-store-path /Users/admin/builder/spi-builder-workspace/.derivedData/Index.noindex/DataStore -Xcc -D_LIBCPP_HARDENING_MODE\=_LIBCPP_HARDENING_MODE_DEBUG -swift-version 6 -I /Users/admin/builder/spi-builder-workspace/.derivedData/Build/Products/Debug-watchos -Isystem /Applications/Xcode-27.0.0-Release.Candidate.app/Contents/Developer/Platforms/WatchOS.platform/Developer/usr/lib -F /Users/admin/builder/spi-builder-workspace/.derivedData/Build/Products/Debug-watchos -F /Applications/Xcode-27.0.0-Release.Candidate.app/Contents/Developer/Platforms/WatchOS.platform/Developer/Library/Frameworks -F /Applications/Xcode-27.0.0-Release.Candidate.app/Contents/Developer/Platforms/WatchOS.platform/Developer/SDKs/WatchOS27.0.sdk/Developer/Library/Frameworks -c -j10 -enable-batch-mode -incremental -Xcc -ivfsstatcache -Xcc /Users/admin/builder/spi-builder-workspace/.derivedData/SDKStatCaches.noindex/watchos27.0-24R360-e829b21a6f8c9b70876ba0858053c04477534ef55a1706bf4c1112bbb242f0a2.sdkstatcache -output-file-map /Users/admin/builder/spi-builder-workspace/.derivedData/Build/Intermediates.noindex/XCBuildKit.build/Debug-watchos/XCBuildKit-t.build/Objects-normal/arm64/XCBuildKit-OutputFileMap.json -save-temps -no-color-diagnostics -explicit-module-build -module-cache-path /Users/admin/builder/spi-builder-workspace/.derivedData/Build/Intermediates.noindex/SwiftExplicitPrecompiledModules -clang-scanner-module-cache-path /Users/admin/builder/spi-builder-workspace/.derivedData/ModuleCache.noindex -sdk-module-cache-path /Users/admin/builder/spi-builder-workspace/.derivedData/SDKExplicitPrecompiledModules -emit-dependencies -emit-module -emit-module-path /Users/admin/builder/spi-builder-workspace/.derivedData/Build/Intermediates.noindex/XCBuildKit.build/Debug-watchos/XCBuildKit-t.build/Objects-normal/arm64/XCBuildKit.swiftmodule -serialize-diagnostics -dependency-scan-serialize-diagnostics-path /Users/admin/builder/spi-builder-workspace/.derivedData/Build/Intermediates.noindex/XCBuildKit.build/Debug-watchos/XCBuildKit-t.build/Objects-normal/arm64/XCBuildKit-dependency-scan.dia -validate-clang-modules-once -clang-build-session-file /Users/admin/builder/spi-builder-workspace/.derivedData/ModuleCache.noindex/Session.modulevalidation -Xcc -fmodules-prune-interval\=86400 -Xcc -fmodules-prune-after\=345600 -package-name spi_builder_workspace -emit-const-values -const-gather-protocols-list /Users/admin/builder/spi-builder-workspace/.derivedData/Build/Intermediates.noindex/XCBuildKit.build/Debug-watchos/XCBuildKit-t.build/Objects-normal/arm64/XCBuildKit_const_extract_protocols.json -Xcc -I/Users/admin/builder/spi-builder-workspace/.derivedData/Build/Products/Debug-watchos/include -Xcc -I/Users/admin/builder/spi-builder-workspace/.derivedData/Build/Intermediates.noindex/XCBuildKit.build/Debug-watchos/XCBuildKit-t.build/DerivedSources-normal/arm64 -Xcc -I/Users/admin/builder/spi-builder-workspace/.derivedData/Build/Intermediates.noindex/XCBuildKit.build/Debug-watchos/XCBuildKit-t.build/DerivedSources/arm64 -Xcc -I/Users/admin/builder/spi-builder-workspace/.derivedData/Build/Intermediates.noindex/XCBuildKit.build/Debug-watchos/XCBuildKit-t.build/DerivedSources -Xcc -DSWIFT_PACKAGE -Xcc -DDEBUG\=1 -emit-objc-header -emit-objc-header-path /Users/admin/builder/spi-builder-workspace/.derivedData/Build/Intermediates.noindex/XCBuildKit.build/Debug-watchos/XCBuildKit-t.build/Objects-normal/arm64/XCBuildKit-Swift.h -working-directory /Users/admin/builder/spi-builder-workspace/.swiftpm/xcode -experimental-emit-module-separately -disable-cmo
SwiftDriver XCBuildKit normal arm64_32 com.apple.xcode.tools.swift.compiler (in target 'XCBuildKit' from project 'XCBuildKit')
    cd /Users/admin/builder/spi-builder-workspace/.swiftpm/xcode
    builtin-SwiftDriver -- /Applications/Xcode-27.0.0-Release.Candidate.app/Contents/Developer/Toolchains/XcodeDefault.xctoolchain/usr/bin/swiftc -parse-as-library -module-name XCBuildKit -Onone @/Users/admin/builder/spi-builder-workspace/.derivedData/Build/Intermediates.noindex/XCBuildKit.build/Debug-watchos/XCBuildKit-t.build/Objects-normal/arm64_32/XCBuildKit.SwiftFileList -DSWIFT_PACKAGE -DDEBUG -DSWIFT_MODULE_RESOURCE_BUNDLE_UNAVAILABLE -DXcode -plugin-path /Applications/Xcode-27.0.0-Release.Candidate.app/Contents/Developer/Toolchains/XcodeDefault.xctoolchain/usr/lib/swift/host/plugins/testing -enable-experimental-feature DebugDescriptionMacro -sdk /Applications/Xcode-27.0.0-Release.Candidate.app/Contents/Developer/Platforms/WatchOS.platform/Developer/SDKs/WatchOS27.0.sdk -target arm64_32-apple-watchos9.0 -g -module-cache-path /Users/admin/builder/spi-builder-workspace/.derivedData/ModuleCache.noindex -Xfrontend -serialize-debugging-options -profile-coverage-mapping -profile-generate -enable-testing -index-store-path /Users/admin/builder/spi-builder-workspace/.derivedData/Index.noindex/DataStore -Xcc -D_LIBCPP_HARDENING_MODE\=_LIBCPP_HARDENING_MODE_DEBUG -swift-version 6 -I /Users/admin/builder/spi-builder-workspace/.derivedData/Build/Products/Debug-watchos -Isystem /Applications/Xcode-27.0.0-Release.Candidate.app/Contents/Developer/Platforms/WatchOS.platform/Developer/usr/lib -F /Users/admin/builder/spi-builder-workspace/.derivedData/Build/Products/Debug-watchos -F /Applications/Xcode-27.0.0-Release.Candidate.app/Contents/Developer/Platforms/WatchOS.platform/Developer/Library/Frameworks -F /Applications/Xcode-27.0.0-Release.Candidate.app/Contents/Developer/Platforms/WatchOS.platform/Developer/SDKs/WatchOS27.0.sdk/Developer/Library/Frameworks -c -j10 -enable-batch-mode -incremental -Xcc -ivfsstatcache -Xcc /Users/admin/builder/spi-builder-workspace/.derivedData/SDKStatCaches.noindex/watchos27.0-24R360-e829b21a6f8c9b70876ba0858053c04477534ef55a1706bf4c1112bbb242f0a2.sdkstatcache -output-file-map /Users/admin/builder/spi-builder-workspace/.derivedData/Build/Intermediates.noindex/XCBuildKit.build/Debug-watchos/XCBuildKit-t.build/Objects-normal/arm64_32/XCBuildKit-OutputFileMap.json -save-temps -no-color-diagnostics -explicit-module-build -module-cache-path /Users/admin/builder/spi-builder-workspace/.derivedData/Build/Intermediates.noindex/SwiftExplicitPrecompiledModules -clang-scanner-module-cache-path /Users/admin/builder/spi-builder-workspace/.derivedData/ModuleCache.noindex -sdk-module-cache-path /Users/admin/builder/spi-builder-workspace/.derivedData/SDKExplicitPrecompiledModules -emit-dependencies -emit-module -emit-module-path /Users/admin/builder/spi-builder-workspace/.derivedData/Build/Intermediates.noindex/XCBuildKit.build/Debug-watchos/XCBuildKit-t.build/Objects-normal/arm64_32/XCBuildKit.swiftmodule -serialize-diagnostics -dependency-scan-serialize-diagnostics-path /Users/admin/builder/spi-builder-workspace/.derivedData/Build/Intermediates.noindex/XCBuildKit.build/Debug-watchos/XCBuildKit-t.build/Objects-normal/arm64_32/XCBuildKit-dependency-scan.dia -validate-clang-modules-once -clang-build-session-file /Users/admin/builder/spi-builder-workspace/.derivedData/ModuleCache.noindex/Session.modulevalidation -Xcc -fmodules-prune-interval\=86400 -Xcc -fmodules-prune-after\=345600 -package-name spi_builder_workspace -emit-const-values -const-gather-protocols-list /Users/admin/builder/spi-builder-workspace/.derivedData/Build/Intermediates.noindex/XCBuildKit.build/Debug-watchos/XCBuildKit-t.build/Objects-normal/arm64_32/XCBuildKit_const_extract_protocols.json -Xcc -I/Users/admin/builder/spi-builder-workspace/.derivedData/Build/Products/Debug-watchos/include -Xcc -I/Users/admin/builder/spi-builder-workspace/.derivedData/Build/Intermediates.noindex/XCBuildKit.build/Debug-watchos/XCBuildKit-t.build/DerivedSources-normal/arm64_32 -Xcc -I/Users/admin/builder/spi-builder-workspace/.derivedData/Build/Intermediates.noindex/XCBuildKit.build/Debug-watchos/XCBuildKit-t.build/DerivedSources/arm64_32 -Xcc -I/Users/admin/builder/spi-builder-workspace/.derivedData/Build/Intermediates.noindex/XCBuildKit.build/Debug-watchos/XCBuildKit-t.build/DerivedSources -Xcc -DSWIFT_PACKAGE -Xcc -DDEBUG\=1 -emit-objc-header -emit-objc-header-path /Users/admin/builder/spi-builder-workspace/.derivedData/Build/Intermediates.noindex/XCBuildKit.build/Debug-watchos/XCBuildKit-t.build/Objects-normal/arm64_32/XCBuildKit-Swift.h -working-directory /Users/admin/builder/spi-builder-workspace/.swiftpm/xcode -experimental-emit-module-separately -disable-cmo
SwiftEmitModule normal arm64_32 Emitting\ module\ for\ XCBuildKit (in target 'XCBuildKit' from project 'XCBuildKit')
SwiftCompile normal arm64_32 (in target 'XCBuildKit' from project 'XCBuildKit')
    cd /Users/admin/builder/spi-builder-workspace/.swiftpm/xcode

/Users/admin/builder/spi-builder-workspace/Sources/XCBuildKit/Shell/ShellCommandExecuter.swift:235:26: error: cannot find type 'Process' in scope
233 |
234 | private actor ProcessController {
235 |     private var process: Process?
    |                          `- error: cannot find type 'Process' in scope
236 |     private let stderrCollector = OutputCollector()
237 |
/Users/admin/builder/spi-builder-workspace/Sources/XCBuildKit/Shell/ShellCommandExecuter.swift:243:10: error: cannot find type 'Process' in scope
241 |         environment: [String: String],
242 |         workingDirectory: String?
243 |     ) -> Process {
    |          `- error: cannot find type 'Process' in scope
244 |         let process = Process()
245 |         process.executableURL = executable
Failed frontend command:
/Applications/Xcode-27.0.0-Release.Candidate.app/Contents/Developer/Toolchains/XcodeDefault.xctoolchain/usr/bin/swift-frontend -frontend -emit-module -experimental-skip-non-inlinable-function-bodies-without-types /Users/admin/builder/spi-builder-workspace/Sources/XCBuildKit/Shell/ShellCommandExecuter.swift /Users/admin/builder/spi-builder-workspace/Sources/XCBuildKit/Shell/ShellCommandExecuting.swift /Users/admin/builder/spi-builder-workspace/Sources/XCBuildKit/Shell/ShellError.swift /Users/admin/builder/spi-builder-workspace/Sources/XCBuildKit/Shell/ShellOutput.swift /Users/admin/builder/spi-builder-workspace/Sources/XCBuildKit/XCBuild/BuildConfigurationValidator.swift /Users/admin/builder/spi-builder-workspace/Sources/XCBuildKit/XCBuild/BuildLogFormattable.swift /Users/admin/builder/spi-builder-workspace/Sources/XCBuildKit/XCBuild/BuildState.swift /Users/admin/builder/spi-builder-workspace/Sources/XCBuildKit/XCBuild/XcodeBuild.swift /Users/admin/builder/spi-builder-workspace/Sources/XCBuildKit/XCBuild/XcodeBuildAction.swift /Users/admin/builder/spi-builder-workspace/Sources/XCBuildKit/XCBuild/XcodeBuildOptions.swift /Users/admin/builder/spi-builder-workspace/Sources/XCBuildKit/XCBuild/XcodeBuilding.swift -target arm64_32-apple-watchos9.0 -disable-cross-import-overlay-search -load-resolved-plugin /Applications/Xcode-27.0.0-Release.Candidate.app/Contents/Developer/Platforms/WatchOS.platform/Developer/usr/lib/swift/host/plugins/libFoundationMacros.dylib\#/Applications/Xcode-27.0.0-Release.Candidate.app/Contents/Developer/Platforms/WatchOS.platform/Developer/usr/bin/swift-plugin-server\#FoundationMacros -load-resolved-plugin /Applications/Xcode-27.0.0-Release.Candidate.app/Contents/Developer/Platforms/WatchOS.platform/Developer/usr/lib/swift/host/plugins/libObservationMacros.dylib\#/Applications/Xcode-27.0.0-Release.Candidate.app/Contents/Developer/Platforms/WatchOS.platform/Developer/usr/bin/swift-plugin-server\#ObservationMacros -load-resolved-plugin /Applications/Xcode-27.0.0-Release.Candidate.app/Contents/Developer/Platforms/WatchOS.platform/Developer/usr/lib/swift/host/plugins/libSwiftMacros.dylib\#/Applications/Xcode-27.0.0-Release.Candidate.app/Contents/Developer/Platforms/WatchOS.platform/Developer/usr/bin/swift-plugin-server\#SwiftMacros -disable-implicit-swift-modules -Xcc -fno-implicit-modules -Xcc -fno-implicit-module-maps -explicit-swift-module-map-file /Users/admin/builder/spi-builder-workspace/.derivedData/Build/Intermediates.noindex/XCBuildKit.build/Debug-watchos/XCBuildKit-t.build/Objects-normal/arm64_32/XCBuildKit-dependencies-1.json -enable-objc-interop -sdk /Applications/Xcode-27.0.0-Release.Candidate.app/Contents/Developer/Platforms/WatchOS.platform/Developer/SDKs/WatchOS27.0.sdk -I /Users/admin/builder/spi-builder-workspace/.derivedData/Build/Products/Debug-watchos -Isystem /Applications/Xcode-27.0.0-Release.Candidate.app/Contents/Developer/Platforms/WatchOS.platform/Developer/usr/lib -F /Users/admin/builder/spi-builder-workspace/.derivedData/Build/Products/Debug-watchos -F /Applications/Xcode-27.0.0-Release.Candidate.app/Contents/Developer/Platforms/WatchOS.platform/Developer/Library/Frameworks -F /Applications/Xcode-27.0.0-Release.Candidate.app/Contents/Developer/Platforms/WatchOS.platform/Developer/SDKs/WatchOS27.0.sdk/Developer/Library/Frameworks -module-cache-path /Users/admin/builder/spi-builder-workspace/.derivedData/Build/Intermediates.noindex/SwiftExplicitPrecompiledModules -no-color-diagnostics -Xcc -fno-color-diagnostics -enable-testing -g -debug-info-format\=dwarf -dwarf-version\=4 -profile-generate -profile-coverage-mapping -swift-version 6 -Onone -D SWIFT_PACKAGE -D DEBUG -D SWIFT_MODULE_RESOURCE_BUNDLE_UNAVAILABLE -D Xcode -serialize-debugging-options -enable-experimental-feature DebugDescriptionMacro -empty-abi-descriptor -validate-clang-modules-once -clang-build-session-file /Users/admin/builder/spi-builder-workspace/.derivedData/ModuleCache.noindex/Session.modulevalidation -Xcc -working-directory -Xcc /Users/admin/builder/spi-builder-workspace/.swiftpm/xcode -enable-anonymous-context-mangled-names -file-compilation-dir /Users/admin/builder/spi-builder-workspace/.swiftpm/xcode -Xcc -D_LIBCPP_HARDENING_MODE\=_LIBCPP_HARDENING_MODE_DEBUG -Xcc -ivfsstatcache -Xcc /Users/admin/builder/spi-builder-workspace/.derivedData/SDKStatCaches.noindex/watchos27.0-24R360-e829b21a6f8c9b70876ba0858053c04477534ef55a1706bf4c1112bbb242f0a2.sdkstatcache -Xcc -fmodules-prune-interval\=86400 -Xcc -fmodules-prune-after\=345600 -Xcc -I/Users/admin/builder/spi-builder-workspace/.derivedData/Build/Products/Debug-watchos/include -Xcc -I/Users/admin/builder/spi-builder-workspace/.derivedData/Build/Intermediates.noindex/XCBuildKit.build/Debug-watchos/XCBuildKit-t.build/DerivedSources-normal/arm64_32 -Xcc -I/Users/admin/builder/spi-builder-workspace/.derivedData/Build/Intermediates.noindex/XCBuildKit.build/Debug-watchos/XCBuildKit-t.build/DerivedSources/arm64_32 -Xcc -I/Users/admin/builder/spi-builder-workspace/.derivedData/Build/Intermediates.noindex/XCBuildKit.build/Debug-watchos/XCBuildKit-t.build/DerivedSources -Xcc -DSWIFT_PACKAGE -Xcc -DDEBUG\=1 -no-auto-bridging-header-chaining -module-name XCBuildKit -package-name spi_builder_workspace -const-gather-protocols-file /Users/admin/builder/spi-builder-workspace/.derivedData/Build/Intermediates.noindex/XCBuildKit.build/Debug-watchos/XCBuildKit-t.build/Objects-normal/arm64_32/XCBuildKit_const_extract_protocols.json -disable-clang-spi -clang-target arm64_32-apple-watchos27.0 -target-sdk-version 27.0 -target-sdk-name watchos27.0 -in-process-plugin-server-path /Applications/Xcode-27.0.0-Release.Candidate.app/Contents/Developer/Toolchains/XcodeDefault.xctoolchain/usr/lib/swift/host/libSwiftInProcPluginServer.dylib -emit-module-doc-path /Users/admin/builder/spi-builder-workspace/.derivedData/Build/Intermediates.noindex/XCBuildKit.build/Debug-watchos/XCBuildKit-t.build/Objects-normal/arm64_32/XCBuildKit.swiftdoc -emit-module-source-info-path /Users/admin/builder/spi-builder-workspace/.derivedData/Build/Intermediates.noindex/XCBuildKit.build/Debug-watchos/XCBuildKit-t.build/Objects-normal/arm64_32/XCBuildKit.swiftsourceinfo -emit-objc-header-path /Users/admin/builder/spi-builder-workspace/.derivedData/Build/Intermediates.noindex/XCBuildKit.build/Debug-watchos/XCBuildKit-t.build/Objects-normal/arm64_32/XCBuildKit-Swift.h -serialize-diagnostics-path /Users/admin/builder/spi-builder-workspace/.derivedData/Build/Intermediates.noindex/XCBuildKit.build/Debug-watchos/XCBuildKit-t.build/Objects-normal/arm64_32/XCBuildKit-primary-emit-module.dia -emit-dependencies-path /Users/admin/builder/spi-builder-workspace/.derivedData/Build/Intermediates.noindex/XCBuildKit.build/Debug-watchos/XCBuildKit-t.build/Objects-normal/arm64_32/XCBuildKit-primary-emit-module.d -parse-as-library -o /Users/admin/builder/spi-builder-workspace/.derivedData/Build/Intermediates.noindex/XCBuildKit.build/Debug-watchos/XCBuildKit-t.build/Objects-normal/arm64_32/XCBuildKit.swiftmodule -emit-abi-descriptor-path /Users/admin/builder/spi-builder-workspace/.derivedData/Build/Intermediates.noindex/XCBuildKit.build/Debug-watchos/XCBuildKit-t.build/Objects-normal/arm64_32/XCBuildKit.abi.json
SwiftCompile normal arm64_32 Compiling\ BuildConfigurationValidator.swift /Users/admin/builder/spi-builder-workspace/Sources/XCBuildKit/XCBuild/BuildConfigurationValidator.swift (in target 'XCBuildKit' from project 'XCBuildKit')
SwiftCompile normal arm64_32 /Users/admin/builder/spi-builder-workspace/Sources/XCBuildKit/XCBuild/BuildConfigurationValidator.swift (in target 'XCBuildKit' from project 'XCBuildKit')
    cd /Users/admin/builder/spi-builder-workspace/.swiftpm/xcode
    builtin-SwiftPerFileCompile BuildConfigurationValidator.swift
SwiftCompile normal arm64_32 Compiling\ ShellCommandExecuter.swift,\ ShellCommandExecuting.swift /Users/admin/builder/spi-builder-workspace/Sources/XCBuildKit/Shell/ShellCommandExecuter.swift /Users/admin/builder/spi-builder-workspace/Sources/XCBuildKit/Shell/ShellCommandExecuting.swift (in target 'XCBuildKit' from project 'XCBuildKit')
/Users/admin/builder/spi-builder-workspace/Sources/XCBuildKit/Shell/ShellCommandExecuter.swift:235:26: error: cannot find type 'Process' in scope
233 |
234 | private actor ProcessController {
235 |     private var process: Process?
    |                          `- error: cannot find type 'Process' in scope
236 |     private let stderrCollector = OutputCollector()
237 |
/Users/admin/builder/spi-builder-workspace/Sources/XCBuildKit/Shell/ShellCommandExecuter.swift:243:10: error: cannot find type 'Process' in scope
241 |         environment: [String: String],
242 |         workingDirectory: String?
243 |     ) -> Process {
    |          `- error: cannot find type 'Process' in scope
244 |         let process = Process()
245 |         process.executableURL = executable
/Users/admin/builder/spi-builder-workspace/Sources/XCBuildKit/Shell/ShellCommandExecuter.swift:176:28: error: cannot find 'Process' in scope
174 |         }
175 |
176 |         let whichProcess = Process()
    |                            `- error: cannot find 'Process' in scope
177 |         whichProcess.executableURL = URL(fileURLWithPath: "/usr/bin/which")
178 |         whichProcess.arguments = [command]
SwiftCompile normal arm64_32 /Users/admin/builder/spi-builder-workspace/Sources/XCBuildKit/Shell/ShellCommandExecuter.swift (in target 'XCBuildKit' from project 'XCBuildKit')
    cd /Users/admin/builder/spi-builder-workspace/.swiftpm/xcode
    builtin-SwiftPerFileCompile ShellCommandExecuter.swift
SwiftCompile normal arm64_32 /Users/admin/builder/spi-builder-workspace/Sources/XCBuildKit/Shell/ShellCommandExecuting.swift (in target 'XCBuildKit' from project 'XCBuildKit')
    cd /Users/admin/builder/spi-builder-workspace/.swiftpm/xcode
    builtin-SwiftPerFileCompile ShellCommandExecuting.swift
SwiftCompile normal arm64_32 Compiling\ BuildLogFormattable.swift /Users/admin/builder/spi-builder-workspace/Sources/XCBuildKit/XCBuild/BuildLogFormattable.swift (in target 'XCBuildKit' from project 'XCBuildKit')
SwiftCompile normal arm64_32 /Users/admin/builder/spi-builder-workspace/Sources/XCBuildKit/XCBuild/BuildLogFormattable.swift (in target 'XCBuildKit' from project 'XCBuildKit')
    cd /Users/admin/builder/spi-builder-workspace/.swiftpm/xcode
    builtin-SwiftPerFileCompile BuildLogFormattable.swift
SwiftCompile normal arm64_32 Compiling\ ShellOutput.swift /Users/admin/builder/spi-builder-workspace/Sources/XCBuildKit/Shell/ShellOutput.swift (in target 'XCBuildKit' from project 'XCBuildKit')
SwiftCompile normal arm64_32 /Users/admin/builder/spi-builder-workspace/Sources/XCBuildKit/Shell/ShellOutput.swift (in target 'XCBuildKit' from project 'XCBuildKit')
    cd /Users/admin/builder/spi-builder-workspace/.swiftpm/xcode
    builtin-SwiftPerFileCompile ShellOutput.swift
SwiftCompile normal arm64 Compiling\ ShellOutput.swift /Users/admin/builder/spi-builder-workspace/Sources/XCBuildKit/Shell/ShellOutput.swift (in target 'XCBuildKit' from project 'XCBuildKit')
SwiftCompile normal arm64 /Users/admin/builder/spi-builder-workspace/Sources/XCBuildKit/Shell/ShellOutput.swift (in target 'XCBuildKit' from project 'XCBuildKit')
    cd /Users/admin/builder/spi-builder-workspace/.swiftpm/xcode
    builtin-SwiftPerFileCompile ShellOutput.swift
SwiftCompile normal arm64_32 Compiling\ ShellError.swift /Users/admin/builder/spi-builder-workspace/Sources/XCBuildKit/Shell/ShellError.swift (in target 'XCBuildKit' from project 'XCBuildKit')
SwiftCompile normal arm64_32 /Users/admin/builder/spi-builder-workspace/Sources/XCBuildKit/Shell/ShellError.swift (in target 'XCBuildKit' from project 'XCBuildKit')
    cd /Users/admin/builder/spi-builder-workspace/.swiftpm/xcode
    builtin-SwiftPerFileCompile ShellError.swift
SwiftEmitModule normal arm64 Emitting\ module\ for\ XCBuildKit (in target 'XCBuildKit' from project 'XCBuildKit')
/Users/admin/builder/spi-builder-workspace/Sources/XCBuildKit/Shell/ShellCommandExecuter.swift:235:26: error: cannot find type 'Process' in scope
233 |
234 | private actor ProcessController {
235 |     private var process: Process?
    |                          `- error: cannot find type 'Process' in scope
236 |     private let stderrCollector = OutputCollector()
237 |
/Users/admin/builder/spi-builder-workspace/Sources/XCBuildKit/Shell/ShellCommandExecuter.swift:243:10: error: cannot find type 'Process' in scope
241 |         environment: [String: String],
242 |         workingDirectory: String?
243 |     ) -> Process {
    |          `- error: cannot find type 'Process' in scope
244 |         let process = Process()
245 |         process.executableURL = executable
Failed frontend command:
/Applications/Xcode-27.0.0-Release.Candidate.app/Contents/Developer/Toolchains/XcodeDefault.xctoolchain/usr/bin/swift-frontend -frontend -emit-module -experimental-skip-non-inlinable-function-bodies-without-types /Users/admin/builder/spi-builder-workspace/Sources/XCBuildKit/Shell/ShellCommandExecuter.swift /Users/admin/builder/spi-builder-workspace/Sources/XCBuildKit/Shell/ShellCommandExecuting.swift /Users/admin/builder/spi-builder-workspace/Sources/XCBuildKit/Shell/ShellError.swift /Users/admin/builder/spi-builder-workspace/Sources/XCBuildKit/Shell/ShellOutput.swift /Users/admin/builder/spi-builder-workspace/Sources/XCBuildKit/XCBuild/BuildConfigurationValidator.swift /Users/admin/builder/spi-builder-workspace/Sources/XCBuildKit/XCBuild/BuildLogFormattable.swift /Users/admin/builder/spi-builder-workspace/Sources/XCBuildKit/XCBuild/BuildState.swift /Users/admin/builder/spi-builder-workspace/Sources/XCBuildKit/XCBuild/XcodeBuild.swift /Users/admin/builder/spi-builder-workspace/Sources/XCBuildKit/XCBuild/XcodeBuildAction.swift /Users/admin/builder/spi-builder-workspace/Sources/XCBuildKit/XCBuild/XcodeBuildOptions.swift /Users/admin/builder/spi-builder-workspace/Sources/XCBuildKit/XCBuild/XcodeBuilding.swift -target arm64-apple-watchos9.0 -disable-cross-import-overlay-search -load-resolved-plugin /Applications/Xcode-27.0.0-Release.Candidate.app/Contents/Developer/Platforms/WatchOS.platform/Developer/usr/lib/swift/host/plugins/libFoundationMacros.dylib\#/Applications/Xcode-27.0.0-Release.Candidate.app/Contents/Developer/Platforms/WatchOS.platform/Developer/usr/bin/swift-plugin-server\#FoundationMacros -load-resolved-plugin /Applications/Xcode-27.0.0-Release.Candidate.app/Contents/Developer/Platforms/WatchOS.platform/Developer/usr/lib/swift/host/plugins/libObservationMacros.dylib\#/Applications/Xcode-27.0.0-Release.Candidate.app/Contents/Developer/Platforms/WatchOS.platform/Developer/usr/bin/swift-plugin-server\#ObservationMacros -load-resolved-plugin /Applications/Xcode-27.0.0-Release.Candidate.app/Contents/Developer/Platforms/WatchOS.platform/Developer/usr/lib/swift/host/plugins/libSwiftMacros.dylib\#/Applications/Xcode-27.0.0-Release.Candidate.app/Contents/Developer/Platforms/WatchOS.platform/Developer/usr/bin/swift-plugin-server\#SwiftMacros -disable-implicit-swift-modules -Xcc -fno-implicit-modules -Xcc -fno-implicit-module-maps -explicit-swift-module-map-file /Users/admin/builder/spi-builder-workspace/.derivedData/Build/Intermediates.noindex/XCBuildKit.build/Debug-watchos/XCBuildKit-t.build/Objects-normal/arm64/XCBuildKit-dependencies-2.json -Xllvm -aarch64-use-tbi -enable-objc-interop -stack-check -sdk /Applications/Xcode-27.0.0-Release.Candidate.app/Contents/Developer/Platforms/WatchOS.platform/Developer/SDKs/WatchOS27.0.sdk -I /Users/admin/builder/spi-builder-workspace/.derivedData/Build/Products/Debug-watchos -Isystem /Applications/Xcode-27.0.0-Release.Candidate.app/Contents/Developer/Platforms/WatchOS.platform/Developer/usr/lib -F /Users/admin/builder/spi-builder-workspace/.derivedData/Build/Products/Debug-watchos -F /Applications/Xcode-27.0.0-Release.Candidate.app/Contents/Developer/Platforms/WatchOS.platform/Developer/Library/Frameworks -F /Applications/Xcode-27.0.0-Release.Candidate.app/Contents/Developer/Platforms/WatchOS.platform/Developer/SDKs/WatchOS27.0.sdk/Developer/Library/Frameworks -module-cache-path /Users/admin/builder/spi-builder-workspace/.derivedData/Build/Intermediates.noindex/SwiftExplicitPrecompiledModules -no-color-diagnostics -Xcc -fno-color-diagnostics -enable-testing -g -debug-info-format\=dwarf -dwarf-version\=4 -profile-generate -profile-coverage-mapping -swift-version 6 -Onone -D SWIFT_PACKAGE -D DEBUG -D SWIFT_MODULE_RESOURCE_BUNDLE_UNAVAILABLE -D Xcode -serialize-debugging-options -enable-experimental-feature DebugDescriptionMacro -empty-abi-descriptor -validate-clang-modules-once -clang-build-session-file /Users/admin/builder/spi-builder-workspace/.derivedData/ModuleCache.noindex/Session.modulevalidation -Xcc -working-directory -Xcc /Users/admin/builder/spi-builder-workspace/.swiftpm/xcode -enable-anonymous-context-mangled-names -file-compilation-dir /Users/admin/builder/spi-builder-workspace/.swiftpm/xcode -Xcc -D_LIBCPP_HARDENING_MODE\=_LIBCPP_HARDENING_MODE_DEBUG -Xcc -ivfsstatcache -Xcc /Users/admin/builder/spi-builder-workspace/.derivedData/SDKStatCaches.noindex/watchos27.0-24R360-e829b21a6f8c9b70876ba0858053c04477534ef55a1706bf4c1112bbb242f0a2.sdkstatcache -Xcc -fmodules-prune-interval\=86400 -Xcc -fmodules-prune-after\=345600 -Xcc -I/Users/admin/builder/spi-builder-workspace/.derivedData/Build/Products/Debug-watchos/include -Xcc -I/Users/admin/builder/spi-builder-workspace/.derivedData/Build/Intermediates.noindex/XCBuildKit.build/Debug-watchos/XCBuildKit-t.build/DerivedSources-normal/arm64 -Xcc -I/Users/admin/builder/spi-builder-workspace/.derivedData/Build/Intermediates.noindex/XCBuildKit.build/Debug-watchos/XCBuildKit-t.build/DerivedSources/arm64 -Xcc -I/Users/admin/builder/spi-builder-workspace/.derivedData/Build/Intermediates.noindex/XCBuildKit.build/Debug-watchos/XCBuildKit-t.build/DerivedSources -Xcc -DSWIFT_PACKAGE -Xcc -DDEBUG\=1 -no-auto-bridging-header-chaining -module-name XCBuildKit -package-name spi_builder_workspace -const-gather-protocols-file /Users/admin/builder/spi-builder-workspace/.derivedData/Build/Intermediates.noindex/XCBuildKit.build/Debug-watchos/XCBuildKit-t.build/Objects-normal/arm64/XCBuildKit_const_extract_protocols.json -disable-clang-spi -clang-target arm64-apple-watchos27.0 -target-sdk-version 27.0 -target-sdk-name watchos27.0 -in-process-plugin-server-path /Applications/Xcode-27.0.0-Release.Candidate.app/Contents/Developer/Toolchains/XcodeDefault.xctoolchain/usr/lib/swift/host/libSwiftInProcPluginServer.dylib -emit-module-doc-path /Users/admin/builder/spi-builder-workspace/.derivedData/Build/Intermediates.noindex/XCBuildKit.build/Debug-watchos/XCBuildKit-t.build/Objects-normal/arm64/XCBuildKit.swiftdoc -emit-module-source-info-path /Users/admin/builder/spi-builder-workspace/.derivedData/Build/Intermediates.noindex/XCBuildKit.build/Debug-watchos/XCBuildKit-t.build/Objects-normal/arm64/XCBuildKit.swiftsourceinfo -emit-objc-header-path /Users/admin/builder/spi-builder-workspace/.derivedData/Build/Intermediates.noindex/XCBuildKit.build/Debug-watchos/XCBuildKit-t.build/Objects-normal/arm64/XCBuildKit-Swift.h -serialize-diagnostics-path /Users/admin/builder/spi-builder-workspace/.derivedData/Build/Intermediates.noindex/XCBuildKit.build/Debug-watchos/XCBuildKit-t.build/Objects-normal/arm64/XCBuildKit-primary-emit-module.dia -emit-dependencies-path /Users/admin/builder/spi-builder-workspace/.derivedData/Build/Intermediates.noindex/XCBuildKit.build/Debug-watchos/XCBuildKit-t.build/Objects-normal/arm64/XCBuildKit-primary-emit-module.d -parse-as-library -o /Users/admin/builder/spi-builder-workspace/.derivedData/Build/Intermediates.noindex/XCBuildKit.build/Debug-watchos/XCBuildKit-t.build/Objects-normal/arm64/XCBuildKit.swiftmodule -emit-abi-descriptor-path /Users/admin/builder/spi-builder-workspace/.derivedData/Build/Intermediates.noindex/XCBuildKit.build/Debug-watchos/XCBuildKit-t.build/Objects-normal/arm64/XCBuildKit.abi.json
SwiftCompile normal arm64 (in target 'XCBuildKit' from project 'XCBuildKit')
    cd /Users/admin/builder/spi-builder-workspace/.swiftpm/xcode

SwiftCompile normal arm64_32 Compiling\ XcodeBuild.swift /Users/admin/builder/spi-builder-workspace/Sources/XCBuildKit/XCBuild/XcodeBuild.swift (in target 'XCBuildKit' from project 'XCBuildKit')
SwiftCompile normal arm64_32 /Users/admin/builder/spi-builder-workspace/Sources/XCBuildKit/XCBuild/XcodeBuild.swift (in target 'XCBuildKit' from project 'XCBuildKit')
    cd /Users/admin/builder/spi-builder-workspace/.swiftpm/xcode
    builtin-SwiftPerFileCompile XcodeBuild.swift
SwiftCompile normal arm64 Compiling\ BuildState.swift /Users/admin/builder/spi-builder-workspace/Sources/XCBuildKit/XCBuild/BuildState.swift (in target 'XCBuildKit' from project 'XCBuildKit')
SwiftCompile normal arm64 /Users/admin/builder/spi-builder-workspace/Sources/XCBuildKit/XCBuild/BuildState.swift (in target 'XCBuildKit' from project 'XCBuildKit')
    cd /Users/admin/builder/spi-builder-workspace/.swiftpm/xcode
    builtin-SwiftPerFileCompile BuildState.swift
SwiftCompile normal arm64 Compiling\ XcodeBuildAction.swift /Users/admin/builder/spi-builder-workspace/Sources/XCBuildKit/XCBuild/XcodeBuildAction.swift (in target 'XCBuildKit' from project 'XCBuildKit')
SwiftCompile normal arm64 /Users/admin/builder/spi-builder-workspace/Sources/XCBuildKit/XCBuild/XcodeBuildAction.swift (in target 'XCBuildKit' from project 'XCBuildKit')
    cd /Users/admin/builder/spi-builder-workspace/.swiftpm/xcode
    builtin-SwiftPerFileCompile XcodeBuildAction.swift
PruneExplicitPrecompiledModules /Users/admin/builder/spi-builder-workspace/.derivedData/Build/Intermediates.noindex/ExplicitPrecompiledModules
PruneExplicitPrecompiledModules /Users/admin/builder/spi-builder-workspace/.derivedData/Build/Intermediates.noindex/SwiftExplicitPrecompiledModules
PruneExplicitPrecompiledModules /Users/admin/builder/spi-builder-workspace/.derivedData/SDKExplicitPrecompiledModules
2026-09-21 07:10:53.440 xcodebuild[1175:7192] [MT] IDERunDestination: Supported platforms for the buildables in the current scheme is empty.
** BUILD FAILED **
The following build commands failed:
	SwiftCompile normal arm64_32 (in target 'XCBuildKit' from project 'XCBuildKit')
	SwiftEmitModule normal arm64_32 Emitting\ module\ for\ XCBuildKit (in target 'XCBuildKit' from project 'XCBuildKit')
	SwiftEmitModule normal arm64 Emitting\ module\ for\ XCBuildKit (in target 'XCBuildKit' from project 'XCBuildKit')
	SwiftCompile normal arm64 (in target 'XCBuildKit' from project 'XCBuildKit')
	Building workspace XCBuildKit with scheme XCBuildKit
(5 failures)
BUILD FAILURE 6.4 watchOS