The Swift Package Index logo.Swift Package Index

Build Information

Failed to build Glider, reference main (c93275), with Swift 6.4 for Linux on 20 Sep 2026 06:41:34 UTC.

Build Command

bash -c docker run --pull=always --rm -v "checkouts-54344847-0":/host -w "$PWD" -e JAVA_HOME="/root/.sdkman/candidates/java/current" -e SPI_BUILD="1" -e SPI_PROCESSING="1" registry.gitlab.com/saguaro1/spi-images:basic-6.4-latest swift build --triple x86_64-unknown-linux-gnu 2>&1

Build Log

========================================
RunAll
========================================
Builder version: 5.1.0
Interrupt handler set up.
========================================
Checkout
========================================
Clone URL: https://github.com/immobiliare/Glider.git
Reference: main
Initialized empty Git repository in /host/spi-builder-workspace/.git/
hint: Using 'master' as the name for the initial branch. This default branch name
hint: is subject to change. To configure the initial branch name to use in all
hint: of your new repositories, which will suppress this warning, call:
hint:
hint: 	git config --global init.defaultBranch <name>
hint:
hint: Names commonly chosen instead of 'master' are 'main', 'trunk' and
hint: 'development'. The just-created branch can be renamed via this command:
hint:
hint: 	git branch -m <name>
From https://github.com/immobiliare/Glider
 * branch            main       -> FETCH_HEAD
 * [new branch]      main       -> origin/main
HEAD is now at c932753 Updated podspec to 2.0.5
Cloned https://github.com/immobiliare/Glider.git
Revision (git rev-parse @):
c93275370925fbdb30cbe5507c6cdd2d0afe426f
SPI manifest file found: $PWD/.spi.yml
SUCCESS checkout https://github.com/immobiliare/Glider.git at main
========================================
Build
========================================
Selected platform:         linux
Swift version:             6.4
Building package at path:  $PWD
https://github.com/immobiliare/Glider.git
Running build ...
bash -c docker run --pull=always --rm -v "checkouts-54344847-0":/host -w "$PWD" -e JAVA_HOME="/root/.sdkman/candidates/java/current" -e SPI_BUILD="1" -e SPI_PROCESSING="1" registry.gitlab.com/saguaro1/spi-images:basic-6.4-latest swift build --triple x86_64-unknown-linux-gnu 2>&1
basic-6.4-latest: Pulling from saguaro1/spi-images
Digest: sha256:c77fcce225e223ac0fafed844619173fc6de8d62dd560eeb28db3182af6a282b
Status: Image is up to date for registry.gitlab.com/saguaro1/spi-images:basic-6.4-latest
Building for debugging...
[Planning deferred tasks]
error: SwiftCompile normal x86_64 failed with a nonzero exit code. Command line:     cd /host

/host/spi-builder-workspace/Glider/Sources/Log/Additional Structures/Foundation+Extensions/UIDevice+Extension.swift:151:1: warning: extension declares a conformance of imported type 'CGSize' to imported protocol 'CustomStringConvertible'; this will not behave correctly if the owners of 'Foundation' introduce this conformance in the future
149 | // MARK: - CGSize
150 |
151 | extension CGSize: CustomStringConvertible {
    | |- warning: extension declares a conformance of imported type 'CGSize' to imported protocol 'CustomStringConvertible'; this will not behave correctly if the owners of 'Foundation' introduce this conformance in the future
    | `- note: add '@retroactive' to silence this warning
152 |
153 |     public var description: String {
/host/spi-builder-workspace/Glider/Sources/Log/Additional Structures/LogInterpolation/LogInterpolation+Styles.swift:54:39: error: 'MeasurementFormatter' is unavailable: Not supported in swift-corelibs-foundation
 52 |     case fixed(precision: Int)
 53 |     case formatter(formatter: Formatter)
 54 |     case measure(unit: Unit, options: MeasurementFormatter.UnitOptions, style: Formatter.UnitStyle = .short)
    |                                       `- error: 'MeasurementFormatter' is unavailable: Not supported in swift-corelibs-foundation
 55 |     case currency(symbol: String?, usesGroupingSeparator: Bool = true)
 56 |     case bytes(style: ByteCountFormatter.CountStyle)
Foundation.MeasurementFormatter:2:12: note: 'MeasurementFormatter' has been explicitly marked unavailable here
 1 | @available(*, unavailable, message: "Not supported in swift-corelibs-foundation")
 2 | open class MeasurementFormatter : Formatter, NSSecureCoding {
   |            `- note: 'MeasurementFormatter' has been explicitly marked unavailable here
 3 |     public struct UnitOptions : OptionSet, Sendable {
 4 |         public private(set) var rawValue: UInt { get }
/host/spi-builder-workspace/Glider/Sources/Log/Additional Structures/ProcessIdentification.swift:59:9: error: cannot find 'pthread_threadid_np' in scope
57 |     public lazy var threadID: UInt64 = {
58 |         var threadID: UInt64 = 0
59 |         pthread_threadid_np(nil, &threadID)
   |         `- error: cannot find 'pthread_threadid_np' in scope
60 |         return threadID
61 |     }()
/host/spi-builder-workspace/Glider/Sources/Transports/Base Transports/AsyncTransport.swift:179:6: error: Objective-C interoperability is disabled
177 |     }
178 |
179 |     @objc
    |      `- error: Objective-C interoperability is disabled
180 |     private func tick() {
181 |         queue.async {
/host/spi-builder-workspace/Glider/Sources/Transports/Base Transports/ThrottledTransport.swift:149:6: error: Objective-C interoperability is disabled
147 |
148 |     /// Called by timer.
149 |     @objc
    |      `- error: Objective-C interoperability is disabled
150 |     private func tick() {
151 |         self.lastFlushDate = Date()
/host/spi-builder-workspace/Glider/Sources/Transports/File/POSIXTransports/POSIXStreamTransport.swift:112:57: error: cannot find 'Darwin' in scope
110 |
111 |         /// POSIX stream.
112 |         public var stream: UnsafeMutablePointer<FILE> = Darwin.stdout
    |                                                         `- error: cannot find 'Darwin' in scope
113 |
114 |         /// Formatter used to transform a payload into a string.
/host/spi-builder-workspace/Glider/Sources/Transports/HTTPTransport/HTTPTransport.swift:163:32: error: 'URLSession' is unavailable: This type has moved to the FoundationNetworking module. Import that module to use it.
161 |         /// URL Session used to send data.
162 |         /// By default `.default` is used
163 |         public var urlSession: URLSession
    |                                `- error: 'URLSession' is unavailable: This type has moved to the FoundationNetworking module. Import that module to use it.
164 |
165 |         /// Formatters set.
Foundation.URLSession:2:18: note: 'URLSession' has been explicitly marked unavailable here
1 | @available(*, unavailable, message: "This type has moved to the FoundationNetworking module. Import that module to use it.")
2 | public typealias URLSession = AnyObject
  |                  `- note: 'URLSession' has been explicitly marked unavailable here
/host/spi-builder-workspace/Glider/Sources/Transports/HTTPTransport/HTTPTransportRequest.swift:30:28: error: cannot find type 'URLRequest' in scope
 28 |
 29 |     /// URLRequest to execute.
 30 |     public let urlRequest: URLRequest
    |                            `- error: cannot find type 'URLRequest' in scope
 31 |
 32 |     /// Configuration
/host/spi-builder-workspace/Glider/Sources/Transports/HTTPTransport/HTTPTransportRequest.swift:49:29: error: cannot find type 'URLRequest' in scope
 47 |     ///   - urlRequest: url request to execute.
 48 |     ///   - builder: builder function to customize the call.
 49 |     public init(urlRequest: URLRequest, _ builder: ((inout Configuration) -> Void)? = nil) {
    |                             `- error: cannot find type 'URLRequest' in scope
 50 |         self.configuration = Configuration(builder)
 51 |         self.urlRequest = urlRequest
/host/spi-builder-workspace/Glider/Sources/Transports/HTTPTransport/HTTPTransportRequest.swift:127:30: error: 'URLResponse' is unavailable: This type has moved to the FoundationNetworking module. Import that module to use it.
125 |         case `internal`(Swift.Error)
126 |         case noResponse
127 |         case invalidResponse(URLResponse)
    |                              `- error: 'URLResponse' is unavailable: This type has moved to the FoundationNetworking module. Import that module to use it.
128 |         case emptyResponse(HTTPURLResponse)
129 |         case httpError(HTTPURLResponse, Data?)
Foundation.URLResponse:2:18: note: 'URLResponse' has been explicitly marked unavailable here
1 | @available(*, unavailable, message: "This type has moved to the FoundationNetworking module. Import that module to use it.")
2 | public typealias URLResponse = AnyObject
  |                  `- note: 'URLResponse' has been explicitly marked unavailable here
/host/spi-builder-workspace/Glider/Sources/Transports/HTTPTransport/HTTPTransportRequest.swift:128:28: error: 'HTTPURLResponse' is unavailable: This type has moved to the FoundationNetworking module. Import that module to use it.
126 |         case noResponse
127 |         case invalidResponse(URLResponse)
128 |         case emptyResponse(HTTPURLResponse)
    |                            `- error: 'HTTPURLResponse' is unavailable: This type has moved to the FoundationNetworking module. Import that module to use it.
129 |         case httpError(HTTPURLResponse, Data?)
130 |     }
Foundation.HTTPURLResponse:2:18: note: 'HTTPURLResponse' has been explicitly marked unavailable here
1 | @available(*, unavailable, message: "This type has moved to the FoundationNetworking module. Import that module to use it.")
2 | public typealias HTTPURLResponse = AnyObject
  |                  `- note: 'HTTPURLResponse' has been explicitly marked unavailable here
/host/spi-builder-workspace/Glider/Sources/Transports/HTTPTransport/HTTPTransportRequest.swift:129:24: error: 'HTTPURLResponse' is unavailable: This type has moved to the FoundationNetworking module. Import that module to use it.
127 |         case invalidResponse(URLResponse)
128 |         case emptyResponse(HTTPURLResponse)
129 |         case httpError(HTTPURLResponse, Data?)
    |                        `- error: 'HTTPURLResponse' is unavailable: This type has moved to the FoundationNetworking module. Import that module to use it.
130 |     }
131 |
Foundation.HTTPURLResponse:2:18: note: 'HTTPURLResponse' has been explicitly marked unavailable here
1 | @available(*, unavailable, message: "This type has moved to the FoundationNetworking module. Import that module to use it.")
2 | public typealias HTTPURLResponse = AnyObject
  |                  `- note: 'HTTPURLResponse' has been explicitly marked unavailable here
/host/spi-builder-workspace/Glider/Sources/Transports/HTTPTransport/Support/AsyncOperation.swift:19:14: warning: class 'AsyncOperation' must restate inherited '@unchecked Sendable' conformance
17 |
18 | /// This class allows subclasses in order to make an async Operation.
19 | public class AsyncOperation: Operation {
   |              `- warning: class 'AsyncOperation' must restate inherited '@unchecked Sendable' conformance
20 |
21 |     /// Identifier of the operation.
/host/spi-builder-workspace/Glider/Sources/Transports/HTTPTransport/Support/AsyncURLRequestsOperation.swift:18:20: warning: class 'AsyncURLRequestOperation' must restate inherited '@unchecked Sendable' conformance
16 | import Foundation
17 |
18 | public final class AsyncURLRequestOperation: AsyncOperation {
   |                    `- warning: class 'AsyncURLRequestOperation' must restate inherited '@unchecked Sendable' conformance
19 |     public typealias Response = Result<Data, Error>
20 |     typealias Callback = ((Response) -> Void)
/host/spi-builder-workspace/Glider/Sources/Transports/HTTPTransport/Support/URLSession+Extensions.swift:17:1: error: non-nominal type 'URLSession' (aka 'AnyObject') cannot be extended [#]8;;https://docs.swift.org/compiler/documentation/diagnostics/nominal-types\NominalTypes]8;;\]
 15 | // MARK: - Public Functions
 16 |
 17 | extension URLSession {
    | `- error: non-nominal type 'URLSession' (aka 'AnyObject') cannot be extended [#]8;;https://docs.swift.org/compiler/documentation/diagnostics/nominal-types\NominalTypes]8;;\]
 18 |
 19 |     /// Execute the `URLSessionDataTask` which is part of the request, then call validate on it where we can decide if we need to retry or not.
/host/spi-builder-workspace/Glider/Sources/Transports/HTTPTransport/Support/URLSession+Extensions.swift:40:9: error: non-nominal type 'URLSession' (aka 'AnyObject') cannot be extended [#]8;;https://docs.swift.org/compiler/documentation/diagnostics/nominal-types\NominalTypes]8;;\]
 38 | }
 39 |
 40 | private extension URLSession {
    |         `- error: non-nominal type 'URLSession' (aka 'AnyObject') cannot be extended [#]8;;https://docs.swift.org/compiler/documentation/diagnostics/nominal-types\NominalTypes]8;;\]
 41 |
 42 |     ///    Process results of `URLSessionDataTask` and converts it into `DataResult` instance
/host/spi-builder-workspace/Glider/Sources/Transports/LogstashTransport/LogstashTransport.swift:47:26: error: 'URLSession' is unavailable: This type has moved to the FoundationNetworking module. Import that module to use it.
 45 |
 46 |     /// URLSession to use.
 47 |     private var session: URLSession?
    |                          `- error: 'URLSession' is unavailable: This type has moved to the FoundationNetworking module. Import that module to use it.
 48 |
 49 |     /// Session delegate.
Foundation.URLSession:2:18: note: 'URLSession' has been explicitly marked unavailable here
1 | @available(*, unavailable, message: "This type has moved to the FoundationNetworking module. Import that module to use it.")
2 | public typealias URLSession = AnyObject
  |                  `- note: 'URLSession' has been explicitly marked unavailable here
/host/spi-builder-workspace/Glider/Sources/Transports/LogstashTransport/LogstashTransport.swift:287:57: error: cannot find type 'URLSessionDelegate' in scope
285 | extension LogstashTransport {
286 |
287 |     private class LogstashURLSessionDelegate: NSObject, URLSessionDelegate, URLSessionTaskDelegate, URLSessionStreamDelegate {
    |                                                         `- error: cannot find type 'URLSessionDelegate' in scope
288 |
289 |         // MARK: - Private Properties
/host/spi-builder-workspace/Glider/Sources/Transports/LogstashTransport/LogstashTransport.swift:287:77: error: cannot find type 'URLSessionTaskDelegate' in scope
285 | extension LogstashTransport {
286 |
287 |     private class LogstashURLSessionDelegate: NSObject, URLSessionDelegate, URLSessionTaskDelegate, URLSessionStreamDelegate {
    |                                                                             `- error: cannot find type 'URLSessionTaskDelegate' in scope
288 |
289 |         // MARK: - Private Properties
/host/spi-builder-workspace/Glider/Sources/Transports/LogstashTransport/LogstashTransport.swift:287:101: error: cannot find type 'URLSessionStreamDelegate' in scope
285 | extension LogstashTransport {
286 |
287 |     private class LogstashURLSessionDelegate: NSObject, URLSessionDelegate, URLSessionTaskDelegate, URLSessionStreamDelegate {
    |                                                                                                     `- error: cannot find type 'URLSessionStreamDelegate' in scope
288 |
289 |         // MARK: - Private Properties
/host/spi-builder-workspace/Glider/Sources/Transports/LogstashTransport/LogstashTransport.swift:303:66: error: 'AuthChallengeDisposition' is not a member type of type 'Foundation.URLSession' (aka 'AnyObject')
301 |         func urlSession(_ session: URLSession,
302 |                         didReceive challenge: URLAuthenticationChallenge,
303 |                         completionHandler: @escaping (URLSession.AuthChallengeDisposition, URLCredential?) -> Void) {
    |                                                                  `- error: 'AuthChallengeDisposition' is not a member type of type 'Foundation.URLSession' (aka 'AnyObject')
304 |
305 |             if  challenge.protectionSpace.host == transport?.configuration.host,
/host/spi-builder-workspace/Glider/Sources/Transports/LogstashTransport/LogstashTransport.swift:301:36: error: 'URLSession' is unavailable: This type has moved to the FoundationNetworking module. Import that module to use it.
299 |         }
300 |
301 |         func urlSession(_ session: URLSession,
    |                                    `- error: 'URLSession' is unavailable: This type has moved to the FoundationNetworking module. Import that module to use it.
302 |                         didReceive challenge: URLAuthenticationChallenge,
303 |                         completionHandler: @escaping (URLSession.AuthChallengeDisposition, URLCredential?) -> Void) {
Foundation.URLSession:2:18: note: 'URLSession' has been explicitly marked unavailable here
1 | @available(*, unavailable, message: "This type has moved to the FoundationNetworking module. Import that module to use it.")
2 | public typealias URLSession = AnyObject
  |                  `- note: 'URLSession' has been explicitly marked unavailable here
/host/spi-builder-workspace/Glider/Sources/Transports/LogstashTransport/LogstashTransport.swift:302:47: error: 'URLAuthenticationChallenge' is unavailable: This type has moved to the FoundationNetworking module. Import that module to use it.
300 |
301 |         func urlSession(_ session: URLSession,
302 |                         didReceive challenge: URLAuthenticationChallenge,
    |                                               `- error: 'URLAuthenticationChallenge' is unavailable: This type has moved to the FoundationNetworking module. Import that module to use it.
303 |                         completionHandler: @escaping (URLSession.AuthChallengeDisposition, URLCredential?) -> Void) {
304 |
Foundation.URLAuthenticationChallenge:2:18: note: 'URLAuthenticationChallenge' has been explicitly marked unavailable here
1 | @available(*, unavailable, message: "This type has moved to the FoundationNetworking module. Import that module to use it.")
2 | public typealias URLAuthenticationChallenge = AnyObject
  |                  `- note: 'URLAuthenticationChallenge' has been explicitly marked unavailable here
/host/spi-builder-workspace/Glider/Sources/Transports/RemoteTransport/RemoteTransport+Config.swift:19:11: error: cannot find type 'RemoteTransport' in scope
17 |
18 | @available(macOS 10.15, iOS 13.0, tvOS 13.0, macCatalyst 13.0, *)
19 | extension RemoteTransport {
   |           `- error: cannot find type 'RemoteTransport' in scope
20 |
21 |     /// Represent the configuration settings used to create a new `RemoteTransport` instance.
/host/spi-builder-workspace/Glider/Sources/Transports/RemoteTransport/RemoteTransportServer/RemoteTransportServerClient.swift:19:11: error: cannot find type 'RemoteTransportServer' in scope
 17 |
 18 | @available(macOS 10.15, iOS 13.0, tvOS 13.0, macCatalyst 13.0, *)
 19 | extension RemoteTransportServer {
    |           `- error: cannot find type 'RemoteTransportServer' in scope
 20 |
 21 |     /// Identify a client connected to the server.
/host/spi-builder-workspace/Glider/Sources/Transports/RemoteTransport/RemoteTransportServer/RemoteTransportServerClient.swift:139:11: error: cannot find type 'RemoteTransportServer' in scope
137 |
138 | @available(macOS 10.15, iOS 13.0, tvOS 13.0, macCatalyst 13.0, *)
139 | extension RemoteTransportServer {
    |           `- error: cannot find type 'RemoteTransportServer' in scope
140 |
141 |     public struct ClientId: Hashable {
/host/spi-builder-workspace/Glider/Sources/Transports/RemoteTransport/Support/RemoteTransportPackets.swift:25:11: error: cannot find type 'RemoteTransport' in scope
 23 |
 24 | @available(macOS 10.15, iOS 13.0, tvOS 13.0, macCatalyst 13.0, *)
 25 | extension RemoteTransport {
    |           `- error: cannot find type 'RemoteTransport' in scope
 26 |
 27 |     /// Packet presets code.
/host/spi-builder-workspace/Glider/Sources/Transports/RemoteTransport/Support/RemoteTransportPackets.swift:49:15: error: cannot find type 'RemoteTransport' in scope
 47 | @available(macOS 10.15, iOS 13.0, tvOS 13.0, macCatalyst 13.0, *)
 48 | public protocol RemoteTransportPacket {
 49 |     var code: RemoteTransport.PacketCode { get }
    |               `- error: cannot find type 'RemoteTransport' in scope
 50 |
 51 |     /// Encode the packet content.
/host/spi-builder-workspace/Glider/Sources/Transports/RemoteTransport/Support/RemoteTransportPackets.swift:60:34: error: cannot find type 'RemoteTransport' in scope
 58 |     /// - Parameter data: data to decode.
 59 |     /// - Returns: `Self?`
 60 |     static func decode(_ packet: RemoteTransport.RawPacket) throws -> Self?
    |                                  `- error: cannot find type 'RemoteTransport' in scope
 61 |
 62 | }
/host/spi-builder-workspace/Glider/Sources/Transports/RemoteTransport/Support/RemoteTransportPackets.swift:65:11: error: cannot find type 'RemoteTransport' in scope
 63 |
 64 | @available(macOS 10.15, iOS 13.0, tvOS 13.0, macCatalyst 13.0, *)
 65 | extension RemoteTransport {
    |           `- error: cannot find type 'RemoteTransport' in scope
 66 |
 67 |     /// The following packet encapsulate the logic of a `Glider.Event`.
/host/spi-builder-workspace/Glider/Sources/Transports/RemoteTransport/Support/RemoteTransportPackets.swift:225:11: error: cannot find type 'RemoteTransport' in scope
223 |
224 | @available(macOS 10.15, iOS 13.0, tvOS 13.0, macCatalyst 13.0, *)
225 | extension RemoteTransport {
    |           `- error: cannot find type 'RemoteTransport' in scope
226 |
227 |     // MARK: - RemoteEvent
/host/spi-builder-workspace/Glider/Sources/Transports/WebSocketTransport/Support/BonjourService/BonjourPublisher.swift:41:29: error: cannot find type 'NetService' in scope
 39 |
 40 |     /// NetService used to publish services over bonjour.
 41 |     private var netService: NetService
    |                             `- error: cannot find type 'NetService' in scope
 42 |
 43 |     /// Delegate.
/host/spi-builder-workspace/Glider/Sources/Transports/WebSocketTransport/Support/BonjourService/BonjourPublisher.swift:93:32: error: cannot find type 'NetService' in scope
 91 |     ///   - options: options.
 92 |     ///   - success: success handler.
 93 |     public func start(options: NetService.Options = [.listenForConnections],
    |                                `- error: cannot find type 'NetService' in scope
 94 |                       success: ((Bool) -> Void)? = nil) {
 95 |
/host/spi-builder-workspace/Glider/Sources/Transports/WebSocketTransport/Support/BonjourService/BonjourPublisher.swift:118:57: error: cannot find type 'NetServiceDelegate' in scope
116 |
117 | /// This class is used only to incapsulate the objective-c requirements of the NetServiceDelegate.
118 | private class BonjourPublisherObjectDelegate: NSObject, NetServiceDelegate {
    |                                                         `- error: cannot find type 'NetServiceDelegate' in scope
119 |     weak var server: BonjourPublisher?
120 |
/host/spi-builder-workspace/Glider/Sources/Transports/WebSocketTransport/Support/BonjourService/BonjourPublisher.swift:127:41: error: cannot find type 'NetService' in scope
125 |     }
126 |
127 |     func netServiceDidPublish(_ sender: NetService) {
    |                                         `- error: cannot find type 'NetService' in scope
128 |         server?.started = true
129 |         delegate?.bonjourPublisherDidStart(server!)
/host/spi-builder-workspace/Glider/Sources/Transports/WebSocketTransport/Support/BonjourService/BonjourPublisher.swift:132:31: error: cannot find type 'NetService' in scope
130 |     }
131 |
132 |     func netService(_ sender: NetService, didNotPublish errorDict: [String: NSNumber]) {
    |                               `- error: cannot find type 'NetService' in scope
133 |         server?.started = false
134 |         let error = GliderError(message: errorDict.description)
/host/spi-builder-workspace/Glider/Sources/Transports/WebSocketTransport/Support/BonjourService/BonjourPublisher.swift:138:38: error: cannot find type 'NetService' in scope
136 |     }
137 |
138 |     func netServiceDidStop(_ sender: NetService) {
    |                                      `- error: cannot find type 'NetService' in scope
139 |         server?.started = false
140 |         delegate?.bonjourPublisher(server!, didStopWithError: nil)
/host/spi-builder-workspace/Glider/Sources/Transports/WebSocketTransport/Support/BonjourService/NetService+Extensions.swift:18:20: error: cannot find type 'NetService' in scope
16 | import Foundation
17 |
18 | internal extension NetService {
   |                    `- error: cannot find type 'NetService' in scope
19 |
20 |     class func dictionary(fromTXTRecord data: Data) -> [String: String] {
[#NominalTypes]: <https://docs.swift.org/compiler/documentation/diagnostics/nominal-types>
Failed frontend command:
/usr/bin/swift-frontend -frontend -emit-module -experimental-skip-non-inlinable-function-bodies-without-types /host/spi-builder-workspace/Glider/Sources/Configuration.swift /host/spi-builder-workspace/Glider/Sources/Formatters/EventMessageFormatter.swift /host/spi-builder-workspace/Glider/Sources/Formatters/FieldsFormatter/FieldsFormatter+Field.swift /host/spi-builder-workspace/Glider/Sources/Formatters/FieldsFormatter/FieldsFormatter.swift /host/spi-builder-workspace/Glider/Sources/Formatters/JSONFormatter/JSONFormatter.swift /host/spi-builder-workspace/Glider/Sources/Formatters/MsgPackFormatter/MsgPackFormatter.swift /host/spi-builder-workspace/Glider/Sources/Formatters/MsgPackFormatter/Support/DataStream.swift /host/spi-builder-workspace/Glider/Sources/Formatters/MsgPackFormatter/Support/FlatValue.swift /host/spi-builder-workspace/Glider/Sources/Formatters/MsgPackFormatter/Support/Reader+Optionals.swift /host/spi-builder-workspace/Glider/Sources/Formatters/MsgPackFormatter/Support/Reader.swift /host/spi-builder-workspace/Glider/Sources/Formatters/MsgPackFormatter/Support/Types.swift /host/spi-builder-workspace/Glider/Sources/Formatters/MsgPackFormatter/Support/Writer+Optionals.swift /host/spi-builder-workspace/Glider/Sources/Formatters/MsgPackFormatter/Support/Writer.swift /host/spi-builder-workspace/Glider/Sources/Formatters/OSLogFormatter/OSLogFormatter.swift /host/spi-builder-workspace/Glider/Sources/Formatters/SysLogFormatter/SysLogFormatter.swift /host/spi-builder-workspace/Glider/Sources/Formatters/SysLogFormatter/SysLogPayload.swift /host/spi-builder-workspace/Glider/Sources/Formatters/TableFormatter/ASCII\ Table/ASCIITable+Borders.swift /host/spi-builder-workspace/Glider/Sources/Formatters/TableFormatter/ASCII\ Table/ASCIITable+Rendering.swift /host/spi-builder-workspace/Glider/Sources/Formatters/TableFormatter/ASCII\ Table/ASCIITable.swift /host/spi-builder-workspace/Glider/Sources/Formatters/TableFormatter/TableFormatter.swift /host/spi-builder-workspace/Glider/Sources/Formatters/TerminalFormatter/TerminalFormatter+Colorize.swift /host/spi-builder-workspace/Glider/Sources/Formatters/TerminalFormatter/TerminalFormatter.swift /host/spi-builder-workspace/Glider/Sources/Formatters/XCodeFormatter/XCodeFormatter+Colorize.swift /host/spi-builder-workspace/Glider/Sources/Formatters/XCodeFormatter/XCodeFormatter.swift /host/spi-builder-workspace/Glider/Sources/GliderSDK.swift /host/spi-builder-workspace/Glider/Sources/Log/Additional\ Structures/Event.swift /host/spi-builder-workspace/Glider/Sources/Log/Additional\ Structures/Foundation+Extensions/Bundle+Extension.swift /host/spi-builder-workspace/Glider/Sources/Log/Additional\ Structures/Foundation+Extensions/Data+Extension.swift /host/spi-builder-workspace/Glider/Sources/Log/Additional\ Structures/Foundation+Extensions/Date+Extension.swift /host/spi-builder-workspace/Glider/Sources/Log/Additional\ Structures/Foundation+Extensions/Dictionary+Extension.swift /host/spi-builder-workspace/Glider/Sources/Log/Additional\ Structures/Foundation+Extensions/Optional+Extension.swift /host/spi-builder-workspace/Glider/Sources/Log/Additional\ Structures/Foundation+Extensions/String+Extension.swift /host/spi-builder-workspace/Glider/Sources/Log/Additional\ Structures/Foundation+Extensions/UIDevice+Extension.swift /host/spi-builder-workspace/Glider/Sources/Log/Additional\ Structures/Level.swift /host/spi-builder-workspace/Glider/Sources/Log/Additional\ Structures/LogInterpolation/LogInterpolation+Formatters.swift /host/spi-builder-workspace/Glider/Sources/Log/Additional\ Structures/LogInterpolation/LogInterpolation+Styles.swift /host/spi-builder-workspace/Glider/Sources/Log/Additional\ Structures/LogInterpolation/LogInterpolation.swift /host/spi-builder-workspace/Glider/Sources/Log/Additional\ Structures/Message.swift /host/spi-builder-workspace/Glider/Sources/Log/Additional\ Structures/Metadata.swift /host/spi-builder-workspace/Glider/Sources/Log/Additional\ Structures/ProcessIdentification.swift /host/spi-builder-workspace/Glider/Sources/Log/Additional\ Structures/Scope.swift /host/spi-builder-workspace/Glider/Sources/Log/Additional\ Structures/Serialization/Common\ Serializations/UIImage+Serialization.swift /host/spi-builder-workspace/Glider/Sources/Log/Additional\ Structures/Serialization/SerializableObject.swift /host/spi-builder-workspace/Glider/Sources/Log/Additional\ Structures/Serialization/SerializationStrategies.swift /host/spi-builder-workspace/Glider/Sources/Log/Additional\ Structures/StatusMonitor.swift /host/spi-builder-workspace/Glider/Sources/Log/Additional\ Structures/User.swift /host/spi-builder-workspace/Glider/Sources/Log/Channel.swift /host/spi-builder-workspace/Glider/Sources/Log/Context.swift /host/spi-builder-workspace/Glider/Sources/Log/Log.swift /host/spi-builder-workspace/Glider/Sources/Log/Transport.swift /host/spi-builder-workspace/Glider/Sources/Log/TransportFilter.swift /host/spi-builder-workspace/Glider/Sources/Log/TransportManager.swift /host/spi-builder-workspace/Glider/Sources/Transports/Base\ Transports/AsyncTransport.swift /host/spi-builder-workspace/Glider/Sources/Transports/Base\ Transports/BufferedTransport.swift /host/spi-builder-workspace/Glider/Sources/Transports/Base\ Transports/ThrottledTransport.swift /host/spi-builder-workspace/Glider/Sources/Transports/Console/ConsoleTransport.swift /host/spi-builder-workspace/Glider/Sources/Transports/Console/OSLogTransport.swift /host/spi-builder-workspace/Glider/Sources/Transports/File/FileTransport.swift /host/spi-builder-workspace/Glider/Sources/Transports/File/POSIXTransports/POSIXStreamTransport.swift /host/spi-builder-workspace/Glider/Sources/Transports/File/POSIXTransports/StdStreamsTransport.swift /host/spi-builder-workspace/Glider/Sources/Transports/File/SizeRotationFileTransport.swift /host/spi-builder-workspace/Glider/Sources/Transports/HTTPTransport/HTTPTransport.swift /host/spi-builder-workspace/Glider/Sources/Transports/HTTPTransport/HTTPTransportRequest.swift /host/spi-builder-workspace/Glider/Sources/Transports/HTTPTransport/Support/AsyncOperation.swift /host/spi-builder-workspace/Glider/Sources/Transports/HTTPTransport/Support/AsyncURLRequestsOperation.swift /host/spi-builder-workspace/Glider/Sources/Transports/HTTPTransport/Support/URLSession+Extensions.swift /host/spi-builder-workspace/Glider/Sources/Transports/LogstashTransport/LogstashTransport.swift /host/spi-builder-workspace/Glider/Sources/Transports/RemoteTransport/RemoteTransport+Config.swift /host/spi-builder-workspace/Glider/Sources/Transports/RemoteTransport/RemoteTransport.swift /host/spi-builder-workspace/Glider/Sources/Transports/RemoteTransport/RemoteTransportDelegate.swift /host/spi-builder-workspace/Glider/Sources/Transports/RemoteTransport/RemoteTransportServer/RemoteTransportServer.swift /host/spi-builder-workspace/Glider/Sources/Transports/RemoteTransport/RemoteTransportServer/RemoteTransportServerClient.swift /host/spi-builder-workspace/Glider/Sources/Transports/RemoteTransport/RemoteTransportServer/RemoteTransportServerDelegate.swift /host/spi-builder-workspace/Glider/Sources/Transports/RemoteTransport/Support/Network+Extension.swift /host/spi-builder-workspace/Glider/Sources/Transports/RemoteTransport/Support/RemoteTransportConnection.swift /host/spi-builder-workspace/Glider/Sources/Transports/RemoteTransport/Support/RemoteTransportPackets.swift /host/spi-builder-workspace/Glider/Sources/Transports/SQLiteTransport/SQLiteTransport+Delegate.swift /host/spi-builder-workspace/Glider/Sources/Transports/SQLiteTransport/SQLiteTransport.swift /host/spi-builder-workspace/Glider/Sources/Transports/SQLiteTransport/Support/SQLite+Statement.swift /host/spi-builder-workspace/Glider/Sources/Transports/SQLiteTransport/Support/SQLiteDb+Additions.swift /host/spi-builder-workspace/Glider/Sources/Transports/SQLiteTransport/Support/SQLiteDb+Support.swift /host/spi-builder-workspace/Glider/Sources/Transports/SQLiteTransport/Support/SQLiteDb.swift /host/spi-builder-workspace/Glider/Sources/Transports/WebSocketTransport/Support/BonjourService/BonjourPublisher+Configuration.swift /host/spi-builder-workspace/Glider/Sources/Transports/WebSocketTransport/Support/BonjourService/BonjourPublisher.swift /host/spi-builder-workspace/Glider/Sources/Transports/WebSocketTransport/Support/BonjourService/NetService+Extensions.swift /host/spi-builder-workspace/Glider/Sources/Transports/WebSocketTransport/Support/WebSocketClient/WebSocketClient.swift /host/spi-builder-workspace/Glider/Sources/Transports/WebSocketTransport/Support/WebSocketClient/WebSocketClientDelegate.swift /host/spi-builder-workspace/Glider/Sources/Transports/WebSocketTransport/Support/WebSocketServer/WebSocketPeer.swift /host/spi-builder-workspace/Glider/Sources/Transports/WebSocketTransport/Support/WebSocketServer/WebSocketServer.swift /host/spi-builder-workspace/Glider/Sources/Transports/WebSocketTransport/Support/WebSocketServer/WebSocketServerDelegate.swift /host/spi-builder-workspace/Glider/Sources/Transports/WebSocketTransport/WebSocketTransportClient/WebSocketTransportClient.swift /host/spi-builder-workspace/Glider/Sources/Transports/WebSocketTransport/WebSocketTransportClient/WebSocketTransportClientDelegate.swift /host/spi-builder-workspace/Glider/Sources/Transports/WebSocketTransport/WebSocketTransportServer/WebSocketTransportServer.swift /host/spi-builder-workspace/Glider/Sources/Transports/WebSocketTransport/WebSocketTransportServer/WebSocketTransportServerDelegate.swift -target x86_64-unknown-linux-gnu -disable-objc-interop -I /host/spi-builder-workspace/.build/out/Products/Debug-linux-x86_64 -module-cache-path /host/spi-builder-workspace/.build/out/ModuleCache.noindex -color-diagnostics -Xcc -fcolor-diagnostics -enable-testing -g -debug-info-format\=dwarf -dwarf-version\=4 -swift-version 5 -Onone -D SWIFT_PACKAGE -D DEBUG -D SWIFT_MODULE_RESOURCE_BUNDLE_UNAVAILABLE -D Xcode -serialize-debugging-options -enable-experimental-feature DebugDescriptionMacro -empty-abi-descriptor -external-plugin-path /usr/lib/swift/host/plugins/testing\#/usr/bin/swift-plugin-server -validate-clang-modules-once -clang-build-session-file /host/spi-builder-workspace/.build/out/ModuleCache.noindex/Session.modulevalidation -Xcc -working-directory -Xcc /host -enable-anonymous-context-mangled-names -file-compilation-dir /host -Xcc -fmodule-map-file\=/host/spi-builder-workspace/Sources/CSQLiteGlider/module.modulemap -Xcc -fno-omit-frame-pointer -Xcc -D_LIBCPP_HARDENING_MODE\=_LIBCPP_HARDENING_MODE_DEBUG -Xcc -fmodules-prune-interval\=86400 -Xcc -fmodules-prune-after\=345600 -Xcc -I/host/spi-builder-workspace/.build/out/Products/Debug-linux-x86_64/include -Xcc -I/host/spi-builder-workspace/.build/out/Intermediates.noindex/Glider.build/Debug-linux-x86_64/Glider-t.build/DerivedSources-normal/x86_64 -Xcc -I/host/spi-builder-workspace/.build/out/Intermediates.noindex/Glider.build/Debug-linux-x86_64/Glider-t.build/DerivedSources/x86_64 -Xcc -I/host/spi-builder-workspace/.build/out/Intermediates.noindex/Glider.build/Debug-linux-x86_64/Glider-t.build/DerivedSources -Xcc -DSWIFT_PACKAGE -Xcc -DDEBUG\=1 -no-auto-bridging-header-chaining -module-name Glider -const-gather-protocols-file /host/spi-builder-workspace/.build/out/Intermediates.noindex/Glider.build/Debug-linux-x86_64/Glider-t.build/Objects-normal/x86_64/Glider_const_extract_protocols.json -in-process-plugin-server-path /usr/lib/swift/host/libSwiftInProcPluginServer.so -plugin-path /usr/lib/swift/host/plugins -plugin-path /usr/local/lib/swift/host/plugins -emit-module-doc-path /host/spi-builder-workspace/.build/out/Intermediates.noindex/Glider.build/Debug-linux-x86_64/Glider-t.build/Objects-normal/x86_64/Modules/Glider.swiftdoc -emit-module-source-info-path /host/spi-builder-workspace/.build/out/Intermediates.noindex/Glider.build/Debug-linux-x86_64/Glider-t.build/Objects-normal/x86_64/Modules/Glider.swiftsourceinfo -emit-objc-header-path /host/spi-builder-workspace/.build/out/Intermediates.noindex/Glider.build/Debug-linux-x86_64/Glider-t.build/Objects-normal/x86_64/Glider-Swift.h -serialize-diagnostics-path /host/spi-builder-workspace/.build/out/Intermediates.noindex/Glider.build/Debug-linux-x86_64/Glider-t.build/Objects-normal/x86_64/Glider-primary-emit-module.dia -emit-dependencies-path /host/spi-builder-workspace/.build/out/Intermediates.noindex/Glider.build/Debug-linux-x86_64/Glider-t.build/Objects-normal/x86_64/Glider-primary-emit-module.d -parse-as-library -o /host/spi-builder-workspace/.build/out/Intermediates.noindex/Glider.build/Debug-linux-x86_64/Glider-t.build/Objects-normal/x86_64/Modules/Glider.swiftmodule
[28 / 36] Glider
error: Build failed
BUILD FAILURE 6.4 linux