The Swift Package Index logo.Swift Package Index

Build Information

Failed to build GoogleCloudConfigV1, reference 0.5.0 (d3b78a), with Swift 6.2 for Android on 12 Oct 2026 03:24:54 UTC.

Build Command

bash -c docker run --pull=always --rm -v "checkouts-54344849-1":/host -w "$PWD" -e JAVA_HOME="/root/.sdkman/candidates/java/current" -e SPI_BUILD="1" -e SPI_PROCESSING="1" registry.gitlab.com/saguaro1/spi-images:android-6.2-latest swift build --swift-sdk aarch64-unknown-linux-android28 2>&1

Build Log

========================================
RunAll
========================================
Builder version: 5.1.1
Interrupt handler set up.
========================================
Checkout
========================================
Clone URL: https://github.com/googleapis/swift-google-cloud-config-v1.git
Reference: 0.5.0
Initialized empty Git repository in /host/spi-builder-workspace/.git/
hint: Using 'master' as the name for the initial branch. This default branch name
hint: is subject to change. To configure the initial branch name to use in all
hint: of your new repositories, which will suppress this warning, call:
hint:
hint: 	git config --global init.defaultBranch <name>
hint:
hint: Names commonly chosen instead of 'master' are 'main', 'trunk' and
hint: 'development'. The just-created branch can be renamed via this command:
hint:
hint: 	git branch -m <name>
From https://github.com/googleapis/swift-google-cloud-config-v1
 * tag               0.5.0      -> FETCH_HEAD
HEAD is now at d3b78a8 chore: release circa 2026-10-07 (#1382)
Cloned https://github.com/googleapis/swift-google-cloud-config-v1.git
Revision (git rev-parse @):
d3b78a803f6ded1f2d94941991a57ab9e1323134
SPI manifest file found: $PWD/.spi.yml
SUCCESS checkout https://github.com/googleapis/swift-google-cloud-config-v1.git at 0.5.0
========================================
Build
========================================
Selected platform:         android
Swift version:             6.2
Building package at path:  $PWD
https://github.com/googleapis/swift-google-cloud-config-v1.git
Running build ...
bash -c docker run --pull=always --rm -v "checkouts-54344849-1":/host -w "$PWD" -e JAVA_HOME="/root/.sdkman/candidates/java/current" -e SPI_BUILD="1" -e SPI_PROCESSING="1" registry.gitlab.com/saguaro1/spi-images:android-6.2-latest swift build --swift-sdk aarch64-unknown-linux-android28 2>&1
android-6.2-latest: Pulling from saguaro1/spi-images
Digest: sha256:a839c9ce201f1dacc8eb056626ec7ab0a1c6d53d7b77c83feda395f4507c51be
Status: Image is up to date for registry.gitlab.com/saguaro1/spi-images:android-6.2-latest
Fetching https://github.com/googleapis/swift-google-wkt
Fetching https://github.com/apple/swift-log
Fetching https://github.com/googleapis/swift-google-longrunning
Fetching https://github.com/googleapis/swift-google-rpc
Fetching https://github.com/googleapis/swift-google-iam-v1
Fetching https://github.com/googleapis/swift-google-gax
[1/619] Fetching swift-google-longrunning
[336/2367] Fetching swift-google-longrunning, swift-google-gax
[591/3073] Fetching swift-google-longrunning, swift-google-gax, swift-google-iam-v1
[606/11330] Fetching swift-google-longrunning, swift-google-gax, swift-google-iam-v1, swift-log
[706/12353] Fetching swift-google-longrunning, swift-google-gax, swift-google-iam-v1, swift-log, swift-google-wkt
[2019/12775] Fetching swift-google-longrunning, swift-google-gax, swift-google-iam-v1, swift-log, swift-google-wkt, swift-google-rpc
Fetched https://github.com/googleapis/swift-google-wkt from cache (0.55s)
Fetching https://github.com/googleapis/swift-google-auth
Fetched https://github.com/googleapis/swift-google-longrunning from cache (0.70s)
Fetched https://github.com/googleapis/swift-google-gax from cache (0.70s)
Fetched https://github.com/googleapis/swift-google-rpc from cache (0.70s)
Fetched https://github.com/googleapis/swift-google-iam-v1 from cache (0.70s)
Fetching https://github.com/googleapis/swift-google-cloud-location
Fetched https://github.com/apple/swift-log from cache (0.70s)
[1/1023] Fetching swift-google-auth
Fetched https://github.com/googleapis/swift-google-auth from cache (0.47s)
[1/552] Fetching swift-google-cloud-location
Fetched https://github.com/googleapis/swift-google-cloud-location from cache (0.41s)
Computing version for https://github.com/googleapis/swift-google-wkt
Computed https://github.com/googleapis/swift-google-wkt at 0.5.0 (1.41s)
Fetching https://github.com/swift-extras/swift-extras-base64
[1/954] Fetching swift-extras-base64
Fetched https://github.com/swift-extras/swift-extras-base64 from cache (0.40s)
Computing version for https://github.com/googleapis/swift-google-rpc
Computed https://github.com/googleapis/swift-google-rpc at 0.5.0 (0.72s)
Computing version for https://github.com/googleapis/swift-google-longrunning
Computed https://github.com/googleapis/swift-google-longrunning at 0.5.0 (0.23s)
Computing version for https://github.com/googleapis/swift-google-iam-v1
Computed https://github.com/googleapis/swift-google-iam-v1 at 0.5.0 (0.31s)
Fetching https://github.com/googleapis/swift-google-type
[5/437] Fetching swift-google-type
Fetched https://github.com/googleapis/swift-google-type from cache (0.39s)
Computing version for https://github.com/googleapis/swift-google-gax
Computed https://github.com/googleapis/swift-google-gax at 0.5.0 (0.70s)
Fetching https://github.com/swift-server/async-http-client.git
Fetching https://github.com/apple/swift-nio
[1/16464] Fetching async-http-client
[16465/102838] Fetching async-http-client, swift-nio
Fetched https://github.com/swift-server/async-http-client.git from cache (1.29s)
[21594/86374] Fetching swift-nio
Fetched https://github.com/apple/swift-nio from cache (4.94s)
Computing version for https://github.com/googleapis/swift-google-cloud-location
Computed https://github.com/googleapis/swift-google-cloud-location at 0.5.0 (5.20s)
Computing version for https://github.com/googleapis/swift-google-auth
Computed https://github.com/googleapis/swift-google-auth at 0.5.0 (0.19s)
Fetching https://github.com/vapor/jwt-kit.git
Fetching https://github.com/apple/swift-system.git
[1/10254] Fetching jwt-kit
[2/17495] Fetching jwt-kit, swift-system
Fetched https://github.com/apple/swift-system.git from cache (0.81s)
[9742/10254] Fetching jwt-kit
Fetched https://github.com/vapor/jwt-kit.git from cache (1.11s)
Computing version for https://github.com/googleapis/swift-google-type
Computed https://github.com/googleapis/swift-google-type at 0.5.0 (1.36s)
Computing version for https://github.com/swift-extras/swift-extras-base64
Computed https://github.com/swift-extras/swift-extras-base64 at 1.2.0 (0.26s)
Computing version for https://github.com/swift-server/async-http-client.git
Computed https://github.com/swift-server/async-http-client.git at 1.36.2 (0.29s)
Fetching https://github.com/apple/swift-configuration.git
Fetching https://github.com/apple/swift-distributed-tracing.git
Fetching https://github.com/apple/swift-algorithms.git
Fetching https://github.com/apple/swift-nio-extras.git
[1/3928] Fetching swift-configuration
[237/10479] Fetching swift-configuration, swift-distributed-tracing
[238/16643] Fetching swift-configuration, swift-distributed-tracing, swift-algorithms
[3511/23347] Fetching swift-configuration, swift-distributed-tracing, swift-algorithms, swift-nio-extras
Fetched https://github.com/apple/swift-configuration.git from cache (0.62s)
[19084/19419] Fetching swift-distributed-tracing, swift-algorithms, swift-nio-extras
Fetching https://github.com/apple/swift-atomics.git
Fetching https://github.com/apple/swift-service-context.git
Fetched https://github.com/apple/swift-algorithms.git from cache (0.67s)
Fetching https://github.com/apple/swift-nio-ssl.git
Fetching https://github.com/apple/swift-nio-transport-services.git
Fetched https://github.com/apple/swift-nio-extras.git from cache (0.77s)
Fetched https://github.com/apple/swift-distributed-tracing.git from cache (0.77s)
Fetching https://github.com/apple/swift-nio-http2.git
[1/1889] Fetching swift-atomics
[20/18769] Fetching swift-atomics, swift-nio-ssl
[753/21636] Fetching swift-atomics, swift-nio-ssl, swift-nio-transport-services
[3797/23137] Fetching swift-atomics, swift-nio-ssl, swift-nio-transport-services, swift-service-context
Fetched https://github.com/apple/swift-nio-transport-services.git from cache (0.53s)
[5977/20270] Fetching swift-atomics, swift-nio-ssl, swift-service-context
Fetched https://github.com/apple/swift-service-context.git from cache (0.67s)
[5098/31063] Fetching swift-atomics, swift-nio-ssl, swift-nio-http2
Fetched https://github.com/apple/swift-atomics.git from cache (0.79s)
[7309/29174] Fetching swift-nio-ssl, swift-nio-http2
Fetched https://github.com/apple/swift-nio-http2.git from cache (1.47s)
Fetched https://github.com/apple/swift-nio-ssl.git from cache (1.81s)
Computing version for https://github.com/apple/swift-service-context.git
Computed https://github.com/apple/swift-service-context.git at 1.3.0 (2.69s)
Computing version for https://github.com/apple/swift-algorithms.git
Computed https://github.com/apple/swift-algorithms.git at 1.2.1 (1.43s)
Fetching https://github.com/apple/swift-numerics.git
[1/6742] Fetching swift-numerics
Fetched https://github.com/apple/swift-numerics.git from cache (0.61s)
Computing version for https://github.com/apple/swift-log
Computed https://github.com/apple/swift-log at 1.16.1 (0.90s)
Computing version for https://github.com/apple/swift-distributed-tracing.git
Computed https://github.com/apple/swift-distributed-tracing.git at 1.5.0 (0.27s)
Computing version for https://github.com/apple/swift-atomics.git
Computed https://github.com/apple/swift-atomics.git at 1.3.1 (0.27s)
Computing version for https://github.com/apple/swift-numerics.git
Computed https://github.com/apple/swift-numerics.git at 1.1.1 (0.24s)
Computing version for https://github.com/apple/swift-nio
Computed https://github.com/apple/swift-nio at 2.104.0 (0.51s)
Fetching https://github.com/apple/swift-collections.git
[1/28703] Fetching swift-collections
Fetched https://github.com/apple/swift-collections.git from cache (1.63s)
Computing version for https://github.com/apple/swift-configuration.git
Computed https://github.com/apple/swift-configuration.git at 1.2.2 (2.94s)
Fetching https://github.com/swift-server/swift-service-lifecycle
[1/2867] Fetching swift-service-lifecycle
Fetched https://github.com/swift-server/swift-service-lifecycle from cache (0.57s)
Computing version for https://github.com/apple/swift-nio-transport-services.git
Computed https://github.com/apple/swift-nio-transport-services.git at 1.28.0 (0.87s)
Computing version for https://github.com/swift-server/swift-service-lifecycle
Computed https://github.com/swift-server/swift-service-lifecycle at 2.12.1 (0.21s)
Fetching https://github.com/apple/swift-async-algorithms.git
[1/6820] Fetching swift-async-algorithms
Fetched https://github.com/apple/swift-async-algorithms.git from cache (0.63s)
Computing version for https://github.com/apple/swift-async-algorithms.git
Computed https://github.com/apple/swift-async-algorithms.git at 1.1.7 (0.95s)
Computing version for https://github.com/apple/swift-collections.git
Computed https://github.com/apple/swift-collections.git at 1.7.2 (0.44s)
Computing version for https://github.com/apple/swift-nio-http2.git
Computed https://github.com/apple/swift-nio-http2.git at 1.46.0 (0.30s)
Computing version for https://github.com/vapor/jwt-kit.git
Computed https://github.com/vapor/jwt-kit.git at 5.7.1 (0.25s)
Fetching https://github.com/apple/swift-crypto.git
Fetching https://github.com/apple/swift-certificates.git
[1/18629] Fetching swift-crypto
[374/26242] Fetching swift-crypto, swift-certificates
Fetched https://github.com/apple/swift-certificates.git from cache (0.74s)
[2236/18629] Fetching swift-crypto
Fetched https://github.com/apple/swift-crypto.git from cache (1.68s)
Computing version for https://github.com/apple/swift-crypto.git
Computed https://github.com/apple/swift-crypto.git at 4.5.2 (2.67s)
Fetching https://github.com/apple/swift-asn1.git
[21/2009] Fetching swift-asn1
Fetched https://github.com/apple/swift-asn1.git from cache (0.47s)
Computing version for https://github.com/apple/swift-asn1.git
Computed https://github.com/apple/swift-asn1.git at 1.7.3 (0.77s)
Computing version for https://github.com/apple/swift-certificates.git
Computed https://github.com/apple/swift-certificates.git at 1.21.0 (0.34s)
Computing version for https://github.com/apple/swift-nio-ssl.git
Computed https://github.com/apple/swift-nio-ssl.git at 2.37.5 (0.33s)
Computing version for https://github.com/apple/swift-system.git
Computed https://github.com/apple/swift-system.git at 1.8.1 (0.30s)
Computing version for https://github.com/apple/swift-nio-extras.git
Computed https://github.com/apple/swift-nio-extras.git at 1.35.1 (0.38s)
Fetching https://github.com/apple/swift-http-types.git
Fetching https://github.com/apple/swift-http-structured-headers.git
[1/1253] Fetching swift-http-structured-headers
[1254/3192] Fetching swift-http-structured-headers, swift-http-types
Fetched https://github.com/apple/swift-http-structured-headers.git from cache (0.48s)
Fetched https://github.com/apple/swift-http-types.git from cache (0.48s)
Computing version for https://github.com/apple/swift-http-structured-headers.git
Computed https://github.com/apple/swift-http-structured-headers.git at 1.7.0 (0.77s)
Computing version for https://github.com/apple/swift-http-types.git
Computed https://github.com/apple/swift-http-types.git at 1.8.0 (0.33s)
Creating working copy for https://github.com/apple/swift-nio-extras.git
Working copy of https://github.com/apple/swift-nio-extras.git resolved at 1.35.1
Creating working copy for https://github.com/apple/swift-system.git
Working copy of https://github.com/apple/swift-system.git resolved at 1.8.1
Creating working copy for https://github.com/googleapis/swift-google-iam-v1
Working copy of https://github.com/googleapis/swift-google-iam-v1 resolved at 0.5.0
Creating working copy for https://github.com/apple/swift-async-algorithms.git
Working copy of https://github.com/apple/swift-async-algorithms.git resolved at 1.1.7
Creating working copy for https://github.com/apple/swift-log
Working copy of https://github.com/apple/swift-log resolved at 1.16.1
Creating working copy for https://github.com/apple/swift-certificates.git
Working copy of https://github.com/apple/swift-certificates.git resolved at 1.21.0
Creating working copy for https://github.com/googleapis/swift-google-rpc
Working copy of https://github.com/googleapis/swift-google-rpc resolved at 0.5.0
Creating working copy for https://github.com/apple/swift-nio-ssl.git
Working copy of https://github.com/apple/swift-nio-ssl.git resolved at 2.37.5
Creating working copy for https://github.com/apple/swift-algorithms.git
Working copy of https://github.com/apple/swift-algorithms.git resolved at 1.2.1
Creating working copy for https://github.com/apple/swift-service-context.git
Working copy of https://github.com/apple/swift-service-context.git resolved at 1.3.0
Creating working copy for https://github.com/apple/swift-asn1.git
Working copy of https://github.com/apple/swift-asn1.git resolved at 1.7.3
Creating working copy for https://github.com/apple/swift-distributed-tracing.git
Working copy of https://github.com/apple/swift-distributed-tracing.git resolved at 1.5.0
Creating working copy for https://github.com/apple/swift-http-types.git
Working copy of https://github.com/apple/swift-http-types.git resolved at 1.8.0
Creating working copy for https://github.com/googleapis/swift-google-auth
Working copy of https://github.com/googleapis/swift-google-auth resolved at 0.5.0
Creating working copy for https://github.com/swift-server/async-http-client.git
Working copy of https://github.com/swift-server/async-http-client.git resolved at 1.36.2
Creating working copy for https://github.com/apple/swift-numerics.git
Working copy of https://github.com/apple/swift-numerics.git resolved at 1.1.1
Creating working copy for https://github.com/apple/swift-nio-transport-services.git
Working copy of https://github.com/apple/swift-nio-transport-services.git resolved at 1.28.0
Creating working copy for https://github.com/swift-server/swift-service-lifecycle
Working copy of https://github.com/swift-server/swift-service-lifecycle resolved at 2.12.1
Creating working copy for https://github.com/apple/swift-collections.git
Working copy of https://github.com/apple/swift-collections.git resolved at 1.7.2
Creating working copy for https://github.com/apple/swift-nio
Working copy of https://github.com/apple/swift-nio resolved at 2.104.0
Creating working copy for https://github.com/apple/swift-atomics.git
Working copy of https://github.com/apple/swift-atomics.git resolved at 1.3.1
Creating working copy for https://github.com/googleapis/swift-google-gax
Working copy of https://github.com/googleapis/swift-google-gax resolved at 0.5.0
Creating working copy for https://github.com/vapor/jwt-kit.git
Working copy of https://github.com/vapor/jwt-kit.git resolved at 5.7.1
Creating working copy for https://github.com/googleapis/swift-google-type
Working copy of https://github.com/googleapis/swift-google-type resolved at 0.5.0
Creating working copy for https://github.com/apple/swift-http-structured-headers.git
Working copy of https://github.com/apple/swift-http-structured-headers.git resolved at 1.7.0
Creating working copy for https://github.com/apple/swift-crypto.git
Working copy of https://github.com/apple/swift-crypto.git resolved at 4.5.2
Creating working copy for https://github.com/googleapis/swift-google-longrunning
Working copy of https://github.com/googleapis/swift-google-longrunning resolved at 0.5.0
Creating working copy for https://github.com/googleapis/swift-google-wkt
Working copy of https://github.com/googleapis/swift-google-wkt resolved at 0.5.0
Creating working copy for https://github.com/apple/swift-nio-http2.git
Working copy of https://github.com/apple/swift-nio-http2.git resolved at 1.46.0
Creating working copy for https://github.com/swift-extras/swift-extras-base64
Working copy of https://github.com/swift-extras/swift-extras-base64 resolved at 1.2.0
Creating working copy for https://github.com/apple/swift-configuration.git
Working copy of https://github.com/apple/swift-configuration.git resolved at 1.2.2
Creating working copy for https://github.com/googleapis/swift-google-cloud-location
Working copy of https://github.com/googleapis/swift-google-cloud-location resolved at 0.5.0
Building for debugging...
[0/1082] Compiling tasn_dec.cc
[1/1082] Compiling x509_d2.cc
[2/1082] Compiling _NumericsShims _NumericsShims.c
[3/1082] Write sources
[7/1082] Compiling x509_att.cc
[8/1082] Write sources
[95/1082] Compiling _AtomicsShims.c
[95/1082] Compiling x509_ext.cc
[97/1082] Compiling x509_cmp.cc
[98/1082] Compiling v3_cpols.cc
[99/1082] Compiling CXKCPShims shims.c
[100/1082] Compiling SimpleFIPS202.c
[101/1082] Compiling x509_def.cc
[102/1082] Write swift-version--11D90AFD9DD3AB2.txt
[103/1082] Compiling KeccakSponge.c
[104/1082] Compiling CNIOWindows shim.c
[105/1082] Compiling CNIOWindows WSAStartup.c
[105/1082] Compiling KeccakHash.c
[107/1082] Compiling CNIOWASI CNIOWASI.c
[108/1082] Compiling CSystem shims.c
[109/1121] Compiling x509.cc
[111/1158] Emitting module _CertificateInternals
[111/1158] Compiling KeccakP-1600-opt64.c
[113/1169] Emitting module Logging
[114/1170] Compiling Logging LogHandler.swift
[115/1170] Compiling SystemPackage FilePathComponentView.swift
[116/1172] Compiling Logging LoggingSystem.swift
[117/1172] Compiling _NIODataStructures _TinyArray.swift
[118/1172] Compiling RealModule Real.swift
[119/1173] Compiling _NIODataStructures PriorityQueue.swift
[120/1173] Compiling SystemPackage IOCompletion.swift
[121/1173] Compiling SystemPackage IORequest.swift
[122/1173] Compiling SystemPackage IORing+Util.swift
[123/1173] Compiling SystemPackage IORing.swift
[124/1173] Compiling SystemPackage RawIORequest.swift
[125/1173] Compiling RealModule Float80+Real.swift
[126/1173] Compiling Logging LogEvent.swift
[128/1178] Compiling RealModule RelaxedArithmetic.swift
[129/1178] Compiling Logging MultiplexLogHandler.swift
[130/1178] Compiling Logging StreamLogHandler.swift
[131/1178] Compiling RealModule RealFunctions.swift
[132/1178] Compiling RealModule Float16+Real.swift
[135/1178] Emitting module RealModule
[136/1178] Compiling Logging SwiftLogNoOpLogHandler.swift
[137/1178] Compiling Logging Locks.swift
[138/1179] Emitting module ServiceContextModule
[142/1179] Emitting module _NIODataStructures
[143/1179] Emitting module SwiftASN1
[146/1179] Compiling ServiceContextModule ServiceContextKey.swift
[147/1179] Compiling ServiceContextModule ServiceContext.swift
[148/1180] Compiling _NIODataStructures Heap.swift
[152/1181] Compiling _NIOBase64 Base64.swift
[153/1181] Emitting module _NIOBase64
[154/1182] Compiling _CertificateInternals _TinyArray.swift
[158/1183] Compiling Logging Logger.swift
[159/1183] Compiling Logging Logger+Attributes.swift
[160/1183] Compiling Logging Logger+With.swift
[161/1183] Wrapping AST for _NIOBase64 for debugging
[162/1183] Wrapping AST for _NIODataStructures for debugging
[163/1216] Wrapping AST for _CertificateInternals for debugging
[164/1222] Wrapping AST for ServiceContextModule for debugging
[165/1222] Compiling CNIOPosix event_loop_id.c
[166/1222] Wrapping AST for RealModule for debugging
[167/1222] Compiling CNIOOpenBSD shim.c
[168/1222] Compiling CNIOLinux liburing_shims.c
[170/1222] Emitting module Instrumentation
[170/1222] Compiling CNIOLinux shim.c
[172/1222] Compiling InternalCollectionsUtilities Iterable+CopyContents.swift
[173/1222] Compiling InternalCollectionsUtilities Iterable+Equality.swift
[174/1222] Compiling InternalCollectionsUtilities LifetimeOverride.swift
[175/1222] Compiling InternalCollectionsUtilities MutableRef.swift
[176/1222] Compiling InternalCollectionsUtilities BorrowingIteratorProtocol+Equality.swift
[177/1222] Compiling InternalCollectionsUtilities BorrowingIteratorProtocol+Extras.swift
[178/1222] Compiling InternalCollectionsUtilities Debugging.swift
[179/1222] Compiling InternalCollectionsUtilities Descriptions.swift
[180/1225] Compiling Instrumentation NoOpInstrument.swift
[181/1225] Compiling ExtrasBase64 Base64+Span.swift
[181/1225] Compiling CNIOLLHTTP c_nio_http.c
[183/1225] Compiling Instrumentation InstrumentationSystem.swift
[184/1225] Compiling InternalCollectionsUtilities UnsafeRawBufferPointer+Extras.swift
[185/1225] Compiling InternalCollectionsUtilities _SortedCollection.swift
[186/1225] Compiling InternalCollectionsUtilities _UniqueCollection.swift
[187/1225] Compiling InternalCollectionsUtilities Strideable+LimitHelpers.swift
[188/1225] Compiling InternalCollectionsUtilities String+Padding.swift
[189/1225] Compiling Instrumentation MultiplexInstrument.swift
[189/1225] Compiling CNIOLLHTTP c_nio_api.c
[190/1225] Compiling CNIOFreeBSD shim.c
[191/1225] Compiling CNIOLLHTTP c_nio_llhttp.c
[192/1225] Compiling CNIOExtrasZlib zutil.c
[193/1225] Compiling CNIOExtrasZlib inftrees.c
[195/1225] Compiling InternalCollectionsUtilities FixedWidthInteger+roundUpToPowerOfTwo.swift
[196/1225] Compiling InternalCollectionsUtilities Integer rank.swift
[197/1225] Compiling InternalCollectionsUtilities UInt+first and last set bit.swift
[198/1225] Compiling InternalCollectionsUtilities UInt+reversed.swift
[198/1225] Compiling CNIOExtrasZlib trees.c
[202/1225] Compiling InternalCollectionsUtilities TemporaryAllocation.swift
[203/1225] Compiling InternalCollectionsUtilities _UnsafeBitSet+Index.swift
[203/1225] Compiling CNIOExtrasZlib inffast.c
[204/1225] Compiling CNIOExtrasZlib inflate.c
[205/1225] Compiling CNIOExtrasZlib crc32.c
[206/1225] Compiling CNIOExtrasZlib deflate.c
[207/1225] Compiling CNIODarwin shim.c
[209/1225] Compiling InternalCollectionsUtilities MutableSpan+Extras.swift
[210/1225] Compiling InternalCollectionsUtilities OutputSpan+Extras.swift
[211/1225] Compiling InternalCollectionsUtilities RandomAccessCollection+Offsets.swift
[212/1225] Compiling InternalCollectionsUtilities Span+Extras.swift
[212/1225] Compiling CNIOExtrasZlib adler32.c
[213/1225] Compiling fiat_p256_adx_sqr.S
[215/1225] Compiling SystemPackage SystemString.swift
[216/1225] Compiling SystemPackage Util+StringArray.swift
[217/1225] Compiling SystemPackage Util.swift
[218/1225] Compiling SystemPackage UtilConsumers.swift
[219/1225] Compiling SystemPackage WinSDK+Overlay.swift
[219/1225] Compiling fiat_p256_adx_mul.S
[220/1225] Compiling fiat_curve25519_adx_square.S
[222/1225] Emitting module InternalCollectionsUtilities
[222/1225] Compiling fiat_curve25519_adx_mul.S
[223/1225] Compiling CNIOBoringSSLShims shims.c
[225/1225] Compiling InternalCollectionsUtilities _UnsafeBitSet+_Word.swift
[226/1225] Compiling InternalCollectionsUtilities _UnsafeBitSet.swift
[227/1225] Compiling InternalCollectionsUtilities UnsafeBufferPointer+Extras.swift
[228/1225] Compiling InternalCollectionsUtilities UnsafeMutableBufferPointer+Extras.swift
[229/1225] Compiling InternalCollectionsUtilities UnsafeMutablePointer+Extras.swift
[230/1225] Compiling InternalCollectionsUtilities UnsafeMutableRawBufferPointer+Extras.swift
[231/1225] Compiling InternalCollectionsUtilities UnsafePointer+Extras.swift
[233/1226] Compiling ExtrasBase64 Base32+Span.swift
[234/1226] Compiling ExtrasBase64 Base32.swift
[237/1226] Compiling SystemPackage RawBuffer.swift
[238/1226] Compiling SystemPackage Syscalls.swift
[239/1226] Compiling SystemPackage WindowsSyscallAdapters.swift
[240/1226] Compiling SystemPackage MachPort.swift
[241/1226] Compiling SystemPackage PlatformString.swift
[251/1227] Compiling Instrumentation Locks.swift
[252/1227] Compiling Instrumentation Instrument.swift
[259/1228] Compiling SystemPackage Mocking.swift
[259/1228] Wrapping AST for InternalCollectionsUtilities for debugging
[267/1232] Emitting module SystemPackage
[273/1240] Compiling SpanPreview MutableSpan+InputSpanHelpers.swift
[274/1240] Compiling SpanPreview OutputSpan+InputSpanHelpers.swift
[275/1240] Compiling SpanPreview InputSpan.swift
[276/1240] Emitting module SpanPreview
[277/1241] Compiling tls_method.cc
[289/1241] Compiling Logging MetadataProvider.swift
[289/1243] Wrapping AST for Instrumentation for debugging
[290/1243] Wrapping AST for SwiftASN1 for debugging
[293/1243] Wrapping AST for SpanPreview for debugging
[294/1243] Compiling tls_record.cc
[295/1245] Wrapping AST for Logging for debugging
[297/1278] Compiling Tracing TracingTime.swift
[297/1283] Wrapping AST for SystemPackage for debugging
[299/1286] Compiling Tracing TracerProtocol.swift
[300/1286] Compiling Tracing Tracer.swift
[301/1286] Emitting module Tracing
[302/1286] Compiling Tracing WithTracer.swift
[303/1286] Compiling Tracing TracerProtocol+Legacy.swift
[304/1286] Compiling DequeModule UniqueDeque+Consumption.swift
[305/1286] Compiling DequeModule UniqueDeque+ContainerOperations.swift
[306/1286] Compiling DequeModule UniqueDeque+Deprecations.swift
[307/1286] Compiling DequeModule UniqueDeque+Descriptions.swift
[308/1286] Compiling DequeModule UniqueDeque+Equatable.swift
[309/1286] Compiling DequeModule UniqueDeque+Hashable.swift
[310/1291] Compiling DequeModule _DequeBuffer.swift
[311/1291] Compiling DequeModule _DequeBufferHeader.swift
[312/1291] Compiling DequeModule RigidDeque+Append.swift
[313/1291] Compiling DequeModule RigidDeque+Consumption.swift
[314/1291] Compiling DequeModule RigidDeque+ContainerOperations.swift
[315/1291] Compiling DequeModule RigidDeque+Deprecations.swift
[316/1291] Compiling DequeModule UniqueDeque+Initializers.swift
[317/1291] Compiling DequeModule UniqueDeque+Insertions.swift
[318/1291] Compiling DequeModule UniqueDeque+Iterable.swift
[319/1291] Compiling DequeModule UniqueDeque+Prepend.swift
[320/1291] Compiling DequeModule UniqueDeque+Removals.swift
[320/1291] Compiling tls13_server.cc
[322/1291] Compiling Tracing NoOpTracer.swift
[323/1291] Compiling Tracing SpanProtocol.swift
[324/1291] Compiling Tracing InstrumentationSystem+Tracing.swift
[326/1292] Compiling DequeModule RigidDeque+Prepend.swift
[327/1292] Compiling DequeModule RigidDeque+Removals.swift
[328/1292] Compiling DequeModule RigidDeque+Replacements.swift
[329/1292] Compiling DequeModule RigidDeque+Testing.swift
[330/1292] Compiling DequeModule RigidDeque.swift
[331/1292] Compiling DequeModule UniqueDeque+Append.swift
[332/1292] Compiling DequeModule RigidDeque+Descriptions.swift
[333/1292] Compiling DequeModule RigidDeque+Equatable.swift
[334/1292] Compiling DequeModule RigidDeque+Hashable.swift
[335/1292] Compiling DequeModule RigidDeque+Initializers.swift
[336/1292] Compiling DequeModule RigidDeque+Insertions.swift
[337/1292] Compiling DequeModule RigidDeque+Iterable.swift
[338/1292] Compiling DequeModule Deque+Extras.swift
[339/1292] Compiling DequeModule Deque+Hashable.swift
[340/1292] Compiling DequeModule Deque+Testing.swift
[341/1292] Compiling DequeModule Deque._Storage.swift
[342/1292] Compiling DequeModule Deque._UnsafeHandle.swift
[343/1292] Compiling DequeModule Deque.swift
[344/1292] Compiling DequeModule Deque+Codable.swift
[345/1292] Compiling DequeModule Deque+Collection.swift
[346/1292] Compiling DequeModule Deque+CustomReflectable.swift
[347/1292] Compiling DequeModule Deque+Descriptions.swift
[348/1292] Compiling DequeModule Deque+Equatable.swift
[349/1292] Compiling DequeModule Deque+ExpressibleByArrayLiteral.swift
[349/1292] Compiling t1_enc.cc
[350/1292] Wrapping AST for Tracing for debugging
[351/1292] Compiling tls13_enc.cc
[352/1292] Compiling tls13_both.cc
[353/1292] Compiling tls13_client.cc
[354/1292] Compiling ssl_x509.cc
[355/1292] Compiling ssl_versions.cc
[356/1292] Compiling ssl_stat.cc
[357/1292] Compiling ssl_transcript.cc
[358/1292] Compiling ssl_privkey.cc
[360/1292] Emitting module DequeModule
[360/1292] Compiling ssl_session.cc
[361/1292] Compiling ssl_key_share.cc
[363/1292] Compiling DequeModule UniqueDeque+Replacements.swift
[364/1292] Compiling DequeModule UniqueDeque.swift
[365/1292] Compiling DequeModule _DequeSlot.swift
[366/1292] Compiling DequeModule _UnsafeDequeHandle.swift
[367/1292] Compiling DequeModule _UnsafeDequeSegments.swift
[369/1293] Emitting module ExtrasBase64
[370/1293] Compiling ExtrasBase64 Base64.swift
[370/1294] Compiling ssl_credential.cc
[371/1294] Compiling ssl_lib.cc
[373/1294] Compiling ssl_cipher.cc
[374/1305] Wrapping AST for DequeModule for debugging
[375/1337] Wrapping AST for ExtrasBase64 for debugging
[376/1368] Compiling ssl_file.cc
[378/1368] Emitting module Configuration
[378/1373] Compiling ssl_buffer.cc
[379/1373] Compiling ssl_asn1.cc
[380/1373] Compiling ssl_cert.cc
[381/1373] Compiling ssl_aead_ctx.cc
[383/1373] Compiling GoogleWKT UnknownFields.swift
[384/1373] Compiling GoogleWKT WKTAny.swift
[385/1373] Compiling GoogleWKT WKTAnyError.swift
[386/1373] Compiling GoogleWKT WKTBoolValue.swift
[387/1373] Compiling GoogleWKT WKTBytesValue.swift
[387/1377] Compiling s3_pkt.cc
[389/1377] Compiling GoogleWKT WKTFloatValue.swift
[390/1377] Compiling GoogleWKT WKTInt32Value.swift
[391/1377] Compiling GoogleWKT WKTInt64Value.swift
[392/1377] Compiling GoogleWKT WKTRecursive.swift
[393/1377] Emitting module GoogleWKT
[394/1377] Compiling GoogleWKT WKTValue.swift
[395/1377] Compiling GoogleWKT WKTApi.swift
[396/1377] Compiling GoogleWKT WKTEnum.swift
[397/1377] Compiling GoogleWKT WKTEnumValue.swift
[398/1377] Compiling GoogleWKT WKTDoubleValue.swift
[399/1377] Compiling GoogleWKT WKTDuration.swift
[400/1377] Compiling GoogleWKT WKTEmpty.swift
[401/1377] Compiling GoogleWKT WKTFieldMask.swift
[402/1377] Compiling GoogleWKT WKTStringValue.swift
[403/1377] Compiling GoogleWKT WKTTimestamp.swift
[404/1377] Compiling GoogleWKT WKTUInt32Value.swift
[405/1377] Compiling GoogleWKT WKTUInt64Value.swift
[405/1377] Compiling s3_lib.cc
[407/1377] Compiling GoogleWKT WKTSourceContext.swift
[408/1377] Compiling GoogleWKT WKTSyntax.swift
[409/1377] Compiling GoogleWKT WKTType.swift
[410/1377] Compiling GoogleWKT PackageVersion.swift
[410/1377] Compiling s3_both.cc
[412/1377] Compiling GoogleWKT WKTField.swift
[413/1377] Compiling GoogleWKT WKTMethod.swift
[414/1377] Compiling GoogleWKT WKTMixin.swift
[415/1377] Compiling GoogleWKT WKTOption.swift
[416/1377] Compiling GoogleWKT AnyPackable.swift
[417/1377] Compiling GoogleWKT DecodeToDefault.swift
[418/1377] Compiling GoogleWKT DiscoveryBase64.swift
[419/1377] Compiling GoogleWKT ProtoJSONDecoder.swift
[420/1377] Compiling GoogleWKT ProtoJSONEncoder.swift
[420/1378] Compiling handshake_server.cc
[422/1378] Compiling handshake_client.cc
[423/1378] Compiling handshake.cc
[424/1396] Compiling handoff.cc
[426/1411] Emitting module GoogleType
[427/1413] Compiling GoogleRpc DebugInfo.swift
[428/1413] Compiling GoogleRpc ErrorInfo.swift
[429/1413] Compiling GoogleRpc BadRequest.swift
[430/1413] Compiling GoogleRpc RequestInfo.swift
[431/1413] Compiling GoogleRpc ResourceInfo.swift
[432/1413] Compiling GoogleType PhoneNumber.swift
[433/1413] Compiling GoogleType PostalAddress.swift
[434/1413] Compiling GoogleType Quaternion.swift
[435/1413] Compiling GoogleType TimeOfDay.swift
[436/1413] Compiling GoogleType TimeZone.swift
[442/1413] Compiling GoogleRpc Help.swift
[443/1413] Compiling GoogleRpc HttpHeader.swift
[444/1413] Compiling Configuration CombineLatestManyStorage.swift
[445/1413] Compiling Configuration AsyncSequences.swift
[446/1413] Compiling Configuration FoundationExtensions.swift
[447/1413] Compiling Configuration Span.swift
[448/1413] Compiling Configuration ConfigBytesFromStringDecoder.swift
[449/1413] Compiling GoogleRpc LocalizedMessage.swift
[450/1413] Compiling GoogleRpc PackageVersion.swift
[451/1414] Compiling Configuration MutableInMemoryProvider.swift
[452/1414] Compiling Configuration ConfigProvider+Operators.swift
[453/1414] Compiling Configuration KeyMappingProvider.swift
[454/1414] Compiling Configuration SecretsSpecifier.swift
[455/1414] Compiling Configuration AsyncCombineLatestManySequence.swift
[456/1414] Compiling Configuration CombineLatestManyStateMachine.swift
[458/1415] Compiling GoogleRpc PreconditionFailure.swift
[469/1415] Compiling Configuration FileProvider.swift
[470/1415] Compiling Configuration FileProviderSnapshot.swift
[471/1415] Emitting module GoogleRpc
[472/1415] Compiling GoogleRpc QuotaFailure.swift
[474/1415] Compiling GoogleRpc Status.swift
[477/1415] Compiling GoogleRpc RetryInfo.swift
[478/1415] Compiling GoogleRpc Code.swift
[481/1415] Compiling GoogleRpc HttpRequest.swift
[482/1415] Compiling GoogleRpc HttpResponse.swift
[489/1416] Compiling encrypted_client_hello.cc
[491/1416] Wrapping AST for GoogleWKT for debugging
[494/1416] Compiling extensions.cc
[497/1416] Compiling d1_srtp.cc
[500/1416] Wrapping AST for GoogleType for debugging
[504/1417] Wrapping AST for GoogleRpc for debugging
[505/1417] Compiling dtls_method.cc
[506/1417] Compiling md5-x86_64-linux.S
[507/1417] Compiling md5-x86_64-apple.S
[508/1417] Compiling md5-586-linux.S
[509/1417] Compiling md5-586-apple.S
[510/1417] Compiling dtls_record.cc
[511/1417] Compiling chacha20_poly1305_x86_64-linux.S
[512/1417] Compiling chacha20_poly1305_x86_64-apple.S
[513/1417] Compiling chacha20_poly1305_armv8-win.S
[514/1417] Compiling chacha20_poly1305_armv8-apple.S
[515/1417] Compiling chacha20_poly1305_armv8-linux.S
[516/1417] Compiling chacha-x86_64-linux.S
[517/1417] Compiling chacha-x86_64-apple.S
[518/1417] Compiling chacha-x86-linux.S
[519/1417] Compiling chacha-x86-apple.S
[520/1417] Compiling chacha-armv8-win.S
[533/1417] Compiling chacha-armv8-apple.S
[534/1417] Compiling chacha-armv8-linux.S
[535/1418] Compiling chacha-armv4-linux.S
[537/1418] Compiling aes128gcmsiv-x86_64-linux.S
[538/1418] Compiling aes128gcmsiv-x86_64-apple.S
[539/1418] Compiling x86_64-mont5-linux.S
[540/1418] Compiling x86_64-mont5-apple.S
[541/1418] Wrapping AST for Configuration for debugging
[542/1418] Compiling x86_64-mont-linux.S
[543/1418] Compiling err_data.cc
[544/1418] Compiling x86_64-mont-apple.S
[545/1418] Compiling x86-mont-linux.S
[546/1418] Compiling x86-mont-apple.S
[547/1418] Compiling vpaes-x86_64-linux.S
[548/1418] Compiling vpaes-x86_64-apple.S
[549/1418] Compiling vpaes-x86-linux.S
[550/1418] Compiling vpaes-x86-apple.S
[551/1418] Compiling vpaes-armv8-win.S
[552/1418] Compiling vpaes-armv8-linux.S
[553/1418] Compiling vpaes-armv8-apple.S
[554/1418] Compiling vpaes-armv7-linux.S
[555/1418] Compiling sha512-x86_64-linux.S
[556/1418] Compiling sha512-x86_64-apple.S
[557/1418] Compiling sha512-armv8-win.S
[558/1418] Compiling sha512-armv8-apple.S
[559/1418] Compiling sha512-armv8-linux.S
[560/1418] Compiling sha512-armv4-linux.S
[561/1418] Compiling sha512-586-linux.S
[562/1418] Compiling sha512-586-apple.S
[563/1418] Compiling sha256-x86_64-linux.S
[564/1418] Compiling sha256-x86_64-apple.S
[565/1418] Compiling sha256-armv8-win.S
[566/1418] Compiling sha256-armv8-linux.S
[567/1418] Compiling bio_ssl.cc
[568/1418] Compiling sha256-armv8-apple.S
[569/1418] Compiling sha256-armv4-linux.S
[570/1418] Compiling sha256-586-linux.S
[571/1418] Compiling sha1-x86_64-linux.S
[572/1418] Compiling sha1-x86_64-apple.S
[573/1418] Compiling sha256-586-apple.S
[574/1418] Compiling sha1-armv8-win.S
[575/1418] Compiling sha1-armv8-linux.S
[576/1418] Compiling sha1-armv8-apple.S
[577/1418] Compiling sha1-586-linux.S
[578/1418] Compiling sha1-armv4-large-linux.S
[579/1418] Compiling sha1-586-apple.S
[580/1418] Compiling d1_lib.cc
[581/1418] Compiling rsaz-avx2-linux.S
[582/1418] Compiling d1_pkt.cc
[583/1418] Compiling rsaz-avx2-apple.S
[583/1418] Compiling rdrand-x86_64-linux.S
[585/1418] Compiling rdrand-x86_64-apple.S
[586/1418] Compiling p256_beeu-x86_64-asm-linux.S
[587/1418] Compiling p256_beeu-x86_64-asm-apple.S
[588/1418] Compiling p256_beeu-armv8-asm-win.S
[589/1418] Compiling p256_beeu-armv8-asm-apple.S
[590/1418] Compiling p256-x86_64-asm-linux.S
[591/1418] Compiling p256_beeu-armv8-asm-linux.S
[592/1418] Compiling p256-x86_64-asm-apple.S
[593/1418] Compiling p256-armv8-asm-win.S
[594/1418] Compiling p256-armv8-asm-apple.S
[595/1418] Compiling p256-armv8-asm-linux.S
[596/1418] Compiling ghashv8-armv8-win.S
[597/1418] Compiling ghashv8-armv8-apple.S
[598/1418] Compiling ghashv8-armv8-linux.S
[599/1418] Compiling ghashv8-armv7-linux.S
[600/1418] Compiling ghash-x86_64-linux.S
[601/1418] Compiling ghash-x86_64-apple.S
[602/1418] Compiling ghash-x86-linux.S
[603/1418] Compiling ghash-x86-apple.S
[604/1418] Compiling ghash-ssse3-x86-linux.S
[605/1418] Compiling ghash-ssse3-x86_64-linux.S
[606/1418] Compiling ghash-ssse3-x86_64-apple.S
[607/1418] Compiling ghash-ssse3-x86-apple.S
[608/1418] Compiling ghash-neon-armv8-win.S
[609/1418] Compiling ghash-neon-armv8-apple.S
[610/1418] Compiling ghash-neon-armv8-linux.S
[611/1418] Compiling co-586-linux.S
[612/1418] Compiling co-586-apple.S
[613/1418] Compiling ghash-armv4-linux.S
[614/1418] Compiling bsaes-armv7-linux.S
[615/1418] Compiling bn-armv8-win.S
[616/1418] Compiling bn-armv8-linux.S
[617/1418] Compiling bn-armv8-apple.S
[618/1418] Compiling bn-586-linux.S
[619/1418] Compiling bn-586-apple.S
[620/1418] Compiling armv8-mont-win.S
[621/1418] Compiling armv8-mont-apple.S
[622/1418] Compiling armv8-mont-linux.S
[623/1418] Compiling armv4-mont-linux.S
[624/1418] Compiling aesv8-gcm-armv8-win.S
[625/1418] Compiling d1_both.cc
[626/1418] Compiling aesv8-gcm-armv8-apple.S
[627/1418] Compiling aesv8-armv8-win.S
[628/1418] Compiling aesv8-gcm-armv8-linux.S
[629/1418] Compiling aesv8-armv8-linux.S
[630/1418] Compiling aesv8-armv8-apple.S
[631/1418] Compiling aesv8-armv7-linux.S
[632/1418] Compiling aesni-x86_64-linux.S
[633/1418] Compiling aesni-x86_64-apple.S
[634/1418] Compiling aesni-x86-linux.S
[635/1418] Compiling aesni-x86-apple.S
[636/1418] Compiling aesni-gcm-x86_64-linux.S
[637/1418] Compiling aesni-gcm-x86_64-apple.S
[638/1418] Compiling aes-gcm-avx2-x86_64-apple.S
[638/1418] Compiling aes-gcm-avx2-x86_64-linux.S
[640/1418] Compiling aes-gcm-avx10-x86_64-linux.S
[640/1418] Compiling aes-gcm-avx10-x86_64-apple.S
[642/1418] Compiling x_val.cc
[643/1418] Compiling x_x509a.cc
[644/1418] Compiling x_sig.cc
[645/1418] Compiling x_spki.cc
[646/1418] Compiling x_x509.cc
[647/1418] Compiling x_pubkey.cc
[647/1418] Compiling x_req.cc
[649/1418] Compiling x_name.cc
[650/1418] Compiling x_algor.cc
[651/1418] Compiling x_exten.cc
[652/1418] Compiling x_attrib.cc
[653/1418] Compiling x509spki.cc
[654/1418] Compiling x_crl.cc
[655/1418] Compiling x509rset.cc
[656/1418] Compiling x509name.cc
[657/1418] Compiling x_all.cc
[658/1418] Compiling x509_txt.cc
[659/1418] Compiling x509cset.cc
[660/1418] Compiling x509_trs.cc
[661/1418] Compiling x509_v3.cc
[662/1418] Compiling x509_vpm.cc
[663/1418] Compiling x509_set.cc
[664/1418] Compiling x509_vfy.cc
[665/1418] Compiling x509_req.cc
[666/1418] Compiling x509_obj.cc
[667/1418] Compiling x509_def.cc
[668/1418] Compiling x509_d2.cc
[669/1418] Compiling x509_ext.cc
[670/1418] Compiling x509_lu.cc
[671/1418] Compiling x509_cmp.cc
[672/1418] Compiling x509.cc
[673/1418] Compiling x509_att.cc
[674/1418] Compiling v3_skey.cc
[675/1418] Compiling v3_prn.cc
[676/1418] Compiling v3_purp.cc
[677/1418] Compiling v3_pmaps.cc
[678/1418] Compiling v3_utl.cc
[678/1418] Compiling v3_pcons.cc
[680/1418] Compiling v3_ocsp.cc
[681/1418] Compiling v3_ncons.cc
[682/1418] Compiling v3_int.cc
[683/1418] Compiling v3_ia5.cc
[684/1418] Compiling v3_lib.cc
[685/1418] Compiling v3_info.cc
[686/1418] Compiling v3_genn.cc
[687/1418] Compiling v3_extku.cc
[688/1418] Compiling v3_enum.cc
[689/1418] Compiling v3_crld.cc
[690/1418] Compiling v3_cpols.cc
[691/1418] Compiling v3_conf.cc
[692/1418] Compiling v3_bcons.cc
[693/1418] Compiling v3_bitst.cc
[694/1418] Compiling v3_alt.cc
[695/1418] Compiling v3_akeya.cc
[695/1418] Compiling v3_akey.cc
[697/1418] Compiling t_x509a.cc
[698/1418] Compiling i2d_pr.cc
[699/1418] Compiling t_x509.cc
[700/1418] Compiling t_crl.cc
[701/1418] Compiling t_req.cc
[702/1418] Compiling name_print.cc
[703/1418] Compiling rsa_pss.cc
[704/1418] Compiling policy.cc
[705/1418] Compiling by_file.cc
[706/1418] Compiling by_dir.cc
[707/1418] Compiling algorithm.cc
[708/1418] Compiling a_digest.cc
[709/1418] Compiling voprf.cc
[710/1418] Compiling asn1_gen.cc
[710/1418] Compiling a_verify.cc
[712/1418] Compiling a_sign.cc
[713/1418] Compiling trust_token.cc
[714/1418] Compiling thread_win.cc
[715/1418] Compiling thread.cc
[716/1418] Compiling thread_none.cc
[717/1418] Compiling thread_pthread.cc
[718/1418] Compiling stack.cc
[719/1418] Compiling pmbtoken.cc
[720/1418] Compiling slhdsa.cc
[721/1418] Compiling spake2plus.cc
[722/1418] Compiling sha256.cc
[723/1418] Compiling sha512.cc
[723/1418] Compiling sha1.cc
[723/1418] Compiling siphash.cc
[726/1418] Compiling rsa_print.cc
[727/1418] Compiling rsa_extra.cc
[728/1418] Compiling rsa_crypt.cc
[729/1418] Compiling rc4.cc
[730/1418] Compiling refcount.cc
[731/1418] Compiling windows.cc
[732/1418] Compiling trusty.cc
[733/1418] Compiling urandom.cc
[734/1418] Compiling rsa_asn1.cc
[734/1418] Compiling rand.cc
[736/1418] Compiling passive.cc
[737/1418] Compiling poly1305_arm_asm.S
[738/1418] Compiling ios.cc
[739/1418] Compiling getentropy.cc
[740/1418] Compiling deterministic.cc
[741/1418] Compiling forkunsafe.cc
[742/1418] Compiling fork_detect.cc
[743/1418] Compiling poly1305_vec.cc
[744/1418] Compiling poly1305_arm.cc
[745/1418] Compiling pool.cc
[746/1418] Compiling poly1305.cc
[747/1418] Compiling pkcs7.cc
[748/1418] Compiling pkcs8_x509.cc
[748/1418] Compiling p5_pbev2.cc
[750/1418] Compiling pkcs8.cc
[751/1418] Compiling pkcs7_x509.cc
[752/1418] Compiling pem_xaux.cc
[753/1418] Compiling pem_x509.cc
[754/1418] Compiling pem_pkey.cc
[755/1418] Compiling pem_pk8.cc
[756/1418] Compiling pem_oth.cc
[757/1418] Compiling mlkem.cc
[758/1418] Compiling pem_info.cc
[759/1418] Compiling pem_lib.cc
[760/1418] Compiling pem_all.cc
[761/1418] Compiling obj_xref.cc
[762/1418] Compiling obj.cc
[763/1418] Compiling poly_rq_mul.S
[764/1418] Compiling mldsa.cc
[765/1418] Compiling fips_shared_support.cc
[766/1418] Compiling mem.cc
[767/1418] Compiling md5.cc
[768/1418] Compiling md4.cc
[769/1418] Compiling lhash.cc
[770/1418] Compiling kyber.cc
[771/1418] Compiling hrss.cc
[772/1418] Compiling sign.cc
[773/1418] Compiling ex_data.cc
[774/1418] Compiling scrypt.cc
[775/1418] Compiling print.cc
[776/1418] Compiling hpke.cc
[777/1418] Compiling pbkdf.cc
[778/1418] Compiling p_x25519.cc
[779/1418] Compiling p_x25519_asn1.cc
[780/1418] Compiling p_rsa_asn1.cc
[781/1418] Compiling p_rsa.cc
[782/1418] Compiling p_ed25519.cc
[782/1418] Compiling p_hkdf.cc
[784/1418] Compiling p_ed25519_asn1.cc
[785/1418] Compiling p_ec_asn1.cc
[786/1418] Compiling p_ec.cc
[787/1418] Compiling p_dh_asn1.cc
[788/1418] Compiling p_dh.cc
[789/1418] Compiling evp_ctx.cc
[790/1418] Compiling p_dsa_asn1.cc
[791/1418] Compiling evp_asn1.cc
[792/1418] Compiling evp.cc
[793/1418] Compiling err.cc
[793/1418] Compiling engine.cc
[795/1418] Compiling ecdh.cc
[796/1418] Compiling ecdsa_asn1.cc
[797/1418] Compiling hash_to_curve.cc
[798/1418] Compiling ec_derive.cc
[799/1418] Compiling dsa.cc
[800/1418] Compiling dsa_asn1.cc
[801/1418] Compiling ec_asn1.cc
[802/1418] Compiling params.cc
[803/1418] Compiling x25519-asm-arm.S
[804/1418] Compiling digest_extra.cc
[805/1418] Compiling bcm.cc
[806/1418] Compiling des.cc
[807/1418] Compiling dh_asn1.cc
[808/1418] Compiling curve25519_64_adx.cc
[809/1418] Compiling spake25519.cc
[810/1418] Compiling crypto.cc
[811/1418] Compiling cpu_intel.cc
[812/1418] Compiling cpu_arm_linux.cc
[813/1418] Compiling cpu_arm_freebsd.cc
[814/1418] Compiling cpu_aarch64_win.cc
[815/1418] Compiling curve25519.cc
[816/1418] Compiling cpu_aarch64_sysreg.cc
[817/1418] Compiling cpu_aarch64_openbsd.cc
[818/1418] Compiling cpu_aarch64_fuchsia.cc
[818/1418] Compiling cpu_aarch64_linux.cc
[820/1418] Compiling cpu_aarch64_apple.cc
[821/1418] Compiling get_cipher.cc
[822/1418] Compiling tls_cbc.cc
[823/1418] Compiling conf.cc
[824/1418] Compiling e_tls.cc
[825/1418] Compiling e_rc4.cc
[826/1418] Compiling e_null.cc
[827/1418] Compiling e_rc2.cc
[828/1418] Compiling e_des.cc
[829/1418] Compiling e_chacha20poly1305.cc
[830/1418] Compiling e_aesgcmsiv.cc
[831/1418] Compiling e_aesctrhmac.cc
[832/1418] Compiling derive_key.cc
[833/1418] Compiling chacha.cc
[834/1418] Compiling unicode.cc
[835/1418] Compiling buf.cc
[836/1418] Compiling cbs.cc
[837/1418] Compiling ber.cc
[838/1418] Compiling cbb.cc
[839/1418] Compiling asn1_compat.cc
[840/1418] Compiling bn_asn1.cc
[841/1418] Compiling convert.cc
[842/1418] Compiling blake2.cc
[843/1418] Compiling socket_helper.cc
[844/1418] Compiling socket.cc
[845/1418] Compiling printf.cc
[846/1418] Compiling pair.cc
[847/1418] Compiling hexdump.cc
[848/1418] Compiling errno.cc
[849/1418] Compiling file.cc
[850/1418] Compiling fd.cc
[851/1418] Compiling connect.cc
[852/1418] Compiling bio_mem.cc
[853/1418] Compiling base64.cc
[854/1418] Compiling bio.cc
[855/1418] Compiling tasn_utl.cc
[856/1418] Compiling tasn_fre.cc
[857/1418] Compiling tasn_typ.cc
[858/1418] Compiling tasn_enc.cc
[859/1418] Compiling posix_time.cc
[860/1418] Compiling tasn_new.cc
[861/1418] Compiling f_string.cc
[862/1418] Compiling tasn_dec.cc
[863/1418] Compiling f_int.cc
[864/1418] Compiling asn_pack.cc
[865/1418] Compiling asn1_par.cc
[866/1418] Compiling asn1_lib.cc
[867/1418] Compiling a_utctm.cc
[868/1418] Compiling a_time.cc
[869/1418] Compiling a_type.cc
[870/1418] Compiling a_octet.cc
[871/1418] Compiling a_strnid.cc
[872/1418] Compiling a_strex.cc
[873/1418] Compiling a_object.cc
[874/1418] Compiling a_i2d_fp.cc
[875/1418] Compiling a_dup.cc
[876/1418] Compiling a_mbstr.cc
[877/1418] Compiling CGoogleGaxCRC32C CGoogleGaxCRC32C.c
[878/1418] Compiling a_d2i_fp.cc
[879/1418] Compiling a_int.cc
[880/1418] Compiling a_gentm.cc
[881/1418] Compiling fiat_p256_adx_sqr.S
[882/1418] Compiling fiat_p256_adx_mul.S
[882/1418] Compiling fiat_curve25519_adx_square.S
[884/1418] Compiling a_bitstr.cc
[885/1418] Compiling fiat_curve25519_adx_mul.S
[886/1418] Compiling md5-x86_64-linux.S
[887/1418] Compiling md5-x86_64-apple.S
[888/1418] Compiling md5-586-linux.S
[889/1418] Compiling md5-586-apple.S
[890/1418] Compiling chacha20_poly1305_x86_64-linux.S
[891/1418] Compiling chacha20_poly1305_armv8-win.S
[892/1418] Compiling chacha20_poly1305_x86_64-apple.S
[893/1418] Compiling CCryptoBoringSSLShims shims.c
[894/1418] Compiling chacha20_poly1305_armv8-apple.S
[894/1418] Compiling chacha-x86_64-linux.S
[896/1418] Compiling chacha-x86_64-apple.S
[897/1418] Compiling chacha20_poly1305_armv8-linux.S
[898/1418] Compiling chacha-x86-linux.S
[898/1418] Compiling chacha-x86-apple.S
[900/1418] Compiling chacha-armv8-win.S
[901/1418] Compiling a_bool.cc
[902/1418] Compiling aes128gcmsiv-x86_64-linux.S
[903/1418] Compiling chacha-armv8-linux.S
[904/1418] Compiling chacha-armv8-apple.S
[905/1418] Compiling chacha-armv4-linux.S
[906/1418] Compiling aes128gcmsiv-x86_64-apple.S
[907/1418] Compiling x86_64-mont5-apple.S
[907/1418] Compiling x86_64-mont5-linux.S
[909/1418] Compiling x86_64-mont-linux.S
[910/1418] Compiling x86_64-mont-apple.S
[911/1418] Compiling x86-mont-linux.S
[912/1418] Compiling x86-mont-apple.S
[913/1418] Compiling vpaes-x86_64-linux.S
[914/1418] Compiling vpaes-x86_64-apple.S
[915/1418] Compiling vpaes-x86-linux.S
[916/1418] Compiling vpaes-x86-apple.S
[917/1418] Compiling vpaes-armv8-win.S
[918/1418] Compiling vpaes-armv8-linux.S
[919/1418] Compiling vpaes-armv8-apple.S
[920/1418] Compiling vpaes-armv7-linux.S
[921/1418] Compiling sha512-x86_64-apple.S
[922/1418] Compiling sha512-x86_64-linux.S
[923/1418] Compiling sha512-armv8-win.S
[924/1418] Compiling sha512-armv8-apple.S
[925/1418] Compiling sha512-armv4-linux.S
[926/1418] Compiling sha512-armv8-linux.S
[927/1418] Compiling sha512-586-apple.S
[928/1418] Compiling sha512-586-linux.S
[929/1418] Compiling sha256-x86_64-linux.S
[930/1418] Compiling sha256-x86_64-apple.S
[931/1418] Compiling sha256-armv8-win.S
[932/1418] Compiling sha256-armv8-apple.S
[933/1418] Compiling sha256-armv8-linux.S
[934/1418] Compiling err_data.cc
[934/1418] Compiling sha256-armv4-linux.S
[936/1418] Compiling sha256-586-linux.S
[937/1418] Compiling sha256-586-apple.S
[938/1418] Compiling sha1-x86_64-linux.S
[939/1418] Compiling sha1-x86_64-apple.S
[940/1418] Compiling sha1-armv8-apple.S
[941/1418] Compiling sha1-armv8-win.S
[942/1418] Compiling sha1-armv4-large-linux.S
[942/1418] Compiling sha1-586-linux.S
[944/1418] Compiling sha1-armv8-linux.S
[945/1418] Compiling sha1-586-apple.S
[946/1418] Compiling rsaz-avx2-linux.S
[947/1418] Compiling rsaz-avx2-apple.S
[948/1418] Compiling rdrand-x86_64-apple.S
[949/1418] Compiling rdrand-x86_64-linux.S
[950/1418] Compiling p256_beeu-x86_64-asm-linux.S
[951/1418] Compiling p256_beeu-x86_64-asm-apple.S
[952/1418] Compiling p256_beeu-armv8-asm-win.S
[953/1418] Compiling p256_beeu-armv8-asm-linux.S
[954/1418] Compiling p256-x86_64-asm-apple.S
[955/1418] Compiling p256-x86_64-asm-linux.S
[956/1418] Compiling p256_beeu-armv8-asm-apple.S
[957/1418] Compiling p256-armv8-asm-win.S
[958/1418] Compiling p256-armv8-asm-linux.S
[959/1418] Compiling ghashv8-armv8-win.S
[960/1418] Compiling ghashv8-armv8-apple.S
[961/1418] Compiling p256-armv8-asm-apple.S
[962/1418] Compiling ghashv8-armv8-linux.S
[963/1418] Compiling ghashv8-armv7-linux.S
[964/1418] Compiling ghash-x86-linux.S
[964/1418] Compiling ghash-x86_64-linux.S
[966/1418] Compiling ghash-x86_64-apple.S
[967/1418] Compiling ghash-x86-apple.S
[968/1418] Compiling ghash-ssse3-x86_64-linux.S
[969/1418] Compiling ghash-ssse3-x86_64-apple.S
[970/1418] Compiling ghash-ssse3-x86-linux.S
[971/1418] Compiling ghash-ssse3-x86-apple.S
[972/1418] Compiling ghash-neon-armv8-apple.S
[973/1418] Compiling ghash-neon-armv8-win.S
[974/1418] Compiling ghash-neon-armv8-linux.S
[975/1418] Compiling co-586-linux.S
[976/1418] Compiling ghash-armv4-linux.S
[977/1418] Compiling co-586-apple.S
[978/1418] Compiling bsaes-armv7-linux.S
[979/1418] Compiling bn-armv8-win.S
[980/1418] Compiling bn-armv8-linux.S
[981/1418] Compiling bn-armv8-apple.S
[982/1418] Compiling bn-586-linux.S
[983/1418] Compiling bn-586-apple.S
[984/1418] Compiling armv8-mont-win.S
[985/1418] Compiling armv8-mont-apple.S
[986/1418] Compiling armv4-mont-linux.S
[987/1418] Compiling armv8-mont-linux.S
[988/1418] Compiling aesv8-gcm-armv8-win.S
[989/1418] Compiling aesv8-armv8-win.S
[990/1418] Compiling aesv8-gcm-armv8-apple.S
[991/1418] Compiling aesv8-armv8-linux.S
[992/1418] Compiling aesv8-armv8-apple.S
[992/1418] Compiling aesv8-gcm-armv8-linux.S
[994/1418] Compiling aesv8-armv7-linux.S
[995/1418] Compiling aesni-x86_64-linux.S
[996/1418] Compiling aesni-x86_64-apple.S
[997/1418] Compiling aesni-gcm-x86_64-linux.S
[998/1418] Compiling aesni-gcm-x86_64-apple.S
[999/1418] Compiling aesni-x86-apple.S
[1000/1418] Compiling aesni-x86-linux.S
[1001/1418] Compiling aes-gcm-avx512-x86_64-linux.S
[1002/1418] Compiling aes-gcm-avx512-x86_64-apple.S
[1003/1418] Compiling aes-gcm-avx2-x86_64-apple.S
[1004/1418] Compiling aes-gcm-avx2-x86_64-linux.S
[1005/1418] Compiling xwing.cc
[1006/1418] Compiling x_spki.cc
[1007/1418] Compiling x_x509a.cc
[1008/1418] Compiling x_req.cc
[1009/1418] Compiling x_sig.cc
[1010/1418] Compiling x_x509.cc
[1011/1418] Compiling c-nioatomics.c
[1012/1418] Compiling x_pubkey.cc
[1013/1418] Compiling x_exten.cc
[1014/1418] Compiling x_name.cc
[1015/1418] Compiling x_crl.cc
[1016/1418] Compiling c-atomics.c
[1017/1418] Compiling x_attrib.cc
[1018/1425] Compiling x_all.cc
[1019/1425] Compiling x_algor.cc
[1021/1425] Compiling NIOConcurrencyHelpers NIOLock.swift
[1022/1425] Compiling NIOConcurrencyHelpers lock.swift
[1022/1425] Compiling x509spki.cc
[1023/1425] Compiling x509cset.cc
[1025/1425] Emitting module NIOConcurrencyHelpers
[1026/1425] Compiling NIOConcurrencyHelpers NIOAtomic.swift
[1026/1425] Compiling x509name.cc
[1028/1425] Compiling NIOConcurrencyHelpers NIOLockedValueBox.swift
[1029/1425] Compiling NIOConcurrencyHelpers atomics.swift
[1030/1425] Compiling NIOConcurrencyHelpers NIOThreadPoolWorkAvailable.swift
[1030/1426] Compiling x509rset.cc
[1032/1426] Compiling x509_vpm.cc
[1033/1426] Compiling x509_vfy.cc
[1034/1426] Wrapping AST for NIOConcurrencyHelpers for debugging
[1035/1426] Compiling x509_v3.cc
[1036/1426] Compiling x509_txt.cc
[1037/1426] Compiling x509_trs.cc
[1038/1426] Compiling x509_set.cc
[1039/1426] Compiling x509_req.cc
[1040/1426] Compiling x509_obj.cc
[1041/1426] Compiling x509_lu.cc
[1042/1426] Compiling v3_utl.cc
[1043/1426] Compiling v3_skey.cc
[1044/1426] Compiling v3_purp.cc
[1045/1426] Compiling v3_prn.cc
[1046/1426] Compiling v3_pmaps.cc
[1047/1426] Compiling v3_pcons.cc
[1048/1426] Compiling v3_ocsp.cc
[1049/1426] Compiling v3_ncons.cc
[1050/1426] Compiling v3_lib.cc
[1051/1426] Compiling v3_int.cc
[1052/1426] Compiling v3_ia5.cc
[1053/1426] Compiling v3_info.cc
[1054/1426] Compiling v3_extku.cc
[1055/1426] Compiling v3_genn.cc
[1056/1426] Compiling v3_enum.cc
[1057/1426] Compiling v3_crld.cc
[1058/1426] Compiling v3_bitst.cc
[1058/1426] Compiling v3_conf.cc
[1060/1426] Compiling v3_bcons.cc
[1061/1426] Compiling v3_alt.cc
[1062/1426] Compiling v3_akeya.cc
[1063/1426] Compiling t_x509a.cc
[1064/1426] Compiling v3_akey.cc
[1065/1426] Compiling t_x509.cc
[1066/1426] Compiling t_crl.cc
[1067/1426] Compiling t_req.cc
[1068/1426] Compiling i2d_pr.cc
[1069/1426] Compiling rsa_pss.cc
[1070/1426] Compiling policy.cc
[1071/1426] Compiling name_print.cc
[1072/1426] Compiling by_file.cc
[1073/1426] Compiling by_dir.cc
[1074/1426] Compiling algorithm.cc
[1075/1426] Compiling asn1_gen.cc
[1076/1426] Compiling a_verify.cc
[1077/1426] Compiling a_sign.cc
[1078/1426] Compiling a_digest.cc
[1079/1426] Compiling voprf.cc
[1080/1426] Compiling thread_win.cc
[1081/1426] Compiling thread_pthread.cc
[1082/1426] Compiling trust_token.cc
[1083/1426] Compiling thread_none.cc
[1084/1426] Compiling pmbtoken.cc
[1085/1426] Compiling thread.cc
[1086/1426] Compiling stack.cc
[1087/1426] Compiling siphash.cc
[1088/1426] Compiling sha512.cc
[1089/1426] Compiling slhdsa.cc
[1090/1426] Compiling sha256.cc
[1091/1426] Compiling spake2plus.cc
[1092/1426] Compiling sha1.cc
[1093/1426] Compiling rsa_print.cc
[1094/1426] Compiling rsa_extra.cc
[1095/1426] Compiling rsa_crypt.cc
[1096/1426] Compiling refcount.cc
[1096/1426] Compiling rc4.cc
[1098/1426] Compiling windows.cc
[1099/1426] Compiling trusty.cc
[1100/1426] Compiling urandom.cc
[1101/1426] Compiling rand.cc
[1102/1426] Compiling passive.cc
[1102/1426] Compiling rsa_asn1.cc
[1104/1426] Compiling poly1305_arm_asm.S
[1105/1426] Compiling ios.cc
[1106/1426] Compiling getentropy.cc
[1107/1426] Compiling forkunsafe.cc
[1108/1426] Compiling deterministic.cc
[1109/1426] Compiling fork_detect.cc
[1110/1426] Compiling poly1305_vec.cc
[1111/1426] Compiling poly1305_arm.cc
[1112/1426] Compiling pool.cc
[1113/1426] Compiling poly1305.cc
[1114/1426] Compiling pkcs8_x509.cc
[1114/1426] Compiling pkcs8.cc
[1116/1426] Compiling p5_pbev2.cc
[1117/1426] Compiling pkcs7_x509.cc
[1118/1426] Compiling pkcs7.cc
[1119/1426] Compiling pem_xaux.cc
[1120/1426] Compiling pem_x509.cc
[1121/1426] Compiling pem_pkey.cc
[1122/1426] Compiling mlkem.cc
[1123/1426] Compiling pem_oth.cc
[1124/1426] Compiling pem_pk8.cc
[1125/1426] Compiling pem_lib.cc
[1126/1426] Compiling pem_info.cc
[1127/1426] Compiling pem_all.cc
[1128/1426] Compiling obj_xref.cc
[1129/1426] Compiling obj.cc
[1130/1426] Compiling poly_rq_mul.S
[1131/1426] Compiling mldsa.cc
[1132/1426] Compiling mem.cc
[1133/1426] Compiling fips_shared_support.cc
[1134/1426] Compiling lhash.cc
[1135/1426] Compiling md5.cc
[1136/1426] Compiling md4.cc
[1137/1426] Compiling fuzzer_mode.cc
[1138/1426] Compiling kyber.cc
[1139/1426] Compiling ex_data.cc
[1140/1426] Compiling hrss.cc
[1141/1426] Compiling hpke.cc
[1142/1426] Compiling scrypt.cc
[1143/1426] Compiling pbkdf.cc
[1144/1426] Compiling print.cc
[1145/1426] Compiling sign.cc
[1146/1426] Compiling p_x25519_asn1.cc
[1147/1426] Compiling p_x25519.cc
[1148/1426] Compiling p_rsa_asn1.cc
[1149/1426] Compiling p_rsa.cc
[1150/1426] Compiling p_ed25519_asn1.cc
[1151/1426] Compiling p_hkdf.cc
[1152/1426] Compiling p_ed25519.cc
[1153/1426] Compiling p_ec.cc
[1154/1426] Compiling p_ec_asn1.cc
[1155/1426] Compiling p_dh_asn1.cc
[1156/1426] Compiling p_dsa_asn1.cc
[1157/1426] Compiling p_dh.cc
[1158/1426] Compiling evp_ctx.cc
[1159/1426] Compiling engine.cc
[1160/1426] Compiling err.cc
[1161/1426] Compiling evp_asn1.cc
[1162/1426] Compiling ecdsa_p1363.cc
[1163/1426] Compiling evp.cc
[1164/1426] Compiling ecdh.cc
[1165/1426] Compiling ec_derive.cc
[1166/1426] Compiling hash_to_curve.cc
[1166/1426] Compiling ecdsa_asn1.cc
[1168/1426] Compiling dsa.cc
[1169/1426] Compiling dsa_asn1.cc
[1170/1426] Compiling ec_asn1.cc
[1171/1426] Compiling des.cc
[1172/1426] Compiling digest_extra.cc
[1173/1426] Compiling x25519-asm-arm.S
[1174/1426] Compiling dh_asn1.cc
[1175/1426] Compiling params.cc
[1176/1426] Compiling curve25519_64_adx.cc
[1177/1426] Compiling spake25519.cc
[1178/1426] Compiling curve25519.cc
[1179/1426] Compiling cpu_arm_linux.cc
[1180/1426] Compiling cpu_intel.cc
[1181/1426] Compiling crypto.cc
[1182/1426] Compiling cpu_arm_freebsd.cc
[1183/1426] Compiling cpu_aarch64_win.cc
[1184/1426] Compiling cpu_aarch64_openbsd.cc
[1185/1426] Compiling cpu_aarch64_sysreg.cc
[1186/1426] Compiling cpu_aarch64_linux.cc
[1187/1426] Compiling cpu_aarch64_fuchsia.cc
[1188/1426] Compiling cpu_aarch64_apple.cc
[1189/1426] Compiling conf.cc
[1190/1426] Compiling get_cipher.cc
[1191/1426] Compiling tls_cbc.cc
[1192/1426] Compiling e_tls.cc
[1193/1426] Compiling e_rc4.cc
[1194/1426] Compiling cms.cc
[1195/1426] Compiling e_rc2.cc
[1196/1426] Compiling e_des.cc
[1197/1426] Compiling e_null.cc
[1198/1426] Compiling e_chacha20poly1305.cc
[1199/1426] Compiling e_aesgcmsiv.cc
[1200/1426] Compiling e_aesctrhmac.cc
[1201/1426] Compiling e_aeseax.cc
[1202/1426] Compiling derive_key.cc
[1203/1426] Compiling chacha.cc
[1204/1426] Compiling cbs.cc
[1205/1426] Compiling unicode.cc
[1206/1426] Compiling cbb.cc
[1207/1426] Compiling buf.cc
[1208/1426] Compiling ber.cc
[1209/1426] Compiling asn1_compat.cc
[1210/1426] Compiling sqrt.cc
[1211/1426] Compiling exponentiation.cc
[1212/1426] Compiling div.cc
[1213/1426] Compiling printf.cc
[1214/1426] Compiling blake2.cc
[1215/1426] Compiling bn_asn1.cc
[1216/1426] Compiling pair.cc
[1217/1426] Compiling convert.cc
[1218/1426] Compiling file.cc
[1219/1426] Compiling hexdump.cc
[1220/1426] Compiling fd.cc
[1221/1426] Compiling errno.cc
[1222/1426] Compiling bio_mem.cc
[1223/1426] Compiling base64.cc
[1224/1426] Compiling bio.cc
[1225/1426] Compiling tasn_typ.cc
[1226/1426] Compiling tasn_fre.cc
[1227/1426] Compiling tasn_utl.cc
[1228/1426] Compiling tasn_enc.cc
[1229/1426] Compiling tasn_new.cc
[1230/1426] Compiling posix_time.cc
[1231/1426] Compiling f_string.cc
[1232/1426] Compiling f_int.cc
[1233/1426] Compiling asn_pack.cc
[1234/1426] Compiling asn1_par.cc
[1235/1426] Compiling asn1_lib.cc
[1236/1426] Compiling a_utctm.cc
[1237/1426] Compiling bcm.cc
[1238/1426] Compiling a_type.cc
[1239/1426] Compiling a_time.cc
[1240/1426] Compiling a_octet.cc
[1241/1426] Compiling a_strnid.cc
[1242/1426] Compiling a_strex.cc
[1243/1426] Compiling a_i2d_fp.cc
[1244/1426] Compiling a_object.cc
[1245/1426] Compiling a_dup.cc
[1246/1426] Compiling CAsyncHTTPClient CAsyncHTTPClient.c
[1247/1426] Write sources
[1250/1426] Compiling a_mbstr.cc
[1251/1426] Compiling a_gentm.cc
[1252/1469] Compiling a_int.cc
[1253/1469] Compiling a_d2i_fp.cc
[1255/1469] Compiling Atomics UnsafeAtomic.swift
[1256/1469] Compiling Atomics UnsafeAtomicLazyReference.swift
[1256/1471] Compiling a_bool.cc
[1257/1471] Compiling Atomics ManagedAtomic.swift
[1258/1471] Compiling Atomics ManagedAtomicLazyReference.swift
[1260/1471] Compiling Atomics AtomicMemoryOrderings.swift
[1261/1471] Compiling Atomics DoubleWord.swift
[1262/1471] Compiling Atomics AtomicStorage.swift
[1263/1471] Compiling Atomics AtomicValue.swift
[1264/1471] Compiling Atomics IntegerOperations.swift
[1265/1471] Compiling Atomics Unmanaged extensions.swift
[1266/1471] Compiling Atomics AtomicInteger.swift
[1267/1471] Compiling Atomics AtomicOptionalWrappable.swift
[1268/1471] Compiling Atomics AtomicReference.swift
[1268/1471] Compiling aes.cc
[1272/1474] Compiling a_bitstr.cc
[1274/1474] Compiling Atomics OptionalRawRepresentable.swift
[1275/1474] Compiling Atomics RawRepresentable.swift
[1276/1474] Compiling Atomics AtomicBool.swift
[1277/1474] Compiling Atomics IntegerConformances.swift
[1281/1482] Compiling Algorithms Split.swift
[1282/1482] Compiling Algorithms Stride.swift
[1283/1482] Compiling Algorithms Suffix.swift
[1285/1482] Compiling Algorithms Permutations.swift
[1286/1482] Compiling Algorithms Product.swift
[1291/1482] Emitting module Atomics
[1292/1482] Compiling Algorithms Trim.swift
[1293/1482] Compiling Algorithms Unique.swift
[1294/1482] Compiling Algorithms Windows.swift
[1295/1482] Compiling CryptoBoringWrapper RandomBytes.swift
[1296/1482] Compiling Atomics PointerConformances.swift
[1297/1482] Compiling Atomics Primitives.native.swift
[1300/1482] Compiling CryptoBoringWrapper CryptoKitErrors_boring.swift
[1307/1483] Compiling CryptoBoringWrapper BoringSSLAEAD.swift
[1308/1483] Emitting module CryptoBoringWrapper
[1309/1483] Wrapping AST for Atomics for debugging
[1311/1506] Compiling CryptoBoringWrapper EllipticCurve.swift
[1312/1513] Compiling CryptoBoringWrapper ArbitraryPrecisionInteger.swift
[1313/1513] Compiling CryptoBoringWrapper FiniteFieldArithmeticContext.swift
[1314/1513] Compiling CryptoBoringWrapper EllipticCurvePoint.swift
[1315/1548] Wrapping AST for CryptoBoringWrapper for debugging
[1317/1632] Emitting module Algorithms
[1318/1633] Wrapping AST for Algorithms for debugging
[1320/1633] Emitting module Crypto
[1321/1644] Compiling Crypto ASN1Null.swift
[1322/1644] Compiling Crypto ASN1OctetString.swift
[1323/1644] Compiling Crypto ASN1Strings.swift
[1324/1644] Compiling Crypto ArraySliceBigint.swift
[1325/1644] Compiling Crypto GeneralizedTime.swift
[1326/1644] Compiling Crypto ObjectIdentifier.swift
[1327/1644] Compiling Crypto ECDSASignature.swift
[1328/1644] Compiling Crypto PEMDocument.swift
[1329/1644] Compiling Crypto PKCS8PrivateKey.swift
[1330/1644] Compiling Crypto SEC1PrivateKey.swift
[1331/1644] Compiling Crypto SubjectPublicKeyInfo.swift
[1332/1644] Compiling Crypto CryptoError_boring.swift
[1333/1644] Compiling Crypto MACFunctions.swift
[1334/1644] Compiling Crypto MessageAuthenticationCode.swift
[1335/1644] Compiling Crypto AES.swift
[1336/1644] Compiling Crypto ECDSASignature_boring.swift
[1337/1644] Compiling Crypto ECDSA_boring.swift
[1338/1644] Compiling Crypto EdDSA_boring.swift
[1339/1644] Compiling Crypto MLDSA_boring.swift
[1340/1644] Compiling Crypto MLDSA_wrapper.swift
[1341/1644] Compiling Crypto ECDSA.swift
[1342/1644] Compiling Crypto Ed25519.swift
[1343/1644] Compiling Crypto MLDSA.swift
[1344/1644] Compiling Crypto HKDF.swift
[1345/1644] Compiling Crypto AESWrap.swift
[1346/1644] Compiling Crypto AESWrap_boring.swift
[1347/1644] Compiling Crypto Ed25519_boring.swift
[1348/1644] Compiling Crypto NISTCurvesKeys_boring.swift
[1349/1644] Compiling Crypto X25519Keys_boring.swift
[1350/1644] Compiling Crypto Curve25519.swift
[1351/1644] Compiling Crypto Ed25519Keys.swift
[1352/1644] Compiling Crypto NISTCurvesKeys.swift
[1353/1644] Compiling Crypto X25519Keys.swift
[1354/1644] Compiling Crypto SymmetricKeys.swift
[1355/1644] Compiling Crypto HMAC.swift
[1356/1644] Compiling Crypto HPKE-LabeledExtract.swift
[1357/1644] Compiling Crypto HPKE-Utils.swift
[1358/1644] Compiling Crypto DHKEM.swift
[1359/1644] Compiling Crypto HPKE-KEM-Curve25519.swift
[1360/1644] Compiling Crypto HPKE-NIST-EC-KEMs.swift
[1361/1644] Compiling Crypto HPKE-KEM.swift
[1362/1644] Compiling Crypto HPKE-Errors.swift
[1363/1644] Compiling Crypto HPKE.swift
[1364/1644] Compiling Crypto HPKE-Context.swift
[1365/1644] Compiling Crypto HPKE-KeySchedule.swift
[1366/1644] Compiling Crypto HPKE-Modes.swift
[1367/1644] Compiling Crypto Insecure.swift
[1368/1644] Compiling Crypto AES-GCM.swift
[1369/1644] Compiling Crypto AES-GCM_boring.swift
[1370/1644] Compiling Crypto ChaChaPoly_boring.swift
[1371/1644] Compiling Crypto ChaChaPoly.swift
[1372/1644] Compiling Crypto Cipher.swift
[1373/1644] Compiling Crypto Nonces.swift
[1374/1644] Compiling Crypto ASN1.swift
[1375/1644] Compiling Crypto ASN1Any.swift
[1376/1644] Compiling Crypto ASN1BitString.swift
[1377/1644] Compiling Crypto ASN1Boolean.swift
[1378/1644] Compiling Crypto ASN1Identifier.swift
[1379/1644] Compiling Crypto ASN1Integer.swift
[1380/1644] Compiling Crypto Insecure_HashFunctions.swift
[1381/1644] Compiling Crypto MLKEM_boring.swift
[1382/1644] Compiling Crypto MLKEM_wrapper.swift
[1383/1644] Compiling Crypto XWing_boring.swift
[1384/1644] Compiling Crypto KEM-Errors.swift
[1385/1644] Compiling Crypto KEM.swift
[1386/1644] Compiling Crypto MLKEM.swift
[1387/1644] Compiling Crypto XWing.swift
[1388/1644] Compiling Crypto ECDH_boring.swift
[1389/1644] Compiling Crypto DH.swift
[1390/1644] Compiling Crypto ECDH.swift
[1391/1644] Compiling Crypto ANSIx963.swift
[1392/1644] Compiling Crypto CryptoKitErrors.swift
[1393/1644] Compiling Crypto Digest_boring.swift
[1394/1644] Compiling Crypto Digest.swift
[1395/1644] Compiling Crypto Digests.swift
[1396/1644] Compiling Crypto HashFunctions.swift
[1397/1644] Compiling Crypto HashFunctions_SHA2.swift
[1398/1644] Compiling Crypto HashFunctions_SHA3.swift
[1399/1644] Compiling Crypto Digest_xkcp.swift
[1400/1644] Compiling Crypto HPKE-AEAD.swift
[1401/1644] Compiling Crypto HPKE-Ciphersuite.swift
[1402/1644] Compiling Crypto HPKE-KDF.swift
[1403/1644] Compiling Crypto HPKE-KexKeyDerivation.swift
[1404/1644] Compiling Crypto Signature.swift
[1405/1644] Compiling Crypto CryptoKitErrors_boring.swift
[1406/1644] Compiling Crypto Optional+withUnsafeBytes_boring.swift
[1407/1644] Compiling Crypto RNG_boring.swift
[1408/1644] Compiling Crypto SafeCompare_boring.swift
[1409/1644] Compiling Crypto Zeroization_boring.swift
[1410/1644] Compiling Crypto _CryptoModuleAnchor.swift
[1411/1644] Compiling Crypto PrettyBytes.swift
[1412/1644] Compiling Crypto SafeCompare.swift
[1413/1644] Compiling Crypto SecureBytes.swift
[1414/1644] Compiling Crypto Zeroization.swift
[1415/1645] Wrapping AST for Crypto for debugging
[1417/1707] Compiling CryptoExtras CMAC.swift
[1418/1707] Compiling CryptoExtras ARC+API.swift
[1419/1707] Compiling CryptoExtras ARC.swift
[1420/1707] Compiling CryptoExtras ARCCredential.swift
[1421/1707] Compiling CryptoExtras ARCEncoding.swift
[1422/1707] Compiling CryptoExtras ARCPrecredential.swift
[1423/1707] Compiling CryptoExtras ARCPresentation.swift
[1424/1707] Compiling CryptoExtras ARCRequest.swift
[1425/1707] Compiling CryptoExtras ARCResponse.swift
[1426/1707] Compiling CryptoExtras ARCServer.swift
[1427/1707] Compiling CryptoExtras ChaCha20CTR_boring.swift
[1428/1707] Compiling CryptoExtras ChaCha20CTR.swift
[1429/1707] Compiling CryptoExtras BoringSSLSHA512256Context.swift
[1430/1707] Compiling CryptoExtras BoringSSLSHA512256HashFunction.swift
[1431/1707] Compiling CryptoExtras SHA512256.swift
[1432/1707] Compiling CryptoExtras SHA512256Digest.swift
[1433/1707] Compiling CryptoExtras Curve25519+PEM.swift
[1434/1707] Compiling CryptoExtras ObjectIdentifier.swift
[1435/1707] Compiling CryptoExtras AES_CBC.swift
[1436/1707] Compiling CryptoExtras AES_CFB.swift
[1437/1707] Compiling CryptoExtras AES_CTR.swift
[1438/1707] Compiling CryptoExtras AES_GCM_SIV.swift
[1439/1707] Compiling CryptoExtras Block Function.swift
[1440/1707] Compiling CryptoExtras AES_CBC_boring.swift
[1441/1707] Compiling CryptoExtras AES_CFB_boring.swift
[1442/1707] Compiling CryptoExtras AES_CTR_boring.swift
[1443/1707] Compiling CryptoExtras AES_GCM_SIV_boring.swift
[1444/1707] Compiling CryptoExtras PBKDF2.swift
[1445/1707] Compiling CryptoExtras Scrypt_boring.swift
[1446/1707] Compiling CryptoExtras Scrypt.swift
[1447/1707] Compiling CryptoExtras OPRF.swift
[1448/1707] Compiling CryptoExtras OPRFClient.swift
[1449/1707] Compiling CryptoExtras OPRFServer.swift
[1450/1707] Compiling CryptoExtras VOPRF+API.swift
[1451/1707] Compiling CryptoExtras VOPRFClient.swift
[1452/1707] Compiling CryptoExtras VOPRFServer.swift
[1453/1707] Compiling CryptoExtras PKCS8DERRepresentation.swift
[1454/1707] Compiling CryptoExtras PKCS8PrivateKey.swift
[1455/1707] Compiling CryptoExtras RFC8410AlgorithmIdentifier.swift
[1456/1707] Compiling CryptoExtras ECToolbox_boring.swift
[1457/1707] Compiling CryptoExtras ECToolbox.swift
[1458/1707] Compiling CryptoExtras HashToField.swift
[1459/1707] Compiling CryptoExtras KDF.swift
[1460/1707] Compiling CryptoExtras PBKDF2_boring.swift
[1461/1707] Compiling CryptoExtras PBKDF2_commoncrypto.swift
[1462/1715] Emitting module CryptoExtras
[1463/1723] Compiling CryptoExtras Data+Extensions.swift
[1464/1723] Compiling CryptoExtras DigestType.swift
[1465/1723] Compiling CryptoExtras Error.swift
[1466/1723] Compiling CryptoExtras I2OSP.swift
[1467/1723] Compiling CryptoExtras IntegerEncoding.swift
[1468/1723] Compiling CryptoExtras PEMDocument.swift
[1469/1723] Compiling CryptoExtras PrettyBytes.swift
[1470/1723] Compiling CryptoExtras SubjectPublicKeyInfo.swift
[1480/1723] Compiling CryptoExtras ThreadOps.swift
[1481/1723] Compiling CryptoExtras ThreadPosix.swift
[1482/1723] Compiling CryptoExtras ThreadSpecific.swift
[1483/1723] Compiling CryptoExtras ThreadWindows.swift
[1484/1723] Compiling CryptoExtras DLEQ.swift
[1485/1723] Compiling CryptoExtras Prover.swift
[1486/1723] Compiling CryptoExtras Verifier.swift
[1487/1723] Compiling CryptoExtras ZKPToolbox.swift
[1512/1723] Compiling NIOCore UniversalBootstrapSupport.swift
[1513/1723] Compiling NIOCore Utilities.swift
[1532/1723] Compiling CryptoExtras BoringSSLPassphraseCallbackManager.swift
[1533/1723] Compiling CryptoExtras RSA+BlindSigning.swift
[1534/1723] Compiling CryptoExtras RSA.swift
[1535/1723] Compiling CryptoExtras RSA_boring.swift
[1536/1723] Compiling CryptoExtras Reexport.swift
[1537/1723] Compiling CryptoExtras Zeroization_boring.swift
[1538/1723] Compiling CryptoExtras BoringSSLHelpers.swift
[1539/1723] Compiling CryptoExtras CryptoKitErrors_boring.swift
[1540/1724] Wrapping AST for CryptoExtras for debugging
[1542/1726] Compiling _CryptoExtras Exports.swift
[1543/1726] Emitting module _CryptoExtras
[1544/1727] Wrapping AST for _CryptoExtras for debugging
[1546/1822] Compiling X509 RelativeDistinguishedName.swift
[1547/1822] Compiling X509 SEC1PrivateKey.swift
[1548/1822] Compiling X509 SecKeyWrapper.swift
[1549/1822] Compiling X509 Signature.swift
[1550/1822] Compiling X509 SignatureAlgorithm.swift
[1551/1822] Compiling X509 AllOfPolicies.swift
[1552/1822] Compiling X509 AnyPolicy.swift
[1553/1822] Compiling X509 CertificateStore.swift
[1554/1822] Compiling X509 CustomCertificateStore.swift
[1555/1822] Compiling X509 OCSPExtensionID.swift
[1556/1822] Compiling X509 OCSPNonce.swift
[1557/1822] Compiling X509 OCSPPolicy.swift
[1558/1822] Compiling X509 OCSPRequest.swift
[1559/1822] Compiling X509 OCSPResponse.swift
[1560/1822] Compiling X509 OCSPResponseBytes.swift
[1561/1822] Compiling X509 OCSPResponseData.swift
[1562/1822] Compiling X509 OCSPResponseStatus.swift
[1563/1822] Compiling X509 OCSPSignature.swift
[1564/1822] Emitting module NIOCore
[1565/1828] Wrapping AST for NIOCore for debugging
[1567/1880] Compiling NIOFoundationEssentialsCompat Codable+ByteBuffer.swift
[1568/1880] Emitting module NIOEmbedded
[1569/1880] Compiling NIOEmbedded AsyncTestingChannel.swift
[1570/1880] Emitting module NIOFoundationEssentialsCompat
[1571/1880] Compiling NIOFoundationEssentialsCompat ByteBuffer-foundation.swift
[1572/1881] Wrapping AST for NIOFoundationEssentialsCompat for debugging
[1574/1881] Compiling NIOEmbedded Embedded.swift
[1575/1881] Compiling NIOEmbedded AsyncTestingEventLoop.swift
[1576/1882] Wrapping AST for NIOEmbedded for debugging
[1578/1882] Compiling NIOPosix HappyEyeballs.swift
[1579/1882] Compiling NIOPosix IO.swift
[1580/1882] Compiling NIOPosix IntegerBitPacking.swift
[1581/1882] Compiling NIOPosix IntegerTypes.swift
[1582/1882] Compiling NIOPosix Linux.swift
[1583/1882] Compiling NIOPosix LinuxCPUSet.swift
[1584/1882] Compiling NIOPosix LinuxUring.swift
[1592/1889] Compiling NIOPosix MultiThreadedEventLoopGroup.swift
[1593/1889] Compiling NIOPosix NIOPosixSendableMetatype.swift
[1594/1889] Compiling NIOPosix NIORandomizedDNSResolver.swift
[1595/1889] Compiling NIOPosix NIOThreadPool.swift
[1596/1889] Compiling NIOPosix NonBlockingFileIO.swift
[1597/1889] Compiling NIOPosix PendingDatagramWritesManager.swift
[1598/1889] Compiling NIOPosix PendingWritesManager.swift
[1599/1902] Compiling X509 OneOfPolicies.swift
[1600/1902] Compiling X509 PolicyBuilder.swift
[1601/1902] Compiling X509 BasicConstraintsPolicy.swift
[1602/1902] Compiling X509 DNSNames.swift
[1603/1902] Compiling X509 ExpiryPolicy.swift
[1604/1902] Compiling X509 IPConstraints.swift
[1605/1902] Compiling X509 NameConstraintsPolicy.swift
[1606/1902] Compiling X509 RFC5280Policy.swift
[1607/1902] Compiling X509 URIConstraints.swift
[1608/1902] Compiling X509 VersionPolicy.swift
[1609/1902] Compiling X509 ServerIdentityPolicy.swift
[1610/1902] Compiling X509 TrustRootLoading.swift
[1611/1902] Compiling X509 UnverifiedChain.swift
[1612/1902] Compiling NIOPosix VsockChannelEvents.swift
[1613/1902] Compiling NIOPosix Windows.swift
[1621/1902] Compiling X509 OCSPSingleRequest.swift
[1622/1902] Compiling X509 OCSPSingleResponse.swift
[1623/1902] Compiling X509 OCSPTBSRequest.swift
[1624/1902] Compiling X509 OCSPVersion.swift
[1625/1902] Compiling NIOPosix Selectable.swift
[1626/1902] Compiling NIOPosix SelectableChannel.swift
[1627/1902] Compiling NIOPosix SelectableEventLoop.swift
[1628/1902] Compiling NIOPosix SelectorEpoll.swift
[1629/1902] Compiling NIOPosix SelectorGeneric.swift
[1630/1902] Compiling NIOPosix SelectorKqueue.swift
[1631/1902] Compiling NIOPosix SelectorUring.swift
[1632/1902] Compiling NIOPosix SelectorWSAPoll.swift
[1633/1902] Compiling NIOPosix ServerSocket.swift
[1634/1902] Compiling NIOPosix Socket.swift
[1635/1902] Compiling NIOPosix SocketChannel.swift
[1636/1902] Compiling NIOPosix SocketProtocols.swift
[1637/1902] Compiling NIOPosix StructuredConcurrencyHelpers.swift
[1638/1902] Compiling NIOPosix System.swift
[1639/1902] Compiling NIOPosix PipeChannel.swift
[1640/1902] Compiling NIOPosix PipePair.swift
[1641/1902] Compiling NIOPosix Pool.swift
[1642/1902] Compiling NIOPosix PosixSingletons+ConcurrencyTakeOver.swift
[1643/1902] Compiling NIOPosix PosixSingletons.swift
[1644/1902] Compiling NIOPosix RawSocketBootstrap.swift
[1645/1902] Compiling NIOPosix Resolver.swift
[1646/1902] Compiling NIOPosix Thread.swift
[1647/1902] Compiling NIOPosix ThreadPosix.swift
[1648/1902] Compiling NIOPosix ThreadWindows.swift
[1649/1902] Compiling NIOPosix Utilities.swift
[1650/1902] Compiling NIOPosix VsockAddress.swift
[1651/1902] Compiling X509 DomainComponent.swift
[1652/1902] Compiling X509 EmailAddress.swift
[1653/1902] Compiling X509 LocalityName.swift
[1654/1902] Compiling X509 OrganizationName.swift
[1655/1902] Compiling X509 OrganizationalUnitName.swift
[1656/1902] Compiling X509 StateOrProvinceName.swift
[1657/1902] Compiling X509 StreetAddress.swift
[1658/1902] Compiling X509 Error.swift
[1659/1902] Compiling X509 AuthorityInformationAccess.swift
[1660/1902] Compiling X509 AuthorityKeyIdentifier.swift
[1661/1902] Compiling X509 BasicConstraints.swift
[1662/1902] Compiling X509 ExtendedKeyUsage.swift
[1663/1902] Compiling X509 ExtensionIdentifiers.swift
[1664/1902] Compiling X509 KeyUsage.swift
[1679/1902] Compiling NIOPosix BSDSocketAPICommon.swift
[1680/1902] Compiling NIOPosix BSDSocketAPIPosix.swift
[1681/1902] Compiling NIOPosix BSDSocketAPIWindows.swift
[1682/1902] Compiling NIOPosix BaseSocket.swift
[1683/1902] Compiling NIOPosix BaseSocketChannel+AccessibleTransport.swift
[1684/1902] Compiling NIOPosix BaseSocketChannel+SocketOptionProvider.swift
[1685/1902] Compiling NIOPosix BaseSocketChannel.swift
[1686/1902] Compiling NIOPosix BaseStreamSocketChannel.swift
[1687/1902] Compiling NIOPosix Bootstrap.swift
[1688/1902] Compiling NIOPosix ControlMessage.swift
[1689/1902] Compiling NIOPosix DatagramVectorReadManager.swift
[1690/1902] Compiling NIOPosix Errors+Any.swift
[1691/1902] Compiling NIOPosix FileDescriptor.swift
[1692/1902] Compiling NIOPosix GetaddrinfoResolver.swift
[1693/1902] Emitting module NIOPosix
[1722/1902] Emitting module X509
[1730/1903] Wrapping AST for NIOPosix for debugging
[1732/1905] Emitting module NIO
[1733/1905] Compiling NIO Exports.swift
[1734/1906] Wrapping AST for NIO for debugging
[1736/1945] Emitting module NIOTLS
[1737/1945] Emitting module NIOFoundationCompat
[1738/1945] Compiling NIOTLS TLSEvents.swift
[1739/1945] Compiling NIOSOCKS SelectedAuthenticationMethod.swift
[1740/1946] Compiling NIOTLS ApplicationProtocolNegotiationHandler.swift
[1741/1946] Compiling NIOHTTP1 HTTPServerRequestMethodQueue.swift
[1742/1946] Compiling NIOHTTP1 HTTPServerUpgradeHandler.swift
[1743/1946] Compiling NIOHTTP1 HTTPEncoder.swift
[1744/1946] Compiling NIOHTTP1 HTTPHeaderValidator.swift
[1745/1946] Compiling NIOSOCKS SOCKSResponse.swift
[1746/1946] Compiling NIOFoundationCompat Exports.swift
[1747/1946] Compiling NIOFoundationCompat WaitSpinningRunLoop.swift
[1748/1946] Compiling NIOFoundationCompat JSONSerialization+ByteBuffer.swift
[1749/1946] Compiling NIOSOCKS ClientStateMachine.swift
[1750/1946] Compiling NIOSOCKS ServerStateMachine.swift
[1752/1947] Compiling X509 ValidatedCertificateChain.swift
[1753/1947] Compiling X509 VerificationDiagnostic.swift
[1754/1947] Compiling X509 Verifier.swift
[1755/1947] Compiling X509 VerifierPolicy.swift
[1756/1947] Compiling X509 AlgorithmIdentifier.swift
[1757/1947] Compiling X509 ECDSASignature.swift
[1758/1947] Compiling X509 RSAPKCS1PublicKey.swift
[1759/1947] Compiling X509 SubjectPublicKeyInfo.swift
[1760/1947] Compiling X509 TBSCertificate.swift
[1761/1947] Compiling X509 Time.swift
[1762/1947] Compiling X509 TimeCalculations.swift
[1763/1947] Compiling X509 Validity.swift
[1764/1947] Compiling X509 X509SendableMetatype.swift
[1764/1948] Wrapping AST for NIOFoundationCompat for debugging
[1767/1948] Emitting module NIOSOCKS
[1768/1948] Compiling NIOHTTP1 ByteCollectionUtils.swift
[1769/1948] Compiling NIOHTTP1 HTTPDecoder.swift
[1770/1948] Compiling NIOHTTP1 HTTPHeaders+Validation.swift
[1771/1948] Compiling NIOHTTP1 HTTPPipelineSetup.swift
[1772/1949] Emitting module NIOHTTP1
[1773/1951] Compiling NIOTLS SNIHandler.swift
[1774/1951] Compiling NIOTLS NIOTypedApplicationProtocolNegotiationHandler.swift
[1775/1951] Compiling NIOTLS ProtocolNegotiationHandlerStateMachine.swift
[1776/1952] Wrapping AST for X509 for debugging
[1779/1987] Compiling JWTKit MLDSA87+MLDSAKey.swift
[1780/1987] Compiling JWTKit MLDSAError.swift
[1780/1999] Wrapping AST for NIOSOCKS for debugging
[1781/2019] Wrapping AST for NIOTLS for debugging
[1783/2049] Compiling NIOSSL NIOSSLHandler.swift
[1784/2049] Compiling NIOSSL AndroidCABundle.swift
[1785/2049] Compiling NIOSSL ByteBufferBIO.swift
[1786/2049] Compiling NIOSSL SSLConnection.swift
[1787/2049] Compiling NIOSSL NIOSSLServerHandler.swift
[1788/2049] Compiling NIOSSL SSLCallbacks.swift
[1789/2049] Compiling NIOSSL SSLContext.swift
[1790/2049] Compiling NIOSSL IdentityVerification.swift
[1791/2049] Compiling NIOSSL SSLCertificate.swift
[1792/2049] Compiling NIOSSL SSLCertificateExtensions.swift
[1793/2049] Compiling NIOSSL SSLCertificateName.swift
[1794/2049] Compiling NIOSSL CustomPrivateKey.swift
[1795/2049] Compiling NIOSSL FreeBSDCABundle.swift
[1801/2049] Compiling NIOSSL ObjectIdentifier.swift
[1802/2049] Compiling NIOSSL PosixPort.swift
[1805/2058] Compiling JWTKit LocaleClaim.swift
[1806/2058] Compiling JWTKit NotBeforeClaim.swift
[1807/2058] Compiling JWTKit SubjectClaim.swift
[1808/2058] Compiling JWTKit TenantIDClaim.swift
[1809/2058] Compiling JWTKit ECDSA.swift
[1810/2058] Compiling JWTKit ECDSACurve.swift
[1811/2058] Compiling JWTKit ECDSACurveType.swift
[1812/2058] Compiling JWTKit ECDSAError.swift
[1813/2058] Compiling JWTKit ECDSAKeyTypes.swift
[1814/2058] Compiling JWTKit ECDSASigner.swift
[1815/2058] Compiling JWTKit MLDSAType.swift
[1816/2058] Compiling JWTKit JWTKeyCollection+UnsecuredNone.swift
[1817/2058] Compiling JWTKit UnsecuredNoneSigner.swift
[1818/2058] Compiling JWTKit JWTKeyCollection+RSA.swift
[1819/2058] Compiling JWTKit RSA.swift
[1820/2058] Compiling JWTKit RSAError.swift
[1821/2058] Compiling JWTKit RSASigner.swift
[1822/2058] Compiling JWTKit Base64URL.swift
[1823/2058] Compiling JWTKit CryptoSigner.swift
[1824/2058] Compiling NIOSSL LinuxCABundle.swift
[1825/2058] Compiling NIOSSL NIOSSLClientHandler.swift
[1826/2058] Compiling NIOSSL NIOSSLHandler+Configuration.swift
[1828/2059] Emitting module JWTKit
[1838/2059] Compiling NIOSSL SafeCompare.swift
[1839/2059] Compiling JWTKit JWTKeyCollection+ECDSA.swift
[1840/2059] Compiling JWTKit P256+CurveType.swift
[1841/2059] Compiling JWTKit P384+CurveType.swift
[1842/2059] Compiling JWTKit P521+CurveType.swift
[1843/2059] Compiling JWTKit EdDSA.swift
[1844/2059] Compiling JWTKit EdDSACurve.swift
[1845/2059] Compiling JWTKit EdDSAError.swift
[1846/2059] Compiling JWTKit EdDSASigner.swift
[1847/2059] Compiling JWTKit JWTKeyCollection+EdDSA.swift
[1847/2059] Wrapping AST for NIOHTTP1 for debugging
[1849/2076] Compiling JWTKit JWTAlgorithm.swift
[1850/2076] Compiling JWTKit JWTError.swift
[1851/2076] Compiling JWTKit JWTHeader+CommonFields.swift
[1852/2076] Compiling JWTKit JWTHeader.swift
[1853/2076] Compiling JWTKit JWTHeaderField.swift
[1854/2076] Compiling JWTKit JWTKeyCollection.swift
[1855/2076] Compiling JWTKit JWTParser+MandatoryVerificationFields.swift
[1856/2076] Compiling JWTKit JWTParser.swift
[1857/2076] Compiling JWTKit JWTPayload.swift
[1858/2076] Compiling NIOSSL SSLErrors.swift
[1859/2076] Compiling NIOSSL SSLInit.swift
[1860/2076] Compiling NIOSSL SSLPKCS12Bundle.swift
[1861/2076] Compiling NIOSSL SSLPrivateKey.swift
[1862/2076] Compiling NIOSSL SSLPublicKey.swift
[1863/2076] Compiling NIOSSL SecurityFrameworkCertificateVerification.swift
[1864/2076] Compiling NIOSSL String+unsafeUninitializedCapacity.swift
[1865/2076] Compiling NIOSSL SubjectAlternativeName.swift
[1866/2076] Compiling NIOSSL NIOSSLSecureBytes.swift
[1867/2076] Compiling NIOSSL RNG.swift
[1868/2076] Compiling NIOHPACK IndexedHeaderTable.swift
[1877/2081] Compiling NIOHPACK HuffmanTables.swift
[1878/2081] Compiling NIOHPACK StaticHeaderTable.swift
[1879/2081] Compiling NIOHPACK DynamicHeaderTable.swift
[1880/2081] Compiling NIOHPACK HPACKDecoder.swift
[1881/2081] Compiling NIOHPACK HPACKHeader.swift
[1882/2081] Compiling NIOHPACK HeaderTables.swift
[1883/2081] Compiling NIOHPACK HPACKEncoder.swift
[1884/2081] Compiling NIOHPACK HPACKErrors.swift
[1888/2081] Compiling NIOHPACK IntegerCoding.swift
[1889/2081] Compiling NIOHTTPCompression HTTPDecompression.swift
[1890/2081] Compiling NIOHTTPCompression HTTPResponseCompressor.swift
[1891/2081] Compiling NIOHTTPCompression HTTPDecompressor.swift
[1892/2081] Compiling NIOHTTPCompression HTTPRequestCompressor.swift
[1893/2081] Emitting module NIOSSL
[1894/2081] Emitting module NIOHTTPCompression
[1895/2081] Compiling NIOHTTPCompression HTTPCompression.swift
[1897/2082] Emitting module NIOHPACK
[1906/2082] Compiling NIOHPACK HuffmanCoding.swift
[1906/2082] Wrapping AST for NIOHTTPCompression for debugging
[1914/2083] Wrapping AST for NIOHPACK for debugging
[1916/2146] Compiling JWTKit CustomizedJSONCoders.swift
[1917/2146] Compiling JWTKit Utilities.swift
[1918/2146] Compiling JWTKit AppleIdentityToken.swift
[1919/2146] Compiling JWTKit FirebaseAuthIdentityToken.swift
[1920/2146] Compiling JWTKit GoogleIdentityToken.swift
[1921/2146] Compiling JWTKit MicrosoftIdentityToken.swift
[1922/2146] Compiling JWTKit EmptyPolicy.swift
[1923/2146] Compiling JWTKit ValidationTimePayload.swift
[1924/2146] Compiling JWTKit X5CVerifier.swift
[1925/2147] Wrapping AST for JWTKit for debugging
[1927/2147] Compiling NIOHTTP2 ContentLengthVerifier.swift
[1928/2147] Compiling NIOHTTP2 DOSHeuristics.swift
[1929/2147] Compiling NIOHTTP2 Error+Any.swift
[1930/2147] Compiling NIOHTTP2 ConcurrentStreamBuffer.swift
[1931/2147] Compiling NIOHTTP2 HasFlowControlWindows.swift
[1932/2147] Compiling NIOHTTP2 HasLocalSettings.swift
[1933/2147] Compiling NIOHTTP2 HasRemoteSettings.swift
[1934/2147] Compiling NIOHTTP2 LocallyQuiescingState.swift
[1935/2147] Compiling NIOHTTP2 QuiescingState.swift
[1936/2147] Compiling NIOHTTP2 RemotelyQuiescingState.swift
[1937/2147] Compiling NIOHTTP2 SendAndReceiveGoawayState.swift
[1938/2147] Compiling NIOHTTP2 StateMachineResult.swift
[1940/2155] Compiling NIOHTTP2 SendingGoawayState.swift
[1941/2155] Compiling NIOHTTP2 SendingHeadersState.swift
[1942/2155] Compiling NIOHTTP2 SendingPushPromiseState.swift
[1943/2155] Compiling NIOHTTP2 SendingRstStreamState.swift
[1944/2156] Wrapping AST for NIOSSL for debugging
[1946/2156] Compiling NIOHTTP2 NIOHTTP2ServerConnectionManagementHandler.swift
[1947/2156] Compiling NIOHTTP2 StreamChannelFlowController.swift
[1948/2156] Compiling NIOHTTP2 StreamChannelList.swift
[1949/2156] Compiling NIOHTTP2 StreamMap.swift
[1950/2156] Compiling NIOHTTP2 StreamStateMachine.swift
[1951/2156] Compiling NIOHTTP2 Timer.swift
[1952/2156] Compiling NIOHTTP2 UnsafeTransfer.swift
[1953/2156] Compiling NIOHTTP2 WatermarkedFlowController.swift
[1954/2156] Compiling NIOHTTP2 ConnectionStateMachine.swift
[1955/2156] Compiling NIOHTTP2 ConnectionStreamsState.swift
[1956/2156] Compiling NIOHTTP2 MayReceiveFrames.swift
[1957/2156] Compiling NIOHTTP2 ReceivingDataState.swift
[1958/2156] Compiling NIOHTTP2 ReceivingGoAwayState.swift
[1959/2156] Compiling NIOHTTP2 ReceivingHeadersState.swift
[1960/2156] Compiling NIOHTTP2 ReceivingPushPromiseState.swift
[1961/2156] Compiling NIOHTTP2 ReceivingRstStreamState.swift
[1962/2156] Compiling NIOHTTP2 ReceivingWindowUpdateState.swift
[1963/2156] Emitting module NIOHTTP2
[1964/2156] Compiling NIOHTTP2 MaySendFrames.swift
[1965/2156] Compiling NIOHTTP2 SendingDataState.swift
[1970/2156] Compiling NIOHTTP2 SendingWindowUpdateState.swift
[1971/2156] Compiling NIOHTTP2 HTTP2SettingsState.swift
[1972/2156] Compiling NIOHTTP2 HasExtendedConnectSettings.swift
[1976/2156] Compiling NIOHTTP2 ControlFrameBuffer.swift
[1977/2156] Compiling NIOHTTP2 OutboundFlowControlBuffer.swift
[1978/2156] Compiling NIOHTTP2 OutboundFrameBuffer.swift
[1979/2156] Compiling NIOHTTP2 GlitchesMonitor.swift
[1980/2156] Compiling NIOHTTP2 HPACKHeaders+Validation.swift
[1981/2156] Compiling NIOHTTP2 HTTP2ChannelHandler+InboundStreamMultiplexer.swift
[1982/2156] Compiling NIOHTTP2 HTTP2FrameParser.swift
[1983/2156] Compiling NIOHTTP2 HTTP2PingData.swift
[1984/2156] Compiling NIOHTTP2 HTTP2PipelineHelpers.swift
[1985/2156] Compiling NIOHTTP2 HTTP2Settings.swift
[1986/2156] Compiling NIOHTTP2 HTTP2Stream.swift
[1987/2156] Compiling NIOHTTP2 HTTP2StreamChannel+OutboundStreamMultiplexer.swift
[1988/2156] Compiling NIOHTTP2 HTTP2StreamChannel.swift
[1989/2156] Compiling NIOHTTP2 HTTP2StreamDelegate.swift
[1990/2156] Compiling NIOHTTP2 HTTP2StreamID.swift
[1991/2156] Compiling NIOHTTP2 HTTP2StreamMultiplexer.swift
[1992/2156] Compiling NIOHTTP2 HTTP2ToHTTP1Codec.swift
[1993/2156] Compiling NIOHTTP2 HTTP2UserEvents.swift
[1994/2156] Compiling NIOHTTP2 InboundEventBuffer.swift
[1995/2156] Compiling NIOHTTP2 InboundWindowManager.swift
[1996/2156] Compiling NIOHTTP2 MultiplexerAbstractChannel.swift
[1997/2156] Compiling NIOHTTP2 NIOHTTP2FrameDelegate.swift
[1998/2156] Compiling NIOHTTP2 NIOHTTP2ServerConnectionManagementHandler+StateMachine.swift
[1999/2156] Compiling NIOHTTP2 HTTP2ChannelHandler+InlineStreamMultiplexer.swift
[2000/2156] Compiling NIOHTTP2 HTTP2ChannelHandler.swift
[2001/2156] Compiling NIOHTTP2 HTTP2CommonInboundStreamMultiplexer.swift
[2002/2156] Compiling NIOHTTP2 HTTP2ConnectionStateChange.swift
[2003/2156] Compiling NIOHTTP2 HTTP2Error.swift
[2004/2156] Compiling NIOHTTP2 HTTP2ErrorCode.swift
[2005/2156] Compiling NIOHTTP2 HTTP2FlowControlWindow.swift
[2006/2156] Compiling NIOHTTP2 HTTP2Frame.swift
[2007/2156] Compiling NIOHTTP2 HTTP2FrameEncoder.swift
[2008/2157] Wrapping AST for NIOHTTP2 for debugging
[2010/2221] Emitting module AsyncHTTPClient
[2011/2229] Compiling AsyncHTTPClient AnyAsyncSequence.swift
[2012/2229] Compiling AsyncHTTPClient AnyAsyncSequenceProucerDelete.swift
[2013/2229] Compiling AsyncHTTPClient AsyncLazySequence.swift
[2014/2229] Compiling AsyncHTTPClient HTTPClient+execute.swift
[2015/2229] Compiling AsyncHTTPClient HTTPClient+shutdown.swift
[2016/2229] Compiling AsyncHTTPClient HTTPClient+tracing.swift
[2017/2229] Compiling AsyncHTTPClient HTTPClientRequest+Prepared.swift
[2018/2229] Compiling AsyncHTTPClient HTTPClientRequest+auth.swift
[2019/2229] Compiling AsyncHTTPClient HTTPClientRequest.swift
[2020/2229] Compiling AsyncHTTPClient HTTPClientResponse.swift
[2021/2229] Compiling AsyncHTTPClient SingleIteratorPrecondition.swift
[2022/2229] Compiling AsyncHTTPClient Transaction+StateMachine.swift
[2023/2229] Compiling AsyncHTTPClient Transaction.swift
[2024/2229] Compiling AsyncHTTPClient Base64.swift
[2025/2229] Compiling AsyncHTTPClient BasicAuth.swift
[2026/2229] Compiling AsyncHTTPClient BestEffortHashableTLSConfiguration.swift
[2027/2229] Compiling AsyncHTTPClient Configuration+BrowserLike.swift
[2028/2229] Compiling AsyncHTTPClient ConnectionPool.swift
[2029/2229] Compiling AsyncHTTPClient RequestValidation.swift
[2030/2229] Compiling AsyncHTTPClient SSLContextCache.swift
[2031/2229] Compiling AsyncHTTPClient Scheme.swift
[2032/2229] Compiling AsyncHTTPClient Singleton.swift
[2033/2229] Compiling AsyncHTTPClient StringConvertibleInstances.swift
[2034/2229] Compiling AsyncHTTPClient StructuredConcurrencyHelpers.swift
[2035/2229] Compiling AsyncHTTPClient TracingSupport.swift
[2036/2229] Compiling AsyncHTTPClient Utils.swift
[2037/2229] Compiling AsyncHTTPClient HTTPConnectionEvent.swift
[2038/2229] Compiling AsyncHTTPClient HTTPConnectionPool+Factory.swift
[2039/2229] Compiling AsyncHTTPClient HTTPConnectionPool+Manager.swift
[2040/2229] Compiling AsyncHTTPClient HTTPConnectionPool.swift
[2041/2229] Compiling AsyncHTTPClient HTTPExecutableRequest.swift
[2042/2229] Compiling AsyncHTTPClient HTTPRequestStateMachine+Demand.swift
[2043/2229] Compiling AsyncHTTPClient HTTPRequestStateMachine.swift
[2044/2229] Compiling AsyncHTTPClient RequestBodyLength.swift
[2045/2229] Compiling AsyncHTTPClient RequestFramingMetadata.swift
[2046/2229] Compiling AsyncHTTPClient RequestOptions.swift
[2047/2229] Compiling AsyncHTTPClient HTTPConnectionPool+Backoff.swift
[2048/2229] Compiling AsyncHTTPClient HTTPConnectionPool+HTTP1Connections.swift
[2049/2229] Compiling AsyncHTTPClient HTTPConnectionPool+HTTP1StateMachine.swift
[2050/2229] Compiling AsyncHTTPClient HTTPConnectionPool+HTTP2Connections.swift
[2051/2229] Compiling AsyncHTTPClient HTTPConnectionPool+HTTP2StateMachine.swift
[2052/2229] Compiling AsyncHTTPClient HTTPConnectionPool+RequestQueue.swift
[2053/2229] Compiling AsyncHTTPClient HTTPConnectionPool+StateMachine.swift
[2054/2229] Compiling AsyncHTTPClient ConnectionTarget.swift
[2055/2229] Compiling AsyncHTTPClient HTTP1ProxyConnectHandler.swift
[2056/2229] Compiling AsyncHTTPClient SOCKSEventsHandler.swift
[2057/2229] Compiling AsyncHTTPClient TLSEventsHandler.swift
[2058/2229] Compiling AsyncHTTPClient HTTP1ClientChannelHandler.swift
[2059/2229] Compiling AsyncHTTPClient HTTP1Connection.swift
[2060/2229] Compiling AsyncHTTPClient HTTP1ConnectionStateMachine.swift
[2061/2229] Compiling AsyncHTTPClient HTTP2ClientRequestHandler.swift
[2062/2229] Compiling AsyncHTTPClient HTTP2Connection.swift
[2063/2229] Compiling AsyncHTTPClient HTTP2IdleHandler.swift
[2064/2229] Compiling AsyncHTTPClient LRUCache.swift
[2065/2229] Compiling AsyncHTTPClient NIOLoopBound+Execute.swift
[2066/2229] Compiling AsyncHTTPClient NWErrorHandler.swift
[2067/2229] Compiling AsyncHTTPClient NWWaitingHandler.swift
[2068/2229] Compiling AsyncHTTPClient TLSConfiguration.swift
[2069/2229] Compiling AsyncHTTPClient RedirectState.swift
[2070/2229] Compiling AsyncHTTPClient RequestBag+StateMachine.swift
[2071/2229] Compiling AsyncHTTPClient RequestBag+Tracing.swift
[2072/2229] Compiling AsyncHTTPClient RequestBag.swift
[2073/2229] Compiling AsyncHTTPClient DeconstructedURL.swift
[2074/2229] Compiling AsyncHTTPClient FileDownloadDelegate.swift
[2075/2229] Compiling AsyncHTTPClient FoundationExtensions.swift
[2076/2229] Compiling AsyncHTTPClient HTTPClient+HTTPCookie.swift
[2077/2229] Compiling AsyncHTTPClient HTTPClient+Proxy.swift
[2078/2229] Compiling AsyncHTTPClient HTTPClient+StructuredConcurrency.swift
[2079/2229] Compiling AsyncHTTPClient HTTPClient.swift
[2080/2229] Compiling AsyncHTTPClient HTTPClientConfiguration+SwiftConfiguration.swift
[2081/2229] Compiling AsyncHTTPClient HTTPHandler.swift
[2082/2230] Wrapping AST for AsyncHTTPClient for debugging
[2084/2253] Compiling GoogleAuth ADC.swift
[2085/2253] Compiling GoogleAuth ADCPath.swift
[2086/2253] Compiling GoogleAuth ADCResolver.swift
[2087/2253] Compiling GoogleAuth AuthHeaders.swift
[2088/2256] Compiling GoogleAuth ServiceAccountCredentials.swift
[2089/2256] Compiling GoogleAuth ServiceAccountData.swift
[2090/2256] Compiling GoogleAuth ServiceAccountTokenProvider.swift
[2091/2256] Compiling GoogleAuth SubjectTokenProvider.swift
[2092/2256] Compiling GoogleAuth MDSAccessTokenProvider.swift
[2093/2256] Compiling GoogleAuth MDSCredentials.swift
[2094/2256] Compiling GoogleAuth AnonymousCredentials.swift
[2095/2256] Compiling GoogleAuth ApiKeyCredentials.swift
[2096/2256] Compiling GoogleAuth ExternalAccountCredentials.swift
[2097/2256] Compiling GoogleAuth AuthHTTPClient.swift
[2098/2256] Compiling GoogleAuth AuthHTTPError.swift
[2099/2256] Compiling GoogleAuth RetryEngine.swift
[2100/2256] Emitting module GoogleAuth
[2101/2256] Compiling GoogleAuth UserAccountData.swift
[2102/2256] Compiling GoogleAuth UserAccountTokenProvider.swift
[2103/2256] Compiling GoogleAuth UserCredentials.swift
[2104/2256] Compiling GoogleAuth CredentialParserRegistry.swift
[2105/2256] Compiling GoogleAuth Credentials.swift
[2106/2256] Compiling GoogleAuth CredentialsError.swift
[2107/2256] Compiling GoogleAuth STSHandler.swift
[2108/2256] Compiling GoogleAuth TokenCache.swift
[2109/2256] Compiling GoogleAuth PackageVersion.swift
[2110/2257] Wrapping AST for GoogleAuth for debugging
[2112/2315] Compiling GoogleGax Pagination.swift
/host/spi-builder-workspace/.build/checkouts/swift-google-gax/Sources/GoogleGax/Pagination.swift:44:22: error: cannot convert '@Sendable (String) async throws -> (response: ResponseType, items: [Item], nextToken: String)' to 'nonisolated(nonsending) @Sendable (String) async throws -> (response: ResponseType, items: [Item], nextToken: String)' because crossing of an isolation boundary requires parameter and result types to conform to 'Sendable' protocol
 42 |   ) where ResponseType: _PaginatedResponse<Item> {
 43 |     self.initialPageToken = initialPageToken ?? ""
 44 |     self.fetchPage = { token in
    |                      |- error: cannot convert '@Sendable (String) async throws -> (response: ResponseType, items: [Item], nextToken: String)' to 'nonisolated(nonsending) @Sendable (String) async throws -> (response: ResponseType, items: [Item], nextToken: String)' because crossing of an isolation boundary requires parameter and result types to conform to 'Sendable' protocol
    |                      `- note: type 'Item' does not conform to 'Sendable' protocol
 45 |       let response = try await listRpc(token)
 46 |       return (response, response._getPaginatedItems(), response._nextPageToken())
[2113/2315] Compiling GoogleGax PollingBackoffPolicy.swift
/host/spi-builder-workspace/.build/checkouts/swift-google-gax/Sources/GoogleGax/Pagination.swift:44:22: error: cannot convert '@Sendable (String) async throws -> (response: ResponseType, items: [Item], nextToken: String)' to 'nonisolated(nonsending) @Sendable (String) async throws -> (response: ResponseType, items: [Item], nextToken: String)' because crossing of an isolation boundary requires parameter and result types to conform to 'Sendable' protocol
 42 |   ) where ResponseType: _PaginatedResponse<Item> {
 43 |     self.initialPageToken = initialPageToken ?? ""
 44 |     self.fetchPage = { token in
    |                      |- error: cannot convert '@Sendable (String) async throws -> (response: ResponseType, items: [Item], nextToken: String)' to 'nonisolated(nonsending) @Sendable (String) async throws -> (response: ResponseType, items: [Item], nextToken: String)' because crossing of an isolation boundary requires parameter and result types to conform to 'Sendable' protocol
    |                      `- note: type 'Item' does not conform to 'Sendable' protocol
 45 |       let response = try await listRpc(token)
 46 |       return (response, response._getPaginatedItems(), response._nextPageToken())
[2114/2315] Compiling GoogleGax PollingErrorPolicy.swift
/host/spi-builder-workspace/.build/checkouts/swift-google-gax/Sources/GoogleGax/Pagination.swift:44:22: error: cannot convert '@Sendable (String) async throws -> (response: ResponseType, items: [Item], nextToken: String)' to 'nonisolated(nonsending) @Sendable (String) async throws -> (response: ResponseType, items: [Item], nextToken: String)' because crossing of an isolation boundary requires parameter and result types to conform to 'Sendable' protocol
 42 |   ) where ResponseType: _PaginatedResponse<Item> {
 43 |     self.initialPageToken = initialPageToken ?? ""
 44 |     self.fetchPage = { token in
    |                      |- error: cannot convert '@Sendable (String) async throws -> (response: ResponseType, items: [Item], nextToken: String)' to 'nonisolated(nonsending) @Sendable (String) async throws -> (response: ResponseType, items: [Item], nextToken: String)' because crossing of an isolation boundary requires parameter and result types to conform to 'Sendable' protocol
    |                      `- note: type 'Item' does not conform to 'Sendable' protocol
 45 |       let response = try await listRpc(token)
 46 |       return (response, response._getPaginatedItems(), response._nextPageToken())
[2115/2315] Compiling GoogleGax PollingResult.swift
/host/spi-builder-workspace/.build/checkouts/swift-google-gax/Sources/GoogleGax/Pagination.swift:44:22: error: cannot convert '@Sendable (String) async throws -> (response: ResponseType, items: [Item], nextToken: String)' to 'nonisolated(nonsending) @Sendable (String) async throws -> (response: ResponseType, items: [Item], nextToken: String)' because crossing of an isolation boundary requires parameter and result types to conform to 'Sendable' protocol
 42 |   ) where ResponseType: _PaginatedResponse<Item> {
 43 |     self.initialPageToken = initialPageToken ?? ""
 44 |     self.fetchPage = { token in
    |                      |- error: cannot convert '@Sendable (String) async throws -> (response: ResponseType, items: [Item], nextToken: String)' to 'nonisolated(nonsending) @Sendable (String) async throws -> (response: ResponseType, items: [Item], nextToken: String)' because crossing of an isolation boundary requires parameter and result types to conform to 'Sendable' protocol
    |                      `- note: type 'Item' does not conform to 'Sendable' protocol
 45 |       let response = try await listRpc(token)
 46 |       return (response, response._getPaginatedItems(), response._nextPageToken())
[2116/2315] Compiling GoogleGax PollingState.swift
/host/spi-builder-workspace/.build/checkouts/swift-google-gax/Sources/GoogleGax/Pagination.swift:44:22: error: cannot convert '@Sendable (String) async throws -> (response: ResponseType, items: [Item], nextToken: String)' to 'nonisolated(nonsending) @Sendable (String) async throws -> (response: ResponseType, items: [Item], nextToken: String)' because crossing of an isolation boundary requires parameter and result types to conform to 'Sendable' protocol
 42 |   ) where ResponseType: _PaginatedResponse<Item> {
 43 |     self.initialPageToken = initialPageToken ?? ""
 44 |     self.fetchPage = { token in
    |                      |- error: cannot convert '@Sendable (String) async throws -> (response: ResponseType, items: [Item], nextToken: String)' to 'nonisolated(nonsending) @Sendable (String) async throws -> (response: ResponseType, items: [Item], nextToken: String)' because crossing of an isolation boundary requires parameter and result types to conform to 'Sendable' protocol
    |                      `- note: type 'Item' does not conform to 'Sendable' protocol
 45 |       let response = try await listRpc(token)
 46 |       return (response, response._getPaginatedItems(), response._nextPageToken())
[2117/2315] Compiling GoogleGax ProtobufConversionError.swift
/host/spi-builder-workspace/.build/checkouts/swift-google-gax/Sources/GoogleGax/Pagination.swift:44:22: error: cannot convert '@Sendable (String) async throws -> (response: ResponseType, items: [Item], nextToken: String)' to 'nonisolated(nonsending) @Sendable (String) async throws -> (response: ResponseType, items: [Item], nextToken: String)' because crossing of an isolation boundary requires parameter and result types to conform to 'Sendable' protocol
 42 |   ) where ResponseType: _PaginatedResponse<Item> {
 43 |     self.initialPageToken = initialPageToken ?? ""
 44 |     self.fetchPage = { token in
    |                      |- error: cannot convert '@Sendable (String) async throws -> (response: ResponseType, items: [Item], nextToken: String)' to 'nonisolated(nonsending) @Sendable (String) async throws -> (response: ResponseType, items: [Item], nextToken: String)' because crossing of an isolation boundary requires parameter and result types to conform to 'Sendable' protocol
    |                      `- note: type 'Item' does not conform to 'Sendable' protocol
 45 |       let response = try await listRpc(token)
 46 |       return (response, response._getPaginatedItems(), response._nextPageToken())
[2118/2315] Compiling GoogleGax QueryParameter.swift
/host/spi-builder-workspace/.build/checkouts/swift-google-gax/Sources/GoogleGax/Pagination.swift:44:22: error: cannot convert '@Sendable (String) async throws -> (response: ResponseType, items: [Item], nextToken: String)' to 'nonisolated(nonsending) @Sendable (String) async throws -> (response: ResponseType, items: [Item], nextToken: String)' because crossing of an isolation boundary requires parameter and result types to conform to 'Sendable' protocol
 42 |   ) where ResponseType: _PaginatedResponse<Item> {
 43 |     self.initialPageToken = initialPageToken ?? ""
 44 |     self.fetchPage = { token in
    |                      |- error: cannot convert '@Sendable (String) async throws -> (response: ResponseType, items: [Item], nextToken: String)' to 'nonisolated(nonsending) @Sendable (String) async throws -> (response: ResponseType, items: [Item], nextToken: String)' because crossing of an isolation boundary requires parameter and result types to conform to 'Sendable' protocol
    |                      `- note: type 'Item' does not conform to 'Sendable' protocol
 45 |       let response = try await listRpc(token)
 46 |       return (response, response._getPaginatedItems(), response._nextPageToken())
[2119/2315] Compiling GoogleGax RequestError.swift
/host/spi-builder-workspace/.build/checkouts/swift-google-gax/Sources/GoogleGax/Pagination.swift:44:22: error: cannot convert '@Sendable (String) async throws -> (response: ResponseType, items: [Item], nextToken: String)' to 'nonisolated(nonsending) @Sendable (String) async throws -> (response: ResponseType, items: [Item], nextToken: String)' because crossing of an isolation boundary requires parameter and result types to conform to 'Sendable' protocol
 42 |   ) where ResponseType: _PaginatedResponse<Item> {
 43 |     self.initialPageToken = initialPageToken ?? ""
 44 |     self.fetchPage = { token in
    |                      |- error: cannot convert '@Sendable (String) async throws -> (response: ResponseType, items: [Item], nextToken: String)' to 'nonisolated(nonsending) @Sendable (String) async throws -> (response: ResponseType, items: [Item], nextToken: String)' because crossing of an isolation boundary requires parameter and result types to conform to 'Sendable' protocol
    |                      `- note: type 'Item' does not conform to 'Sendable' protocol
 45 |       let response = try await listRpc(token)
 46 |       return (response, response._getPaginatedItems(), response._nextPageToken())
[2120/2323] Compiling GoogleGax AIP194+PollingErrorPolicy.swift
[2121/2323] Compiling GoogleGax AIP194+RetryPolicy.swift
[2122/2323] Compiling GoogleGax AIP194.swift
[2123/2323] Compiling GoogleGax AdaptiveThrottler.swift
[2124/2323] Compiling GoogleGax AlwaysPoll.swift
[2125/2323] Compiling GoogleGax AlwaysRetry.swift
[2126/2323] Compiling GoogleGax ApiClientHeader.swift
[2127/2323] Compiling GoogleGax BackoffPolicy.swift
[2128/2323] Compiling GoogleGax BasePollingErrorPolicy.swift
[2129/2323] Emitting module GoogleGax
[2130/2323] Compiling GoogleGax LimitedAttemptCount+PollingErrorPolicy.swift
[2131/2323] Compiling GoogleGax LimitedAttemptCount+RetryPolicy.swift
[2132/2323] Compiling GoogleGax LimitedAttemptCount.swift
[2133/2323] Compiling GoogleGax LimitedElapsedTime+PollingErrorPolicy.swift
[2134/2323] Compiling GoogleGax LimitedElapsedTime+RetryPolicy.swift
[2135/2323] Compiling GoogleGax LimitedElapsedTime.swift
[2136/2323] Compiling GoogleGax LongRunningOperations.swift
[2137/2323] Compiling GoogleGax NeverRetry.swift
[2138/2323] Compiling GoogleGax RequestOptions.swift
[2139/2323] Compiling GoogleGax RetryLoop.swift
[2140/2323] Compiling GoogleGax RetryPolicy.swift
[2141/2323] Compiling GoogleGax RetryResult.swift
[2142/2323] Compiling GoogleGax RetryState.swift
[2143/2323] Compiling GoogleGax RetryThrottler.swift
[2144/2323] Compiling GoogleGax RetryThrottlerError.swift
[2145/2323] Compiling GoogleGax RoutingMatcher.swift
[2146/2323] Compiling GoogleGax ContinueOnIO.swift
[2147/2323] Compiling GoogleGax CredentialsProtocol.swift
[2148/2323] Compiling GoogleGax ErrorWrapper.swift
[2149/2323] Compiling GoogleGax ExponentialBackoff+BackoffPolicy.swift
[2150/2323] Compiling GoogleGax ExponentialBackoff+PollingBackoffPolicy.swift
[2151/2323] Compiling GoogleGax ExponentialBackoff.swift
[2152/2323] Compiling GoogleGax HTTPClient.swift
[2153/2323] Compiling GoogleGax HTTPClientHolder.swift
[2154/2323] Compiling GoogleGax ServiceError.swift
[2155/2323] Compiling GoogleGax StatusDetail.swift
[2156/2323] Compiling GoogleGax StrictIdempotency.swift
[2157/2323] Compiling GoogleGax ThrottleResult.swift
[2158/2323] Compiling GoogleGax TooManyRequests+PollingErrorPolicy.swift
[2159/2323] Compiling GoogleGax TooManyRequests+RetryPolicy.swift
[2160/2323] Compiling GoogleGax TooManyRequests.swift
[2161/2323] Compiling GoogleGax PackageVersion.swift
[2162/2323] Compiling GoogleGax HTTPClientProtocol.swift
[2163/2323] Compiling GoogleGax HTTPClientRequest.swift
[2164/2323] Compiling GoogleGax HTTPClientResponse.swift
[2165/2323] Compiling GoogleGax HTTPHeaders.swift
[2166/2323] Compiling GoogleGax HTTPResponseBody.swift
[2167/2323] Compiling GoogleGax HeaderNames.swift
[2168/2323] Compiling GoogleGax Host.swift
[2169/2323] Compiling GoogleGax InProgressResult.swift
[2170/2323] Compiling GoogleGax BaseRetryPolicy.swift
[2171/2323] Compiling GoogleGax BindingError.swift
[2172/2323] Compiling GoogleGax CRC32C.swift
[2173/2323] Compiling GoogleGax CircuitBreaker.swift
[2174/2323] Compiling GoogleGax ClientError.swift
[2175/2323] Compiling GoogleGax ClientOptions.swift
[2176/2323] Compiling GoogleGax ContinueOnIO+PollingErrorPolicy.swift
[2177/2323] Compiling GoogleGax ContinueOnIO+RetryPolicy.swift
BUILD FAILURE 6.2 android