Build Information
Failed to build WWMessageBar, reference main (2c0c78), with Swift 6.4 for visionOS using Xcode 27.0 on 21 Sep 2026 23:56:13 UTC.
Build Command
env DEVELOPER_DIR=/Applications/Xcode-27.0.0-Release.Candidate.app xcrun xcodebuild -IDEClonedSourcePackagesDirPathOverride=$PWD/.dependencies -skipMacroValidation -skipPackagePluginValidation -derivedDataPath $PWD/.derivedData build -scheme WWMessageBar -destination generic/platform=xrOSBuild Log
========================================
RunAll
========================================
Builder version: 5.1.0
Interrupt handler set up.
========================================
Checkout
========================================
Clone URL: https://github.com/William-Weng/WWMessageBar.git
Reference: main
Initialized empty Git repository in /Users/admin/builder/spi-builder-workspace/.git/
From https://github.com/William-Weng/WWMessageBar
* branch main -> FETCH_HEAD
* [new branch] main -> origin/main
HEAD is now at 2c0c788 - 加上「向上滑移除」及「向下滑停止」的功能…
Cloned https://github.com/William-Weng/WWMessageBar.git
Revision (git rev-parse @):
2c0c788c56f98bf44d6d2b04d50a60967d0073a4
SUCCESS checkout https://github.com/William-Weng/WWMessageBar.git at main
========================================
Build
========================================
Selected platform: visionOS
Swift version: 6.4
Building package at path: $PWD
https://github.com/William-Weng/WWMessageBar.git
Command line invocation:
/Applications/Xcode-27.0.0-Release.Candidate.app/Contents/Developer/usr/bin/xcodebuild -IDEClonedSourcePackagesDirPathOverride=/Users/admin/builder/spi-builder-workspace/.dependencies -resolvePackageDependencies
Resolve Package Graph
Resolve Package Graph
Resolved source packages:
WWMessageBar: /Users/admin/builder/spi-builder-workspace
resolved source packages: WWMessageBar
2026-09-21 19:55:14.955 xcodebuild[529:3058] [MT] IDERunDestination: Supported platforms for the buildables in the current scheme is empty.
{
"dependencies" : [
],
"manifest_display_name" : "WWMessageBar",
"name" : "WWMessageBar",
"path" : "/Users/admin/builder/spi-builder-workspace",
"platforms" : [
{
"name" : "ios",
"version" : "15.0"
}
],
"products" : [
{
"name" : "WWMessageBar",
"targets" : [
"WWMessageBar"
],
"type" : {
"library" : [
"automatic"
]
}
}
],
"swift_languages_versions" : [
"5"
],
"targets" : [
{
"c99name" : "WWMessageBar",
"module_type" : "SwiftTarget",
"name" : "WWMessageBar",
"path" : "Sources/WWMessageBar",
"product_memberships" : [
"WWMessageBar"
],
"resources" : [
{
"path" : "/Users/admin/builder/spi-builder-workspace/Sources/WWMessageBar/Material/Media.xcassets",
"rule" : {
"process" : {
}
}
},
{
"path" : "/Users/admin/builder/spi-builder-workspace/Sources/WWMessageBar/Privacy",
"rule" : {
"copy" : {
}
}
},
{
"path" : "/Users/admin/builder/spi-builder-workspace/Sources/WWMessageBar/Storyboard/Storyboard.storyboard",
"rule" : {
"process" : {
}
}
}
],
"sources" : [
"MessageBarViewController.swift",
"MessageBarWindow.swift",
"Utility/Constant.swift",
"Utility/Extension.swift",
"Utility/Protocol.swift",
"WWMessageBar.swift"
],
"type" : "library"
}
],
"tools_version" : "5.7"
}
{
"workspace" : {
"name" : "WWMessageBar",
"schemes" : [
"WWMessageBar"
]
}
}
2026-09-21 19:55:57.026 xcodebuild[663:4244] [MT] IDERunDestination: Supported platforms for the buildables in the current scheme is empty.
Running build ...
env DEVELOPER_DIR=/Applications/Xcode-27.0.0-Release.Candidate.app xcrun xcodebuild -IDEClonedSourcePackagesDirPathOverride=$PWD/.dependencies -skipMacroValidation -skipPackagePluginValidation -derivedDataPath $PWD/.derivedData build -scheme WWMessageBar -destination generic/platform=xrOS
Command line invocation:
/Applications/Xcode-27.0.0-Release.Candidate.app/Contents/Developer/usr/bin/xcodebuild -IDEClonedSourcePackagesDirPathOverride=/Users/admin/builder/spi-builder-workspace/.dependencies -skipMacroValidation -skipPackagePluginValidation -derivedDataPath /Users/admin/builder/spi-builder-workspace/.derivedData build -scheme WWMessageBar -destination generic/platform=xrOS
Resolve Package Graph
Resolved source packages:
WWMessageBar: /Users/admin/builder/spi-builder-workspace
ComputePackagePrebuildTargetDependencyGraph
Prepare packages
CreateBuildRequest
SendProjectDescription
CreateBuildOperation
ComputeTargetDependencyGraph
note: Building targets in dependency order
note: Target dependency graph (3 targets)
Target 'WWMessageBar-product' in project 'WWMessageBar'
➜ Explicit dependency on target 'WWMessageBar' in project 'WWMessageBar'
➜ Explicit dependency on target 'WWMessageBar_WWMessageBar' in project 'WWMessageBar'
Target 'WWMessageBar' in project 'WWMessageBar'
➜ Explicit dependency on target 'WWMessageBar_WWMessageBar' in project 'WWMessageBar'
Target 'WWMessageBar_WWMessageBar' in project 'WWMessageBar' (no dependencies)
GatherProvisioningInputs
CreateBuildDescription
ExecuteExternalTool /Applications/Xcode-27.0.0-Release.Candidate.app/Contents/Developer/Toolchains/XcodeDefault.xctoolchain/usr/bin/clang -v -E -dM -isysroot /Applications/Xcode-27.0.0-Release.Candidate.app/Contents/Developer/Platforms/XROS.platform/Developer/SDKs/XROS27.0.sdk -x c -c /dev/null
ExecuteExternalTool /Applications/Xcode-27.0.0-Release.Candidate.app/Contents/Developer/usr/bin/ibtool --version --output-format xml1
ExecuteExternalTool /Applications/Xcode-27.0.0-Release.Candidate.app/Contents/Developer/usr/bin/actool --version --output-format xml1
ExecuteExternalTool /Applications/Xcode-27.0.0-Release.Candidate.app/Contents/Developer/Toolchains/XcodeDefault.xctoolchain/usr/bin/swiftc --version
ExecuteExternalTool /Applications/Xcode-27.0.0-Release.Candidate.app/Contents/Developer/Toolchains/XcodeDefault.xctoolchain/usr/bin/ld -version_details
Build description signature: 5a9e8ad3ee6b3e311276f443dada778b
Build description path: /Users/admin/builder/spi-builder-workspace/.derivedData/Build/Intermediates.noindex/XCBuildData/5a9e8ad3ee6b3e311276f443dada778b.xcbuilddata
CreateBuildDirectory /Users/admin/builder/spi-builder-workspace/.derivedData/SDKExplicitPrecompiledModules
cd /Users/admin/builder/spi-builder-workspace/.swiftpm/xcode
builtin-create-build-directory /Users/admin/builder/spi-builder-workspace/.derivedData/SDKExplicitPrecompiledModules
CreateBuildDirectory /Users/admin/builder/spi-builder-workspace/.derivedData/ModuleCache.noindex
cd /Users/admin/builder/spi-builder-workspace/.swiftpm/xcode
builtin-create-build-directory /Users/admin/builder/spi-builder-workspace/.derivedData/ModuleCache.noindex
CreateBuildDirectory /Users/admin/builder/spi-builder-workspace/.derivedData/Build/Intermediates.noindex
cd /Users/admin/builder/spi-builder-workspace/.swiftpm/xcode
builtin-create-build-directory /Users/admin/builder/spi-builder-workspace/.derivedData/Build/Intermediates.noindex
CreateBuildDirectory /Users/admin/builder/spi-builder-workspace/.derivedData/Build/Products
cd /Users/admin/builder/spi-builder-workspace/.swiftpm/xcode
builtin-create-build-directory /Users/admin/builder/spi-builder-workspace/.derivedData/Build/Products
CreateBuildDirectory /Users/admin/builder/spi-builder-workspace/.derivedData/CompilationCache.noindex
cd /Users/admin/builder/spi-builder-workspace/.swiftpm/xcode
builtin-create-build-directory /Users/admin/builder/spi-builder-workspace/.derivedData/CompilationCache.noindex
ClangStatCache /Applications/Xcode-27.0.0-Release.Candidate.app/Contents/Developer/Toolchains/XcodeDefault.xctoolchain/usr/bin/clang-stat-cache /Applications/Xcode-27.0.0-Release.Candidate.app/Contents/Developer/Platforms/XROS.platform/Developer/SDKs/XROS27.0.sdk /Users/admin/builder/spi-builder-workspace/.derivedData/SDKStatCaches.noindex/xros27.0-24M361-e829b21a6f8c9b70876ba0858053c044735bd543db762f57723cac368afd1ce4.sdkstatcache
cd /Users/admin/builder/spi-builder-workspace/.swiftpm/xcode
/Applications/Xcode-27.0.0-Release.Candidate.app/Contents/Developer/Toolchains/XcodeDefault.xctoolchain/usr/bin/clang-stat-cache /Applications/Xcode-27.0.0-Release.Candidate.app/Contents/Developer/Platforms/XROS.platform/Developer/SDKs/XROS27.0.sdk -o /Users/admin/builder/spi-builder-workspace/.derivedData/SDKStatCaches.noindex/xros27.0-24M361-e829b21a6f8c9b70876ba0858053c044735bd543db762f57723cac368afd1ce4.sdkstatcache
CreateBuildDirectory /Users/admin/builder/spi-builder-workspace/.derivedData/Build/Intermediates.noindex/SwiftExplicitPrecompiledModules
cd /Users/admin/builder/spi-builder-workspace/.swiftpm/xcode
builtin-create-build-directory /Users/admin/builder/spi-builder-workspace/.derivedData/Build/Intermediates.noindex/SwiftExplicitPrecompiledModules
CreateBuildDirectory /Users/admin/builder/spi-builder-workspace/.derivedData/Build/Intermediates.noindex/PrecompiledHeaders
cd /Users/admin/builder/spi-builder-workspace/.swiftpm/xcode
builtin-create-build-directory /Users/admin/builder/spi-builder-workspace/.derivedData/Build/Intermediates.noindex/PrecompiledHeaders
CreateBuildDirectory /Users/admin/builder/spi-builder-workspace/.derivedData/Build/Intermediates.noindex/ExplicitPrecompiledModules
cd /Users/admin/builder/spi-builder-workspace/.swiftpm/xcode
builtin-create-build-directory /Users/admin/builder/spi-builder-workspace/.derivedData/Build/Intermediates.noindex/ExplicitPrecompiledModules
CreateBuildDirectory /Users/admin/builder/spi-builder-workspace/.derivedData/Build/Intermediates.noindex/EagerLinkingTBDs/Debug-xros
cd /Users/admin/builder/spi-builder-workspace/.swiftpm/xcode
builtin-create-build-directory /Users/admin/builder/spi-builder-workspace/.derivedData/Build/Intermediates.noindex/EagerLinkingTBDs/Debug-xros
CreateBuildDirectory /Users/admin/builder/spi-builder-workspace/.derivedData/Build/Products/Debug-xros
cd /Users/admin/builder/spi-builder-workspace/.swiftpm/xcode
builtin-create-build-directory /Users/admin/builder/spi-builder-workspace/.derivedData/Build/Products/Debug-xros
CreateBuildDirectory /Users/admin/builder/spi-builder-workspace/.derivedData/Build/Products/Debug-xros/PackageFrameworks
cd /Users/admin/builder/spi-builder-workspace/.swiftpm/xcode
builtin-create-build-directory /Users/admin/builder/spi-builder-workspace/.derivedData/Build/Products/Debug-xros/PackageFrameworks
WriteAuxiliaryFile /Users/admin/builder/spi-builder-workspace/.derivedData/Build/Intermediates.noindex/WWMessageBar.build/Debug-xros/WWMessageBar_WWMessageBar-b.build/WWMessageBar_WWMessageBar.DependencyStaticMetadataFileList (in target 'WWMessageBar_WWMessageBar' from project 'WWMessageBar')
cd /Users/admin/builder/spi-builder-workspace
write-file /Users/admin/builder/spi-builder-workspace/.derivedData/Build/Intermediates.noindex/WWMessageBar.build/Debug-xros/WWMessageBar_WWMessageBar-b.build/WWMessageBar_WWMessageBar.DependencyStaticMetadataFileList
WriteAuxiliaryFile /Users/admin/builder/spi-builder-workspace/.derivedData/Build/Intermediates.noindex/WWMessageBar.build/Debug-xros/WWMessageBar_WWMessageBar-b.build/empty-WWMessageBar_WWMessageBar.plist (in target 'WWMessageBar_WWMessageBar' from project 'WWMessageBar')
cd /Users/admin/builder/spi-builder-workspace
write-file /Users/admin/builder/spi-builder-workspace/.derivedData/Build/Intermediates.noindex/WWMessageBar.build/Debug-xros/WWMessageBar_WWMessageBar-b.build/empty-WWMessageBar_WWMessageBar.plist
WriteAuxiliaryFile /Users/admin/builder/spi-builder-workspace/.derivedData/Build/Intermediates.noindex/WWMessageBar.build/Debug-xros/WWMessageBar_WWMessageBar-b.build/WWMessageBar_WWMessageBar.DependencyMetadataFileList (in target 'WWMessageBar_WWMessageBar' from project 'WWMessageBar')
cd /Users/admin/builder/spi-builder-workspace
write-file /Users/admin/builder/spi-builder-workspace/.derivedData/Build/Intermediates.noindex/WWMessageBar.build/Debug-xros/WWMessageBar_WWMessageBar-b.build/WWMessageBar_WWMessageBar.DependencyMetadataFileList
WriteAuxiliaryFile /Users/admin/builder/spi-builder-workspace/.derivedData/Build/Intermediates.noindex/WWMessageBar.build/Debug-xros/WWMessageBar-t.build/WWMessageBar.modulemap (in target 'WWMessageBar' from project 'WWMessageBar')
cd /Users/admin/builder/spi-builder-workspace
write-file /Users/admin/builder/spi-builder-workspace/.derivedData/Build/Intermediates.noindex/WWMessageBar.build/Debug-xros/WWMessageBar-t.build/WWMessageBar.modulemap
WriteAuxiliaryFile /Users/admin/builder/spi-builder-workspace/.derivedData/Build/Intermediates.noindex/WWMessageBar.build/Debug-xros/WWMessageBar-t.build/WWMessageBar.DependencyMetadataFileList (in target 'WWMessageBar' from project 'WWMessageBar')
cd /Users/admin/builder/spi-builder-workspace
write-file /Users/admin/builder/spi-builder-workspace/.derivedData/Build/Intermediates.noindex/WWMessageBar.build/Debug-xros/WWMessageBar-t.build/WWMessageBar.DependencyMetadataFileList
WriteAuxiliaryFile /Users/admin/builder/spi-builder-workspace/.derivedData/Build/Intermediates.noindex/WWMessageBar.build/Debug-xros/WWMessageBar-t.build/WWMessageBar.DependencyStaticMetadataFileList (in target 'WWMessageBar' from project 'WWMessageBar')
cd /Users/admin/builder/spi-builder-workspace
write-file /Users/admin/builder/spi-builder-workspace/.derivedData/Build/Intermediates.noindex/WWMessageBar.build/Debug-xros/WWMessageBar-t.build/WWMessageBar.DependencyStaticMetadataFileList
WriteAuxiliaryFile /Users/admin/builder/spi-builder-workspace/.derivedData/Build/Intermediates.noindex/WWMessageBar.build/Debug-xros/WWMessageBar-t.build/Objects-normal/arm64/WWMessageBar.SwiftFileList (in target 'WWMessageBar' from project 'WWMessageBar')
cd /Users/admin/builder/spi-builder-workspace
write-file /Users/admin/builder/spi-builder-workspace/.derivedData/Build/Intermediates.noindex/WWMessageBar.build/Debug-xros/WWMessageBar-t.build/Objects-normal/arm64/WWMessageBar.SwiftFileList
WriteAuxiliaryFile /Users/admin/builder/spi-builder-workspace/.derivedData/Build/Intermediates.noindex/WWMessageBar.build/Debug-xros/WWMessageBar-t.build/Objects-normal/arm64/WWMessageBar_const_extract_protocols.json (in target 'WWMessageBar' from project 'WWMessageBar')
cd /Users/admin/builder/spi-builder-workspace
write-file /Users/admin/builder/spi-builder-workspace/.derivedData/Build/Intermediates.noindex/WWMessageBar.build/Debug-xros/WWMessageBar-t.build/Objects-normal/arm64/WWMessageBar_const_extract_protocols.json
WriteAuxiliaryFile /Users/admin/builder/spi-builder-workspace/.derivedData/Build/Intermediates.noindex/WWMessageBar.build/Debug-xros/WWMessageBar-t.build/Objects-normal/arm64/WWMessageBar.SwiftConstValuesFileList (in target 'WWMessageBar' from project 'WWMessageBar')
cd /Users/admin/builder/spi-builder-workspace
write-file /Users/admin/builder/spi-builder-workspace/.derivedData/Build/Intermediates.noindex/WWMessageBar.build/Debug-xros/WWMessageBar-t.build/Objects-normal/arm64/WWMessageBar.SwiftConstValuesFileList
WriteAuxiliaryFile /Users/admin/builder/spi-builder-workspace/.derivedData/Build/Intermediates.noindex/WWMessageBar.build/Debug-xros/WWMessageBar-t.build/Objects-normal/arm64/WWMessageBar.LinkFileList (in target 'WWMessageBar' from project 'WWMessageBar')
cd /Users/admin/builder/spi-builder-workspace
write-file /Users/admin/builder/spi-builder-workspace/.derivedData/Build/Intermediates.noindex/WWMessageBar.build/Debug-xros/WWMessageBar-t.build/Objects-normal/arm64/WWMessageBar.LinkFileList
WriteAuxiliaryFile /Users/admin/builder/spi-builder-workspace/.derivedData/Build/Intermediates.noindex/WWMessageBar.build/Debug-xros/WWMessageBar-t.build/Objects-normal/arm64/WWMessageBar-OutputFileMap.json (in target 'WWMessageBar' from project 'WWMessageBar')
cd /Users/admin/builder/spi-builder-workspace
write-file /Users/admin/builder/spi-builder-workspace/.derivedData/Build/Intermediates.noindex/WWMessageBar.build/Debug-xros/WWMessageBar-t.build/Objects-normal/arm64/WWMessageBar-OutputFileMap.json
MkDir /Users/admin/builder/spi-builder-workspace/.derivedData/Build/Products/Debug-xros/WWMessageBar_WWMessageBar.bundle (in target 'WWMessageBar_WWMessageBar' from project 'WWMessageBar')
cd /Users/admin/builder/spi-builder-workspace
/bin/mkdir -p /Users/admin/builder/spi-builder-workspace/.derivedData/Build/Products/Debug-xros/WWMessageBar_WWMessageBar.bundle
WriteAuxiliaryFile /Users/admin/builder/spi-builder-workspace/.derivedData/Build/Intermediates.noindex/WWMessageBar.build/Debug-xros/WWMessageBar-t.build/DerivedSources/resource_bundle_accessor.swift (in target 'WWMessageBar' from project 'WWMessageBar')
cd /Users/admin/builder/spi-builder-workspace
write-file /Users/admin/builder/spi-builder-workspace/.derivedData/Build/Intermediates.noindex/WWMessageBar.build/Debug-xros/WWMessageBar-t.build/DerivedSources/resource_bundle_accessor.swift
Copy /Users/admin/builder/spi-builder-workspace/.derivedData/Build/Intermediates.noindex/GeneratedModuleMaps-xros/WWMessageBar.modulemap /Users/admin/builder/spi-builder-workspace/.derivedData/Build/Intermediates.noindex/WWMessageBar.build/Debug-xros/WWMessageBar-t.build/WWMessageBar.modulemap (in target 'WWMessageBar' from project 'WWMessageBar')
cd /Users/admin/builder/spi-builder-workspace
builtin-copy -exclude .DS_Store -exclude CVS -exclude .svn -exclude .git -exclude .hg -resolve-src-symlinks /Users/admin/builder/spi-builder-workspace/.derivedData/Build/Intermediates.noindex/WWMessageBar.build/Debug-xros/WWMessageBar-t.build/WWMessageBar.modulemap /Users/admin/builder/spi-builder-workspace/.derivedData/Build/Intermediates.noindex/GeneratedModuleMaps-xros
GenerateAssetSymbols /Users/admin/builder/spi-builder-workspace/Sources/WWMessageBar/Material/Media.xcassets (in target 'WWMessageBar' from project 'WWMessageBar')
cd /Users/admin/builder/spi-builder-workspace
/Applications/Xcode-27.0.0-Release.Candidate.app/Contents/Developer/usr/bin/actool /Users/admin/builder/spi-builder-workspace/Sources/WWMessageBar/Material/Media.xcassets --compile /Users/admin/builder/spi-builder-workspace/.derivedData/Build/Products/Debug-xros --output-format human-readable-text --notices --warnings --export-dependency-info /Users/admin/builder/spi-builder-workspace/.derivedData/Build/Intermediates.noindex/WWMessageBar.build/Debug-xros/WWMessageBar-t.build/assetcatalog_dependencies --output-partial-info-plist /Users/admin/builder/spi-builder-workspace/.derivedData/Build/Intermediates.noindex/WWMessageBar.build/Debug-xros/WWMessageBar-t.build/assetcatalog_generated_info.plist --compress-pngs --enable-on-demand-resources NO --development-region en --target-device vision --minimum-deployment-target 1.0 --platform xros --bundle-identifier spi-builder-workspace.WWMessageBar --generate-swift-asset-symbol-extensions NO --generate-swift-asset-symbols /Users/admin/builder/spi-builder-workspace/.derivedData/Build/Intermediates.noindex/WWMessageBar.build/Debug-xros/WWMessageBar-t.build/DerivedSources/GeneratedAssetSymbols.swift --generate-objc-asset-symbols /Users/admin/builder/spi-builder-workspace/.derivedData/Build/Intermediates.noindex/WWMessageBar.build/Debug-xros/WWMessageBar-t.build/DerivedSources/GeneratedAssetSymbols.h --generate-asset-symbol-index /Users/admin/builder/spi-builder-workspace/.derivedData/Build/Intermediates.noindex/WWMessageBar.build/Debug-xros/WWMessageBar-t.build/DerivedSources/GeneratedAssetSymbols-Index.plist
/* com.apple.actool.compilation-results */
/Users/admin/builder/spi-builder-workspace/.derivedData/Build/Intermediates.noindex/WWMessageBar.build/Debug-xros/WWMessageBar-t.build/DerivedSources/GeneratedAssetSymbols-Index.plist
/Users/admin/builder/spi-builder-workspace/.derivedData/Build/Intermediates.noindex/WWMessageBar.build/Debug-xros/WWMessageBar-t.build/DerivedSources/GeneratedAssetSymbols.h
/Users/admin/builder/spi-builder-workspace/.derivedData/Build/Intermediates.noindex/WWMessageBar.build/Debug-xros/WWMessageBar-t.build/DerivedSources/GeneratedAssetSymbols.swift
MkDir /Users/admin/builder/spi-builder-workspace/.derivedData/Build/Intermediates.noindex/WWMessageBar.build/Debug-xros/WWMessageBar_WWMessageBar-b.build/assetcatalog_output/unthinned (in target 'WWMessageBar_WWMessageBar' from project 'WWMessageBar')
cd /Users/admin/builder/spi-builder-workspace
/bin/mkdir -p /Users/admin/builder/spi-builder-workspace/.derivedData/Build/Intermediates.noindex/WWMessageBar.build/Debug-xros/WWMessageBar_WWMessageBar-b.build/assetcatalog_output/unthinned
MkDir /Users/admin/builder/spi-builder-workspace/.derivedData/Build/Intermediates.noindex/WWMessageBar.build/Debug-xros/WWMessageBar_WWMessageBar-b.build/assetcatalog_output/thinned (in target 'WWMessageBar_WWMessageBar' from project 'WWMessageBar')
cd /Users/admin/builder/spi-builder-workspace
/bin/mkdir -p /Users/admin/builder/spi-builder-workspace/.derivedData/Build/Intermediates.noindex/WWMessageBar.build/Debug-xros/WWMessageBar_WWMessageBar-b.build/assetcatalog_output/thinned
CpResource /Users/admin/builder/spi-builder-workspace/.derivedData/Build/Products/Debug-xros/WWMessageBar_WWMessageBar.bundle/Privacy /Users/admin/builder/spi-builder-workspace/Sources/WWMessageBar/Privacy (in target 'WWMessageBar_WWMessageBar' from project 'WWMessageBar')
cd /Users/admin/builder/spi-builder-workspace
builtin-copy -exclude .DS_Store -exclude CVS -exclude .svn -exclude .git -exclude .hg -resolve-src-symlinks /Users/admin/builder/spi-builder-workspace/Sources/WWMessageBar/Privacy /Users/admin/builder/spi-builder-workspace/.derivedData/Build/Products/Debug-xros/WWMessageBar_WWMessageBar.bundle
CompileStoryboard /Users/admin/builder/spi-builder-workspace/Sources/WWMessageBar/Storyboard/Storyboard.storyboard (in target 'WWMessageBar_WWMessageBar' from project 'WWMessageBar')
cd /Users/admin/builder/spi-builder-workspace
/Applications/Xcode-27.0.0-Release.Candidate.app/Contents/Developer/usr/bin/ibtool --errors --warnings --notices --platform xros --module WWMessageBar_WWMessageBar --output-partial-info-plist /Users/admin/builder/spi-builder-workspace/.derivedData/Build/Intermediates.noindex/WWMessageBar.build/Debug-xros/WWMessageBar_WWMessageBar-b.build/Storyboard-SBPartialInfo.plist --auto-activate-custom-fonts --target-device vision --minimum-deployment-target 1.0 --output-format human-readable-text /Users/admin/builder/spi-builder-workspace/Sources/WWMessageBar/Storyboard/Storyboard.storyboard --compilation-directory /Users/admin/builder/spi-builder-workspace/.derivedData/Build/Intermediates.noindex/WWMessageBar.build/Debug-xros/WWMessageBar_WWMessageBar-b.build
/* com.apple.ibtool.document.warnings */
/Users/admin/builder/spi-builder-workspace/Sources/WWMessageBar/Storyboard/Storyboard.storyboard:global: warning: Compiling Interface Builder products for visionOS will not be supported in a future version of Xcode. [9]
CompileAssetCatalogVariant thinned /Users/admin/builder/spi-builder-workspace/.derivedData/Build/Products/Debug-xros/WWMessageBar_WWMessageBar.bundle /Users/admin/builder/spi-builder-workspace/Sources/WWMessageBar/Material/Media.xcassets (in target 'WWMessageBar_WWMessageBar' from project 'WWMessageBar')
cd /Users/admin/builder/spi-builder-workspace
/Applications/Xcode-27.0.0-Release.Candidate.app/Contents/Developer/usr/bin/actool /Users/admin/builder/spi-builder-workspace/Sources/WWMessageBar/Material/Media.xcassets --compile /Users/admin/builder/spi-builder-workspace/.derivedData/Build/Intermediates.noindex/WWMessageBar.build/Debug-xros/WWMessageBar_WWMessageBar-b.build/assetcatalog_output/thinned --output-format human-readable-text --notices --warnings --export-dependency-info /Users/admin/builder/spi-builder-workspace/.derivedData/Build/Intermediates.noindex/WWMessageBar.build/Debug-xros/WWMessageBar_WWMessageBar-b.build/assetcatalog_dependencies_thinned --output-partial-info-plist /Users/admin/builder/spi-builder-workspace/.derivedData/Build/Intermediates.noindex/WWMessageBar.build/Debug-xros/WWMessageBar_WWMessageBar-b.build/assetcatalog_generated_info.plist_thinned --compress-pngs --enable-on-demand-resources NO --development-region en --target-device vision --minimum-deployment-target 1.0 --platform xros
/* com.apple.actool.compilation-results */
/Users/admin/builder/spi-builder-workspace/.derivedData/Build/Intermediates.noindex/WWMessageBar.build/Debug-xros/WWMessageBar_WWMessageBar-b.build/assetcatalog_generated_info.plist_thinned
/Users/admin/builder/spi-builder-workspace/.derivedData/Build/Intermediates.noindex/WWMessageBar.build/Debug-xros/WWMessageBar_WWMessageBar-b.build/assetcatalog_output/thinned/Assets.car
LinkAssetCatalog /Users/admin/builder/spi-builder-workspace/Sources/WWMessageBar/Material/Media.xcassets (in target 'WWMessageBar_WWMessageBar' from project 'WWMessageBar')
cd /Users/admin/builder/spi-builder-workspace
builtin-linkAssetCatalog --thinned /Users/admin/builder/spi-builder-workspace/.derivedData/Build/Intermediates.noindex/WWMessageBar.build/Debug-xros/WWMessageBar_WWMessageBar-b.build/assetcatalog_output/thinned --thinned-dependencies /Users/admin/builder/spi-builder-workspace/.derivedData/Build/Intermediates.noindex/WWMessageBar.build/Debug-xros/WWMessageBar_WWMessageBar-b.build/assetcatalog_dependencies_thinned --thinned-info-plist-content /Users/admin/builder/spi-builder-workspace/.derivedData/Build/Intermediates.noindex/WWMessageBar.build/Debug-xros/WWMessageBar_WWMessageBar-b.build/assetcatalog_generated_info.plist_thinned --unthinned /Users/admin/builder/spi-builder-workspace/.derivedData/Build/Intermediates.noindex/WWMessageBar.build/Debug-xros/WWMessageBar_WWMessageBar-b.build/assetcatalog_output/unthinned --unthinned-dependencies /Users/admin/builder/spi-builder-workspace/.derivedData/Build/Intermediates.noindex/WWMessageBar.build/Debug-xros/WWMessageBar_WWMessageBar-b.build/assetcatalog_dependencies_unthinned --unthinned-info-plist-content /Users/admin/builder/spi-builder-workspace/.derivedData/Build/Intermediates.noindex/WWMessageBar.build/Debug-xros/WWMessageBar_WWMessageBar-b.build/assetcatalog_generated_info.plist_unthinned --output /Users/admin/builder/spi-builder-workspace/.derivedData/Build/Products/Debug-xros/WWMessageBar_WWMessageBar.bundle --plist-output /Users/admin/builder/spi-builder-workspace/.derivedData/Build/Intermediates.noindex/WWMessageBar.build/Debug-xros/WWMessageBar_WWMessageBar-b.build/assetcatalog_generated_info.plist
note: Emplaced /Users/admin/builder/spi-builder-workspace/.derivedData/Build/Products/Debug-xros/WWMessageBar_WWMessageBar.bundle/Assets.car (in target 'WWMessageBar_WWMessageBar' from project 'WWMessageBar')
SwiftDriver WWMessageBar normal arm64 com.apple.xcode.tools.swift.compiler (in target 'WWMessageBar' from project 'WWMessageBar')
cd /Users/admin/builder/spi-builder-workspace/.swiftpm/xcode
builtin-SwiftDriver -- /Applications/Xcode-27.0.0-Release.Candidate.app/Contents/Developer/Toolchains/XcodeDefault.xctoolchain/usr/bin/swiftc -parse-as-library -module-name WWMessageBar -Onone @/Users/admin/builder/spi-builder-workspace/.derivedData/Build/Intermediates.noindex/WWMessageBar.build/Debug-xros/WWMessageBar-t.build/Objects-normal/arm64/WWMessageBar.SwiftFileList -DSWIFT_PACKAGE -DDEBUG -DSWIFT_MODULE_RESOURCE_BUNDLE_AVAILABLE -DXcode -plugin-path /Applications/Xcode-27.0.0-Release.Candidate.app/Contents/Developer/Toolchains/XcodeDefault.xctoolchain/usr/lib/swift/host/plugins/testing -enable-experimental-feature DebugDescriptionMacro -sdk /Applications/Xcode-27.0.0-Release.Candidate.app/Contents/Developer/Platforms/XROS.platform/Developer/SDKs/XROS27.0.sdk -target arm64-apple-xros1.0 -g -module-cache-path /Users/admin/builder/spi-builder-workspace/.derivedData/ModuleCache.noindex -Xfrontend -serialize-debugging-options -enable-testing -index-store-path /Users/admin/builder/spi-builder-workspace/.derivedData/Index.noindex/DataStore -Xcc -D_LIBCPP_HARDENING_MODE\=_LIBCPP_HARDENING_MODE_DEBUG -swift-version 5 -I /Users/admin/builder/spi-builder-workspace/.derivedData/Build/Products/Debug-xros -Isystem /Applications/Xcode-27.0.0-Release.Candidate.app/Contents/Developer/Platforms/XROS.platform/Developer/usr/lib -F /Users/admin/builder/spi-builder-workspace/.derivedData/Build/Products/Debug-xros -F /Applications/Xcode-27.0.0-Release.Candidate.app/Contents/Developer/Platforms/XROS.platform/Developer/Library/Frameworks -F /Applications/Xcode-27.0.0-Release.Candidate.app/Contents/Developer/Platforms/XROS.platform/Developer/SDKs/XROS27.0.sdk/Developer/Library/Frameworks -c -j10 -enable-batch-mode -incremental -Xcc -ivfsstatcache -Xcc /Users/admin/builder/spi-builder-workspace/.derivedData/SDKStatCaches.noindex/xros27.0-24M361-e829b21a6f8c9b70876ba0858053c044735bd543db762f57723cac368afd1ce4.sdkstatcache -output-file-map /Users/admin/builder/spi-builder-workspace/.derivedData/Build/Intermediates.noindex/WWMessageBar.build/Debug-xros/WWMessageBar-t.build/Objects-normal/arm64/WWMessageBar-OutputFileMap.json -save-temps -no-color-diagnostics -explicit-module-build -module-cache-path /Users/admin/builder/spi-builder-workspace/.derivedData/Build/Intermediates.noindex/SwiftExplicitPrecompiledModules -clang-scanner-module-cache-path /Users/admin/builder/spi-builder-workspace/.derivedData/ModuleCache.noindex -sdk-module-cache-path /Users/admin/builder/spi-builder-workspace/.derivedData/SDKExplicitPrecompiledModules -emit-dependencies -emit-module -emit-module-path /Users/admin/builder/spi-builder-workspace/.derivedData/Build/Intermediates.noindex/WWMessageBar.build/Debug-xros/WWMessageBar-t.build/Objects-normal/arm64/WWMessageBar.swiftmodule -serialize-diagnostics -dependency-scan-serialize-diagnostics-path /Users/admin/builder/spi-builder-workspace/.derivedData/Build/Intermediates.noindex/WWMessageBar.build/Debug-xros/WWMessageBar-t.build/Objects-normal/arm64/WWMessageBar-dependency-scan.dia -validate-clang-modules-once -clang-build-session-file /Users/admin/builder/spi-builder-workspace/.derivedData/ModuleCache.noindex/Session.modulevalidation -Xcc -fmodules-prune-interval\=86400 -Xcc -fmodules-prune-after\=345600 -emit-const-values -const-gather-protocols-list /Users/admin/builder/spi-builder-workspace/.derivedData/Build/Intermediates.noindex/WWMessageBar.build/Debug-xros/WWMessageBar-t.build/Objects-normal/arm64/WWMessageBar_const_extract_protocols.json -Xcc -I/Users/admin/builder/spi-builder-workspace/.derivedData/Build/Products/Debug-xros/include -Xcc -I/Users/admin/builder/spi-builder-workspace/.derivedData/Build/Intermediates.noindex/WWMessageBar.build/Debug-xros/WWMessageBar-t.build/DerivedSources-normal/arm64 -Xcc -I/Users/admin/builder/spi-builder-workspace/.derivedData/Build/Intermediates.noindex/WWMessageBar.build/Debug-xros/WWMessageBar-t.build/DerivedSources/arm64 -Xcc -I/Users/admin/builder/spi-builder-workspace/.derivedData/Build/Intermediates.noindex/WWMessageBar.build/Debug-xros/WWMessageBar-t.build/DerivedSources -Xcc -DSWIFT_PACKAGE -Xcc -DDEBUG\=1 -emit-objc-header -emit-objc-header-path /Users/admin/builder/spi-builder-workspace/.derivedData/Build/Intermediates.noindex/WWMessageBar.build/Debug-xros/WWMessageBar-t.build/Objects-normal/arm64/WWMessageBar-Swift.h -working-directory /Users/admin/builder/spi-builder-workspace/.swiftpm/xcode -experimental-emit-module-separately -disable-cmo
/Users/admin/builder/spi-builder-workspace/Sources/WWMessageBar/MessageBarWindow.swift:177:50: warning: Extraneous duplicate parameter name; 'afterDelay' already has an argument label (in target 'WWMessageBar' from project 'WWMessageBar')
LinkStoryboards (in target 'WWMessageBar_WWMessageBar' from project 'WWMessageBar')
cd /Users/admin/builder/spi-builder-workspace
/Applications/Xcode-27.0.0-Release.Candidate.app/Contents/Developer/usr/bin/ibtool --errors --warnings --notices --platform xros --module WWMessageBar_WWMessageBar --target-device vision --minimum-deployment-target 1.0 --output-format human-readable-text --link /Users/admin/builder/spi-builder-workspace/.derivedData/Build/Products/Debug-xros/WWMessageBar_WWMessageBar.bundle /Users/admin/builder/spi-builder-workspace/.derivedData/Build/Intermediates.noindex/WWMessageBar.build/Debug-xros/WWMessageBar_WWMessageBar-b.build/Storyboard.storyboardc
ProcessInfoPlistFile /Users/admin/builder/spi-builder-workspace/.derivedData/Build/Products/Debug-xros/WWMessageBar_WWMessageBar.bundle/Info.plist /Users/admin/builder/spi-builder-workspace/.derivedData/Build/Intermediates.noindex/WWMessageBar.build/Debug-xros/WWMessageBar_WWMessageBar-b.build/empty-WWMessageBar_WWMessageBar.plist (in target 'WWMessageBar_WWMessageBar' from project 'WWMessageBar')
cd /Users/admin/builder/spi-builder-workspace
builtin-infoPlistUtility /Users/admin/builder/spi-builder-workspace/.derivedData/Build/Intermediates.noindex/WWMessageBar.build/Debug-xros/WWMessageBar_WWMessageBar-b.build/empty-WWMessageBar_WWMessageBar.plist -producttype com.apple.product-type.bundle -expandbuildsettings -format binary -platform xros -additionalcontentfile /Users/admin/builder/spi-builder-workspace/.derivedData/Build/Intermediates.noindex/WWMessageBar.build/Debug-xros/WWMessageBar_WWMessageBar-b.build/Storyboard-SBPartialInfo.plist -additionalcontentfile /Users/admin/builder/spi-builder-workspace/.derivedData/Build/Intermediates.noindex/WWMessageBar.build/Debug-xros/WWMessageBar_WWMessageBar-b.build/assetcatalog_generated_info.plist -o /Users/admin/builder/spi-builder-workspace/.derivedData/Build/Products/Debug-xros/WWMessageBar_WWMessageBar.bundle/Info.plist
RegisterExecutionPolicyException /Users/admin/builder/spi-builder-workspace/.derivedData/Build/Products/Debug-xros/WWMessageBar_WWMessageBar.bundle (in target 'WWMessageBar_WWMessageBar' from project 'WWMessageBar')
cd /Users/admin/builder/spi-builder-workspace
builtin-RegisterExecutionPolicyException /Users/admin/builder/spi-builder-workspace/.derivedData/Build/Products/Debug-xros/WWMessageBar_WWMessageBar.bundle
Touch /Users/admin/builder/spi-builder-workspace/.derivedData/Build/Products/Debug-xros/WWMessageBar_WWMessageBar.bundle (in target 'WWMessageBar_WWMessageBar' from project 'WWMessageBar')
cd /Users/admin/builder/spi-builder-workspace
/usr/bin/touch -c /Users/admin/builder/spi-builder-workspace/.derivedData/Build/Products/Debug-xros/WWMessageBar_WWMessageBar.bundle
SwiftExplicitDependencyGeneratePcm arm64 /Users/admin/builder/spi-builder-workspace/.derivedData/SDKExplicitPrecompiledModules/ptrcheck-BXA97MNLI4BB0HF5I8MJE403D.pcm
SwiftExplicitDependencyGeneratePcm arm64 /Users/admin/builder/spi-builder-workspace/.derivedData/SDKExplicitPrecompiledModules/_SwiftConcurrencyShims-C8XHKSHX96D5YYALNM4W70Z0O.pcm
SwiftExplicitDependencyGeneratePcm arm64 /Users/admin/builder/spi-builder-workspace/.derivedData/SDKExplicitPrecompiledModules/_Builtin_stddef-5NQ9Z1GV07GBSRQGAQCGXGVRI.pcm
SwiftExplicitDependencyGeneratePcm arm64 /Users/admin/builder/spi-builder-workspace/.derivedData/SDKExplicitPrecompiledModules/_AvailabilityInternal-1Q8IQP6M38UWSGZ95UCEY2M44.pcm
SwiftExplicitDependencyGeneratePcm arm64 /Users/admin/builder/spi-builder-workspace/.derivedData/SDKExplicitPrecompiledModules/_Builtin_stdarg-CDA349K2K4US766844K8E0PVA.pcm
SwiftExplicitDependencyGeneratePcm arm64 /Users/admin/builder/spi-builder-workspace/.derivedData/SDKExplicitPrecompiledModules/SwiftShims-CI4H5RO9IYFFWQ2COB512Q2S9.pcm
SwiftExplicitDependencyGeneratePcm arm64 /Users/admin/builder/spi-builder-workspace/.derivedData/SDKExplicitPrecompiledModules/_Builtin_stdbool-5BU2ADS7JXQMYENKQHW9X8XOU.pcm
SwiftExplicitDependencyGeneratePcm arm64 /Users/admin/builder/spi-builder-workspace/.derivedData/SDKExplicitPrecompiledModules/DeveloperToolsSupport-46GOQP8J1QTHLYQSJW81T8UZ3.pcm
SwiftExplicitDependencyGeneratePcm arm64 /Users/admin/builder/spi-builder-workspace/.derivedData/SDKExplicitPrecompiledModules/ptrauth-1WBA714DZSVUL5JQDJ08CLKZ.pcm
SwiftExplicitDependencyGeneratePcm arm64 /Users/admin/builder/spi-builder-workspace/.derivedData/SDKExplicitPrecompiledModules/_Builtin_float-6WKHNW5S40U2QGHXXGETUDIRA.pcm
SwiftExplicitDependencyGeneratePcm arm64 /Users/admin/builder/spi-builder-workspace/.derivedData/SDKExplicitPrecompiledModules/_DarwinFoundation1-5RGRVV2TZ6WC4WZW5IXF8NQ04.pcm
SwiftExplicitDependencyGeneratePcm arm64 /Users/admin/builder/spi-builder-workspace/.derivedData/SDKExplicitPrecompiledModules/_Builtin_limits-425JDMN5HPM3D0UEI8LEHP6NM.pcm
SwiftExplicitDependencyGeneratePcm arm64 /Users/admin/builder/spi-builder-workspace/.derivedData/SDKExplicitPrecompiledModules/_DarwinFoundation2-ENTECK156YEWITZRRBTOCE4KR.pcm
SwiftExplicitDependencyGeneratePcm arm64 /Users/admin/builder/spi-builder-workspace/.derivedData/SDKExplicitPrecompiledModules/_Builtin_stdint-8OR6T47OOYJA90ZBO3N1USDE.pcm
SwiftExplicitDependencyGeneratePcm arm64 /Users/admin/builder/spi-builder-workspace/.derivedData/SDKExplicitPrecompiledModules/sys_types-AYM0BHR77VKMWZCO2T0XGV2HF.pcm
SwiftExplicitDependencyGeneratePcm arm64 /Users/admin/builder/spi-builder-workspace/.derivedData/SDKExplicitPrecompiledModules/_Builtin_tgmath-BPYSMHWI520EQRL2HW519ZY7Z.pcm
SwiftExplicitDependencyGeneratePcm arm64 /Users/admin/builder/spi-builder-workspace/.derivedData/SDKExplicitPrecompiledModules/string_h-2GT67HHHHK5CF1V1S31LH0PU2.pcm
SwiftExplicitDependencyGeneratePcm arm64 /Users/admin/builder/spi-builder-workspace/.derivedData/SDKExplicitPrecompiledModules/_DarwinFoundation3-9ZHN6JKBS40BBA81RQMV8H0IC.pcm
SwiftExplicitDependencyGeneratePcm arm64 /Users/admin/builder/spi-builder-workspace/.derivedData/SDKExplicitPrecompiledModules/_Builtin_intrinsics-BC5IJI3YI34RQ61ZNVDRDZ6RN.pcm
SwiftExplicitDependencyGeneratePcm arm64 /Users/admin/builder/spi-builder-workspace/.derivedData/SDKExplicitPrecompiledModules/_Builtin_stdatomic-1VUZPM79PNCAHXVBERD53WRSF.pcm
SwiftExplicitDependencyGeneratePcm arm64 /Users/admin/builder/spi-builder-workspace/.derivedData/SDKExplicitPrecompiledModules/_Builtin_inttypes-11B64KJD36B3YOHBR1BBXBJY8.pcm
SwiftExplicitDependencyGeneratePcm arm64 /Users/admin/builder/spi-builder-workspace/.derivedData/SDKExplicitPrecompiledModules/Darwin-60P5LVNQO3ESRRM5DCJ05PFNK.pcm
SwiftExplicitDependencyGeneratePcm arm64 /Users/admin/builder/spi-builder-workspace/.derivedData/SDKExplicitPrecompiledModules/simd-9XXAB17Y6E4BBPQADD61NZ23.pcm
SwiftExplicitDependencyGeneratePcm arm64 /Users/admin/builder/spi-builder-workspace/.derivedData/SDKExplicitPrecompiledModules/ObjectiveC-26TIBFYCEJZVP216ZZAU1X8KN.pcm
SwiftExplicitDependencyGeneratePcm arm64 /Users/admin/builder/spi-builder-workspace/.derivedData/SDKExplicitPrecompiledModules/MachO-3XTHY7HWV6RF3KXKYQVHUBUXK.pcm
SwiftExplicitDependencyGeneratePcm arm64 /Users/admin/builder/spi-builder-workspace/.derivedData/SDKExplicitPrecompiledModules/os_object-692CJ8BG6RE5H04487EJJOVXW.pcm
SwiftExplicitDependencyGeneratePcm arm64 /Users/admin/builder/spi-builder-workspace/.derivedData/SDKExplicitPrecompiledModules/os_workgroup-4U1VXMWIZD80E7PRUQF2G7P9X.pcm
SwiftExplicitDependencyGeneratePcm arm64 /Users/admin/builder/spi-builder-workspace/.derivedData/SDKExplicitPrecompiledModules/Dispatch-CLT3466HKC22GCKAWSCNG0H7T.pcm
SwiftExplicitDependencyGeneratePcm arm64 /Users/admin/builder/spi-builder-workspace/.derivedData/SDKExplicitPrecompiledModules/Spatial-5E0I2846LO3ZE24CSVR2O57TI.pcm
SwiftExplicitDependencyGeneratePcm arm64 /Users/admin/builder/spi-builder-workspace/.derivedData/SDKExplicitPrecompiledModules/XPC-EP5EU7FNGP4VOA3EDM18P1KHO.pcm
SwiftExplicitDependencyGeneratePcm arm64 /Users/admin/builder/spi-builder-workspace/.derivedData/SDKExplicitPrecompiledModules/CoreFoundation-AVLTZVCXBU2TO75JCN4AGU8XJ.pcm
SwiftExplicitDependencyGeneratePcm arm64 /Users/admin/builder/spi-builder-workspace/.derivedData/SDKExplicitPrecompiledModules/os-1004XEJ3IXOOAU0KL58SM3D0K.pcm
SwiftExplicitDependencyGeneratePcm arm64 /Users/admin/builder/spi-builder-workspace/.derivedData/SDKExplicitPrecompiledModules/CoreGraphics-BFUJ177R223UT2ZI327ZTZY91.pcm
SwiftExplicitDependencyGeneratePcm arm64 /Users/admin/builder/spi-builder-workspace/.derivedData/SDKExplicitPrecompiledModules/Security-8TH2M8WJIQMET4SADWX0N8372.pcm
SwiftExplicitDependencyGeneratePcm arm64 /Users/admin/builder/spi-builder-workspace/.derivedData/SDKExplicitPrecompiledModules/CFNetwork-5MI70N1VLDQSWTX4COWLMSIRO.pcm
SwiftExplicitDependencyGeneratePcm arm64 /Users/admin/builder/spi-builder-workspace/.derivedData/SDKExplicitPrecompiledModules/Foundation-8GON1KVEKRN3NOQI8RETBRWJP.pcm
SwiftExplicitDependencyGeneratePcm arm64 /Users/admin/builder/spi-builder-workspace/.derivedData/SDKExplicitPrecompiledModules/ImageIO-5CC6COR9KJYI1UBL7CSHLU2OG.pcm
SwiftExplicitDependencyGeneratePcm arm64 /Users/admin/builder/spi-builder-workspace/.derivedData/SDKExplicitPrecompiledModules/CoreText-6F9TY5TEPCCZ1K2KYM4GMEGHD.pcm
SwiftExplicitDependencyGeneratePcm arm64 /Users/admin/builder/spi-builder-workspace/.derivedData/SDKExplicitPrecompiledModules/CoreTransferable-8TBYAKHCX6UC8QQSS7BD8GQK5.pcm
SwiftExplicitDependencyGeneratePcm arm64 /Users/admin/builder/spi-builder-workspace/.derivedData/SDKExplicitPrecompiledModules/DataDetection-BANTQ3WXXGKZJYC0LLB3MD9K0.pcm
SwiftExplicitDependencyGeneratePcm arm64 /Users/admin/builder/spi-builder-workspace/.derivedData/SDKExplicitPrecompiledModules/FileProvider-C9I28SI56F2SEVH1BCWTKGODO.pcm
SwiftExplicitDependencyGeneratePcm arm64 /Users/admin/builder/spi-builder-workspace/.derivedData/SDKExplicitPrecompiledModules/OSLog-BNGT87TS0GMBFF7TY70HHB69.pcm
SwiftExplicitDependencyGeneratePcm arm64 /Users/admin/builder/spi-builder-workspace/.derivedData/SDKExplicitPrecompiledModules/UIUtilities-AOVGLUWEAN6CG2UZFNESGSP6C.pcm
SwiftExplicitDependencyGeneratePcm arm64 /Users/admin/builder/spi-builder-workspace/.derivedData/SDKExplicitPrecompiledModules/_LocationEssentials-8GQGFVARUE99D8VJX3TINY0VP.pcm
SwiftExplicitDependencyGeneratePcm arm64 /Users/admin/builder/spi-builder-workspace/.derivedData/SDKExplicitPrecompiledModules/UniformTypeIdentifiers-E5KMWDZEKS4QW9RO1KBRDEXV6.pcm
SwiftExplicitDependencyGeneratePcm arm64 /Users/admin/builder/spi-builder-workspace/.derivedData/SDKExplicitPrecompiledModules/Symbols-8G2XC01RPQ5HYIZE6JNUT864I.pcm
SwiftExplicitDependencyGeneratePcm arm64 /Users/admin/builder/spi-builder-workspace/.derivedData/SDKExplicitPrecompiledModules/IOSurface-5FE9U89GVFF9A7X7AGO2R8ENI.pcm
SwiftExplicitDependencyGeneratePcm arm64 /Users/admin/builder/spi-builder-workspace/.derivedData/SDKExplicitPrecompiledModules/UserNotifications-8IIV1V1FPNAPA4LY1Y23LOM2N.pcm
SwiftExplicitDependencyGeneratePcm arm64 /Users/admin/builder/spi-builder-workspace/.derivedData/SDKExplicitPrecompiledModules/Accessibility-1DR4J4YDVDGAYQTZ0FKZ1PU09.pcm
SwiftExplicitDependencyGeneratePcm arm64 /Users/admin/builder/spi-builder-workspace/.derivedData/SDKExplicitPrecompiledModules/CoreLocation-1SN37095DAPVJ068LLP9TBDQX.pcm
SwiftExplicitDependencyGeneratePcm arm64 /Users/admin/builder/spi-builder-workspace/.derivedData/SDKExplicitPrecompiledModules/OpenGLES-56BKSYXNVAP91BYZRWAKQZKGI.pcm
SwiftExplicitDependencyGeneratePcm arm64 /Users/admin/builder/spi-builder-workspace/.derivedData/SDKExplicitPrecompiledModules/Metal-EKNUM9P3PRIBHZK1ZBD6BA2T7.pcm
SwiftExplicitDependencyGeneratePcm arm64 /Users/admin/builder/spi-builder-workspace/.derivedData/SDKExplicitPrecompiledModules/CoreMotion-10LV922UPGE28QX2SOIO7ALIZ.pcm
SwiftExplicitDependencyGeneratePcm arm64 /Users/admin/builder/spi-builder-workspace/.derivedData/SDKExplicitPrecompiledModules/CoreVideo-E12HJSJSLO0YKWYBES11UKJ02.pcm
SwiftExplicitDependencyGeneratePcm arm64 /Users/admin/builder/spi-builder-workspace/.derivedData/SDKExplicitPrecompiledModules/CoreImage-8WF1P230U10QM666EQMNV7OF1.pcm
SwiftExplicitDependencyGeneratePcm arm64 /Users/admin/builder/spi-builder-workspace/.derivedData/SDKExplicitPrecompiledModules/QuartzCore-12T8WVKUNCL1N7VXH87MM4YOB.pcm
SwiftExplicitDependencyGeneratePcm arm64 /Users/admin/builder/spi-builder-workspace/.derivedData/SDKExplicitPrecompiledModules/SwiftUICore-6OBBMA39VFD4CB6SG2PE41FAP.pcm
SwiftExplicitDependencyGeneratePcm arm64 /Users/admin/builder/spi-builder-workspace/.derivedData/SDKExplicitPrecompiledModules/UIKit-2D2PMAAE45TMO6S28UCGCO5BR.pcm
SwiftEmitModule normal arm64 Emitting\ module\ for\ WWMessageBar (in target 'WWMessageBar' from project 'WWMessageBar')
SwiftCompile normal arm64 (in target 'WWMessageBar' from project 'WWMessageBar')
cd /Users/admin/builder/spi-builder-workspace/.swiftpm/xcode
/Users/admin/builder/spi-builder-workspace/Sources/WWMessageBar/MessageBarWindow.swift:177:50: warning: extraneous duplicate parameter name; 'afterDelay' already has an argument label
175 | /// - completion: ((UIViewAnimatingPosition) -> Void)?
176 | /// - Returns: UIViewPropertyAnimator
177 | func dismiss(animatorDuration: TimeInterval, afterDelay afterDelay: TimeInterval, completion: ((UIViewAnimatingPosition) -> Void)? = nil) -> UIViewPropertyAnimator {
| `- warning: extraneous duplicate parameter name; 'afterDelay' already has an argument label
178 |
179 | let dismissAnimator = UIViewPropertyAnimator(duration: animatorDuration, curve: .easeInOut) { [unowned self] in frame = dismissFrame }
/Users/admin/builder/spi-builder-workspace/Sources/WWMessageBar/MessageBarWindow.swift:25:49: warning: 'UIStoryboard' was deprecated in visionOS 1.0: Loading Interface Builder products will not be supported in a future version of visionOS. [#DeprecatedDeclaration]
23 | private var dismissWorkItem = DispatchWorkItem {}
24 |
25 | private lazy var messageBarViewController = UIStoryboard(name: "Storyboard", bundle: .module).instantiateViewController(withIdentifier: "MessageBar") as? MessageBarViewController
| `- warning: 'UIStoryboard' was deprecated in visionOS 1.0: Loading Interface Builder products will not be supported in a future version of visionOS. [#DeprecatedDeclaration]
26 |
27 | override init(frame: CGRect) {
/Users/admin/builder/spi-builder-workspace/Sources/WWMessageBar/Utility/Protocol.swift:13:5: warning: 'public' modifier is redundant for protocol declared in a public extension
11 | public extension WWMessageBar {
12 |
13 | public protocol Delegate: AnyObject {
| `- warning: 'public' modifier is redundant for protocol declared in a public extension
14 |
15 | /// 訊息Bar被點到
[#DeprecatedDeclaration]: <https://docs.swift.org/compiler/documentation/diagnostics/deprecated-declaration>
SwiftCompile normal arm64 Compiling\ GeneratedAssetSymbols.swift /Users/admin/builder/spi-builder-workspace/.derivedData/Build/Intermediates.noindex/WWMessageBar.build/Debug-xros/WWMessageBar-t.build/DerivedSources/GeneratedAssetSymbols.swift (in target 'WWMessageBar' from project 'WWMessageBar')
SwiftCompile normal arm64 /Users/admin/builder/spi-builder-workspace/.derivedData/Build/Intermediates.noindex/WWMessageBar.build/Debug-xros/WWMessageBar-t.build/DerivedSources/GeneratedAssetSymbols.swift (in target 'WWMessageBar' from project 'WWMessageBar')
cd /Users/admin/builder/spi-builder-workspace/.swiftpm/xcode
builtin-SwiftPerFileCompile GeneratedAssetSymbols.swift
SwiftCompile normal arm64 Compiling\ Protocol.swift /Users/admin/builder/spi-builder-workspace/Sources/WWMessageBar/Utility/Protocol.swift (in target 'WWMessageBar' from project 'WWMessageBar')
/Users/admin/builder/spi-builder-workspace/Sources/WWMessageBar/Utility/Protocol.swift:13:5: warning: 'public' modifier is redundant for protocol declared in a public extension
11 | public extension WWMessageBar {
12 |
13 | public protocol Delegate: AnyObject {
| `- warning: 'public' modifier is redundant for protocol declared in a public extension
14 |
15 | /// 訊息Bar被點到
SwiftCompile normal arm64 /Users/admin/builder/spi-builder-workspace/Sources/WWMessageBar/Utility/Protocol.swift (in target 'WWMessageBar' from project 'WWMessageBar')
cd /Users/admin/builder/spi-builder-workspace/.swiftpm/xcode
builtin-SwiftPerFileCompile Protocol.swift
SwiftCompile normal arm64 Compiling\ Constant.swift /Users/admin/builder/spi-builder-workspace/Sources/WWMessageBar/Utility/Constant.swift (in target 'WWMessageBar' from project 'WWMessageBar')
SwiftCompile normal arm64 /Users/admin/builder/spi-builder-workspace/Sources/WWMessageBar/Utility/Constant.swift (in target 'WWMessageBar' from project 'WWMessageBar')
cd /Users/admin/builder/spi-builder-workspace/.swiftpm/xcode
builtin-SwiftPerFileCompile Constant.swift
SwiftCompile normal arm64 Compiling\ Extension.swift /Users/admin/builder/spi-builder-workspace/Sources/WWMessageBar/Utility/Extension.swift (in target 'WWMessageBar' from project 'WWMessageBar')
/Users/admin/builder/spi-builder-workspace/Sources/WWMessageBar/Utility/Extension.swift:73:59: error: 'keyWindow' is unavailable in visionOS
71 |
72 | keyWindow = UIApplication.shared.connectedScenes.filter({$0.activationState == .foregroundActive}).compactMap({$0 as? UIWindowScene}).first?.windows.filter({$0.isKeyWindow}).first
73 | if (!hasScene) { keyWindow = UIApplication.shared.keyWindow }
| `- error: 'keyWindow' is unavailable in visionOS
74 |
75 | return keyWindow
/Applications/Xcode-27.0.0-Release.Candidate.app/Contents/Developer/Platforms/XROS.platform/Developer/SDKs/XROS27.0.sdk/System/Library/Frameworks/UIKit.framework/Headers/UIApplication.h:108:51: note: 'keyWindow' has been explicitly marked unavailable here
106 | - (void)sendEvent:(UIEvent *)event;
107 |
108 | @property(nullable, nonatomic,readonly) UIWindow *keyWindow API_DEPRECATED("Should not be used for applications that support multiple scenes as it returns a key window across all connected scenes", ios(2.0, 13.0)) API_UNAVAILABLE(visionos, watchos);
| `- note: 'keyWindow' has been explicitly marked unavailable here
109 | @property(nonatomic,readonly) NSArray<__kindof UIWindow *> *windows API_DEPRECATED("Use UIWindowScene.windows on a relevant window scene instead", ios(2.0, 15.0), visionos(1.0, 1.0)) API_UNAVAILABLE(watchos);
110 |
Failed frontend command:
/Applications/Xcode-27.0.0-Release.Candidate.app/Contents/Developer/Toolchains/XcodeDefault.xctoolchain/usr/bin/swift-frontend -frontend -c /Users/admin/builder/spi-builder-workspace/.derivedData/Build/Intermediates.noindex/WWMessageBar.build/Debug-xros/WWMessageBar-t.build/DerivedSources/resource_bundle_accessor.swift /Users/admin/builder/spi-builder-workspace/Sources/WWMessageBar/MessageBarViewController.swift /Users/admin/builder/spi-builder-workspace/Sources/WWMessageBar/MessageBarWindow.swift /Users/admin/builder/spi-builder-workspace/Sources/WWMessageBar/Utility/Constant.swift -primary-file /Users/admin/builder/spi-builder-workspace/Sources/WWMessageBar/Utility/Extension.swift /Users/admin/builder/spi-builder-workspace/Sources/WWMessageBar/Utility/Protocol.swift /Users/admin/builder/spi-builder-workspace/Sources/WWMessageBar/WWMessageBar.swift /Users/admin/builder/spi-builder-workspace/.derivedData/Build/Intermediates.noindex/WWMessageBar.build/Debug-xros/WWMessageBar-t.build/DerivedSources/GeneratedAssetSymbols.swift -emit-dependencies-path /Users/admin/builder/spi-builder-workspace/.derivedData/Build/Intermediates.noindex/WWMessageBar.build/Debug-xros/WWMessageBar-t.build/Objects-normal/arm64/Extension.d -emit-const-values-path /Users/admin/builder/spi-builder-workspace/.derivedData/Build/Intermediates.noindex/WWMessageBar.build/Debug-xros/WWMessageBar-t.build/Objects-normal/arm64/Extension.swiftconstvalues -emit-reference-dependencies-path /Users/admin/builder/spi-builder-workspace/.derivedData/Build/Intermediates.noindex/WWMessageBar.build/Debug-xros/WWMessageBar-t.build/Objects-normal/arm64/Extension.swiftdeps -serialize-diagnostics-path /Users/admin/builder/spi-builder-workspace/.derivedData/Build/Intermediates.noindex/WWMessageBar.build/Debug-xros/WWMessageBar-t.build/Objects-normal/arm64/Extension.dia -target arm64-apple-xros1.0 -module-can-import-version DeveloperToolsSupport 24.0.24 24.0.24 -disable-cross-import-overlay-search -load-resolved-plugin /Applications/Xcode-27.0.0-Release.Candidate.app/Contents/Developer/Platforms/XROS.platform/Developer/usr/lib/swift/host/plugins/libFoundationMacros.dylib\#/Applications/Xcode-27.0.0-Release.Candidate.app/Contents/Developer/Platforms/XROS.platform/Developer/usr/bin/swift-plugin-server\#FoundationMacros -load-resolved-plugin /Applications/Xcode-27.0.0-Release.Candidate.app/Contents/Developer/Platforms/XROS.platform/Developer/usr/lib/swift/host/plugins/libObservationMacros.dylib\#/Applications/Xcode-27.0.0-Release.Candidate.app/Contents/Developer/Platforms/XROS.platform/Developer/usr/bin/swift-plugin-server\#ObservationMacros -load-resolved-plugin /Applications/Xcode-27.0.0-Release.Candidate.app/Contents/Developer/Platforms/XROS.platform/Developer/usr/lib/swift/host/plugins/libPreviewsMacros.dylib\#/Applications/Xcode-27.0.0-Release.Candidate.app/Contents/Developer/Platforms/XROS.platform/Developer/usr/bin/swift-plugin-server\#PreviewsMacros -load-resolved-plugin /Applications/Xcode-27.0.0-Release.Candidate.app/Contents/Developer/Platforms/XROS.platform/Developer/usr/lib/swift/host/plugins/libSwiftMacros.dylib\#/Applications/Xcode-27.0.0-Release.Candidate.app/Contents/Developer/Platforms/XROS.platform/Developer/usr/bin/swift-plugin-server\#SwiftMacros -load-resolved-plugin /Applications/Xcode-27.0.0-Release.Candidate.app/Contents/Developer/Platforms/XROS.platform/Developer/usr/lib/swift/host/plugins/libSwiftUIMacros.dylib\#/Applications/Xcode-27.0.0-Release.Candidate.app/Contents/Developer/Platforms/XROS.platform/Developer/usr/bin/swift-plugin-server\#SwiftUIMacros -disable-implicit-swift-modules -Xcc -fno-implicit-modules -Xcc -fno-implicit-module-maps -explicit-swift-module-map-file /Users/admin/builder/spi-builder-workspace/.derivedData/Build/Intermediates.noindex/WWMessageBar.build/Debug-xros/WWMessageBar-t.build/Objects-normal/arm64/WWMessageBar-dependencies-1.json -Xllvm -aarch64-use-tbi -enable-objc-interop -stack-check -sdk /Applications/Xcode-27.0.0-Release.Candidate.app/Contents/Developer/Platforms/XROS.platform/Developer/SDKs/XROS27.0.sdk -I /Users/admin/builder/spi-builder-workspace/.derivedData/Build/Products/Debug-xros -Isystem /Applications/Xcode-27.0.0-Release.Candidate.app/Contents/Developer/Platforms/XROS.platform/Developer/usr/lib -F /Users/admin/builder/spi-builder-workspace/.derivedData/Build/Products/Debug-xros -F /Applications/Xcode-27.0.0-Release.Candidate.app/Contents/Developer/Platforms/XROS.platform/Developer/Library/Frameworks -F /Applications/Xcode-27.0.0-Release.Candidate.app/Contents/Developer/Platforms/XROS.platform/Developer/SDKs/XROS27.0.sdk/Developer/Library/Frameworks -module-cache-path /Users/admin/builder/spi-builder-workspace/.derivedData/Build/Intermediates.noindex/SwiftExplicitPrecompiledModules -no-color-diagnostics -Xcc -fno-color-diagnostics -enable-testing -g -debug-info-format\=dwarf -dwarf-version\=4 -swift-version 5 -Onone -D SWIFT_PACKAGE -D DEBUG -D SWIFT_MODULE_RESOURCE_BUNDLE_AVAILABLE -D Xcode -serialize-debugging-options -enable-experimental-feature DebugDescriptionMacro -empty-abi-descriptor -validate-clang-modules-once -clang-build-session-file /Users/admin/builder/spi-builder-workspace/.derivedData/ModuleCache.noindex/Session.modulevalidation -Xcc -working-directory -Xcc /Users/admin/builder/spi-builder-workspace/.swiftpm/xcode -enable-anonymous-context-mangled-names -file-compilation-dir /Users/admin/builder/spi-builder-workspace/.swiftpm/xcode -Xcc -D_LIBCPP_HARDENING_MODE\=_LIBCPP_HARDENING_MODE_DEBUG -Xcc -ivfsstatcache -Xcc /Users/admin/builder/spi-builder-workspace/.derivedData/SDKStatCaches.noindex/xros27.0-24M361-e829b21a6f8c9b70876ba0858053c044735bd543db762f57723cac368afd1ce4.sdkstatcache -Xcc -fmodules-prune-interval\=86400 -Xcc -fmodules-prune-after\=345600 -Xcc -I/Users/admin/builder/spi-builder-workspace/.derivedData/Build/Products/Debug-xros/include -Xcc -I/Users/admin/builder/spi-builder-workspace/.derivedData/Build/Intermediates.noindex/WWMessageBar.build/Debug-xros/WWMessageBar-t.build/DerivedSources-normal/arm64 -Xcc -I/Users/admin/builder/spi-builder-workspace/.derivedData/Build/Intermediates.noindex/WWMessageBar.build/Debug-xros/WWMessageBar-t.build/DerivedSources/arm64 -Xcc -I/Users/admin/builder/spi-builder-workspace/.derivedData/Build/Intermediates.noindex/WWMessageBar.build/Debug-xros/WWMessageBar-t.build/DerivedSources -Xcc -DSWIFT_PACKAGE -Xcc -DDEBUG\=1 -no-auto-bridging-header-chaining -module-name WWMessageBar -const-gather-protocols-file /Users/admin/builder/spi-builder-workspace/.derivedData/Build/Intermediates.noindex/WWMessageBar.build/Debug-xros/WWMessageBar-t.build/Objects-normal/arm64/WWMessageBar_const_extract_protocols.json -disable-clang-spi -clang-target arm64-apple-xros27.0 -target-sdk-version 27.0 -target-sdk-name xros27.0 -in-process-plugin-server-path /Applications/Xcode-27.0.0-Release.Candidate.app/Contents/Developer/Toolchains/XcodeDefault.xctoolchain/usr/lib/swift/host/libSwiftInProcPluginServer.dylib -parse-as-library -o /Users/admin/builder/spi-builder-workspace/.derivedData/Build/Intermediates.noindex/WWMessageBar.build/Debug-xros/WWMessageBar-t.build/Objects-normal/arm64/Extension.o -debug-module-path /Users/admin/builder/spi-builder-workspace/.derivedData/Build/Intermediates.noindex/WWMessageBar.build/Debug-xros/WWMessageBar-t.build/Objects-normal/arm64/WWMessageBar.swiftmodule -index-unit-output-path /WWMessageBar.build/Debug-xros/WWMessageBar-t.build/Objects-normal/arm64/Extension.o -index-store-path /Users/admin/builder/spi-builder-workspace/.derivedData/Index.noindex/DataStore -index-system-modules
SwiftCompile normal arm64 /Users/admin/builder/spi-builder-workspace/Sources/WWMessageBar/Utility/Extension.swift (in target 'WWMessageBar' from project 'WWMessageBar')
cd /Users/admin/builder/spi-builder-workspace/.swiftpm/xcode
builtin-SwiftPerFileCompile Extension.swift
SwiftCompile normal arm64 Compiling\ MessageBarWindow.swift /Users/admin/builder/spi-builder-workspace/Sources/WWMessageBar/MessageBarWindow.swift (in target 'WWMessageBar' from project 'WWMessageBar')
/Users/admin/builder/spi-builder-workspace/Sources/WWMessageBar/MessageBarWindow.swift:177:50: warning: extraneous duplicate parameter name; 'afterDelay' already has an argument label
175 | /// - completion: ((UIViewAnimatingPosition) -> Void)?
176 | /// - Returns: UIViewPropertyAnimator
177 | func dismiss(animatorDuration: TimeInterval, afterDelay afterDelay: TimeInterval, completion: ((UIViewAnimatingPosition) -> Void)? = nil) -> UIViewPropertyAnimator {
| `- warning: extraneous duplicate parameter name; 'afterDelay' already has an argument label
178 |
179 | let dismissAnimator = UIViewPropertyAnimator(duration: animatorDuration, curve: .easeInOut) { [unowned self] in frame = dismissFrame }
/Users/admin/builder/spi-builder-workspace/Sources/WWMessageBar/MessageBarWindow.swift:25:49: warning: 'UIStoryboard' was deprecated in visionOS 1.0: Loading Interface Builder products will not be supported in a future version of visionOS. [#DeprecatedDeclaration]
23 | private var dismissWorkItem = DispatchWorkItem {}
24 |
25 | private lazy var messageBarViewController = UIStoryboard(name: "Storyboard", bundle: .module).instantiateViewController(withIdentifier: "MessageBar") as? MessageBarViewController
| `- warning: 'UIStoryboard' was deprecated in visionOS 1.0: Loading Interface Builder products will not be supported in a future version of visionOS. [#DeprecatedDeclaration]
26 |
27 | override init(frame: CGRect) {
/Users/admin/builder/spi-builder-workspace/Sources/WWMessageBar/MessageBarWindow.swift:93:47: error: 'screen' is unavailable in visionOS
91 | guard let currentWindowScene = UIWindowScene._current else { return }
92 |
93 | let screenBounds = currentWindowScene.screen.bounds
| `- error: 'screen' is unavailable in visionOS
94 | let size = CGSize(width: screenBounds.width, height: height)
95 |
/Applications/Xcode-27.0.0-Release.Candidate.app/Contents/Developer/Platforms/XROS.platform/Developer/SDKs/XROS27.0.sdk/System/Library/Frameworks/UIKit.framework/Headers/UIWindowScene.h:25:43: note: 'screen' has been explicitly marked unavailable here
23 |
24 | #pragma mark Geometry
25 | @property (nonatomic, readonly) UIScreen *screen API_UNAVAILABLE(visionos);
| `- note: 'screen' has been explicitly marked unavailable here
26 | @property (nonatomic, readonly) UIInterfaceOrientation interfaceOrientation API_DEPRECATED("Use effectiveGeometry.interfaceOrientation instead.", ios(13.0, 26.0), visionos(1.0, 26.0)) API_UNAVAILABLE(tvos);
27 | @property (nonatomic, readonly) id<UICoordinateSpace> coordinateSpace API_DEPRECATED("Use effectiveGeometry.coordinateSpace instead.", ios(13.0, 26.0), tvos(13.0, 26.0), visionos(1.0, 26.0));
/Users/admin/builder/spi-builder-workspace/Sources/WWMessageBar/MessageBarWindow.swift:145:13: warning: switch covers known cases, but 'UIViewAnimatingPosition' may have additional unknown values, possibly added in future versions; this is an error in the Swift 6 language mode
143 | animator.addCompletion { [unowned self] displayPosition in
144 |
145 | switch displayPosition {
| |- warning: switch covers known cases, but 'UIViewAnimatingPosition' may have additional unknown values, possibly added in future versions; this is an error in the Swift 6 language mode
| `- note: handle unknown values using "@unknown default"
146 | case .start: break
147 | case .current: break
/Users/admin/builder/spi-builder-workspace/Sources/WWMessageBar/MessageBarWindow.swift:149:54: warning: call to method 'dismissAction' in closure requires explicit use of 'self' to make capture semantics explicit; this is an error in the Swift 6 language mode
147 | case .current: break
148 | case .end:
149 | dismissWorkItem = DispatchWorkItem { dismissAction() }
| | |- warning: call to method 'dismissAction' in closure requires explicit use of 'self' to make capture semantics explicit; this is an error in the Swift 6 language mode
| | `- note: reference 'self.' explicitly
| `- note: capture 'self' explicitly to enable implicit 'self' in this closure
150 | DispatchQueue.main.asyncAfter(deadline: .now() + animateDelayTime + touchDelayTime, execute: dismissWorkItem)
151 | }
/Users/admin/builder/spi-builder-workspace/Sources/WWMessageBar/MessageBarWindow.swift:160:9: warning: result of call to 'dismiss(animatorDuration:afterDelay:completion:)' is unused [#NoUsage]
158 | func dismissAction() {
159 |
160 | dismiss(animatorDuration: animateDelayTime, afterDelay: animateDelayTime) { [unowned self] dismissPosition in
| `- warning: result of call to 'dismiss(animatorDuration:afterDelay:completion:)' is unused [#NoUsage]
161 |
162 | if (messageQueue.isEmpty) { return }
[#DeprecatedDeclaration]: <https://docs.swift.org/compiler/documentation/diagnostics/deprecated-declaration>
[#NoUsage]: <https://docs.swift.org/compiler/documentation/diagnostics/no-usage>
SwiftCompile normal arm64 /Users/admin/builder/spi-builder-workspace/Sources/WWMessageBar/MessageBarWindow.swift (in target 'WWMessageBar' from project 'WWMessageBar')
cd /Users/admin/builder/spi-builder-workspace/.swiftpm/xcode
builtin-SwiftPerFileCompile MessageBarWindow.swift
SwiftCompile normal arm64 Compiling\ MessageBarViewController.swift /Users/admin/builder/spi-builder-workspace/Sources/WWMessageBar/MessageBarViewController.swift (in target 'WWMessageBar' from project 'WWMessageBar')
SwiftCompile normal arm64 /Users/admin/builder/spi-builder-workspace/Sources/WWMessageBar/MessageBarViewController.swift (in target 'WWMessageBar' from project 'WWMessageBar')
cd /Users/admin/builder/spi-builder-workspace/.swiftpm/xcode
builtin-SwiftPerFileCompile MessageBarViewController.swift
SwiftCompile normal arm64 Compiling\ resource_bundle_accessor.swift /Users/admin/builder/spi-builder-workspace/.derivedData/Build/Intermediates.noindex/WWMessageBar.build/Debug-xros/WWMessageBar-t.build/DerivedSources/resource_bundle_accessor.swift (in target 'WWMessageBar' from project 'WWMessageBar')
SwiftCompile normal arm64 /Users/admin/builder/spi-builder-workspace/.derivedData/Build/Intermediates.noindex/WWMessageBar.build/Debug-xros/WWMessageBar-t.build/DerivedSources/resource_bundle_accessor.swift (in target 'WWMessageBar' from project 'WWMessageBar')
cd /Users/admin/builder/spi-builder-workspace/.swiftpm/xcode
builtin-SwiftPerFileCompile resource_bundle_accessor.swift
SwiftCompile normal arm64 Compiling\ WWMessageBar.swift /Users/admin/builder/spi-builder-workspace/Sources/WWMessageBar/WWMessageBar.swift (in target 'WWMessageBar' from project 'WWMessageBar')
/Users/admin/builder/spi-builder-workspace/Sources/WWMessageBar/MessageBarWindow.swift:177:50: warning: extraneous duplicate parameter name; 'afterDelay' already has an argument label
175 | /// - completion: ((UIViewAnimatingPosition) -> Void)?
176 | /// - Returns: UIViewPropertyAnimator
177 | func dismiss(animatorDuration: TimeInterval, afterDelay afterDelay: TimeInterval, completion: ((UIViewAnimatingPosition) -> Void)? = nil) -> UIViewPropertyAnimator {
| `- warning: extraneous duplicate parameter name; 'afterDelay' already has an argument label
178 |
179 | let dismissAnimator = UIViewPropertyAnimator(duration: animatorDuration, curve: .easeInOut) { [unowned self] in frame = dismissFrame }
SwiftCompile normal arm64 /Users/admin/builder/spi-builder-workspace/Sources/WWMessageBar/WWMessageBar.swift (in target 'WWMessageBar' from project 'WWMessageBar')
cd /Users/admin/builder/spi-builder-workspace/.swiftpm/xcode
builtin-SwiftPerFileCompile WWMessageBar.swift
SwiftDriverJobDiscovery normal arm64 Emitting module for WWMessageBar (in target 'WWMessageBar' from project 'WWMessageBar')
SwiftDriver\ Compilation\ Requirements WWMessageBar normal arm64 com.apple.xcode.tools.swift.compiler (in target 'WWMessageBar' from project 'WWMessageBar')
cd /Users/admin/builder/spi-builder-workspace/.swiftpm/xcode
builtin-Swift-Compilation-Requirements -- /Applications/Xcode-27.0.0-Release.Candidate.app/Contents/Developer/Toolchains/XcodeDefault.xctoolchain/usr/bin/swiftc -parse-as-library -module-name WWMessageBar -Onone @/Users/admin/builder/spi-builder-workspace/.derivedData/Build/Intermediates.noindex/WWMessageBar.build/Debug-xros/WWMessageBar-t.build/Objects-normal/arm64/WWMessageBar.SwiftFileList -DSWIFT_PACKAGE -DDEBUG -DSWIFT_MODULE_RESOURCE_BUNDLE_AVAILABLE -DXcode -plugin-path /Applications/Xcode-27.0.0-Release.Candidate.app/Contents/Developer/Toolchains/XcodeDefault.xctoolchain/usr/lib/swift/host/plugins/testing -enable-experimental-feature DebugDescriptionMacro -sdk /Applications/Xcode-27.0.0-Release.Candidate.app/Contents/Developer/Platforms/XROS.platform/Developer/SDKs/XROS27.0.sdk -target arm64-apple-xros1.0 -g -module-cache-path /Users/admin/builder/spi-builder-workspace/.derivedData/ModuleCache.noindex -Xfrontend -serialize-debugging-options -enable-testing -index-store-path /Users/admin/builder/spi-builder-workspace/.derivedData/Index.noindex/DataStore -Xcc -D_LIBCPP_HARDENING_MODE\=_LIBCPP_HARDENING_MODE_DEBUG -swift-version 5 -I /Users/admin/builder/spi-builder-workspace/.derivedData/Build/Products/Debug-xros -Isystem /Applications/Xcode-27.0.0-Release.Candidate.app/Contents/Developer/Platforms/XROS.platform/Developer/usr/lib -F /Users/admin/builder/spi-builder-workspace/.derivedData/Build/Products/Debug-xros -F /Applications/Xcode-27.0.0-Release.Candidate.app/Contents/Developer/Platforms/XROS.platform/Developer/Library/Frameworks -F /Applications/Xcode-27.0.0-Release.Candidate.app/Contents/Developer/Platforms/XROS.platform/Developer/SDKs/XROS27.0.sdk/Developer/Library/Frameworks -c -j10 -enable-batch-mode -incremental -Xcc -ivfsstatcache -Xcc /Users/admin/builder/spi-builder-workspace/.derivedData/SDKStatCaches.noindex/xros27.0-24M361-e829b21a6f8c9b70876ba0858053c044735bd543db762f57723cac368afd1ce4.sdkstatcache -output-file-map /Users/admin/builder/spi-builder-workspace/.derivedData/Build/Intermediates.noindex/WWMessageBar.build/Debug-xros/WWMessageBar-t.build/Objects-normal/arm64/WWMessageBar-OutputFileMap.json -save-temps -no-color-diagnostics -explicit-module-build -module-cache-path /Users/admin/builder/spi-builder-workspace/.derivedData/Build/Intermediates.noindex/SwiftExplicitPrecompiledModules -clang-scanner-module-cache-path /Users/admin/builder/spi-builder-workspace/.derivedData/ModuleCache.noindex -sdk-module-cache-path /Users/admin/builder/spi-builder-workspace/.derivedData/SDKExplicitPrecompiledModules -emit-dependencies -emit-module -emit-module-path /Users/admin/builder/spi-builder-workspace/.derivedData/Build/Intermediates.noindex/WWMessageBar.build/Debug-xros/WWMessageBar-t.build/Objects-normal/arm64/WWMessageBar.swiftmodule -serialize-diagnostics -dependency-scan-serialize-diagnostics-path /Users/admin/builder/spi-builder-workspace/.derivedData/Build/Intermediates.noindex/WWMessageBar.build/Debug-xros/WWMessageBar-t.build/Objects-normal/arm64/WWMessageBar-dependency-scan.dia -validate-clang-modules-once -clang-build-session-file /Users/admin/builder/spi-builder-workspace/.derivedData/ModuleCache.noindex/Session.modulevalidation -Xcc -fmodules-prune-interval\=86400 -Xcc -fmodules-prune-after\=345600 -emit-const-values -const-gather-protocols-list /Users/admin/builder/spi-builder-workspace/.derivedData/Build/Intermediates.noindex/WWMessageBar.build/Debug-xros/WWMessageBar-t.build/Objects-normal/arm64/WWMessageBar_const_extract_protocols.json -Xcc -I/Users/admin/builder/spi-builder-workspace/.derivedData/Build/Products/Debug-xros/include -Xcc -I/Users/admin/builder/spi-builder-workspace/.derivedData/Build/Intermediates.noindex/WWMessageBar.build/Debug-xros/WWMessageBar-t.build/DerivedSources-normal/arm64 -Xcc -I/Users/admin/builder/spi-builder-workspace/.derivedData/Build/Intermediates.noindex/WWMessageBar.build/Debug-xros/WWMessageBar-t.build/DerivedSources/arm64 -Xcc -I/Users/admin/builder/spi-builder-workspace/.derivedData/Build/Intermediates.noindex/WWMessageBar.build/Debug-xros/WWMessageBar-t.build/DerivedSources -Xcc -DSWIFT_PACKAGE -Xcc -DDEBUG\=1 -emit-objc-header -emit-objc-header-path /Users/admin/builder/spi-builder-workspace/.derivedData/Build/Intermediates.noindex/WWMessageBar.build/Debug-xros/WWMessageBar-t.build/Objects-normal/arm64/WWMessageBar-Swift.h -working-directory /Users/admin/builder/spi-builder-workspace/.swiftpm/xcode -experimental-emit-module-separately -disable-cmo
SwiftMergeGeneratedHeaders /Users/admin/builder/spi-builder-workspace/.derivedData/Build/Intermediates.noindex/GeneratedModuleMaps-xros/WWMessageBar-Swift.h /Users/admin/builder/spi-builder-workspace/.derivedData/Build/Intermediates.noindex/WWMessageBar.build/Debug-xros/WWMessageBar-t.build/Objects-normal/arm64/WWMessageBar-Swift.h (in target 'WWMessageBar' from project 'WWMessageBar')
cd /Users/admin/builder/spi-builder-workspace
builtin-swiftHeaderTool -arch arm64 /Users/admin/builder/spi-builder-workspace/.derivedData/Build/Intermediates.noindex/WWMessageBar.build/Debug-xros/WWMessageBar-t.build/Objects-normal/arm64/WWMessageBar-Swift.h -o /Users/admin/builder/spi-builder-workspace/.derivedData/Build/Intermediates.noindex/GeneratedModuleMaps-xros/WWMessageBar-Swift.h
Copy /Users/admin/builder/spi-builder-workspace/.derivedData/Build/Products/Debug-xros/WWMessageBar.swiftmodule/arm64-apple-xros.swiftmodule /Users/admin/builder/spi-builder-workspace/.derivedData/Build/Intermediates.noindex/WWMessageBar.build/Debug-xros/WWMessageBar-t.build/Objects-normal/arm64/WWMessageBar.swiftmodule (in target 'WWMessageBar' from project 'WWMessageBar')
cd /Users/admin/builder/spi-builder-workspace
builtin-copy -exclude .DS_Store -exclude CVS -exclude .svn -exclude .git -exclude .hg -resolve-src-symlinks -rename /Users/admin/builder/spi-builder-workspace/.derivedData/Build/Intermediates.noindex/WWMessageBar.build/Debug-xros/WWMessageBar-t.build/Objects-normal/arm64/WWMessageBar.swiftmodule /Users/admin/builder/spi-builder-workspace/.derivedData/Build/Products/Debug-xros/WWMessageBar.swiftmodule/arm64-apple-xros.swiftmodule
Copy /Users/admin/builder/spi-builder-workspace/.derivedData/Build/Products/Debug-xros/WWMessageBar.swiftmodule/arm64-apple-xros.swiftdoc /Users/admin/builder/spi-builder-workspace/.derivedData/Build/Intermediates.noindex/WWMessageBar.build/Debug-xros/WWMessageBar-t.build/Objects-normal/arm64/WWMessageBar.swiftdoc (in target 'WWMessageBar' from project 'WWMessageBar')
cd /Users/admin/builder/spi-builder-workspace
builtin-copy -exclude .DS_Store -exclude CVS -exclude .svn -exclude .git -exclude .hg -resolve-src-symlinks -rename /Users/admin/builder/spi-builder-workspace/.derivedData/Build/Intermediates.noindex/WWMessageBar.build/Debug-xros/WWMessageBar-t.build/Objects-normal/arm64/WWMessageBar.swiftdoc /Users/admin/builder/spi-builder-workspace/.derivedData/Build/Products/Debug-xros/WWMessageBar.swiftmodule/arm64-apple-xros.swiftdoc
Copy /Users/admin/builder/spi-builder-workspace/.derivedData/Build/Products/Debug-xros/WWMessageBar.swiftmodule/arm64-apple-xros.abi.json /Users/admin/builder/spi-builder-workspace/.derivedData/Build/Intermediates.noindex/WWMessageBar.build/Debug-xros/WWMessageBar-t.build/Objects-normal/arm64/WWMessageBar.abi.json (in target 'WWMessageBar' from project 'WWMessageBar')
cd /Users/admin/builder/spi-builder-workspace
builtin-copy -exclude .DS_Store -exclude CVS -exclude .svn -exclude .git -exclude .hg -resolve-src-symlinks -rename /Users/admin/builder/spi-builder-workspace/.derivedData/Build/Intermediates.noindex/WWMessageBar.build/Debug-xros/WWMessageBar-t.build/Objects-normal/arm64/WWMessageBar.abi.json /Users/admin/builder/spi-builder-workspace/.derivedData/Build/Products/Debug-xros/WWMessageBar.swiftmodule/arm64-apple-xros.abi.json
Copy /Users/admin/builder/spi-builder-workspace/.derivedData/Build/Products/Debug-xros/WWMessageBar.swiftmodule/Project/arm64-apple-xros.swiftsourceinfo /Users/admin/builder/spi-builder-workspace/.derivedData/Build/Intermediates.noindex/WWMessageBar.build/Debug-xros/WWMessageBar-t.build/Objects-normal/arm64/WWMessageBar.swiftsourceinfo (in target 'WWMessageBar' from project 'WWMessageBar')
cd /Users/admin/builder/spi-builder-workspace
builtin-copy -exclude .DS_Store -exclude CVS -exclude .svn -exclude .git -exclude .hg -resolve-src-symlinks -rename /Users/admin/builder/spi-builder-workspace/.derivedData/Build/Intermediates.noindex/WWMessageBar.build/Debug-xros/WWMessageBar-t.build/Objects-normal/arm64/WWMessageBar.swiftsourceinfo /Users/admin/builder/spi-builder-workspace/.derivedData/Build/Products/Debug-xros/WWMessageBar.swiftmodule/Project/arm64-apple-xros.swiftsourceinfo
SwiftDriverJobDiscovery normal arm64 Compiling Protocol.swift (in target 'WWMessageBar' from project 'WWMessageBar')
SwiftDriverJobDiscovery normal arm64 Compiling resource_bundle_accessor.swift (in target 'WWMessageBar' from project 'WWMessageBar')
SwiftDriverJobDiscovery normal arm64 Compiling GeneratedAssetSymbols.swift (in target 'WWMessageBar' from project 'WWMessageBar')
PruneExplicitPrecompiledModules /Users/admin/builder/spi-builder-workspace/.derivedData/SDKExplicitPrecompiledModules
PruneExplicitPrecompiledModules /Users/admin/builder/spi-builder-workspace/.derivedData/Build/Intermediates.noindex/SwiftExplicitPrecompiledModules
PruneExplicitPrecompiledModules /Users/admin/builder/spi-builder-workspace/.derivedData/Build/Intermediates.noindex/ExplicitPrecompiledModules
2026-09-21 19:55:58.535 xcodebuild[664:4285] [MT] IDERunDestination: Supported platforms for the buildables in the current scheme is empty.
** BUILD FAILED **
The following build commands failed:
SwiftCompile normal arm64 Compiling\ Extension.swift /Users/admin/builder/spi-builder-workspace/Sources/WWMessageBar/Utility/Extension.swift (in target 'WWMessageBar' from project 'WWMessageBar')
SwiftCompile normal arm64 /Users/admin/builder/spi-builder-workspace/Sources/WWMessageBar/Utility/Extension.swift (in target 'WWMessageBar' from project 'WWMessageBar')
Building workspace WWMessageBar with scheme WWMessageBar
(3 failures)
Command line invocation:
/Applications/Xcode-27.0.0-Release.Candidate.app/Contents/Developer/usr/bin/xcodebuild -IDEClonedSourcePackagesDirPathOverride=/Users/admin/builder/spi-builder-workspace/.dependencies -resolvePackageDependencies
Resolve Package Graph
Resolved source packages:
WWMessageBar: /Users/admin/builder/spi-builder-workspace
resolved source packages: WWMessageBar
2026-09-21 19:56:10.672 xcodebuild[767:4763] [MT] IDERunDestination: Supported platforms for the buildables in the current scheme is empty.
{
"dependencies" : [
],
"manifest_display_name" : "WWMessageBar",
"name" : "WWMessageBar",
"path" : "/Users/admin/builder/spi-builder-workspace",
"platforms" : [
{
"name" : "ios",
"version" : "15.0"
}
],
"products" : [
{
"name" : "WWMessageBar",
"targets" : [
"WWMessageBar"
],
"type" : {
"library" : [
"automatic"
]
}
}
],
"swift_languages_versions" : [
"5"
],
"targets" : [
{
"c99name" : "WWMessageBar",
"module_type" : "SwiftTarget",
"name" : "WWMessageBar",
"path" : "Sources/WWMessageBar",
"product_memberships" : [
"WWMessageBar"
],
"resources" : [
{
"path" : "/Users/admin/builder/spi-builder-workspace/Sources/WWMessageBar/Material/Media.xcassets",
"rule" : {
"process" : {
}
}
},
{
"path" : "/Users/admin/builder/spi-builder-workspace/Sources/WWMessageBar/Privacy",
"rule" : {
"copy" : {
}
}
},
{
"path" : "/Users/admin/builder/spi-builder-workspace/Sources/WWMessageBar/Storyboard/Storyboard.storyboard",
"rule" : {
"process" : {
}
}
}
],
"sources" : [
"MessageBarViewController.swift",
"MessageBarWindow.swift",
"Utility/Constant.swift",
"Utility/Extension.swift",
"Utility/Protocol.swift",
"WWMessageBar.swift"
],
"type" : "library"
}
],
"tools_version" : "5.7"
}
{
"workspace" : {
"name" : "WWMessageBar",
"schemes" : [
"WWMessageBar"
]
}
}
2026-09-21 19:56:11.850 xcodebuild[775:4835] [MT] IDERunDestination: Supported platforms for the buildables in the current scheme is empty.
Running build ...
env DEVELOPER_DIR=/Applications/Xcode-27.0.0-Release.Candidate.app xcrun xcodebuild -IDEClonedSourcePackagesDirPathOverride=$PWD/.dependencies -skipMacroValidation -skipPackagePluginValidation -derivedDataPath $PWD/.derivedData build -scheme WWMessageBar -destination generic/platform=xrOS
Command line invocation:
/Applications/Xcode-27.0.0-Release.Candidate.app/Contents/Developer/usr/bin/xcodebuild -IDEClonedSourcePackagesDirPathOverride=/Users/admin/builder/spi-builder-workspace/.dependencies -skipMacroValidation -skipPackagePluginValidation -derivedDataPath /Users/admin/builder/spi-builder-workspace/.derivedData build -scheme WWMessageBar -destination generic/platform=xrOS
Resolve Package Graph
Resolved source packages:
WWMessageBar: /Users/admin/builder/spi-builder-workspace
ComputePackagePrebuildTargetDependencyGraph
Prepare packages
CreateBuildRequest
SendProjectDescription
CreateBuildOperation
ComputeTargetDependencyGraph
note: Building targets in dependency order
note: Target dependency graph (3 targets)
Target 'WWMessageBar-product' in project 'WWMessageBar'
➜ Explicit dependency on target 'WWMessageBar' in project 'WWMessageBar'
➜ Explicit dependency on target 'WWMessageBar_WWMessageBar' in project 'WWMessageBar'
Target 'WWMessageBar' in project 'WWMessageBar'
➜ Explicit dependency on target 'WWMessageBar_WWMessageBar' in project 'WWMessageBar'
Target 'WWMessageBar_WWMessageBar' in project 'WWMessageBar' (no dependencies)
GatherProvisioningInputs
CreateBuildDescription
ClangStatCache /Applications/Xcode-27.0.0-Release.Candidate.app/Contents/Developer/Toolchains/XcodeDefault.xctoolchain/usr/bin/clang-stat-cache /Applications/Xcode-27.0.0-Release.Candidate.app/Contents/Developer/Platforms/XROS.platform/Developer/SDKs/XROS27.0.sdk /Users/admin/builder/spi-builder-workspace/.derivedData/SDKStatCaches.noindex/xros27.0-24M361-e829b21a6f8c9b70876ba0858053c044735bd543db762f57723cac368afd1ce4.sdkstatcache
cd /Users/admin/builder/spi-builder-workspace/.swiftpm/xcode
/Applications/Xcode-27.0.0-Release.Candidate.app/Contents/Developer/Toolchains/XcodeDefault.xctoolchain/usr/bin/clang-stat-cache /Applications/Xcode-27.0.0-Release.Candidate.app/Contents/Developer/Platforms/XROS.platform/Developer/SDKs/XROS27.0.sdk -o /Users/admin/builder/spi-builder-workspace/.derivedData/SDKStatCaches.noindex/xros27.0-24M361-e829b21a6f8c9b70876ba0858053c044735bd543db762f57723cac368afd1ce4.sdkstatcache
SwiftDriver WWMessageBar normal arm64 com.apple.xcode.tools.swift.compiler (in target 'WWMessageBar' from project 'WWMessageBar')
cd /Users/admin/builder/spi-builder-workspace/.swiftpm/xcode
builtin-SwiftDriver -- /Applications/Xcode-27.0.0-Release.Candidate.app/Contents/Developer/Toolchains/XcodeDefault.xctoolchain/usr/bin/swiftc -parse-as-library -module-name WWMessageBar -Onone @/Users/admin/builder/spi-builder-workspace/.derivedData/Build/Intermediates.noindex/WWMessageBar.build/Debug-xros/WWMessageBar-t.build/Objects-normal/arm64/WWMessageBar.SwiftFileList -DSWIFT_PACKAGE -DDEBUG -DSWIFT_MODULE_RESOURCE_BUNDLE_AVAILABLE -DXcode -plugin-path /Applications/Xcode-27.0.0-Release.Candidate.app/Contents/Developer/Toolchains/XcodeDefault.xctoolchain/usr/lib/swift/host/plugins/testing -enable-experimental-feature DebugDescriptionMacro -sdk /Applications/Xcode-27.0.0-Release.Candidate.app/Contents/Developer/Platforms/XROS.platform/Developer/SDKs/XROS27.0.sdk -target arm64-apple-xros1.0 -g -module-cache-path /Users/admin/builder/spi-builder-workspace/.derivedData/ModuleCache.noindex -Xfrontend -serialize-debugging-options -enable-testing -index-store-path /Users/admin/builder/spi-builder-workspace/.derivedData/Index.noindex/DataStore -Xcc -D_LIBCPP_HARDENING_MODE\=_LIBCPP_HARDENING_MODE_DEBUG -swift-version 5 -I /Users/admin/builder/spi-builder-workspace/.derivedData/Build/Products/Debug-xros -Isystem /Applications/Xcode-27.0.0-Release.Candidate.app/Contents/Developer/Platforms/XROS.platform/Developer/usr/lib -F /Users/admin/builder/spi-builder-workspace/.derivedData/Build/Products/Debug-xros -F /Applications/Xcode-27.0.0-Release.Candidate.app/Contents/Developer/Platforms/XROS.platform/Developer/Library/Frameworks -F /Applications/Xcode-27.0.0-Release.Candidate.app/Contents/Developer/Platforms/XROS.platform/Developer/SDKs/XROS27.0.sdk/Developer/Library/Frameworks -c -j10 -enable-batch-mode -incremental -Xcc -ivfsstatcache -Xcc /Users/admin/builder/spi-builder-workspace/.derivedData/SDKStatCaches.noindex/xros27.0-24M361-e829b21a6f8c9b70876ba0858053c044735bd543db762f57723cac368afd1ce4.sdkstatcache -output-file-map /Users/admin/builder/spi-builder-workspace/.derivedData/Build/Intermediates.noindex/WWMessageBar.build/Debug-xros/WWMessageBar-t.build/Objects-normal/arm64/WWMessageBar-OutputFileMap.json -save-temps -no-color-diagnostics -explicit-module-build -module-cache-path /Users/admin/builder/spi-builder-workspace/.derivedData/Build/Intermediates.noindex/SwiftExplicitPrecompiledModules -clang-scanner-module-cache-path /Users/admin/builder/spi-builder-workspace/.derivedData/ModuleCache.noindex -sdk-module-cache-path /Users/admin/builder/spi-builder-workspace/.derivedData/SDKExplicitPrecompiledModules -emit-dependencies -emit-module -emit-module-path /Users/admin/builder/spi-builder-workspace/.derivedData/Build/Intermediates.noindex/WWMessageBar.build/Debug-xros/WWMessageBar-t.build/Objects-normal/arm64/WWMessageBar.swiftmodule -serialize-diagnostics -dependency-scan-serialize-diagnostics-path /Users/admin/builder/spi-builder-workspace/.derivedData/Build/Intermediates.noindex/WWMessageBar.build/Debug-xros/WWMessageBar-t.build/Objects-normal/arm64/WWMessageBar-dependency-scan.dia -validate-clang-modules-once -clang-build-session-file /Users/admin/builder/spi-builder-workspace/.derivedData/ModuleCache.noindex/Session.modulevalidation -Xcc -fmodules-prune-interval\=86400 -Xcc -fmodules-prune-after\=345600 -emit-const-values -const-gather-protocols-list /Users/admin/builder/spi-builder-workspace/.derivedData/Build/Intermediates.noindex/WWMessageBar.build/Debug-xros/WWMessageBar-t.build/Objects-normal/arm64/WWMessageBar_const_extract_protocols.json -Xcc -I/Users/admin/builder/spi-builder-workspace/.derivedData/Build/Products/Debug-xros/include -Xcc -I/Users/admin/builder/spi-builder-workspace/.derivedData/Build/Intermediates.noindex/WWMessageBar.build/Debug-xros/WWMessageBar-t.build/DerivedSources-normal/arm64 -Xcc -I/Users/admin/builder/spi-builder-workspace/.derivedData/Build/Intermediates.noindex/WWMessageBar.build/Debug-xros/WWMessageBar-t.build/DerivedSources/arm64 -Xcc -I/Users/admin/builder/spi-builder-workspace/.derivedData/Build/Intermediates.noindex/WWMessageBar.build/Debug-xros/WWMessageBar-t.build/DerivedSources -Xcc -DSWIFT_PACKAGE -Xcc -DDEBUG\=1 -emit-objc-header -emit-objc-header-path /Users/admin/builder/spi-builder-workspace/.derivedData/Build/Intermediates.noindex/WWMessageBar.build/Debug-xros/WWMessageBar-t.build/Objects-normal/arm64/WWMessageBar-Swift.h -working-directory /Users/admin/builder/spi-builder-workspace/.swiftpm/xcode -experimental-emit-module-separately -disable-cmo
/Users/admin/builder/spi-builder-workspace/Sources/WWMessageBar/MessageBarWindow.swift:177:50: warning: Extraneous duplicate parameter name; 'afterDelay' already has an argument label (in target 'WWMessageBar' from project 'WWMessageBar')
SwiftCompile normal arm64 Compiling\ Constant.swift /Users/admin/builder/spi-builder-workspace/Sources/WWMessageBar/Utility/Constant.swift (in target 'WWMessageBar' from project 'WWMessageBar')
SwiftCompile normal arm64 /Users/admin/builder/spi-builder-workspace/Sources/WWMessageBar/Utility/Constant.swift (in target 'WWMessageBar' from project 'WWMessageBar')
cd /Users/admin/builder/spi-builder-workspace/.swiftpm/xcode
builtin-SwiftPerFileCompile Constant.swift
SwiftEmitModule normal arm64 Emitting\ module\ for\ WWMessageBar (in target 'WWMessageBar' from project 'WWMessageBar')
SwiftCompile normal arm64 (in target 'WWMessageBar' from project 'WWMessageBar')
cd /Users/admin/builder/spi-builder-workspace/.swiftpm/xcode
/Users/admin/builder/spi-builder-workspace/Sources/WWMessageBar/MessageBarWindow.swift:177:50: warning: extraneous duplicate parameter name; 'afterDelay' already has an argument label
175 | /// - completion: ((UIViewAnimatingPosition) -> Void)?
176 | /// - Returns: UIViewPropertyAnimator
177 | func dismiss(animatorDuration: TimeInterval, afterDelay afterDelay: TimeInterval, completion: ((UIViewAnimatingPosition) -> Void)? = nil) -> UIViewPropertyAnimator {
| `- warning: extraneous duplicate parameter name; 'afterDelay' already has an argument label
178 |
179 | let dismissAnimator = UIViewPropertyAnimator(duration: animatorDuration, curve: .easeInOut) { [unowned self] in frame = dismissFrame }
/Users/admin/builder/spi-builder-workspace/Sources/WWMessageBar/MessageBarWindow.swift:25:49: warning: 'UIStoryboard' was deprecated in visionOS 1.0: Loading Interface Builder products will not be supported in a future version of visionOS. [#DeprecatedDeclaration]
23 | private var dismissWorkItem = DispatchWorkItem {}
24 |
25 | private lazy var messageBarViewController = UIStoryboard(name: "Storyboard", bundle: .module).instantiateViewController(withIdentifier: "MessageBar") as? MessageBarViewController
| `- warning: 'UIStoryboard' was deprecated in visionOS 1.0: Loading Interface Builder products will not be supported in a future version of visionOS. [#DeprecatedDeclaration]
26 |
27 | override init(frame: CGRect) {
SwiftCompile normal arm64 Compiling\ WWMessageBar.swift /Users/admin/builder/spi-builder-workspace/Sources/WWMessageBar/WWMessageBar.swift (in target 'WWMessageBar' from project 'WWMessageBar')
/Users/admin/builder/spi-builder-workspace/Sources/WWMessageBar/MessageBarWindow.swift:177:50: warning: extraneous duplicate parameter name; 'afterDelay' already has an argument label
175 | /// - completion: ((UIViewAnimatingPosition) -> Void)?
176 | /// - Returns: UIViewPropertyAnimator
177 | func dismiss(animatorDuration: TimeInterval, afterDelay afterDelay: TimeInterval, completion: ((UIViewAnimatingPosition) -> Void)? = nil) -> UIViewPropertyAnimator {
| `- warning: extraneous duplicate parameter name; 'afterDelay' already has an argument label
178 |
179 | let dismissAnimator = UIViewPropertyAnimator(duration: animatorDuration, curve: .easeInOut) { [unowned self] in frame = dismissFrame }
/Users/admin/builder/spi-builder-workspace/Sources/WWMessageBar/MessageBarWindow.swift:25:49: warning: 'UIStoryboard' was deprecated in visionOS 1.0: Loading Interface Builder products will not be supported in a future version of visionOS. [#DeprecatedDeclaration]
23 | private var dismissWorkItem = DispatchWorkItem {}
24 |
25 | private lazy var messageBarViewController = UIStoryboard(name: "Storyboard", bundle: .module).instantiateViewController(withIdentifier: "MessageBar") as? MessageBarViewController
| `- warning: 'UIStoryboard' was deprecated in visionOS 1.0: Loading Interface Builder products will not be supported in a future version of visionOS. [#DeprecatedDeclaration]
26 |
27 | override init(frame: CGRect) {
[#DeprecatedDeclaration]: <https://docs.swift.org/compiler/documentation/diagnostics/deprecated-declaration>
SwiftCompile normal arm64 /Users/admin/builder/spi-builder-workspace/Sources/WWMessageBar/WWMessageBar.swift (in target 'WWMessageBar' from project 'WWMessageBar')
cd /Users/admin/builder/spi-builder-workspace/.swiftpm/xcode
builtin-SwiftPerFileCompile WWMessageBar.swift
SwiftCompile normal arm64 Compiling\ MessageBarWindow.swift /Users/admin/builder/spi-builder-workspace/Sources/WWMessageBar/MessageBarWindow.swift (in target 'WWMessageBar' from project 'WWMessageBar')
/Users/admin/builder/spi-builder-workspace/Sources/WWMessageBar/MessageBarWindow.swift:177:50: warning: extraneous duplicate parameter name; 'afterDelay' already has an argument label
175 | /// - completion: ((UIViewAnimatingPosition) -> Void)?
176 | /// - Returns: UIViewPropertyAnimator
177 | func dismiss(animatorDuration: TimeInterval, afterDelay afterDelay: TimeInterval, completion: ((UIViewAnimatingPosition) -> Void)? = nil) -> UIViewPropertyAnimator {
| `- warning: extraneous duplicate parameter name; 'afterDelay' already has an argument label
178 |
179 | let dismissAnimator = UIViewPropertyAnimator(duration: animatorDuration, curve: .easeInOut) { [unowned self] in frame = dismissFrame }
/Users/admin/builder/spi-builder-workspace/Sources/WWMessageBar/MessageBarWindow.swift:25:49: warning: 'UIStoryboard' was deprecated in visionOS 1.0: Loading Interface Builder products will not be supported in a future version of visionOS. [#DeprecatedDeclaration]
23 | private var dismissWorkItem = DispatchWorkItem {}
24 |
25 | private lazy var messageBarViewController = UIStoryboard(name: "Storyboard", bundle: .module).instantiateViewController(withIdentifier: "MessageBar") as? MessageBarViewController
| `- warning: 'UIStoryboard' was deprecated in visionOS 1.0: Loading Interface Builder products will not be supported in a future version of visionOS. [#DeprecatedDeclaration]
26 |
27 | override init(frame: CGRect) {
/Users/admin/builder/spi-builder-workspace/Sources/WWMessageBar/MessageBarWindow.swift:93:47: error: 'screen' is unavailable in visionOS
91 | guard let currentWindowScene = UIWindowScene._current else { return }
92 |
93 | let screenBounds = currentWindowScene.screen.bounds
| `- error: 'screen' is unavailable in visionOS
94 | let size = CGSize(width: screenBounds.width, height: height)
95 |
/Applications/Xcode-27.0.0-Release.Candidate.app/Contents/Developer/Platforms/XROS.platform/Developer/SDKs/XROS27.0.sdk/System/Library/Frameworks/UIKit.framework/Headers/UIWindowScene.h:25:43: note: 'screen' has been explicitly marked unavailable here
23 |
24 | #pragma mark Geometry
25 | @property (nonatomic, readonly) UIScreen *screen API_UNAVAILABLE(visionos);
| `- note: 'screen' has been explicitly marked unavailable here
26 | @property (nonatomic, readonly) UIInterfaceOrientation interfaceOrientation API_DEPRECATED("Use effectiveGeometry.interfaceOrientation instead.", ios(13.0, 26.0), visionos(1.0, 26.0)) API_UNAVAILABLE(tvos);
27 | @property (nonatomic, readonly) id<UICoordinateSpace> coordinateSpace API_DEPRECATED("Use effectiveGeometry.coordinateSpace instead.", ios(13.0, 26.0), tvos(13.0, 26.0), visionos(1.0, 26.0));
/Users/admin/builder/spi-builder-workspace/Sources/WWMessageBar/MessageBarWindow.swift:145:13: warning: switch covers known cases, but 'UIViewAnimatingPosition' may have additional unknown values, possibly added in future versions; this is an error in the Swift 6 language mode
143 | animator.addCompletion { [unowned self] displayPosition in
144 |
145 | switch displayPosition {
| |- warning: switch covers known cases, but 'UIViewAnimatingPosition' may have additional unknown values, possibly added in future versions; this is an error in the Swift 6 language mode
| `- note: handle unknown values using "@unknown default"
146 | case .start: break
147 | case .current: break
/Users/admin/builder/spi-builder-workspace/Sources/WWMessageBar/MessageBarWindow.swift:149:54: warning: call to method 'dismissAction' in closure requires explicit use of 'self' to make capture semantics explicit; this is an error in the Swift 6 language mode
147 | case .current: break
148 | case .end:
149 | dismissWorkItem = DispatchWorkItem { dismissAction() }
| | |- warning: call to method 'dismissAction' in closure requires explicit use of 'self' to make capture semantics explicit; this is an error in the Swift 6 language mode
| | `- note: reference 'self.' explicitly
| `- note: capture 'self' explicitly to enable implicit 'self' in this closure
150 | DispatchQueue.main.asyncAfter(deadline: .now() + animateDelayTime + touchDelayTime, execute: dismissWorkItem)
151 | }
/Users/admin/builder/spi-builder-workspace/Sources/WWMessageBar/MessageBarWindow.swift:160:9: warning: result of call to 'dismiss(animatorDuration:afterDelay:completion:)' is unused [#NoUsage]
158 | func dismissAction() {
159 |
160 | dismiss(animatorDuration: animateDelayTime, afterDelay: animateDelayTime) { [unowned self] dismissPosition in
| `- warning: result of call to 'dismiss(animatorDuration:afterDelay:completion:)' is unused [#NoUsage]
161 |
162 | if (messageQueue.isEmpty) { return }
[#DeprecatedDeclaration]: <https://docs.swift.org/compiler/documentation/diagnostics/deprecated-declaration>
[#NoUsage]: <https://docs.swift.org/compiler/documentation/diagnostics/no-usage>
Failed frontend command:
/Applications/Xcode-27.0.0-Release.Candidate.app/Contents/Developer/Toolchains/XcodeDefault.xctoolchain/usr/bin/swift-frontend -frontend -c /Users/admin/builder/spi-builder-workspace/.derivedData/Build/Intermediates.noindex/WWMessageBar.build/Debug-xros/WWMessageBar-t.build/DerivedSources/resource_bundle_accessor.swift /Users/admin/builder/spi-builder-workspace/Sources/WWMessageBar/MessageBarViewController.swift -primary-file /Users/admin/builder/spi-builder-workspace/Sources/WWMessageBar/MessageBarWindow.swift /Users/admin/builder/spi-builder-workspace/Sources/WWMessageBar/Utility/Constant.swift /Users/admin/builder/spi-builder-workspace/Sources/WWMessageBar/Utility/Extension.swift /Users/admin/builder/spi-builder-workspace/Sources/WWMessageBar/Utility/Protocol.swift /Users/admin/builder/spi-builder-workspace/Sources/WWMessageBar/WWMessageBar.swift /Users/admin/builder/spi-builder-workspace/.derivedData/Build/Intermediates.noindex/WWMessageBar.build/Debug-xros/WWMessageBar-t.build/DerivedSources/GeneratedAssetSymbols.swift -emit-dependencies-path /Users/admin/builder/spi-builder-workspace/.derivedData/Build/Intermediates.noindex/WWMessageBar.build/Debug-xros/WWMessageBar-t.build/Objects-normal/arm64/MessageBarWindow.d -emit-const-values-path /Users/admin/builder/spi-builder-workspace/.derivedData/Build/Intermediates.noindex/WWMessageBar.build/Debug-xros/WWMessageBar-t.build/Objects-normal/arm64/MessageBarWindow.swiftconstvalues -emit-reference-dependencies-path /Users/admin/builder/spi-builder-workspace/.derivedData/Build/Intermediates.noindex/WWMessageBar.build/Debug-xros/WWMessageBar-t.build/Objects-normal/arm64/MessageBarWindow.swiftdeps -serialize-diagnostics-path /Users/admin/builder/spi-builder-workspace/.derivedData/Build/Intermediates.noindex/WWMessageBar.build/Debug-xros/WWMessageBar-t.build/Objects-normal/arm64/MessageBarWindow.dia -target arm64-apple-xros1.0 -module-can-import-version DeveloperToolsSupport 24.0.24 24.0.24 -disable-cross-import-overlay-search -load-resolved-plugin /Applications/Xcode-27.0.0-Release.Candidate.app/Contents/Developer/Platforms/XROS.platform/Developer/usr/lib/swift/host/plugins/libFoundationMacros.dylib\#/Applications/Xcode-27.0.0-Release.Candidate.app/Contents/Developer/Platforms/XROS.platform/Developer/usr/bin/swift-plugin-server\#FoundationMacros -load-resolved-plugin /Applications/Xcode-27.0.0-Release.Candidate.app/Contents/Developer/Platforms/XROS.platform/Developer/usr/lib/swift/host/plugins/libObservationMacros.dylib\#/Applications/Xcode-27.0.0-Release.Candidate.app/Contents/Developer/Platforms/XROS.platform/Developer/usr/bin/swift-plugin-server\#ObservationMacros -load-resolved-plugin /Applications/Xcode-27.0.0-Release.Candidate.app/Contents/Developer/Platforms/XROS.platform/Developer/usr/lib/swift/host/plugins/libPreviewsMacros.dylib\#/Applications/Xcode-27.0.0-Release.Candidate.app/Contents/Developer/Platforms/XROS.platform/Developer/usr/bin/swift-plugin-server\#PreviewsMacros -load-resolved-plugin /Applications/Xcode-27.0.0-Release.Candidate.app/Contents/Developer/Platforms/XROS.platform/Developer/usr/lib/swift/host/plugins/libSwiftMacros.dylib\#/Applications/Xcode-27.0.0-Release.Candidate.app/Contents/Developer/Platforms/XROS.platform/Developer/usr/bin/swift-plugin-server\#SwiftMacros -load-resolved-plugin /Applications/Xcode-27.0.0-Release.Candidate.app/Contents/Developer/Platforms/XROS.platform/Developer/usr/lib/swift/host/plugins/libSwiftUIMacros.dylib\#/Applications/Xcode-27.0.0-Release.Candidate.app/Contents/Developer/Platforms/XROS.platform/Developer/usr/bin/swift-plugin-server\#SwiftUIMacros -disable-implicit-swift-modules -Xcc -fno-implicit-modules -Xcc -fno-implicit-module-maps -explicit-swift-module-map-file /Users/admin/builder/spi-builder-workspace/.derivedData/Build/Intermediates.noindex/WWMessageBar.build/Debug-xros/WWMessageBar-t.build/Objects-normal/arm64/WWMessageBar-dependencies-1.json -Xllvm -aarch64-use-tbi -enable-objc-interop -stack-check -sdk /Applications/Xcode-27.0.0-Release.Candidate.app/Contents/Developer/Platforms/XROS.platform/Developer/SDKs/XROS27.0.sdk -I /Users/admin/builder/spi-builder-workspace/.derivedData/Build/Products/Debug-xros -Isystem /Applications/Xcode-27.0.0-Release.Candidate.app/Contents/Developer/Platforms/XROS.platform/Developer/usr/lib -F /Users/admin/builder/spi-builder-workspace/.derivedData/Build/Products/Debug-xros -F /Applications/Xcode-27.0.0-Release.Candidate.app/Contents/Developer/Platforms/XROS.platform/Developer/Library/Frameworks -F /Applications/Xcode-27.0.0-Release.Candidate.app/Contents/Developer/Platforms/XROS.platform/Developer/SDKs/XROS27.0.sdk/Developer/Library/Frameworks -module-cache-path /Users/admin/builder/spi-builder-workspace/.derivedData/Build/Intermediates.noindex/SwiftExplicitPrecompiledModules -no-color-diagnostics -Xcc -fno-color-diagnostics -enable-testing -g -debug-info-format\=dwarf -dwarf-version\=4 -swift-version 5 -Onone -D SWIFT_PACKAGE -D DEBUG -D SWIFT_MODULE_RESOURCE_BUNDLE_AVAILABLE -D Xcode -serialize-debugging-options -enable-experimental-feature DebugDescriptionMacro -empty-abi-descriptor -validate-clang-modules-once -clang-build-session-file /Users/admin/builder/spi-builder-workspace/.derivedData/ModuleCache.noindex/Session.modulevalidation -Xcc -working-directory -Xcc /Users/admin/builder/spi-builder-workspace/.swiftpm/xcode -enable-anonymous-context-mangled-names -file-compilation-dir /Users/admin/builder/spi-builder-workspace/.swiftpm/xcode -Xcc -D_LIBCPP_HARDENING_MODE\=_LIBCPP_HARDENING_MODE_DEBUG -Xcc -ivfsstatcache -Xcc /Users/admin/builder/spi-builder-workspace/.derivedData/SDKStatCaches.noindex/xros27.0-24M361-e829b21a6f8c9b70876ba0858053c044735bd543db762f57723cac368afd1ce4.sdkstatcache -Xcc -fmodules-prune-interval\=86400 -Xcc -fmodules-prune-after\=345600 -Xcc -I/Users/admin/builder/spi-builder-workspace/.derivedData/Build/Products/Debug-xros/include -Xcc -I/Users/admin/builder/spi-builder-workspace/.derivedData/Build/Intermediates.noindex/WWMessageBar.build/Debug-xros/WWMessageBar-t.build/DerivedSources-normal/arm64 -Xcc -I/Users/admin/builder/spi-builder-workspace/.derivedData/Build/Intermediates.noindex/WWMessageBar.build/Debug-xros/WWMessageBar-t.build/DerivedSources/arm64 -Xcc -I/Users/admin/builder/spi-builder-workspace/.derivedData/Build/Intermediates.noindex/WWMessageBar.build/Debug-xros/WWMessageBar-t.build/DerivedSources -Xcc -DSWIFT_PACKAGE -Xcc -DDEBUG\=1 -no-auto-bridging-header-chaining -module-name WWMessageBar -const-gather-protocols-file /Users/admin/builder/spi-builder-workspace/.derivedData/Build/Intermediates.noindex/WWMessageBar.build/Debug-xros/WWMessageBar-t.build/Objects-normal/arm64/WWMessageBar_const_extract_protocols.json -disable-clang-spi -clang-target arm64-apple-xros27.0 -target-sdk-version 27.0 -target-sdk-name xros27.0 -in-process-plugin-server-path /Applications/Xcode-27.0.0-Release.Candidate.app/Contents/Developer/Toolchains/XcodeDefault.xctoolchain/usr/lib/swift/host/libSwiftInProcPluginServer.dylib -parse-as-library -o /Users/admin/builder/spi-builder-workspace/.derivedData/Build/Intermediates.noindex/WWMessageBar.build/Debug-xros/WWMessageBar-t.build/Objects-normal/arm64/MessageBarWindow.o -debug-module-path /Users/admin/builder/spi-builder-workspace/.derivedData/Build/Intermediates.noindex/WWMessageBar.build/Debug-xros/WWMessageBar-t.build/Objects-normal/arm64/WWMessageBar.swiftmodule -index-unit-output-path /WWMessageBar.build/Debug-xros/WWMessageBar-t.build/Objects-normal/arm64/MessageBarWindow.o -index-store-path /Users/admin/builder/spi-builder-workspace/.derivedData/Index.noindex/DataStore -index-system-modules
SwiftCompile normal arm64 /Users/admin/builder/spi-builder-workspace/Sources/WWMessageBar/MessageBarWindow.swift (in target 'WWMessageBar' from project 'WWMessageBar')
cd /Users/admin/builder/spi-builder-workspace/.swiftpm/xcode
builtin-SwiftPerFileCompile MessageBarWindow.swift
SwiftCompile normal arm64 Compiling\ MessageBarViewController.swift /Users/admin/builder/spi-builder-workspace/Sources/WWMessageBar/MessageBarViewController.swift (in target 'WWMessageBar' from project 'WWMessageBar')
SwiftCompile normal arm64 /Users/admin/builder/spi-builder-workspace/Sources/WWMessageBar/MessageBarViewController.swift (in target 'WWMessageBar' from project 'WWMessageBar')
cd /Users/admin/builder/spi-builder-workspace/.swiftpm/xcode
builtin-SwiftPerFileCompile MessageBarViewController.swift
SwiftCompile normal arm64 Compiling\ Extension.swift /Users/admin/builder/spi-builder-workspace/Sources/WWMessageBar/Utility/Extension.swift (in target 'WWMessageBar' from project 'WWMessageBar')
SwiftCompile normal arm64 /Users/admin/builder/spi-builder-workspace/Sources/WWMessageBar/Utility/Extension.swift (in target 'WWMessageBar' from project 'WWMessageBar')
cd /Users/admin/builder/spi-builder-workspace/.swiftpm/xcode
builtin-SwiftPerFileCompile Extension.swift
SwiftDriverJobDiscovery normal arm64 Compiling WWMessageBar.swift (in target 'WWMessageBar' from project 'WWMessageBar')
SwiftCompile normal arm64 Compiling\ Protocol.swift /Users/admin/builder/spi-builder-workspace/Sources/WWMessageBar/Utility/Protocol.swift (in target 'WWMessageBar' from project 'WWMessageBar')
SwiftCompile normal arm64 /Users/admin/builder/spi-builder-workspace/Sources/WWMessageBar/Utility/Protocol.swift (in target 'WWMessageBar' from project 'WWMessageBar')
cd /Users/admin/builder/spi-builder-workspace/.swiftpm/xcode
builtin-SwiftPerFileCompile Protocol.swift
SwiftDriverJobDiscovery normal arm64 Compiling Constant.swift (in target 'WWMessageBar' from project 'WWMessageBar')
PruneExplicitPrecompiledModules /Users/admin/builder/spi-builder-workspace/.derivedData/Build/Intermediates.noindex/ExplicitPrecompiledModules
PruneExplicitPrecompiledModules /Users/admin/builder/spi-builder-workspace/.derivedData/Build/Intermediates.noindex/SwiftExplicitPrecompiledModules
PruneExplicitPrecompiledModules /Users/admin/builder/spi-builder-workspace/.derivedData/SDKExplicitPrecompiledModules
2026-09-21 19:56:12.785 xcodebuild[776:4860] [MT] IDERunDestination: Supported platforms for the buildables in the current scheme is empty.
** BUILD FAILED **
The following build commands failed:
SwiftCompile normal arm64 Compiling\ MessageBarWindow.swift /Users/admin/builder/spi-builder-workspace/Sources/WWMessageBar/MessageBarWindow.swift (in target 'WWMessageBar' from project 'WWMessageBar')
SwiftCompile normal arm64 /Users/admin/builder/spi-builder-workspace/Sources/WWMessageBar/MessageBarWindow.swift (in target 'WWMessageBar' from project 'WWMessageBar')
Building workspace WWMessageBar with scheme WWMessageBar
(3 failures)
BUILD FAILURE 6.4 visionOS