Build Information
Failed to build WebDriverAgent, reference master (bf5e51), with Swift 6.1 for Linux on 16 Jul 2026 21:29:16 UTC.
Build Command
bash -c docker run --pull=always --rm -v "checkouts-54344844-1":/host -w "$PWD" -e JAVA_HOME="/root/.sdkman/candidates/java/current" -e SPI_BUILD="1" -e SPI_PROCESSING="1" registry.gitlab.com/saguaro1/spi-images:basic-6.1-latest swift build --triple x86_64-unknown-linux-gnu 2>&1Build Log
========================================
RunAll
========================================
Builder version: 333316120c8b89ed7d21f1b34865290794301d91
Interrupt handler set up.
========================================
Checkout
========================================
Clone URL: https://github.com/qawolf/WebDriverAgent.git
Reference: master
Initialized empty Git repository in /host/spi-builder-workspace/.git/
hint: Using 'master' as the name for the initial branch. This default branch name
hint: is subject to change. To configure the initial branch name to use in all
hint: of your new repositories, which will suppress this warning, call:
hint:
hint: git config --global init.defaultBranch <name>
hint:
hint: Names commonly chosen instead of 'master' are 'main', 'trunk' and
hint: 'development'. The just-created branch can be renamed via this command:
hint:
hint: git branch -m <name>
From https://github.com/qawolf/WebDriverAgent
* branch master -> FETCH_HEAD
* [new branch] master -> origin/master
HEAD is now at bf5e51e Merge pull request #17 from qawolf/gen-2002-update-wda-v11-to-v15
Cloned https://github.com/qawolf/WebDriverAgent.git
Revision (git rev-parse @):
bf5e51e8f777b160e2efffb432a258c152e3762a
SUCCESS checkout https://github.com/qawolf/WebDriverAgent.git at master
========================================
Build
========================================
Selected platform: linux
Swift version: 6.1
Building package at path: $PWD
https://github.com/qawolf/WebDriverAgent.git
https://github.com/qawolf/WebDriverAgent.git
WARNING: environment variable SUPPRESS_SWIFT_6_FLAGS is not set
Running build ...
bash -c docker run --pull=always --rm -v "checkouts-54344844-1":/host -w "$PWD" -e JAVA_HOME="/root/.sdkman/candidates/java/current" -e SPI_BUILD="1" -e SPI_PROCESSING="1" registry.gitlab.com/saguaro1/spi-images:basic-6.1-latest swift build --triple x86_64-unknown-linux-gnu -Xswiftc -Xfrontend -Xswiftc -stats-output-dir -Xswiftc -Xfrontend -Xswiftc .stats -Xswiftc -strict-concurrency=complete -Xswiftc -enable-upcoming-feature -Xswiftc StrictConcurrency -Xswiftc -enable-upcoming-feature -Xswiftc DisableOutwardActorInference -Xswiftc -enable-upcoming-feature -Xswiftc GlobalActorIsolatedTypesUsability -Xswiftc -enable-upcoming-feature -Xswiftc InferSendableFromCaptures 2>&1
basic-6.1-latest: Pulling from saguaro1/spi-images
Digest: sha256:0f094b998e61bb35b7a666f42e392cfb12929ea8fa9160622b1badd8b73d5c87
Status: Image is up to date for registry.gitlab.com/saguaro1/spi-images:basic-6.1-latest
warning: 'spi-builder-workspace': ignoring target 'WebDriverAgentLibTests' in package 'spi-builder-workspace'; C language in tests is not yet supported
Building for debugging...
In file included from /host/spi-builder-workspace/WebDriverAgentLib/Vendor/CocoaHTTPServer/Categories/DDNumber.m:1:
/host/spi-builder-workspace/WebDriverAgentLib/Vendor/CocoaHTTPServer/Categories/DDNumber.h:1:9: fatal error: 'Foundation/Foundation.h' file not found
1 | #import <Foundation/Foundation.h>
| ^~~~~~~~~~~~~~~~~~~~~~~~~
1 error generated.
[0/134] Compiling DDNumber.m
In file included from /host/spi-builder-workspace/WebDriverAgentLib/Vendor/CocoaHTTPServer/Categories/DDRange.m:1:
/host/spi-builder-workspace/WebDriverAgentLib/Vendor/CocoaHTTPServer/Categories/DDRange.h:11:9: fatal error: 'Foundation/NSValue.h' file not found
11 | #import <Foundation/NSValue.h>
| ^~~~~~~~~~~~~~~~~~~~~~
1 error generated.
[0/134] Compiling DDRange.m
In file included from /host/spi-builder-workspace/WebDriverAgentLib/Vendor/CocoaHTTPServer/HTTPServer.m:1:
/host/spi-builder-workspace/WebDriverAgentLib/Vendor/CocoaHTTPServer/HTTPServer.h:1:9: fatal error: 'Foundation/Foundation.h' file not found
1 | #import <Foundation/Foundation.h>
| ^~~~~~~~~~~~~~~~~~~~~~~~~
[0/134] Compiling CocoaHTTPServer HTTPServer.m
In file included from /host/spi-builder-workspace/WebDriverAgentLib/Vendor/CocoaAsyncSocket/GCDAsyncSocket.m:11:
/host/spi-builder-workspace/WebDriverAgentLib/Vendor/CocoaAsyncSocket/GCDAsyncSocket.h:11:9: fatal error: 'Foundation/Foundation.h' file not found
11 | #import <Foundation/Foundation.h>
| ^~~~~~~~~~~~~~~~~~~~~~~~~
[0/134] Compiling CocoaAsyncSocket GCDAsyncSocket.m
[0/134] Compiling XCTestPrivateSymbols.m
[0/134] Compiling XCUIApplicationProcessDelay.m
In file included from /host/spi-builder-workspace/WebDriverAgentLib/Vendor/CocoaAsyncSocket/GCDAsyncUdpSocket.m:11:
/host/spi-builder-workspace/WebDriverAgentLib/Vendor/CocoaAsyncSocket/GCDAsyncUdpSocket.h:11:9: fatal error: 'Foundation/Foundation.h' file not found
11 | #import <Foundation/Foundation.h>
| ^~~~~~~~~~~~~~~~~~~~~~~~~
[0/134] Compiling CocoaAsyncSocket GCDAsyncUdpSocket.m
[0/134] Compiling HTTPDataResponse.m
Running build ...
bash -c docker run --pull=always --rm -v "checkouts-54344844-1":/host -w "$PWD" -e JAVA_HOME="/root/.sdkman/candidates/java/current" -e SPI_BUILD="1" -e SPI_PROCESSING="1" registry.gitlab.com/saguaro1/spi-images:basic-6.1-latest swift build --triple x86_64-unknown-linux-gnu 2>&1
basic-6.1-latest: Pulling from saguaro1/spi-images
Digest: sha256:0f094b998e61bb35b7a666f42e392cfb12929ea8fa9160622b1badd8b73d5c87
Status: Image is up to date for registry.gitlab.com/saguaro1/spi-images:basic-6.1-latest
warning: 'spi-builder-workspace': ignoring target 'WebDriverAgentLibTests' in package 'spi-builder-workspace'; C language in tests is not yet supported
[0/1] Planning build
Building for debugging...
In file included from /host/spi-builder-workspace/WebDriverAgentLib/Utilities/NSPredicate+FBFormat.m:9:
/host/spi-builder-workspace/WebDriverAgentLib/Utilities/NSPredicate+FBFormat.h:9:9: fatal error: 'Foundation/Foundation.h' file not found
9 | #import <Foundation/Foundation.h>
| ^~~~~~~~~~~~~~~~~~~~~~~~~
1 error generated.
[0/134] Compiling NSPredicate+FBFormat.m
In file included from /host/spi-builder-workspace/WebDriverAgentLib/Utilities/FBXPathExtensions.m:9:
/host/spi-builder-workspace/WebDriverAgentLib/Utilities/FBXPathExtensions.h:9:9: fatal error: 'Foundation/Foundation.h' file not found
9 | #import <Foundation/Foundation.h>
| ^~~~~~~~~~~~~~~~~~~~~~~~~
1 error generated.
[0/134] Compiling FBXPathExtensions.m
In file included from /host/spi-builder-workspace/WebDriverAgentLib/Utilities/LRUCache/LRUCacheNode.m:17:
/host/spi-builder-workspace/WebDriverAgentLib/Utilities/LRUCache/LRUCacheNode.h:17:9: fatal error: 'Foundation/Foundation.h' file not found
17 | #import <Foundation/Foundation.h>
| ^~~~~~~~~~~~~~~~~~~~~~~~~
1 error generated.
[0/134] Compiling LRUCacheNode.m
In file included from /host/spi-builder-workspace/WebDriverAgentLib/Utilities/XCUIApplicationProcessDelay.m:9:
/host/spi-builder-workspace/WebDriverAgentLib/Utilities/XCUIApplicationProcessDelay.h:9:9: fatal error: 'Foundation/Foundation.h' file not found
9 | #import <Foundation/Foundation.h>
| ^~~~~~~~~~~~~~~~~~~~~~~~~
[0/134] Compiling XCUIApplicationProcessDelay.m
In file included from /host/spi-builder-workspace/WebDriverAgentLib/Utilities/LRUCache/LRUCache.m:17:
/host/spi-builder-workspace/WebDriverAgentLib/Utilities/LRUCache/LRUCache.h:17:9: fatal error: 'Foundation/Foundation.h' file not found
17 | #import <Foundation/Foundation.h>
| ^~~~~~~~~~~~~~~~~~~~~~~~~
[0/134] Compiling LRUCache.m
[0/134] Compiling FBXMLGenerationOptions.m
In file included from /host/spi-builder-workspace/WebDriverAgentLib/Utilities/XCTestPrivateSymbols.m:9:
/host/spi-builder-workspace/WebDriverAgentLib/Utilities/XCTestPrivateSymbols.h:9:9: fatal error: 'Foundation/Foundation.h' file not found
9 | #import <Foundation/Foundation.h>
| ^~~~~~~~~~~~~~~~~~~~~~~~~
[0/134] Compiling XCTestPrivateSymbols.m
In file included from /host/spi-builder-workspace/WebDriverAgentLib/Utilities/FBXPath.m:9:
/host/spi-builder-workspace/WebDriverAgentLib/Utilities/FBXPath.h:9:9: fatal error: 'XCTest/XCTest.h' file not found
9 | #import <XCTest/XCTest.h>
| ^~~~~~~~~~~~~~~~~
[0/134] Compiling FBXPath.m
BUILD FAILURE 6.1 linux