The Swift Package Index logo.Swift Package Index

Build Information

Failed to build DynamicSearchBarPlaceholders, reference 1.0.4 (698ebb), with Swift 6.4 for tvOS using Xcode 27.0 on 19 Sep 2026 11:31:47 UTC.

Build Command

env DEVELOPER_DIR=/Applications/Xcode-27.0.0-Release.Candidate.app xcrun xcodebuild -IDEClonedSourcePackagesDirPathOverride=$PWD/.dependencies -skipMacroValidation -skipPackagePluginValidation -derivedDataPath $PWD/.derivedData build -scheme DynamicSearchBarPlaceholders -destination generic/platform=tvOS

Build Log

========================================
RunAll
========================================
Builder version: 5.1.0
Interrupt handler set up.
========================================
Checkout
========================================
Clone URL: https://github.com/ataetgi/DynamicSearchBarPlaceholders.git
Reference: 1.0.4
Initialized empty Git repository in /Users/admin/builder/spi-builder-workspace/.git/
From https://github.com/ataetgi/DynamicSearchBarPlaceholders
 * tag               1.0.4      -> FETCH_HEAD
HEAD is now at 698ebbd update swift tools version
Cloned https://github.com/ataetgi/DynamicSearchBarPlaceholders.git
Revision (git rev-parse @):
698ebbd16deb6634e48b45ab145058d9b26b96dc
SUCCESS checkout https://github.com/ataetgi/DynamicSearchBarPlaceholders.git at 1.0.4
========================================
Build
========================================
Selected platform:         tvOS
Swift version:             6.4
Building package at path:  $PWD
https://github.com/ataetgi/DynamicSearchBarPlaceholders.git
Command line invocation:
    /Applications/Xcode-27.0.0-Release.Candidate.app/Contents/Developer/usr/bin/xcodebuild -IDEClonedSourcePackagesDirPathOverride=/Users/admin/builder/spi-builder-workspace/.dependencies -resolvePackageDependencies
Resolve Package Graph
Resolve Package Graph
Resolved source packages:
  DynamicSearchBarPlaceholders: /Users/admin/builder/spi-builder-workspace
resolved source packages: DynamicSearchBarPlaceholders
2026-09-19 07:30:56.465 xcodebuild[529:3039] [MT] IDERunDestination: Supported platforms for the buildables in the current scheme is empty.
{
  "dependencies" : [
  ],
  "manifest_display_name" : "DynamicSearchBarPlaceholders",
  "name" : "DynamicSearchBarPlaceholders",
  "path" : "/Users/admin/builder/spi-builder-workspace",
  "platforms" : [
    {
      "name" : "ios",
      "version" : "12.0"
    },
    {
      "name" : "tvos",
      "version" : "12.0"
    }
  ],
  "products" : [
    {
      "name" : "DynamicSearchBarPlaceholders",
      "targets" : [
        "DynamicSearchBarPlaceholders"
      ],
      "type" : {
        "library" : [
          "automatic"
        ]
      }
    }
  ],
  "targets" : [
    {
      "c99name" : "DynamicSearchBarPlaceholdersTests",
      "module_type" : "SwiftTarget",
      "name" : "DynamicSearchBarPlaceholdersTests",
      "path" : "Tests/DynamicSearchBarPlaceholdersTests",
      "sources" : [
        "DynamicSearchBarPlaceholdersTests.swift"
      ],
      "target_dependencies" : [
        "DynamicSearchBarPlaceholders"
      ],
      "type" : "test"
    },
    {
      "c99name" : "DynamicSearchBarPlaceholders",
      "module_type" : "SwiftTarget",
      "name" : "DynamicSearchBarPlaceholders",
      "path" : "Sources/DynamicSearchBarPlaceholders",
      "product_memberships" : [
        "DynamicSearchBarPlaceholders"
      ],
      "sources" : [
        "DynamicSearchBar.swift",
        "Iterators.swift",
        "Placeholders+UIKit.swift",
        "Placeholders.swift",
        "PlaceholdersOptions.swift",
        "TransitionPushDirection.swift"
      ],
      "type" : "library"
    }
  ],
  "tools_version" : "5.4"
}
{
  "workspace" : {
    "name" : "DynamicSearchBarPlaceholders",
    "schemes" : [
      "DynamicSearchBarPlaceholders"
    ]
  }
}
2026-09-19 07:31:37.342 xcodebuild[647:4172] [MT] IDERunDestination: Supported platforms for the buildables in the current scheme is empty.
Running build ...
env DEVELOPER_DIR=/Applications/Xcode-27.0.0-Release.Candidate.app xcrun xcodebuild -IDEClonedSourcePackagesDirPathOverride=$PWD/.dependencies -skipMacroValidation -skipPackagePluginValidation -derivedDataPath $PWD/.derivedData build -scheme DynamicSearchBarPlaceholders -destination generic/platform=tvOS
Command line invocation:
    /Applications/Xcode-27.0.0-Release.Candidate.app/Contents/Developer/usr/bin/xcodebuild -IDEClonedSourcePackagesDirPathOverride=/Users/admin/builder/spi-builder-workspace/.dependencies -skipMacroValidation -skipPackagePluginValidation -derivedDataPath /Users/admin/builder/spi-builder-workspace/.derivedData build -scheme DynamicSearchBarPlaceholders -destination generic/platform=tvOS
Resolve Package Graph
Resolved source packages:
  DynamicSearchBarPlaceholders: /Users/admin/builder/spi-builder-workspace
ComputePackagePrebuildTargetDependencyGraph
Prepare packages
CreateBuildRequest
SendProjectDescription
CreateBuildOperation
ComputeTargetDependencyGraph
note: Building targets in dependency order
note: Target dependency graph (2 targets)
    Target 'DynamicSearchBarPlaceholders-product' in project 'DynamicSearchBarPlaceholders'
        ➜ Explicit dependency on target 'DynamicSearchBarPlaceholders' in project 'DynamicSearchBarPlaceholders'
    Target 'DynamicSearchBarPlaceholders' in project 'DynamicSearchBarPlaceholders' (no dependencies)
GatherProvisioningInputs
CreateBuildDescription
ExecuteExternalTool /Applications/Xcode-27.0.0-Release.Candidate.app/Contents/Developer/Toolchains/XcodeDefault.xctoolchain/usr/bin/clang -v -E -dM -isysroot /Applications/Xcode-27.0.0-Release.Candidate.app/Contents/Developer/Platforms/AppleTVOS.platform/Developer/SDKs/AppleTVOS27.0.sdk -x c -c /dev/null
ExecuteExternalTool /Applications/Xcode-27.0.0-Release.Candidate.app/Contents/Developer/Toolchains/XcodeDefault.xctoolchain/usr/bin/swiftc --version
ExecuteExternalTool /Applications/Xcode-27.0.0-Release.Candidate.app/Contents/Developer/Toolchains/XcodeDefault.xctoolchain/usr/bin/ld -version_details
Build description signature: d72a85961f9f4920c45dbf4c13470dff
Build description path: /Users/admin/builder/spi-builder-workspace/.derivedData/Build/Intermediates.noindex/XCBuildData/d72a85961f9f4920c45dbf4c13470dff.xcbuilddata
CreateBuildDirectory /Users/admin/builder/spi-builder-workspace/.derivedData/SDKExplicitPrecompiledModules
    cd /Users/admin/builder/spi-builder-workspace/.swiftpm/xcode
    builtin-create-build-directory /Users/admin/builder/spi-builder-workspace/.derivedData/SDKExplicitPrecompiledModules
CreateBuildDirectory /Users/admin/builder/spi-builder-workspace/.derivedData/ModuleCache.noindex
    cd /Users/admin/builder/spi-builder-workspace/.swiftpm/xcode
    builtin-create-build-directory /Users/admin/builder/spi-builder-workspace/.derivedData/ModuleCache.noindex
CreateBuildDirectory /Users/admin/builder/spi-builder-workspace/.derivedData/CompilationCache.noindex
    cd /Users/admin/builder/spi-builder-workspace/.swiftpm/xcode
    builtin-create-build-directory /Users/admin/builder/spi-builder-workspace/.derivedData/CompilationCache.noindex
CreateBuildDirectory /Users/admin/builder/spi-builder-workspace/.derivedData/Build/Intermediates.noindex
    cd /Users/admin/builder/spi-builder-workspace/.swiftpm/xcode
    builtin-create-build-directory /Users/admin/builder/spi-builder-workspace/.derivedData/Build/Intermediates.noindex
CreateBuildDirectory /Users/admin/builder/spi-builder-workspace/.derivedData/Build/Products
    cd /Users/admin/builder/spi-builder-workspace/.swiftpm/xcode
    builtin-create-build-directory /Users/admin/builder/spi-builder-workspace/.derivedData/Build/Products
ClangStatCache /Applications/Xcode-27.0.0-Release.Candidate.app/Contents/Developer/Toolchains/XcodeDefault.xctoolchain/usr/bin/clang-stat-cache /Applications/Xcode-27.0.0-Release.Candidate.app/Contents/Developer/Platforms/AppleTVOS.platform/Developer/SDKs/AppleTVOS27.0.sdk /Users/admin/builder/spi-builder-workspace/.derivedData/SDKStatCaches.noindex/appletvos27.0-24J360-e829b21a6f8c9b70876ba0858053c044b32bfd8d43560033f8d89884cdb90028.sdkstatcache
    cd /Users/admin/builder/spi-builder-workspace/.swiftpm/xcode
    /Applications/Xcode-27.0.0-Release.Candidate.app/Contents/Developer/Toolchains/XcodeDefault.xctoolchain/usr/bin/clang-stat-cache /Applications/Xcode-27.0.0-Release.Candidate.app/Contents/Developer/Platforms/AppleTVOS.platform/Developer/SDKs/AppleTVOS27.0.sdk -o /Users/admin/builder/spi-builder-workspace/.derivedData/SDKStatCaches.noindex/appletvos27.0-24J360-e829b21a6f8c9b70876ba0858053c044b32bfd8d43560033f8d89884cdb90028.sdkstatcache
CreateBuildDirectory /Users/admin/builder/spi-builder-workspace/.derivedData/Build/Intermediates.noindex/PrecompiledHeaders
    cd /Users/admin/builder/spi-builder-workspace/.swiftpm/xcode
    builtin-create-build-directory /Users/admin/builder/spi-builder-workspace/.derivedData/Build/Intermediates.noindex/PrecompiledHeaders
CreateBuildDirectory /Users/admin/builder/spi-builder-workspace/.derivedData/Build/Intermediates.noindex/ExplicitPrecompiledModules
    cd /Users/admin/builder/spi-builder-workspace/.swiftpm/xcode
    builtin-create-build-directory /Users/admin/builder/spi-builder-workspace/.derivedData/Build/Intermediates.noindex/ExplicitPrecompiledModules
CreateBuildDirectory /Users/admin/builder/spi-builder-workspace/.derivedData/Build/Intermediates.noindex/SwiftExplicitPrecompiledModules
    cd /Users/admin/builder/spi-builder-workspace/.swiftpm/xcode
    builtin-create-build-directory /Users/admin/builder/spi-builder-workspace/.derivedData/Build/Intermediates.noindex/SwiftExplicitPrecompiledModules
CreateBuildDirectory /Users/admin/builder/spi-builder-workspace/.derivedData/Build/Intermediates.noindex/EagerLinkingTBDs/Debug-appletvos
    cd /Users/admin/builder/spi-builder-workspace/.swiftpm/xcode
    builtin-create-build-directory /Users/admin/builder/spi-builder-workspace/.derivedData/Build/Intermediates.noindex/EagerLinkingTBDs/Debug-appletvos
CreateBuildDirectory /Users/admin/builder/spi-builder-workspace/.derivedData/Build/Products/Debug-appletvos
    cd /Users/admin/builder/spi-builder-workspace/.swiftpm/xcode
    builtin-create-build-directory /Users/admin/builder/spi-builder-workspace/.derivedData/Build/Products/Debug-appletvos
CreateBuildDirectory /Users/admin/builder/spi-builder-workspace/.derivedData/Build/Products/Debug-appletvos/PackageFrameworks
    cd /Users/admin/builder/spi-builder-workspace/.swiftpm/xcode
    builtin-create-build-directory /Users/admin/builder/spi-builder-workspace/.derivedData/Build/Products/Debug-appletvos/PackageFrameworks
WriteAuxiliaryFile /Users/admin/builder/spi-builder-workspace/.derivedData/Build/Intermediates.noindex/DynamicSearchBarPlaceholders.build/Debug-appletvos/DynamicSearchBarPlaceholders-t.build/DynamicSearchBarPlaceholders.modulemap (in target 'DynamicSearchBarPlaceholders' from project 'DynamicSearchBarPlaceholders')
    cd /Users/admin/builder/spi-builder-workspace
    write-file /Users/admin/builder/spi-builder-workspace/.derivedData/Build/Intermediates.noindex/DynamicSearchBarPlaceholders.build/Debug-appletvos/DynamicSearchBarPlaceholders-t.build/DynamicSearchBarPlaceholders.modulemap
WriteAuxiliaryFile /Users/admin/builder/spi-builder-workspace/.derivedData/Build/Intermediates.noindex/DynamicSearchBarPlaceholders.build/Debug-appletvos/DynamicSearchBarPlaceholders-t.build/DynamicSearchBarPlaceholders.DependencyStaticMetadataFileList (in target 'DynamicSearchBarPlaceholders' from project 'DynamicSearchBarPlaceholders')
    cd /Users/admin/builder/spi-builder-workspace
    write-file /Users/admin/builder/spi-builder-workspace/.derivedData/Build/Intermediates.noindex/DynamicSearchBarPlaceholders.build/Debug-appletvos/DynamicSearchBarPlaceholders-t.build/DynamicSearchBarPlaceholders.DependencyStaticMetadataFileList
WriteAuxiliaryFile /Users/admin/builder/spi-builder-workspace/.derivedData/Build/Intermediates.noindex/DynamicSearchBarPlaceholders.build/Debug-appletvos/DynamicSearchBarPlaceholders-t.build/DynamicSearchBarPlaceholders.DependencyMetadataFileList (in target 'DynamicSearchBarPlaceholders' from project 'DynamicSearchBarPlaceholders')
    cd /Users/admin/builder/spi-builder-workspace
    write-file /Users/admin/builder/spi-builder-workspace/.derivedData/Build/Intermediates.noindex/DynamicSearchBarPlaceholders.build/Debug-appletvos/DynamicSearchBarPlaceholders-t.build/DynamicSearchBarPlaceholders.DependencyMetadataFileList
WriteAuxiliaryFile /Users/admin/builder/spi-builder-workspace/.derivedData/Build/Intermediates.noindex/DynamicSearchBarPlaceholders.build/Debug-appletvos/DynamicSearchBarPlaceholders-t.build/Objects-normal/arm64/DynamicSearchBarPlaceholders.LinkFileList (in target 'DynamicSearchBarPlaceholders' from project 'DynamicSearchBarPlaceholders')
    cd /Users/admin/builder/spi-builder-workspace
    write-file /Users/admin/builder/spi-builder-workspace/.derivedData/Build/Intermediates.noindex/DynamicSearchBarPlaceholders.build/Debug-appletvos/DynamicSearchBarPlaceholders-t.build/Objects-normal/arm64/DynamicSearchBarPlaceholders.LinkFileList
WriteAuxiliaryFile /Users/admin/builder/spi-builder-workspace/.derivedData/Build/Intermediates.noindex/DynamicSearchBarPlaceholders.build/Debug-appletvos/DynamicSearchBarPlaceholders-t.build/Objects-normal/arm64/DynamicSearchBarPlaceholders_const_extract_protocols.json (in target 'DynamicSearchBarPlaceholders' from project 'DynamicSearchBarPlaceholders')
    cd /Users/admin/builder/spi-builder-workspace
    write-file /Users/admin/builder/spi-builder-workspace/.derivedData/Build/Intermediates.noindex/DynamicSearchBarPlaceholders.build/Debug-appletvos/DynamicSearchBarPlaceholders-t.build/Objects-normal/arm64/DynamicSearchBarPlaceholders_const_extract_protocols.json
WriteAuxiliaryFile /Users/admin/builder/spi-builder-workspace/.derivedData/Build/Intermediates.noindex/DynamicSearchBarPlaceholders.build/Debug-appletvos/DynamicSearchBarPlaceholders-t.build/Objects-normal/arm64/DynamicSearchBarPlaceholders-OutputFileMap.json (in target 'DynamicSearchBarPlaceholders' from project 'DynamicSearchBarPlaceholders')
    cd /Users/admin/builder/spi-builder-workspace
    write-file /Users/admin/builder/spi-builder-workspace/.derivedData/Build/Intermediates.noindex/DynamicSearchBarPlaceholders.build/Debug-appletvos/DynamicSearchBarPlaceholders-t.build/Objects-normal/arm64/DynamicSearchBarPlaceholders-OutputFileMap.json
WriteAuxiliaryFile /Users/admin/builder/spi-builder-workspace/.derivedData/Build/Intermediates.noindex/DynamicSearchBarPlaceholders.build/Debug-appletvos/DynamicSearchBarPlaceholders-t.build/Objects-normal/arm64/DynamicSearchBarPlaceholders.SwiftConstValuesFileList (in target 'DynamicSearchBarPlaceholders' from project 'DynamicSearchBarPlaceholders')
    cd /Users/admin/builder/spi-builder-workspace
    write-file /Users/admin/builder/spi-builder-workspace/.derivedData/Build/Intermediates.noindex/DynamicSearchBarPlaceholders.build/Debug-appletvos/DynamicSearchBarPlaceholders-t.build/Objects-normal/arm64/DynamicSearchBarPlaceholders.SwiftConstValuesFileList
WriteAuxiliaryFile /Users/admin/builder/spi-builder-workspace/.derivedData/Build/Intermediates.noindex/DynamicSearchBarPlaceholders.build/Debug-appletvos/DynamicSearchBarPlaceholders-t.build/Objects-normal/arm64/DynamicSearchBarPlaceholders.SwiftFileList (in target 'DynamicSearchBarPlaceholders' from project 'DynamicSearchBarPlaceholders')
    cd /Users/admin/builder/spi-builder-workspace
    write-file /Users/admin/builder/spi-builder-workspace/.derivedData/Build/Intermediates.noindex/DynamicSearchBarPlaceholders.build/Debug-appletvos/DynamicSearchBarPlaceholders-t.build/Objects-normal/arm64/DynamicSearchBarPlaceholders.SwiftFileList
Copy /Users/admin/builder/spi-builder-workspace/.derivedData/Build/Intermediates.noindex/GeneratedModuleMaps-appletvos/DynamicSearchBarPlaceholders.modulemap /Users/admin/builder/spi-builder-workspace/.derivedData/Build/Intermediates.noindex/DynamicSearchBarPlaceholders.build/Debug-appletvos/DynamicSearchBarPlaceholders-t.build/DynamicSearchBarPlaceholders.modulemap (in target 'DynamicSearchBarPlaceholders' from project 'DynamicSearchBarPlaceholders')
    cd /Users/admin/builder/spi-builder-workspace
    builtin-copy -exclude .DS_Store -exclude CVS -exclude .svn -exclude .git -exclude .hg -resolve-src-symlinks /Users/admin/builder/spi-builder-workspace/.derivedData/Build/Intermediates.noindex/DynamicSearchBarPlaceholders.build/Debug-appletvos/DynamicSearchBarPlaceholders-t.build/DynamicSearchBarPlaceholders.modulemap /Users/admin/builder/spi-builder-workspace/.derivedData/Build/Intermediates.noindex/GeneratedModuleMaps-appletvos
SwiftDriver DynamicSearchBarPlaceholders normal arm64 com.apple.xcode.tools.swift.compiler (in target 'DynamicSearchBarPlaceholders' from project 'DynamicSearchBarPlaceholders')
    cd /Users/admin/builder/spi-builder-workspace/.swiftpm/xcode
    builtin-SwiftDriver -- /Applications/Xcode-27.0.0-Release.Candidate.app/Contents/Developer/Toolchains/XcodeDefault.xctoolchain/usr/bin/swiftc -parse-as-library -module-name DynamicSearchBarPlaceholders -Onone @/Users/admin/builder/spi-builder-workspace/.derivedData/Build/Intermediates.noindex/DynamicSearchBarPlaceholders.build/Debug-appletvos/DynamicSearchBarPlaceholders-t.build/Objects-normal/arm64/DynamicSearchBarPlaceholders.SwiftFileList -DSWIFT_PACKAGE -DDEBUG -DSWIFT_MODULE_RESOURCE_BUNDLE_UNAVAILABLE -DXcode -plugin-path /Applications/Xcode-27.0.0-Release.Candidate.app/Contents/Developer/Toolchains/XcodeDefault.xctoolchain/usr/lib/swift/host/plugins/testing -enable-experimental-feature DebugDescriptionMacro -sdk /Applications/Xcode-27.0.0-Release.Candidate.app/Contents/Developer/Platforms/AppleTVOS.platform/Developer/SDKs/AppleTVOS27.0.sdk -target arm64-apple-tvos15.0 -g -module-cache-path /Users/admin/builder/spi-builder-workspace/.derivedData/ModuleCache.noindex -Xfrontend -serialize-debugging-options -profile-coverage-mapping -profile-generate -enable-testing -index-store-path /Users/admin/builder/spi-builder-workspace/.derivedData/Index.noindex/DataStore -Xcc -D_LIBCPP_HARDENING_MODE\=_LIBCPP_HARDENING_MODE_DEBUG -swift-version 5 -I /Users/admin/builder/spi-builder-workspace/.derivedData/Build/Products/Debug-appletvos -Isystem /Applications/Xcode-27.0.0-Release.Candidate.app/Contents/Developer/Platforms/AppleTVOS.platform/Developer/usr/lib -F /Users/admin/builder/spi-builder-workspace/.derivedData/Build/Products/Debug-appletvos -F /Applications/Xcode-27.0.0-Release.Candidate.app/Contents/Developer/Platforms/AppleTVOS.platform/Developer/Library/Frameworks -F /Applications/Xcode-27.0.0-Release.Candidate.app/Contents/Developer/Platforms/AppleTVOS.platform/Developer/SDKs/AppleTVOS27.0.sdk/Developer/Library/Frameworks -c -j10 -enable-batch-mode -incremental -Xcc -ivfsstatcache -Xcc /Users/admin/builder/spi-builder-workspace/.derivedData/SDKStatCaches.noindex/appletvos27.0-24J360-e829b21a6f8c9b70876ba0858053c044b32bfd8d43560033f8d89884cdb90028.sdkstatcache -output-file-map /Users/admin/builder/spi-builder-workspace/.derivedData/Build/Intermediates.noindex/DynamicSearchBarPlaceholders.build/Debug-appletvos/DynamicSearchBarPlaceholders-t.build/Objects-normal/arm64/DynamicSearchBarPlaceholders-OutputFileMap.json -save-temps -no-color-diagnostics -explicit-module-build -module-cache-path /Users/admin/builder/spi-builder-workspace/.derivedData/Build/Intermediates.noindex/SwiftExplicitPrecompiledModules -clang-scanner-module-cache-path /Users/admin/builder/spi-builder-workspace/.derivedData/ModuleCache.noindex -sdk-module-cache-path /Users/admin/builder/spi-builder-workspace/.derivedData/SDKExplicitPrecompiledModules -emit-dependencies -emit-module -emit-module-path /Users/admin/builder/spi-builder-workspace/.derivedData/Build/Intermediates.noindex/DynamicSearchBarPlaceholders.build/Debug-appletvos/DynamicSearchBarPlaceholders-t.build/Objects-normal/arm64/DynamicSearchBarPlaceholders.swiftmodule -serialize-diagnostics -dependency-scan-serialize-diagnostics-path /Users/admin/builder/spi-builder-workspace/.derivedData/Build/Intermediates.noindex/DynamicSearchBarPlaceholders.build/Debug-appletvos/DynamicSearchBarPlaceholders-t.build/Objects-normal/arm64/DynamicSearchBarPlaceholders-dependency-scan.dia -validate-clang-modules-once -clang-build-session-file /Users/admin/builder/spi-builder-workspace/.derivedData/ModuleCache.noindex/Session.modulevalidation -Xcc -fmodules-prune-interval\=86400 -Xcc -fmodules-prune-after\=345600 -emit-const-values -const-gather-protocols-list /Users/admin/builder/spi-builder-workspace/.derivedData/Build/Intermediates.noindex/DynamicSearchBarPlaceholders.build/Debug-appletvos/DynamicSearchBarPlaceholders-t.build/Objects-normal/arm64/DynamicSearchBarPlaceholders_const_extract_protocols.json -Xcc -I/Users/admin/builder/spi-builder-workspace/.derivedData/Build/Products/Debug-appletvos/include -Xcc -I/Users/admin/builder/spi-builder-workspace/.derivedData/Build/Intermediates.noindex/DynamicSearchBarPlaceholders.build/Debug-appletvos/DynamicSearchBarPlaceholders-t.build/DerivedSources-normal/arm64 -Xcc -I/Users/admin/builder/spi-builder-workspace/.derivedData/Build/Intermediates.noindex/DynamicSearchBarPlaceholders.build/Debug-appletvos/DynamicSearchBarPlaceholders-t.build/DerivedSources/arm64 -Xcc -I/Users/admin/builder/spi-builder-workspace/.derivedData/Build/Intermediates.noindex/DynamicSearchBarPlaceholders.build/Debug-appletvos/DynamicSearchBarPlaceholders-t.build/DerivedSources -Xcc -DSWIFT_PACKAGE -Xcc -DDEBUG\=1 -emit-objc-header -emit-objc-header-path /Users/admin/builder/spi-builder-workspace/.derivedData/Build/Intermediates.noindex/DynamicSearchBarPlaceholders.build/Debug-appletvos/DynamicSearchBarPlaceholders-t.build/Objects-normal/arm64/DynamicSearchBarPlaceholders-Swift.h -working-directory /Users/admin/builder/spi-builder-workspace/.swiftpm/xcode -experimental-emit-module-separately -disable-cmo
SwiftExplicitDependencyGeneratePcm arm64 /Users/admin/builder/spi-builder-workspace/.derivedData/SDKExplicitPrecompiledModules/_Builtin_float-8ZJAYZ85YBOAOP52Y9H6IUNP3.pcm
SwiftExplicitDependencyGeneratePcm arm64 /Users/admin/builder/spi-builder-workspace/.derivedData/SDKExplicitPrecompiledModules/_AvailabilityInternal-BV2EDDP0MI5QJDDPEEV4D9D3V.pcm
SwiftExplicitDependencyGeneratePcm arm64 /Users/admin/builder/spi-builder-workspace/.derivedData/SDKExplicitPrecompiledModules/ptrcheck-2AZ6B5IBYD3RRRTFWN2ONASY3.pcm
SwiftExplicitDependencyGeneratePcm arm64 /Users/admin/builder/spi-builder-workspace/.derivedData/SDKExplicitPrecompiledModules/_SwiftConcurrencyShims-BY5PD8KF1L5KF6F4Q69HE3TJ4.pcm
SwiftExplicitDependencyGeneratePcm arm64 /Users/admin/builder/spi-builder-workspace/.derivedData/SDKExplicitPrecompiledModules/_Builtin_stdarg-BO2OCAUYVAXDRVQWQ8ISKGNUQ.pcm
SwiftExplicitDependencyGeneratePcm arm64 /Users/admin/builder/spi-builder-workspace/.derivedData/SDKExplicitPrecompiledModules/_Builtin_stdbool-AHRDH5EKLY6D04C5E42F3VCQI.pcm
SwiftExplicitDependencyGeneratePcm arm64 /Users/admin/builder/spi-builder-workspace/.derivedData/SDKExplicitPrecompiledModules/_Builtin_stddef-9ZJZ6FDEZNKTZU8YLPMFT9RAQ.pcm
SwiftExplicitDependencyGeneratePcm arm64 /Users/admin/builder/spi-builder-workspace/.derivedData/SDKExplicitPrecompiledModules/SwiftShims-8N4EXJ4RUJTR8K9OO3CMOH1EP.pcm
SwiftExplicitDependencyGeneratePcm arm64 /Users/admin/builder/spi-builder-workspace/.derivedData/SDKExplicitPrecompiledModules/DeveloperToolsSupport-B1X8RI63V48AJRTH2RK6JAARV.pcm
SwiftExplicitDependencyGeneratePcm arm64 /Users/admin/builder/spi-builder-workspace/.derivedData/SDKExplicitPrecompiledModules/ptrauth-8X2KEPL7CTRPS40TUB9APHPK6.pcm
SwiftExplicitDependencyGeneratePcm arm64 /Users/admin/builder/spi-builder-workspace/.derivedData/SDKExplicitPrecompiledModules/_DarwinFoundation1-JOTYMOA1YZCIJ2NON6FQ848O.pcm
SwiftExplicitDependencyGeneratePcm arm64 /Users/admin/builder/spi-builder-workspace/.derivedData/SDKExplicitPrecompiledModules/_DarwinFoundation2-AOGAN1O02NKXRJN5V73AV3V3M.pcm
SwiftExplicitDependencyGeneratePcm arm64 /Users/admin/builder/spi-builder-workspace/.derivedData/SDKExplicitPrecompiledModules/_Builtin_limits-7JU2HP127LIT1X9E2V3D8WZ1.pcm
SwiftExplicitDependencyGeneratePcm arm64 /Users/admin/builder/spi-builder-workspace/.derivedData/SDKExplicitPrecompiledModules/sys_types-8GCAV1YMG5UUGHUID3CA20TCH.pcm
SwiftExplicitDependencyGeneratePcm arm64 /Users/admin/builder/spi-builder-workspace/.derivedData/SDKExplicitPrecompiledModules/_Builtin_tgmath-7ULT1EUHDHW4OZPSTT33H6QGE.pcm
SwiftExplicitDependencyGeneratePcm arm64 /Users/admin/builder/spi-builder-workspace/.derivedData/SDKExplicitPrecompiledModules/string_h-6EVHP7A717OUS5DMC78F79HWO.pcm
SwiftExplicitDependencyGeneratePcm arm64 /Users/admin/builder/spi-builder-workspace/.derivedData/SDKExplicitPrecompiledModules/_Builtin_stdint-6NFTB6IBKS143IVPGT1EKB7HO.pcm
SwiftExplicitDependencyGeneratePcm arm64 /Users/admin/builder/spi-builder-workspace/.derivedData/SDKExplicitPrecompiledModules/_Builtin_stdatomic-3YXHN678NGYM3NL9POJ2HVEIF.pcm
SwiftExplicitDependencyGeneratePcm arm64 /Users/admin/builder/spi-builder-workspace/.derivedData/SDKExplicitPrecompiledModules/_DarwinFoundation3-8SR3855WDFHQPR6G9GHOI2C07.pcm
SwiftExplicitDependencyGeneratePcm arm64 /Users/admin/builder/spi-builder-workspace/.derivedData/SDKExplicitPrecompiledModules/_Builtin_intrinsics-437O2R2NID4WAQVENR63GR82C.pcm
SwiftExplicitDependencyGeneratePcm arm64 /Users/admin/builder/spi-builder-workspace/.derivedData/SDKExplicitPrecompiledModules/_Builtin_inttypes-6X1IQ3QK9KEVKXOK9Y79EW7J3.pcm
SwiftExplicitDependencyGeneratePcm arm64 /Users/admin/builder/spi-builder-workspace/.derivedData/SDKExplicitPrecompiledModules/Darwin-DBSQAVBBPC3D2OMU5ZI2RXMST.pcm
SwiftExplicitDependencyGeneratePcm arm64 /Users/admin/builder/spi-builder-workspace/.derivedData/SDKExplicitPrecompiledModules/simd-117QUXEUT3Z7UQCUYWV2UA228.pcm
SwiftExplicitDependencyGeneratePcm arm64 /Users/admin/builder/spi-builder-workspace/.derivedData/SDKExplicitPrecompiledModules/ObjectiveC-5250FDCE56N8508OR6XUYDKZM.pcm
SwiftExplicitDependencyGeneratePcm arm64 /Users/admin/builder/spi-builder-workspace/.derivedData/SDKExplicitPrecompiledModules/MachO-EH3F5PJCIZG05NO51CEFSZYPW.pcm
SwiftExplicitDependencyGeneratePcm arm64 /Users/admin/builder/spi-builder-workspace/.derivedData/SDKExplicitPrecompiledModules/os_object-E2DGZ0SX0TULQHULZRPO6OKNW.pcm
SwiftExplicitDependencyGeneratePcm arm64 /Users/admin/builder/spi-builder-workspace/.derivedData/SDKExplicitPrecompiledModules/os_workgroup-DBUFF7811DKMX7VPBOJPGGF1U.pcm
SwiftExplicitDependencyGeneratePcm arm64 /Users/admin/builder/spi-builder-workspace/.derivedData/SDKExplicitPrecompiledModules/Dispatch-1QL58A0V50C39KVAIC6C38SHL.pcm
SwiftExplicitDependencyGeneratePcm arm64 /Users/admin/builder/spi-builder-workspace/.derivedData/SDKExplicitPrecompiledModules/Spatial-7U8NLEFXSB8BR7PJQGVMF5A4Q.pcm
SwiftExplicitDependencyGeneratePcm arm64 /Users/admin/builder/spi-builder-workspace/.derivedData/SDKExplicitPrecompiledModules/XPC-6O2DJFT3QUJ7QKTD3SNUB6PCR.pcm
SwiftExplicitDependencyGeneratePcm arm64 /Users/admin/builder/spi-builder-workspace/.derivedData/SDKExplicitPrecompiledModules/CoreFoundation-7TPJ7ENDC4L1A1ESHYI9TXS0D.pcm
SwiftExplicitDependencyGeneratePcm arm64 /Users/admin/builder/spi-builder-workspace/.derivedData/SDKExplicitPrecompiledModules/os-3GJI8H0BNAEZPQPQ1V0VVY3FY.pcm
SwiftExplicitDependencyGeneratePcm arm64 /Users/admin/builder/spi-builder-workspace/.derivedData/SDKExplicitPrecompiledModules/CoreGraphics-CWSP3J98S2658BYCVL6RP99T3.pcm
SwiftExplicitDependencyGeneratePcm arm64 /Users/admin/builder/spi-builder-workspace/.derivedData/SDKExplicitPrecompiledModules/CFNetwork-2CUR2VK9S3S3WPFXPNXNUWYGN.pcm
SwiftExplicitDependencyGeneratePcm arm64 /Users/admin/builder/spi-builder-workspace/.derivedData/SDKExplicitPrecompiledModules/Security-8VMXEKVDA3MHUH9AOTP905DID.pcm
SwiftExplicitDependencyGeneratePcm arm64 /Users/admin/builder/spi-builder-workspace/.derivedData/SDKExplicitPrecompiledModules/Foundation-BSSIP64DIGUKMAYJOG1WPQ78X.pcm
SwiftExplicitDependencyGeneratePcm arm64 /Users/admin/builder/spi-builder-workspace/.derivedData/SDKExplicitPrecompiledModules/ImageIO-88D4CLEBD4CLWQKT78PZ6H1O8.pcm
SwiftExplicitDependencyGeneratePcm arm64 /Users/admin/builder/spi-builder-workspace/.derivedData/SDKExplicitPrecompiledModules/CoreText-59NY7PABM0I4V978161FOC04A.pcm
SwiftExplicitDependencyGeneratePcm arm64 /Users/admin/builder/spi-builder-workspace/.derivedData/SDKExplicitPrecompiledModules/Accessibility-B6BODGZ4MQQTY0PBC4SHRP009.pcm
SwiftExplicitDependencyGeneratePcm arm64 /Users/admin/builder/spi-builder-workspace/.derivedData/SDKExplicitPrecompiledModules/IOSurface-38FJ1CKX9FV2RD97O64Z7QB17.pcm
SwiftExplicitDependencyGeneratePcm arm64 /Users/admin/builder/spi-builder-workspace/.derivedData/SDKExplicitPrecompiledModules/UniformTypeIdentifiers-95CC8U42ZA9STP5K6GP9ZVJS5.pcm
SwiftExplicitDependencyGeneratePcm arm64 /Users/admin/builder/spi-builder-workspace/.derivedData/SDKExplicitPrecompiledModules/DataDetection-37JIYZ2GWDA1L166PP1D9JKAF.pcm
SwiftExplicitDependencyGeneratePcm arm64 /Users/admin/builder/spi-builder-workspace/.derivedData/SDKExplicitPrecompiledModules/UIUtilities-6ZFJ1AK4H8IBGEBMYQBWGBYLK.pcm
SwiftExplicitDependencyGeneratePcm arm64 /Users/admin/builder/spi-builder-workspace/.derivedData/SDKExplicitPrecompiledModules/Symbols-B5AU9VM9Y7NU79RLMH13Z4IFM.pcm
SwiftExplicitDependencyGeneratePcm arm64 /Users/admin/builder/spi-builder-workspace/.derivedData/SDKExplicitPrecompiledModules/UserNotifications-E9ZW5TH066WIJWH9080RC5NG4.pcm
SwiftExplicitDependencyGeneratePcm arm64 /Users/admin/builder/spi-builder-workspace/.derivedData/SDKExplicitPrecompiledModules/OSLog-7OT6HHTMY0ZFEQJ095LJZ6NLC.pcm
SwiftExplicitDependencyGeneratePcm arm64 /Users/admin/builder/spi-builder-workspace/.derivedData/SDKExplicitPrecompiledModules/_LocationEssentials-ETSJ65FELPWR8WH8G49R1DF2E.pcm
SwiftExplicitDependencyGeneratePcm arm64 /Users/admin/builder/spi-builder-workspace/.derivedData/SDKExplicitPrecompiledModules/CoreTransferable-7V4O8DATEQ9F7SDNTCW8YWLG3.pcm
SwiftExplicitDependencyGeneratePcm arm64 /Users/admin/builder/spi-builder-workspace/.derivedData/SDKExplicitPrecompiledModules/CoreLocation-YVXXAOMVX0JH2KO1XTTKTY51.pcm
SwiftExplicitDependencyGeneratePcm arm64 /Users/admin/builder/spi-builder-workspace/.derivedData/SDKExplicitPrecompiledModules/OpenGLES-4NY99CNDU9WUNUYEIXSS1QFGE.pcm
SwiftExplicitDependencyGeneratePcm arm64 /Users/admin/builder/spi-builder-workspace/.derivedData/SDKExplicitPrecompiledModules/Metal-2KYBS7IML1SD788M91YV7Q0CC.pcm
SwiftExplicitDependencyGeneratePcm arm64 /Users/admin/builder/spi-builder-workspace/.derivedData/SDKExplicitPrecompiledModules/CoreVideo-DPU0PB5X0XLSVA2ETRGI6FJBM.pcm
SwiftExplicitDependencyGeneratePcm arm64 /Users/admin/builder/spi-builder-workspace/.derivedData/SDKExplicitPrecompiledModules/CoreImage-7S2AFJ8EIY3DUFYLEAX1JR1QV.pcm
SwiftExplicitDependencyGeneratePcm arm64 /Users/admin/builder/spi-builder-workspace/.derivedData/SDKExplicitPrecompiledModules/QuartzCore-DJSYAWKXFGVSAK5CQMOB3JSR.pcm
SwiftExplicitDependencyGeneratePcm arm64 /Users/admin/builder/spi-builder-workspace/.derivedData/SDKExplicitPrecompiledModules/SwiftUICore-543QU5V2NHKUFCYFJDKUJ7NYG.pcm
SwiftExplicitDependencyGeneratePcm arm64 /Users/admin/builder/spi-builder-workspace/.derivedData/SDKExplicitPrecompiledModules/UIKit-1TKWN7VC2X6N3ITMRVA2G0EB2.pcm
SwiftEmitModule normal arm64 Emitting\ module\ for\ DynamicSearchBarPlaceholders (in target 'DynamicSearchBarPlaceholders' from project 'DynamicSearchBarPlaceholders')
SwiftCompile normal arm64 (in target 'DynamicSearchBarPlaceholders' from project 'DynamicSearchBarPlaceholders')
    cd /Users/admin/builder/spi-builder-workspace/.swiftpm/xcode

/Users/admin/builder/spi-builder-workspace/Sources/DynamicSearchBarPlaceholders/DynamicSearchBar.swift:14:21: error: cannot override 'init' which has been marked unavailable
12 |     private var placeholders: Placeholders<String> = .init(placeholders: [])
13 |
14 |     public override init(frame: CGRect) {
   |                     |- error: cannot override 'init' which has been marked unavailable
   |                     `- note: remove 'override' modifier to declare a new 'init'
15 |         super.init(frame: frame)
16 |         textfield?.clipsToBounds = true
/Applications/Xcode-27.0.0-Release.Candidate.app/Contents/Developer/Platforms/AppleTVOS.platform/Developer/SDKs/AppleTVOS27.0.sdk/System/Library/Frameworks/UIKit.framework/Headers/UISearchBar.h:49:1: note: 'init(frame:)' has been explicitly marked unavailable here
 47 |
 48 | - (instancetype)init API_UNAVAILABLE(tvos);
 49 | - (instancetype)initWithFrame:(CGRect)frame NS_DESIGNATED_INITIALIZER API_UNAVAILABLE(tvos);
    | `- note: 'init(frame:)' has been explicitly marked unavailable here
 50 | - (nullable instancetype)initWithCoder:(NSCoder *)coder NS_DESIGNATED_INITIALIZER API_UNAVAILABLE(tvos);
 51 |
Failed frontend command:
/Applications/Xcode-27.0.0-Release.Candidate.app/Contents/Developer/Toolchains/XcodeDefault.xctoolchain/usr/bin/swift-frontend -frontend -emit-module -experimental-skip-non-inlinable-function-bodies-without-types /Users/admin/builder/spi-builder-workspace/Sources/DynamicSearchBarPlaceholders/DynamicSearchBar.swift /Users/admin/builder/spi-builder-workspace/Sources/DynamicSearchBarPlaceholders/Iterators.swift /Users/admin/builder/spi-builder-workspace/Sources/DynamicSearchBarPlaceholders/Placeholders+UIKit.swift /Users/admin/builder/spi-builder-workspace/Sources/DynamicSearchBarPlaceholders/Placeholders.swift /Users/admin/builder/spi-builder-workspace/Sources/DynamicSearchBarPlaceholders/PlaceholdersOptions.swift /Users/admin/builder/spi-builder-workspace/Sources/DynamicSearchBarPlaceholders/TransitionPushDirection.swift -target arm64-apple-tvos15.0 -disable-cross-import-overlay-search -load-resolved-plugin /Applications/Xcode-27.0.0-Release.Candidate.app/Contents/Developer/Platforms/AppleTVOS.platform/Developer/usr/lib/swift/host/plugins/libFoundationMacros.dylib\#/Applications/Xcode-27.0.0-Release.Candidate.app/Contents/Developer/Platforms/AppleTVOS.platform/Developer/usr/bin/swift-plugin-server\#FoundationMacros -load-resolved-plugin /Applications/Xcode-27.0.0-Release.Candidate.app/Contents/Developer/Platforms/AppleTVOS.platform/Developer/usr/lib/swift/host/plugins/libObservationMacros.dylib\#/Applications/Xcode-27.0.0-Release.Candidate.app/Contents/Developer/Platforms/AppleTVOS.platform/Developer/usr/bin/swift-plugin-server\#ObservationMacros -load-resolved-plugin /Applications/Xcode-27.0.0-Release.Candidate.app/Contents/Developer/Platforms/AppleTVOS.platform/Developer/usr/lib/swift/host/plugins/libPreviewsMacros.dylib\#/Applications/Xcode-27.0.0-Release.Candidate.app/Contents/Developer/Platforms/AppleTVOS.platform/Developer/usr/bin/swift-plugin-server\#PreviewsMacros -load-resolved-plugin /Applications/Xcode-27.0.0-Release.Candidate.app/Contents/Developer/Platforms/AppleTVOS.platform/Developer/usr/lib/swift/host/plugins/libSwiftMacros.dylib\#/Applications/Xcode-27.0.0-Release.Candidate.app/Contents/Developer/Platforms/AppleTVOS.platform/Developer/usr/bin/swift-plugin-server\#SwiftMacros -load-resolved-plugin /Applications/Xcode-27.0.0-Release.Candidate.app/Contents/Developer/Platforms/AppleTVOS.platform/Developer/usr/lib/swift/host/plugins/libSwiftUIMacros.dylib\#/Applications/Xcode-27.0.0-Release.Candidate.app/Contents/Developer/Platforms/AppleTVOS.platform/Developer/usr/bin/swift-plugin-server\#SwiftUIMacros -disable-implicit-swift-modules -Xcc -fno-implicit-modules -Xcc -fno-implicit-module-maps -explicit-swift-module-map-file /Users/admin/builder/spi-builder-workspace/.derivedData/Build/Intermediates.noindex/DynamicSearchBarPlaceholders.build/Debug-appletvos/DynamicSearchBarPlaceholders-t.build/Objects-normal/arm64/DynamicSearchBarPlaceholders-dependencies-1.json -Xllvm -aarch64-use-tbi -enable-objc-interop -stack-check -sdk /Applications/Xcode-27.0.0-Release.Candidate.app/Contents/Developer/Platforms/AppleTVOS.platform/Developer/SDKs/AppleTVOS27.0.sdk -I /Users/admin/builder/spi-builder-workspace/.derivedData/Build/Products/Debug-appletvos -Isystem /Applications/Xcode-27.0.0-Release.Candidate.app/Contents/Developer/Platforms/AppleTVOS.platform/Developer/usr/lib -F /Users/admin/builder/spi-builder-workspace/.derivedData/Build/Products/Debug-appletvos -F /Applications/Xcode-27.0.0-Release.Candidate.app/Contents/Developer/Platforms/AppleTVOS.platform/Developer/Library/Frameworks -F /Applications/Xcode-27.0.0-Release.Candidate.app/Contents/Developer/Platforms/AppleTVOS.platform/Developer/SDKs/AppleTVOS27.0.sdk/Developer/Library/Frameworks -module-cache-path /Users/admin/builder/spi-builder-workspace/.derivedData/Build/Intermediates.noindex/SwiftExplicitPrecompiledModules -no-color-diagnostics -Xcc -fno-color-diagnostics -enable-testing -g -debug-info-format\=dwarf -dwarf-version\=4 -profile-generate -profile-coverage-mapping -swift-version 5 -Onone -D SWIFT_PACKAGE -D DEBUG -D SWIFT_MODULE_RESOURCE_BUNDLE_UNAVAILABLE -D Xcode -serialize-debugging-options -enable-experimental-feature DebugDescriptionMacro -empty-abi-descriptor -validate-clang-modules-once -clang-build-session-file /Users/admin/builder/spi-builder-workspace/.derivedData/ModuleCache.noindex/Session.modulevalidation -Xcc -working-directory -Xcc /Users/admin/builder/spi-builder-workspace/.swiftpm/xcode -enable-anonymous-context-mangled-names -file-compilation-dir /Users/admin/builder/spi-builder-workspace/.swiftpm/xcode -Xcc -D_LIBCPP_HARDENING_MODE\=_LIBCPP_HARDENING_MODE_DEBUG -Xcc -ivfsstatcache -Xcc /Users/admin/builder/spi-builder-workspace/.derivedData/SDKStatCaches.noindex/appletvos27.0-24J360-e829b21a6f8c9b70876ba0858053c044b32bfd8d43560033f8d89884cdb90028.sdkstatcache -Xcc -fmodules-prune-interval\=86400 -Xcc -fmodules-prune-after\=345600 -Xcc -I/Users/admin/builder/spi-builder-workspace/.derivedData/Build/Products/Debug-appletvos/include -Xcc -I/Users/admin/builder/spi-builder-workspace/.derivedData/Build/Intermediates.noindex/DynamicSearchBarPlaceholders.build/Debug-appletvos/DynamicSearchBarPlaceholders-t.build/DerivedSources-normal/arm64 -Xcc -I/Users/admin/builder/spi-builder-workspace/.derivedData/Build/Intermediates.noindex/DynamicSearchBarPlaceholders.build/Debug-appletvos/DynamicSearchBarPlaceholders-t.build/DerivedSources/arm64 -Xcc -I/Users/admin/builder/spi-builder-workspace/.derivedData/Build/Intermediates.noindex/DynamicSearchBarPlaceholders.build/Debug-appletvos/DynamicSearchBarPlaceholders-t.build/DerivedSources -Xcc -DSWIFT_PACKAGE -Xcc -DDEBUG\=1 -no-auto-bridging-header-chaining -module-name DynamicSearchBarPlaceholders -const-gather-protocols-file /Users/admin/builder/spi-builder-workspace/.derivedData/Build/Intermediates.noindex/DynamicSearchBarPlaceholders.build/Debug-appletvos/DynamicSearchBarPlaceholders-t.build/Objects-normal/arm64/DynamicSearchBarPlaceholders_const_extract_protocols.json -disable-clang-spi -clang-target arm64-apple-tvos27.0 -target-sdk-version 27.0 -target-sdk-name appletvos27.0 -in-process-plugin-server-path /Applications/Xcode-27.0.0-Release.Candidate.app/Contents/Developer/Toolchains/XcodeDefault.xctoolchain/usr/lib/swift/host/libSwiftInProcPluginServer.dylib -emit-module-doc-path /Users/admin/builder/spi-builder-workspace/.derivedData/Build/Intermediates.noindex/DynamicSearchBarPlaceholders.build/Debug-appletvos/DynamicSearchBarPlaceholders-t.build/Objects-normal/arm64/DynamicSearchBarPlaceholders.swiftdoc -emit-module-source-info-path /Users/admin/builder/spi-builder-workspace/.derivedData/Build/Intermediates.noindex/DynamicSearchBarPlaceholders.build/Debug-appletvos/DynamicSearchBarPlaceholders-t.build/Objects-normal/arm64/DynamicSearchBarPlaceholders.swiftsourceinfo -emit-objc-header-path /Users/admin/builder/spi-builder-workspace/.derivedData/Build/Intermediates.noindex/DynamicSearchBarPlaceholders.build/Debug-appletvos/DynamicSearchBarPlaceholders-t.build/Objects-normal/arm64/DynamicSearchBarPlaceholders-Swift.h -serialize-diagnostics-path /Users/admin/builder/spi-builder-workspace/.derivedData/Build/Intermediates.noindex/DynamicSearchBarPlaceholders.build/Debug-appletvos/DynamicSearchBarPlaceholders-t.build/Objects-normal/arm64/DynamicSearchBarPlaceholders-primary-emit-module.dia -emit-dependencies-path /Users/admin/builder/spi-builder-workspace/.derivedData/Build/Intermediates.noindex/DynamicSearchBarPlaceholders.build/Debug-appletvos/DynamicSearchBarPlaceholders-t.build/Objects-normal/arm64/DynamicSearchBarPlaceholders-primary-emit-module.d -parse-as-library -o /Users/admin/builder/spi-builder-workspace/.derivedData/Build/Intermediates.noindex/DynamicSearchBarPlaceholders.build/Debug-appletvos/DynamicSearchBarPlaceholders-t.build/Objects-normal/arm64/DynamicSearchBarPlaceholders.swiftmodule -emit-abi-descriptor-path /Users/admin/builder/spi-builder-workspace/.derivedData/Build/Intermediates.noindex/DynamicSearchBarPlaceholders.build/Debug-appletvos/DynamicSearchBarPlaceholders-t.build/Objects-normal/arm64/DynamicSearchBarPlaceholders.abi.json
SwiftCompile normal arm64 Compiling\ PlaceholdersOptions.swift /Users/admin/builder/spi-builder-workspace/Sources/DynamicSearchBarPlaceholders/PlaceholdersOptions.swift (in target 'DynamicSearchBarPlaceholders' from project 'DynamicSearchBarPlaceholders')
SwiftCompile normal arm64 /Users/admin/builder/spi-builder-workspace/Sources/DynamicSearchBarPlaceholders/PlaceholdersOptions.swift (in target 'DynamicSearchBarPlaceholders' from project 'DynamicSearchBarPlaceholders')
    cd /Users/admin/builder/spi-builder-workspace/.swiftpm/xcode
    builtin-SwiftPerFileCompile PlaceholdersOptions.swift
SwiftCompile normal arm64 Compiling\ Placeholders.swift /Users/admin/builder/spi-builder-workspace/Sources/DynamicSearchBarPlaceholders/Placeholders.swift (in target 'DynamicSearchBarPlaceholders' from project 'DynamicSearchBarPlaceholders')
SwiftCompile normal arm64 /Users/admin/builder/spi-builder-workspace/Sources/DynamicSearchBarPlaceholders/Placeholders.swift (in target 'DynamicSearchBarPlaceholders' from project 'DynamicSearchBarPlaceholders')
    cd /Users/admin/builder/spi-builder-workspace/.swiftpm/xcode
    builtin-SwiftPerFileCompile Placeholders.swift
SwiftCompile normal arm64 Compiling\ TransitionPushDirection.swift /Users/admin/builder/spi-builder-workspace/Sources/DynamicSearchBarPlaceholders/TransitionPushDirection.swift (in target 'DynamicSearchBarPlaceholders' from project 'DynamicSearchBarPlaceholders')
SwiftCompile normal arm64 /Users/admin/builder/spi-builder-workspace/Sources/DynamicSearchBarPlaceholders/TransitionPushDirection.swift (in target 'DynamicSearchBarPlaceholders' from project 'DynamicSearchBarPlaceholders')
    cd /Users/admin/builder/spi-builder-workspace/.swiftpm/xcode
    builtin-SwiftPerFileCompile TransitionPushDirection.swift
SwiftCompile normal arm64 Compiling\ Placeholders+UIKit.swift /Users/admin/builder/spi-builder-workspace/Sources/DynamicSearchBarPlaceholders/Placeholders+UIKit.swift (in target 'DynamicSearchBarPlaceholders' from project 'DynamicSearchBarPlaceholders')
SwiftCompile normal arm64 /Users/admin/builder/spi-builder-workspace/Sources/DynamicSearchBarPlaceholders/Placeholders+UIKit.swift (in target 'DynamicSearchBarPlaceholders' from project 'DynamicSearchBarPlaceholders')
    cd /Users/admin/builder/spi-builder-workspace/.swiftpm/xcode
    builtin-SwiftPerFileCompile Placeholders+UIKit.swift
SwiftCompile normal arm64 Compiling\ DynamicSearchBar.swift /Users/admin/builder/spi-builder-workspace/Sources/DynamicSearchBarPlaceholders/DynamicSearchBar.swift (in target 'DynamicSearchBarPlaceholders' from project 'DynamicSearchBarPlaceholders')
/Users/admin/builder/spi-builder-workspace/Sources/DynamicSearchBarPlaceholders/DynamicSearchBar.swift:14:21: error: cannot override 'init' which has been marked unavailable
12 |     private var placeholders: Placeholders<String> = .init(placeholders: [])
13 |
14 |     public override init(frame: CGRect) {
   |                     |- error: cannot override 'init' which has been marked unavailable
   |                     `- note: remove 'override' modifier to declare a new 'init'
15 |         super.init(frame: frame)
16 |         textfield?.clipsToBounds = true
/Applications/Xcode-27.0.0-Release.Candidate.app/Contents/Developer/Platforms/AppleTVOS.platform/Developer/SDKs/AppleTVOS27.0.sdk/System/Library/Frameworks/UIKit.framework/Headers/UISearchBar.h:49:1: note: 'init(frame:)' has been explicitly marked unavailable here
 47 |
 48 | - (instancetype)init API_UNAVAILABLE(tvos);
 49 | - (instancetype)initWithFrame:(CGRect)frame NS_DESIGNATED_INITIALIZER API_UNAVAILABLE(tvos);
    | `- note: 'init(frame:)' has been explicitly marked unavailable here
 50 | - (nullable instancetype)initWithCoder:(NSCoder *)coder NS_DESIGNATED_INITIALIZER API_UNAVAILABLE(tvos);
 51 |
/Users/admin/builder/spi-builder-workspace/Sources/DynamicSearchBarPlaceholders/DynamicSearchBar.swift:15:15: error: 'init(frame:)' is unavailable in tvOS
13 |
14 |     public override init(frame: CGRect) {
15 |         super.init(frame: frame)
   |               `- error: 'init(frame:)' is unavailable in tvOS
16 |         textfield?.clipsToBounds = true
17 |     }
/Applications/Xcode-27.0.0-Release.Candidate.app/Contents/Developer/Platforms/AppleTVOS.platform/Developer/SDKs/AppleTVOS27.0.sdk/System/Library/Frameworks/UIKit.framework/Headers/UISearchBar.h:49:1: note: 'init(frame:)' has been explicitly marked unavailable here
 47 |
 48 | - (instancetype)init API_UNAVAILABLE(tvos);
 49 | - (instancetype)initWithFrame:(CGRect)frame NS_DESIGNATED_INITIALIZER API_UNAVAILABLE(tvos);
    | `- note: 'init(frame:)' has been explicitly marked unavailable here
 50 | - (nullable instancetype)initWithCoder:(NSCoder *)coder NS_DESIGNATED_INITIALIZER API_UNAVAILABLE(tvos);
 51 |
SwiftCompile normal arm64 /Users/admin/builder/spi-builder-workspace/Sources/DynamicSearchBarPlaceholders/DynamicSearchBar.swift (in target 'DynamicSearchBarPlaceholders' from project 'DynamicSearchBarPlaceholders')
    cd /Users/admin/builder/spi-builder-workspace/.swiftpm/xcode
    builtin-SwiftPerFileCompile DynamicSearchBar.swift
SwiftCompile normal arm64 Compiling\ Iterators.swift /Users/admin/builder/spi-builder-workspace/Sources/DynamicSearchBarPlaceholders/Iterators.swift (in target 'DynamicSearchBarPlaceholders' from project 'DynamicSearchBarPlaceholders')
SwiftCompile normal arm64 /Users/admin/builder/spi-builder-workspace/Sources/DynamicSearchBarPlaceholders/Iterators.swift (in target 'DynamicSearchBarPlaceholders' from project 'DynamicSearchBarPlaceholders')
    cd /Users/admin/builder/spi-builder-workspace/.swiftpm/xcode
    builtin-SwiftPerFileCompile Iterators.swift
PruneExplicitPrecompiledModules /Users/admin/builder/spi-builder-workspace/.derivedData/Build/Intermediates.noindex/ExplicitPrecompiledModules
PruneExplicitPrecompiledModules /Users/admin/builder/spi-builder-workspace/.derivedData/Build/Intermediates.noindex/SwiftExplicitPrecompiledModules
PruneExplicitPrecompiledModules /Users/admin/builder/spi-builder-workspace/.derivedData/SDKExplicitPrecompiledModules
2026-09-19 07:31:38.865 xcodebuild[648:4219] [MT] IDERunDestination: Supported platforms for the buildables in the current scheme is empty.
** BUILD FAILED **
The following build commands failed:
	SwiftCompile normal arm64 (in target 'DynamicSearchBarPlaceholders' from project 'DynamicSearchBarPlaceholders')
	SwiftEmitModule normal arm64 Emitting\ module\ for\ DynamicSearchBarPlaceholders (in target 'DynamicSearchBarPlaceholders' from project 'DynamicSearchBarPlaceholders')
	Building workspace DynamicSearchBarPlaceholders with scheme DynamicSearchBarPlaceholders
(3 failures)
Command line invocation:
    /Applications/Xcode-27.0.0-Release.Candidate.app/Contents/Developer/usr/bin/xcodebuild -IDEClonedSourcePackagesDirPathOverride=/Users/admin/builder/spi-builder-workspace/.dependencies -resolvePackageDependencies
Resolve Package Graph
Resolved source packages:
  DynamicSearchBarPlaceholders: /Users/admin/builder/spi-builder-workspace
resolved source packages: DynamicSearchBarPlaceholders
2026-09-19 07:31:44.595 xcodebuild[726:4543] [MT] IDERunDestination: Supported platforms for the buildables in the current scheme is empty.
{
  "dependencies" : [
  ],
  "manifest_display_name" : "DynamicSearchBarPlaceholders",
  "name" : "DynamicSearchBarPlaceholders",
  "path" : "/Users/admin/builder/spi-builder-workspace",
  "platforms" : [
    {
      "name" : "ios",
      "version" : "12.0"
    },
    {
      "name" : "tvos",
      "version" : "12.0"
    }
  ],
  "products" : [
    {
      "name" : "DynamicSearchBarPlaceholders",
      "targets" : [
        "DynamicSearchBarPlaceholders"
      ],
      "type" : {
        "library" : [
          "automatic"
        ]
      }
    }
  ],
  "targets" : [
    {
      "c99name" : "DynamicSearchBarPlaceholdersTests",
      "module_type" : "SwiftTarget",
      "name" : "DynamicSearchBarPlaceholdersTests",
      "path" : "Tests/DynamicSearchBarPlaceholdersTests",
      "sources" : [
        "DynamicSearchBarPlaceholdersTests.swift"
      ],
      "target_dependencies" : [
        "DynamicSearchBarPlaceholders"
      ],
      "type" : "test"
    },
    {
      "c99name" : "DynamicSearchBarPlaceholders",
      "module_type" : "SwiftTarget",
      "name" : "DynamicSearchBarPlaceholders",
      "path" : "Sources/DynamicSearchBarPlaceholders",
      "product_memberships" : [
        "DynamicSearchBarPlaceholders"
      ],
      "sources" : [
        "DynamicSearchBar.swift",
        "Iterators.swift",
        "Placeholders+UIKit.swift",
        "Placeholders.swift",
        "PlaceholdersOptions.swift",
        "TransitionPushDirection.swift"
      ],
      "type" : "library"
    }
  ],
  "tools_version" : "5.4"
}
{
  "workspace" : {
    "name" : "DynamicSearchBarPlaceholders",
    "schemes" : [
      "DynamicSearchBarPlaceholders"
    ]
  }
}
2026-09-19 07:31:45.795 xcodebuild[734:4616] [MT] IDERunDestination: Supported platforms for the buildables in the current scheme is empty.
Running build ...
env DEVELOPER_DIR=/Applications/Xcode-27.0.0-Release.Candidate.app xcrun xcodebuild -IDEClonedSourcePackagesDirPathOverride=$PWD/.dependencies -skipMacroValidation -skipPackagePluginValidation -derivedDataPath $PWD/.derivedData build -scheme DynamicSearchBarPlaceholders -destination generic/platform=tvOS
Command line invocation:
    /Applications/Xcode-27.0.0-Release.Candidate.app/Contents/Developer/usr/bin/xcodebuild -IDEClonedSourcePackagesDirPathOverride=/Users/admin/builder/spi-builder-workspace/.dependencies -skipMacroValidation -skipPackagePluginValidation -derivedDataPath /Users/admin/builder/spi-builder-workspace/.derivedData build -scheme DynamicSearchBarPlaceholders -destination generic/platform=tvOS
Resolve Package Graph
Resolved source packages:
  DynamicSearchBarPlaceholders: /Users/admin/builder/spi-builder-workspace
ComputePackagePrebuildTargetDependencyGraph
Prepare packages
CreateBuildRequest
SendProjectDescription
CreateBuildOperation
ComputeTargetDependencyGraph
note: Building targets in dependency order
note: Target dependency graph (2 targets)
    Target 'DynamicSearchBarPlaceholders-product' in project 'DynamicSearchBarPlaceholders'
        ➜ Explicit dependency on target 'DynamicSearchBarPlaceholders' in project 'DynamicSearchBarPlaceholders'
    Target 'DynamicSearchBarPlaceholders' in project 'DynamicSearchBarPlaceholders' (no dependencies)
GatherProvisioningInputs
CreateBuildDescription
ClangStatCache /Applications/Xcode-27.0.0-Release.Candidate.app/Contents/Developer/Toolchains/XcodeDefault.xctoolchain/usr/bin/clang-stat-cache /Applications/Xcode-27.0.0-Release.Candidate.app/Contents/Developer/Platforms/AppleTVOS.platform/Developer/SDKs/AppleTVOS27.0.sdk /Users/admin/builder/spi-builder-workspace/.derivedData/SDKStatCaches.noindex/appletvos27.0-24J360-e829b21a6f8c9b70876ba0858053c044b32bfd8d43560033f8d89884cdb90028.sdkstatcache
    cd /Users/admin/builder/spi-builder-workspace/.swiftpm/xcode
    /Applications/Xcode-27.0.0-Release.Candidate.app/Contents/Developer/Toolchains/XcodeDefault.xctoolchain/usr/bin/clang-stat-cache /Applications/Xcode-27.0.0-Release.Candidate.app/Contents/Developer/Platforms/AppleTVOS.platform/Developer/SDKs/AppleTVOS27.0.sdk -o /Users/admin/builder/spi-builder-workspace/.derivedData/SDKStatCaches.noindex/appletvos27.0-24J360-e829b21a6f8c9b70876ba0858053c044b32bfd8d43560033f8d89884cdb90028.sdkstatcache
SwiftDriver DynamicSearchBarPlaceholders normal arm64 com.apple.xcode.tools.swift.compiler (in target 'DynamicSearchBarPlaceholders' from project 'DynamicSearchBarPlaceholders')
    cd /Users/admin/builder/spi-builder-workspace/.swiftpm/xcode
    builtin-SwiftDriver -- /Applications/Xcode-27.0.0-Release.Candidate.app/Contents/Developer/Toolchains/XcodeDefault.xctoolchain/usr/bin/swiftc -parse-as-library -module-name DynamicSearchBarPlaceholders -Onone @/Users/admin/builder/spi-builder-workspace/.derivedData/Build/Intermediates.noindex/DynamicSearchBarPlaceholders.build/Debug-appletvos/DynamicSearchBarPlaceholders-t.build/Objects-normal/arm64/DynamicSearchBarPlaceholders.SwiftFileList -DSWIFT_PACKAGE -DDEBUG -DSWIFT_MODULE_RESOURCE_BUNDLE_UNAVAILABLE -DXcode -plugin-path /Applications/Xcode-27.0.0-Release.Candidate.app/Contents/Developer/Toolchains/XcodeDefault.xctoolchain/usr/lib/swift/host/plugins/testing -enable-experimental-feature DebugDescriptionMacro -sdk /Applications/Xcode-27.0.0-Release.Candidate.app/Contents/Developer/Platforms/AppleTVOS.platform/Developer/SDKs/AppleTVOS27.0.sdk -target arm64-apple-tvos15.0 -g -module-cache-path /Users/admin/builder/spi-builder-workspace/.derivedData/ModuleCache.noindex -Xfrontend -serialize-debugging-options -profile-coverage-mapping -profile-generate -enable-testing -index-store-path /Users/admin/builder/spi-builder-workspace/.derivedData/Index.noindex/DataStore -Xcc -D_LIBCPP_HARDENING_MODE\=_LIBCPP_HARDENING_MODE_DEBUG -swift-version 5 -I /Users/admin/builder/spi-builder-workspace/.derivedData/Build/Products/Debug-appletvos -Isystem /Applications/Xcode-27.0.0-Release.Candidate.app/Contents/Developer/Platforms/AppleTVOS.platform/Developer/usr/lib -F /Users/admin/builder/spi-builder-workspace/.derivedData/Build/Products/Debug-appletvos -F /Applications/Xcode-27.0.0-Release.Candidate.app/Contents/Developer/Platforms/AppleTVOS.platform/Developer/Library/Frameworks -F /Applications/Xcode-27.0.0-Release.Candidate.app/Contents/Developer/Platforms/AppleTVOS.platform/Developer/SDKs/AppleTVOS27.0.sdk/Developer/Library/Frameworks -c -j10 -enable-batch-mode -incremental -Xcc -ivfsstatcache -Xcc /Users/admin/builder/spi-builder-workspace/.derivedData/SDKStatCaches.noindex/appletvos27.0-24J360-e829b21a6f8c9b70876ba0858053c044b32bfd8d43560033f8d89884cdb90028.sdkstatcache -output-file-map /Users/admin/builder/spi-builder-workspace/.derivedData/Build/Intermediates.noindex/DynamicSearchBarPlaceholders.build/Debug-appletvos/DynamicSearchBarPlaceholders-t.build/Objects-normal/arm64/DynamicSearchBarPlaceholders-OutputFileMap.json -save-temps -no-color-diagnostics -explicit-module-build -module-cache-path /Users/admin/builder/spi-builder-workspace/.derivedData/Build/Intermediates.noindex/SwiftExplicitPrecompiledModules -clang-scanner-module-cache-path /Users/admin/builder/spi-builder-workspace/.derivedData/ModuleCache.noindex -sdk-module-cache-path /Users/admin/builder/spi-builder-workspace/.derivedData/SDKExplicitPrecompiledModules -emit-dependencies -emit-module -emit-module-path /Users/admin/builder/spi-builder-workspace/.derivedData/Build/Intermediates.noindex/DynamicSearchBarPlaceholders.build/Debug-appletvos/DynamicSearchBarPlaceholders-t.build/Objects-normal/arm64/DynamicSearchBarPlaceholders.swiftmodule -serialize-diagnostics -dependency-scan-serialize-diagnostics-path /Users/admin/builder/spi-builder-workspace/.derivedData/Build/Intermediates.noindex/DynamicSearchBarPlaceholders.build/Debug-appletvos/DynamicSearchBarPlaceholders-t.build/Objects-normal/arm64/DynamicSearchBarPlaceholders-dependency-scan.dia -validate-clang-modules-once -clang-build-session-file /Users/admin/builder/spi-builder-workspace/.derivedData/ModuleCache.noindex/Session.modulevalidation -Xcc -fmodules-prune-interval\=86400 -Xcc -fmodules-prune-after\=345600 -emit-const-values -const-gather-protocols-list /Users/admin/builder/spi-builder-workspace/.derivedData/Build/Intermediates.noindex/DynamicSearchBarPlaceholders.build/Debug-appletvos/DynamicSearchBarPlaceholders-t.build/Objects-normal/arm64/DynamicSearchBarPlaceholders_const_extract_protocols.json -Xcc -I/Users/admin/builder/spi-builder-workspace/.derivedData/Build/Products/Debug-appletvos/include -Xcc -I/Users/admin/builder/spi-builder-workspace/.derivedData/Build/Intermediates.noindex/DynamicSearchBarPlaceholders.build/Debug-appletvos/DynamicSearchBarPlaceholders-t.build/DerivedSources-normal/arm64 -Xcc -I/Users/admin/builder/spi-builder-workspace/.derivedData/Build/Intermediates.noindex/DynamicSearchBarPlaceholders.build/Debug-appletvos/DynamicSearchBarPlaceholders-t.build/DerivedSources/arm64 -Xcc -I/Users/admin/builder/spi-builder-workspace/.derivedData/Build/Intermediates.noindex/DynamicSearchBarPlaceholders.build/Debug-appletvos/DynamicSearchBarPlaceholders-t.build/DerivedSources -Xcc -DSWIFT_PACKAGE -Xcc -DDEBUG\=1 -emit-objc-header -emit-objc-header-path /Users/admin/builder/spi-builder-workspace/.derivedData/Build/Intermediates.noindex/DynamicSearchBarPlaceholders.build/Debug-appletvos/DynamicSearchBarPlaceholders-t.build/Objects-normal/arm64/DynamicSearchBarPlaceholders-Swift.h -working-directory /Users/admin/builder/spi-builder-workspace/.swiftpm/xcode -experimental-emit-module-separately -disable-cmo
SwiftCompile normal arm64 Compiling\ DynamicSearchBar.swift /Users/admin/builder/spi-builder-workspace/Sources/DynamicSearchBarPlaceholders/DynamicSearchBar.swift (in target 'DynamicSearchBarPlaceholders' from project 'DynamicSearchBarPlaceholders')
SwiftCompile normal arm64 /Users/admin/builder/spi-builder-workspace/Sources/DynamicSearchBarPlaceholders/DynamicSearchBar.swift (in target 'DynamicSearchBarPlaceholders' from project 'DynamicSearchBarPlaceholders')
    cd /Users/admin/builder/spi-builder-workspace/.swiftpm/xcode
    builtin-SwiftPerFileCompile DynamicSearchBar.swift
/Users/admin/builder/spi-builder-workspace/Sources/DynamicSearchBarPlaceholders/DynamicSearchBar.swift:14:21: error: cannot override 'init' which has been marked unavailable
12 |     private var placeholders: Placeholders<String> = .init(placeholders: [])
13 |
14 |     public override init(frame: CGRect) {
   |                     |- error: cannot override 'init' which has been marked unavailable
   |                     `- note: remove 'override' modifier to declare a new 'init'
15 |         super.init(frame: frame)
16 |         textfield?.clipsToBounds = true
/Applications/Xcode-27.0.0-Release.Candidate.app/Contents/Developer/Platforms/AppleTVOS.platform/Developer/SDKs/AppleTVOS27.0.sdk/System/Library/Frameworks/UIKit.framework/Headers/UISearchBar.h:49:1: note: 'init(frame:)' has been explicitly marked unavailable here
 47 |
 48 | - (instancetype)init API_UNAVAILABLE(tvos);
 49 | - (instancetype)initWithFrame:(CGRect)frame NS_DESIGNATED_INITIALIZER API_UNAVAILABLE(tvos);
    | `- note: 'init(frame:)' has been explicitly marked unavailable here
 50 | - (nullable instancetype)initWithCoder:(NSCoder *)coder NS_DESIGNATED_INITIALIZER API_UNAVAILABLE(tvos);
 51 |
/Users/admin/builder/spi-builder-workspace/Sources/DynamicSearchBarPlaceholders/DynamicSearchBar.swift:15:15: error: 'init(frame:)' is unavailable in tvOS
13 |
14 |     public override init(frame: CGRect) {
15 |         super.init(frame: frame)
   |               `- error: 'init(frame:)' is unavailable in tvOS
16 |         textfield?.clipsToBounds = true
17 |     }
/Applications/Xcode-27.0.0-Release.Candidate.app/Contents/Developer/Platforms/AppleTVOS.platform/Developer/SDKs/AppleTVOS27.0.sdk/System/Library/Frameworks/UIKit.framework/Headers/UISearchBar.h:49:1: note: 'init(frame:)' has been explicitly marked unavailable here
 47 |
 48 | - (instancetype)init API_UNAVAILABLE(tvos);
 49 | - (instancetype)initWithFrame:(CGRect)frame NS_DESIGNATED_INITIALIZER API_UNAVAILABLE(tvos);
    | `- note: 'init(frame:)' has been explicitly marked unavailable here
 50 | - (nullable instancetype)initWithCoder:(NSCoder *)coder NS_DESIGNATED_INITIALIZER API_UNAVAILABLE(tvos);
 51 |
SwiftCompile normal arm64 Compiling\ Iterators.swift /Users/admin/builder/spi-builder-workspace/Sources/DynamicSearchBarPlaceholders/Iterators.swift (in target 'DynamicSearchBarPlaceholders' from project 'DynamicSearchBarPlaceholders')
SwiftCompile normal arm64 /Users/admin/builder/spi-builder-workspace/Sources/DynamicSearchBarPlaceholders/Iterators.swift (in target 'DynamicSearchBarPlaceholders' from project 'DynamicSearchBarPlaceholders')
    cd /Users/admin/builder/spi-builder-workspace/.swiftpm/xcode
    builtin-SwiftPerFileCompile Iterators.swift
SwiftCompile normal arm64 Compiling\ Placeholders+UIKit.swift /Users/admin/builder/spi-builder-workspace/Sources/DynamicSearchBarPlaceholders/Placeholders+UIKit.swift (in target 'DynamicSearchBarPlaceholders' from project 'DynamicSearchBarPlaceholders')
SwiftCompile normal arm64 /Users/admin/builder/spi-builder-workspace/Sources/DynamicSearchBarPlaceholders/Placeholders+UIKit.swift (in target 'DynamicSearchBarPlaceholders' from project 'DynamicSearchBarPlaceholders')
    cd /Users/admin/builder/spi-builder-workspace/.swiftpm/xcode
    builtin-SwiftPerFileCompile Placeholders+UIKit.swift
SwiftCompile normal arm64 Compiling\ Placeholders.swift /Users/admin/builder/spi-builder-workspace/Sources/DynamicSearchBarPlaceholders/Placeholders.swift (in target 'DynamicSearchBarPlaceholders' from project 'DynamicSearchBarPlaceholders')
SwiftCompile normal arm64 /Users/admin/builder/spi-builder-workspace/Sources/DynamicSearchBarPlaceholders/Placeholders.swift (in target 'DynamicSearchBarPlaceholders' from project 'DynamicSearchBarPlaceholders')
    cd /Users/admin/builder/spi-builder-workspace/.swiftpm/xcode
    builtin-SwiftPerFileCompile Placeholders.swift
SwiftEmitModule normal arm64 Emitting\ module\ for\ DynamicSearchBarPlaceholders (in target 'DynamicSearchBarPlaceholders' from project 'DynamicSearchBarPlaceholders')
/Users/admin/builder/spi-builder-workspace/Sources/DynamicSearchBarPlaceholders/DynamicSearchBar.swift:14:21: error: cannot override 'init' which has been marked unavailable
12 |     private var placeholders: Placeholders<String> = .init(placeholders: [])
13 |
14 |     public override init(frame: CGRect) {
   |                     |- error: cannot override 'init' which has been marked unavailable
   |                     `- note: remove 'override' modifier to declare a new 'init'
15 |         super.init(frame: frame)
16 |         textfield?.clipsToBounds = true
/Applications/Xcode-27.0.0-Release.Candidate.app/Contents/Developer/Platforms/AppleTVOS.platform/Developer/SDKs/AppleTVOS27.0.sdk/System/Library/Frameworks/UIKit.framework/Headers/UISearchBar.h:49:1: note: 'init(frame:)' has been explicitly marked unavailable here
 47 |
 48 | - (instancetype)init API_UNAVAILABLE(tvos);
 49 | - (instancetype)initWithFrame:(CGRect)frame NS_DESIGNATED_INITIALIZER API_UNAVAILABLE(tvos);
    | `- note: 'init(frame:)' has been explicitly marked unavailable here
 50 | - (nullable instancetype)initWithCoder:(NSCoder *)coder NS_DESIGNATED_INITIALIZER API_UNAVAILABLE(tvos);
 51 |
Failed frontend command:
/Applications/Xcode-27.0.0-Release.Candidate.app/Contents/Developer/Toolchains/XcodeDefault.xctoolchain/usr/bin/swift-frontend -frontend -emit-module -experimental-skip-non-inlinable-function-bodies-without-types /Users/admin/builder/spi-builder-workspace/Sources/DynamicSearchBarPlaceholders/DynamicSearchBar.swift /Users/admin/builder/spi-builder-workspace/Sources/DynamicSearchBarPlaceholders/Iterators.swift /Users/admin/builder/spi-builder-workspace/Sources/DynamicSearchBarPlaceholders/Placeholders+UIKit.swift /Users/admin/builder/spi-builder-workspace/Sources/DynamicSearchBarPlaceholders/Placeholders.swift /Users/admin/builder/spi-builder-workspace/Sources/DynamicSearchBarPlaceholders/PlaceholdersOptions.swift /Users/admin/builder/spi-builder-workspace/Sources/DynamicSearchBarPlaceholders/TransitionPushDirection.swift -target arm64-apple-tvos15.0 -disable-cross-import-overlay-search -load-resolved-plugin /Applications/Xcode-27.0.0-Release.Candidate.app/Contents/Developer/Platforms/AppleTVOS.platform/Developer/usr/lib/swift/host/plugins/libFoundationMacros.dylib\#/Applications/Xcode-27.0.0-Release.Candidate.app/Contents/Developer/Platforms/AppleTVOS.platform/Developer/usr/bin/swift-plugin-server\#FoundationMacros -load-resolved-plugin /Applications/Xcode-27.0.0-Release.Candidate.app/Contents/Developer/Platforms/AppleTVOS.platform/Developer/usr/lib/swift/host/plugins/libObservationMacros.dylib\#/Applications/Xcode-27.0.0-Release.Candidate.app/Contents/Developer/Platforms/AppleTVOS.platform/Developer/usr/bin/swift-plugin-server\#ObservationMacros -load-resolved-plugin /Applications/Xcode-27.0.0-Release.Candidate.app/Contents/Developer/Platforms/AppleTVOS.platform/Developer/usr/lib/swift/host/plugins/libPreviewsMacros.dylib\#/Applications/Xcode-27.0.0-Release.Candidate.app/Contents/Developer/Platforms/AppleTVOS.platform/Developer/usr/bin/swift-plugin-server\#PreviewsMacros -load-resolved-plugin /Applications/Xcode-27.0.0-Release.Candidate.app/Contents/Developer/Platforms/AppleTVOS.platform/Developer/usr/lib/swift/host/plugins/libSwiftMacros.dylib\#/Applications/Xcode-27.0.0-Release.Candidate.app/Contents/Developer/Platforms/AppleTVOS.platform/Developer/usr/bin/swift-plugin-server\#SwiftMacros -load-resolved-plugin /Applications/Xcode-27.0.0-Release.Candidate.app/Contents/Developer/Platforms/AppleTVOS.platform/Developer/usr/lib/swift/host/plugins/libSwiftUIMacros.dylib\#/Applications/Xcode-27.0.0-Release.Candidate.app/Contents/Developer/Platforms/AppleTVOS.platform/Developer/usr/bin/swift-plugin-server\#SwiftUIMacros -disable-implicit-swift-modules -Xcc -fno-implicit-modules -Xcc -fno-implicit-module-maps -explicit-swift-module-map-file /Users/admin/builder/spi-builder-workspace/.derivedData/Build/Intermediates.noindex/DynamicSearchBarPlaceholders.build/Debug-appletvos/DynamicSearchBarPlaceholders-t.build/Objects-normal/arm64/DynamicSearchBarPlaceholders-dependencies-1.json -Xllvm -aarch64-use-tbi -enable-objc-interop -stack-check -sdk /Applications/Xcode-27.0.0-Release.Candidate.app/Contents/Developer/Platforms/AppleTVOS.platform/Developer/SDKs/AppleTVOS27.0.sdk -I /Users/admin/builder/spi-builder-workspace/.derivedData/Build/Products/Debug-appletvos -Isystem /Applications/Xcode-27.0.0-Release.Candidate.app/Contents/Developer/Platforms/AppleTVOS.platform/Developer/usr/lib -F /Users/admin/builder/spi-builder-workspace/.derivedData/Build/Products/Debug-appletvos -F /Applications/Xcode-27.0.0-Release.Candidate.app/Contents/Developer/Platforms/AppleTVOS.platform/Developer/Library/Frameworks -F /Applications/Xcode-27.0.0-Release.Candidate.app/Contents/Developer/Platforms/AppleTVOS.platform/Developer/SDKs/AppleTVOS27.0.sdk/Developer/Library/Frameworks -module-cache-path /Users/admin/builder/spi-builder-workspace/.derivedData/Build/Intermediates.noindex/SwiftExplicitPrecompiledModules -no-color-diagnostics -Xcc -fno-color-diagnostics -enable-testing -g -debug-info-format\=dwarf -dwarf-version\=4 -profile-generate -profile-coverage-mapping -swift-version 5 -Onone -D SWIFT_PACKAGE -D DEBUG -D SWIFT_MODULE_RESOURCE_BUNDLE_UNAVAILABLE -D Xcode -serialize-debugging-options -enable-experimental-feature DebugDescriptionMacro -empty-abi-descriptor -validate-clang-modules-once -clang-build-session-file /Users/admin/builder/spi-builder-workspace/.derivedData/ModuleCache.noindex/Session.modulevalidation -Xcc -working-directory -Xcc /Users/admin/builder/spi-builder-workspace/.swiftpm/xcode -enable-anonymous-context-mangled-names -file-compilation-dir /Users/admin/builder/spi-builder-workspace/.swiftpm/xcode -Xcc -D_LIBCPP_HARDENING_MODE\=_LIBCPP_HARDENING_MODE_DEBUG -Xcc -ivfsstatcache -Xcc /Users/admin/builder/spi-builder-workspace/.derivedData/SDKStatCaches.noindex/appletvos27.0-24J360-e829b21a6f8c9b70876ba0858053c044b32bfd8d43560033f8d89884cdb90028.sdkstatcache -Xcc -fmodules-prune-interval\=86400 -Xcc -fmodules-prune-after\=345600 -Xcc -I/Users/admin/builder/spi-builder-workspace/.derivedData/Build/Products/Debug-appletvos/include -Xcc -I/Users/admin/builder/spi-builder-workspace/.derivedData/Build/Intermediates.noindex/DynamicSearchBarPlaceholders.build/Debug-appletvos/DynamicSearchBarPlaceholders-t.build/DerivedSources-normal/arm64 -Xcc -I/Users/admin/builder/spi-builder-workspace/.derivedData/Build/Intermediates.noindex/DynamicSearchBarPlaceholders.build/Debug-appletvos/DynamicSearchBarPlaceholders-t.build/DerivedSources/arm64 -Xcc -I/Users/admin/builder/spi-builder-workspace/.derivedData/Build/Intermediates.noindex/DynamicSearchBarPlaceholders.build/Debug-appletvos/DynamicSearchBarPlaceholders-t.build/DerivedSources -Xcc -DSWIFT_PACKAGE -Xcc -DDEBUG\=1 -no-auto-bridging-header-chaining -module-name DynamicSearchBarPlaceholders -const-gather-protocols-file /Users/admin/builder/spi-builder-workspace/.derivedData/Build/Intermediates.noindex/DynamicSearchBarPlaceholders.build/Debug-appletvos/DynamicSearchBarPlaceholders-t.build/Objects-normal/arm64/DynamicSearchBarPlaceholders_const_extract_protocols.json -disable-clang-spi -clang-target arm64-apple-tvos27.0 -target-sdk-version 27.0 -target-sdk-name appletvos27.0 -in-process-plugin-server-path /Applications/Xcode-27.0.0-Release.Candidate.app/Contents/Developer/Toolchains/XcodeDefault.xctoolchain/usr/lib/swift/host/libSwiftInProcPluginServer.dylib -emit-module-doc-path /Users/admin/builder/spi-builder-workspace/.derivedData/Build/Intermediates.noindex/DynamicSearchBarPlaceholders.build/Debug-appletvos/DynamicSearchBarPlaceholders-t.build/Objects-normal/arm64/DynamicSearchBarPlaceholders.swiftdoc -emit-module-source-info-path /Users/admin/builder/spi-builder-workspace/.derivedData/Build/Intermediates.noindex/DynamicSearchBarPlaceholders.build/Debug-appletvos/DynamicSearchBarPlaceholders-t.build/Objects-normal/arm64/DynamicSearchBarPlaceholders.swiftsourceinfo -emit-objc-header-path /Users/admin/builder/spi-builder-workspace/.derivedData/Build/Intermediates.noindex/DynamicSearchBarPlaceholders.build/Debug-appletvos/DynamicSearchBarPlaceholders-t.build/Objects-normal/arm64/DynamicSearchBarPlaceholders-Swift.h -serialize-diagnostics-path /Users/admin/builder/spi-builder-workspace/.derivedData/Build/Intermediates.noindex/DynamicSearchBarPlaceholders.build/Debug-appletvos/DynamicSearchBarPlaceholders-t.build/Objects-normal/arm64/DynamicSearchBarPlaceholders-primary-emit-module.dia -emit-dependencies-path /Users/admin/builder/spi-builder-workspace/.derivedData/Build/Intermediates.noindex/DynamicSearchBarPlaceholders.build/Debug-appletvos/DynamicSearchBarPlaceholders-t.build/Objects-normal/arm64/DynamicSearchBarPlaceholders-primary-emit-module.d -parse-as-library -o /Users/admin/builder/spi-builder-workspace/.derivedData/Build/Intermediates.noindex/DynamicSearchBarPlaceholders.build/Debug-appletvos/DynamicSearchBarPlaceholders-t.build/Objects-normal/arm64/DynamicSearchBarPlaceholders.swiftmodule -emit-abi-descriptor-path /Users/admin/builder/spi-builder-workspace/.derivedData/Build/Intermediates.noindex/DynamicSearchBarPlaceholders.build/Debug-appletvos/DynamicSearchBarPlaceholders-t.build/Objects-normal/arm64/DynamicSearchBarPlaceholders.abi.json
SwiftCompile normal arm64 (in target 'DynamicSearchBarPlaceholders' from project 'DynamicSearchBarPlaceholders')
    cd /Users/admin/builder/spi-builder-workspace/.swiftpm/xcode

SwiftCompile normal arm64 Compiling\ TransitionPushDirection.swift /Users/admin/builder/spi-builder-workspace/Sources/DynamicSearchBarPlaceholders/TransitionPushDirection.swift (in target 'DynamicSearchBarPlaceholders' from project 'DynamicSearchBarPlaceholders')
SwiftCompile normal arm64 /Users/admin/builder/spi-builder-workspace/Sources/DynamicSearchBarPlaceholders/TransitionPushDirection.swift (in target 'DynamicSearchBarPlaceholders' from project 'DynamicSearchBarPlaceholders')
    cd /Users/admin/builder/spi-builder-workspace/.swiftpm/xcode
    builtin-SwiftPerFileCompile TransitionPushDirection.swift
SwiftCompile normal arm64 Compiling\ PlaceholdersOptions.swift /Users/admin/builder/spi-builder-workspace/Sources/DynamicSearchBarPlaceholders/PlaceholdersOptions.swift (in target 'DynamicSearchBarPlaceholders' from project 'DynamicSearchBarPlaceholders')
SwiftCompile normal arm64 /Users/admin/builder/spi-builder-workspace/Sources/DynamicSearchBarPlaceholders/PlaceholdersOptions.swift (in target 'DynamicSearchBarPlaceholders' from project 'DynamicSearchBarPlaceholders')
    cd /Users/admin/builder/spi-builder-workspace/.swiftpm/xcode
    builtin-SwiftPerFileCompile PlaceholdersOptions.swift
PruneExplicitPrecompiledModules /Users/admin/builder/spi-builder-workspace/.derivedData/SDKExplicitPrecompiledModules
PruneExplicitPrecompiledModules /Users/admin/builder/spi-builder-workspace/.derivedData/Build/Intermediates.noindex/SwiftExplicitPrecompiledModules
PruneExplicitPrecompiledModules /Users/admin/builder/spi-builder-workspace/.derivedData/Build/Intermediates.noindex/ExplicitPrecompiledModules
2026-09-19 07:31:46.775 xcodebuild[735:4641] [MT] IDERunDestination: Supported platforms for the buildables in the current scheme is empty.
** BUILD FAILED **
The following build commands failed:
	SwiftEmitModule normal arm64 Emitting\ module\ for\ DynamicSearchBarPlaceholders (in target 'DynamicSearchBarPlaceholders' from project 'DynamicSearchBarPlaceholders')
	SwiftCompile normal arm64 (in target 'DynamicSearchBarPlaceholders' from project 'DynamicSearchBarPlaceholders')
	Building workspace DynamicSearchBarPlaceholders with scheme DynamicSearchBarPlaceholders
(3 failures)
BUILD FAILURE 6.4 tvOS