The Swift Package Index logo.Swift Package Index

Build Information

Failed to build PerfectFileMaker, reference main (cfb8c4), with Swift 6.4 for Wasm on 14 Oct 2026 23:02:05 UTC.

Build Command

bash -c docker run --pull=always --rm -v "checkouts-54344849-2":/host -w "$PWD" -e JAVA_HOME="/root/.sdkman/candidates/java/current" -e SPI_BUILD="1" -e SPI_PROCESSING="1" registry.gitlab.com/saguaro1/spi-images:wasm-6.4-latest swift build --swift-sdk swift-6.4.0-RELEASE_wasm 2>&1

Build Log

========================================
RunAll
========================================
Builder version: 5.1.3
Interrupt handler set up.
========================================
Checkout
========================================
Clone URL: https://github.com/perfectlysoft/perfect-filemaker.git
Reference: main
Initialized empty Git repository in /host/spi-builder-workspace/.git/
hint: Using 'master' as the name for the initial branch. This default branch name
hint: is subject to change. To configure the initial branch name to use in all
hint: of your new repositories, which will suppress this warning, call:
hint:
hint: 	git config --global init.defaultBranch <name>
hint:
hint: Names commonly chosen instead of 'master' are 'main', 'trunk' and
hint: 'development'. The just-created branch can be renamed via this command:
hint:
hint: 	git branch -m <name>
From https://github.com/perfectlysoft/perfect-filemaker
 * branch            main       -> FETCH_HEAD
 * [new branch]      main       -> origin/main
HEAD is now at cfb8c4f Merge pull request #5 from PerfectlySoft/release-prep
Cloned https://github.com/perfectlysoft/perfect-filemaker.git
Revision (git rev-parse @):
cfb8c4fd52d4182d308cfa34f800222ba5e62448
SUCCESS checkout https://github.com/perfectlysoft/perfect-filemaker.git at main
========================================
Build
========================================
Selected platform:         wasm
Swift version:             6.4
Building package at path:  $PWD
https://github.com/perfectlysoft/perfect-filemaker.git
Running build ...
bash -c docker run --pull=always --rm -v "checkouts-54344849-2":/host -w "$PWD" -e JAVA_HOME="/root/.sdkman/candidates/java/current" -e SPI_BUILD="1" -e SPI_PROCESSING="1" registry.gitlab.com/saguaro1/spi-images:wasm-6.4-latest swift build --swift-sdk swift-6.4.0-RELEASE_wasm 2>&1
wasm-6.4-latest: Pulling from saguaro1/spi-images
Digest: sha256:7a2e5502d3bb6640f9b2bbb1dadf9967024364ce9ed0ed0bd80cf1b699d193fd
Status: Image is up to date for registry.gitlab.com/saguaro1/spi-images:wasm-6.4-latest
Fetching https://github.com/PerfectlySoft/Perfect-XML.git
[1/313] Fetching perfect-xml
Fetched https://github.com/PerfectlySoft/Perfect-XML.git (0.35s)
Computing version for https://github.com/PerfectlySoft/Perfect-XML.git
Computed https://github.com/PerfectlySoft/Perfect-XML.git at 4.0.0 (0.51s)
Creating working copy for https://github.com/PerfectlySoft/Perfect-XML.git
Working copy of https://github.com/PerfectlySoft/Perfect-XML.git resolved at 4.0.0
Building for debugging...
[Pre-planning 1 / 97]
[22 / 38] PerfectXML
error: SwiftCompile normal wasm32 failed with a nonzero exit code. Command line:     cd /host

<module-includes>:1:10: note: in file included from <module-includes>:1:
1 | #include "libxml2.h"
  |          `- note: in file included from <module-includes>:1:
2 |
/host/spi-builder-workspace/.build/checkouts/Perfect-XML/Sources/libxml2/libxml2.h:4:10: note: in file included from /host/spi-builder-workspace/.build/checkouts/Perfect-XML/Sources/libxml2/libxml2.h:4:
 2 | #ifndef _libxml2_h_
 3 | #define _libxml2_h_
 4 | #include <libxml2/libxml/tree.h>
   |          `- note: in file included from /host/spi-builder-workspace/.build/checkouts/Perfect-XML/Sources/libxml2/libxml2.h:4:
 5 | #include <libxml2/libxml/xmlreader.h>
 6 | #include <libxml2/libxml/xpath.h>
/root/.swiftpm/swift-sdks/swift-6.4.0-RELEASE_wasm.artifactbundle/swift-6.4.0-RELEASE_wasm/wasm32-unknown-wasip1/WASI.sdk/include/libxml2/libxml/tree.h:768:1: error: unknown type name 'XML_DEPRECATED'
 766 | 		xmlFreeDtd		(xmlDtdPtr cur);
 767 | #ifdef LIBXML_LEGACY_ENABLED
 768 | XML_DEPRECATED
     | `- error: unknown type name 'XML_DEPRECATED'
 769 | XMLPUBFUN xmlNsPtr
 770 | 		xmlNewGlobalNs		(xmlDocPtr doc,
<module-includes>:1:10: note: in file included from <module-includes>:1:
1 | #include "libxml2.h"
  |          `- note: in file included from <module-includes>:1:
2 |
/host/spi-builder-workspace/.build/checkouts/Perfect-XML/Sources/libxml2/libxml2.h:4:10: note: in file included from /host/spi-builder-workspace/.build/checkouts/Perfect-XML/Sources/libxml2/libxml2.h:4:
 2 | #ifndef _libxml2_h_
 3 | #define _libxml2_h_
 4 | #include <libxml2/libxml/tree.h>
   |          `- note: in file included from /host/spi-builder-workspace/.build/checkouts/Perfect-XML/Sources/libxml2/libxml2.h:4:
 5 | #include <libxml2/libxml/xmlreader.h>
 6 | #include <libxml2/libxml/xpath.h>
/root/.swiftpm/swift-sdks/swift-6.4.0-RELEASE_wasm.artifactbundle/swift-6.4.0-RELEASE_wasm/wasm32-unknown-wasip1/WASI.sdk/include/libxml2/libxml/tree.h:769:19: error: expected ';' after top level declarator
 767 | #ifdef LIBXML_LEGACY_ENABLED
 768 | XML_DEPRECATED
 769 | XMLPUBFUN xmlNsPtr
     |                   `- error: expected ';' after top level declarator
 770 | 		xmlNewGlobalNs		(xmlDocPtr doc,
 771 | 					 const xmlChar *href,
     :
1308 | #endif
1309 | #ifndef __XML_PARSER_H__
1310 | #include <libxml/xmlmemory.h>
     |          `- note: in file included from /root/.swiftpm/swift-sdks/swift-6.4.0-RELEASE_wasm.artifactbundle/swift-6.4.0-RELEASE_wasm/wasm32-unknown-wasip1/WASI.sdk/include/libxml2/libxml/tree.h:1310:
1311 | #endif
1312 |
<module-includes>:1:10: note: in file included from <module-includes>:1:
1 | #include "libxml2.h"
  |          `- note: in file included from <module-includes>:1:
2 |
/host/spi-builder-workspace/.build/checkouts/Perfect-XML/Sources/libxml2/libxml2.h:4:10: note: in file included from /host/spi-builder-workspace/.build/checkouts/Perfect-XML/Sources/libxml2/libxml2.h:4:
 2 | #ifndef _libxml2_h_
 3 | #define _libxml2_h_
 4 | #include <libxml2/libxml/tree.h>
   |          `- note: in file included from /host/spi-builder-workspace/.build/checkouts/Perfect-XML/Sources/libxml2/libxml2.h:4:
 5 | #include <libxml2/libxml/xmlreader.h>
 6 | #include <libxml2/libxml/xpath.h>
/usr/include/libxml2/libxml/xmlmemory.h:218:10: note: in file included from /usr/include/libxml2/libxml/xmlmemory.h:218:
216 | #ifndef __XML_GLOBALS_H
217 | #ifndef __XML_THREADS_H__
218 | #include <libxml/threads.h>
    |          `- note: in file included from /usr/include/libxml2/libxml/xmlmemory.h:218:
219 | #include <libxml/globals.h>
220 | #endif
/usr/include/libxml2/libxml/threads.h:35:10: note: in file included from /usr/include/libxml2/libxml/threads.h:35:
33 | }
34 | #endif
35 | #include <libxml/globals.h>
   |          `- note: in file included from /usr/include/libxml2/libxml/threads.h:35:
36 | #ifdef __cplusplus
37 | extern "C" {
/usr/include/libxml2/libxml/globals.h:18:10: note: in file included from /usr/include/libxml2/libxml/globals.h:18:
 16 |
 17 | #include <libxml/xmlversion.h>
 18 | #include <libxml/parser.h>
    |          `- note: in file included from /usr/include/libxml2/libxml/globals.h:18:
 19 | #include <libxml/xmlerror.h>
 20 | #include <libxml/SAX2.h>
/usr/include/libxml2/libxml/parser.h:814:10: note: in file included from /usr/include/libxml2/libxml/parser.h:814:
 812 | #endif
 813 |
 814 | #include <libxml/encoding.h>
     |          `- note: in file included from /usr/include/libxml2/libxml/parser.h:814:
 815 | #include <libxml/xmlIO.h>
 816 | #include <libxml/globals.h>
/usr/include/libxml2/libxml/encoding.h:31:10: error: 'unicode/ucnv.h' file not found
 29 | #endif
 30 | #ifdef LIBXML_ICU_ENABLED
 31 | #include <unicode/ucnv.h>
    |          `- error: 'unicode/ucnv.h' file not found
 32 | #endif
 33 | #ifdef __cplusplus
/host/spi-builder-workspace/.build/checkouts/Perfect-XML/Sources/PerfectXML/SAX.swift:8:8: error: could not build C module 'perfectxml2'
  6 | //
  7 |
  8 | import perfectxml2
    |        `- error: could not build C module 'perfectxml2'
  9 |
 10 | public struct SAXError: Error {
Failed frontend command:
/usr/bin/swift-frontend -frontend -emit-module -experimental-skip-non-inlinable-function-bodies-without-types /host/spi-builder-workspace/.build/checkouts/Perfect-XML/Sources/PerfectXML/Codable.swift /host/spi-builder-workspace/.build/checkouts/Perfect-XML/Sources/PerfectXML/SAX.swift /host/spi-builder-workspace/.build/checkouts/Perfect-XML/Sources/PerfectXML/XMLDOM.swift /host/spi-builder-workspace/.build/checkouts/Perfect-XML/Sources/PerfectXML/XMLStream.swift /host/spi-builder-workspace/.build/checkouts/Perfect-XML/Sources/PerfectXML/XPath.swift -target wasm32-unknown-wasip1 -disable-objc-interop -sdk /root/.swiftpm/swift-sdks/swift-6.4.0-RELEASE_wasm.artifactbundle/swift-6.4.0-RELEASE_wasm/wasm32-unknown-wasip1/WASI.sdk -sysroot /root/.swiftpm/swift-sdks/swift-6.4.0-RELEASE_wasm.artifactbundle/swift-6.4.0-RELEASE_wasm/wasm32-unknown-wasip1/WASI.sdk -I /usr/include/libxml2 -I /host/spi-builder-workspace/.build/out/Products/Debug-webassembly-wasm32 -module-cache-path /host/spi-builder-workspace/.build/out/ModuleCache.noindex -color-diagnostics -Xcc -fcolor-diagnostics -enable-testing -g -debug-info-format\=dwarf -dwarf-version\=4 -suppress-warnings -swift-version 6 -Onone -D SWIFT_PACKAGE -D DEBUG -D SWIFT_MODULE_RESOURCE_BUNDLE_UNAVAILABLE -D Xcode -serialize-debugging-options -enable-experimental-feature DebugDescriptionMacro -empty-abi-descriptor -external-plugin-path /usr/lib/swift/host/plugins/testing\#/usr/bin/swift-plugin-server -user-module-version 4.0.0 -validate-clang-modules-once -clang-build-session-file /host/spi-builder-workspace/.build/out/ModuleCache.noindex/Session.modulevalidation -Xcc -working-directory -Xcc /host -resource-dir /root/.swiftpm/swift-sdks/swift-6.4.0-RELEASE_wasm.artifactbundle/swift-6.4.0-RELEASE_wasm/wasm32-unknown-wasip1/swift.xctoolchain/usr/lib/swift_static -use-static-resource-dir -enable-anonymous-context-mangled-names -file-compilation-dir /host -Xcc -resource-dir -Xcc /root/.swiftpm/swift-sdks/swift-6.4.0-RELEASE_wasm.artifactbundle/swift-6.4.0-RELEASE_wasm/wasm32-unknown-wasip1/swift.xctoolchain/usr/lib/swift_static/clang -Xcc -fmodule-map-file\=/host/spi-builder-workspace/.build/checkouts/Perfect-XML/Sources/libxml2/module.modulemap -Xcc -D_LIBCPP_HARDENING_MODE\=_LIBCPP_HARDENING_MODE_DEBUG -Xcc -fmodules-prune-interval\=86400 -Xcc -fmodules-prune-after\=345600 -Xcc -I/host/spi-builder-workspace/.build/out/Products/Debug-webassembly-wasm32/include -Xcc -I/host/spi-builder-workspace/.build/out/Intermediates.noindex/PerfectXML.build/Debug-webassembly-wasm32/PerfectXML-t.build/DerivedSources-normal/wasm32 -Xcc -I/host/spi-builder-workspace/.build/out/Intermediates.noindex/PerfectXML.build/Debug-webassembly-wasm32/PerfectXML-t.build/DerivedSources/wasm32 -Xcc -I/host/spi-builder-workspace/.build/out/Intermediates.noindex/PerfectXML.build/Debug-webassembly-wasm32/PerfectXML-t.build/DerivedSources -Xcc -DSWIFT_PACKAGE -Xcc -DDEBUG\=1 -no-auto-bridging-header-chaining -module-name PerfectXML -package-name perfect_xml -const-gather-protocols-file /host/spi-builder-workspace/.build/out/Intermediates.noindex/PerfectXML.build/Debug-webassembly-wasm32/PerfectXML-t.build/Objects-normal/wasm32/PerfectXML_const_extract_protocols.json -in-process-plugin-server-path /usr/lib/swift/host/libSwiftInProcPluginServer.so -plugin-path /usr/lib/swift/host/plugins -plugin-path /usr/local/lib/swift/host/plugins -emit-module-doc-path /host/spi-builder-workspace/.build/out/Intermediates.noindex/PerfectXML.build/Debug-webassembly-wasm32/PerfectXML-t.build/Objects-normal/wasm32/Modules/PerfectXML.swiftdoc -emit-module-source-info-path /host/spi-builder-workspace/.build/out/Intermediates.noindex/PerfectXML.build/Debug-webassembly-wasm32/PerfectXML-t.build/Objects-normal/wasm32/Modules/PerfectXML.swiftsourceinfo -emit-objc-header-path /host/spi-builder-workspace/.build/out/Intermediates.noindex/PerfectXML.build/Debug-webassembly-wasm32/PerfectXML-t.build/Objects-normal/wasm32/PerfectXML-Swift.h -serialize-diagnostics-path /host/spi-builder-workspace/.build/out/Intermediates.noindex/PerfectXML.build/Debug-webassembly-wasm32/PerfectXML-t.build/Objects-normal/wasm32/PerfectXML-primary-emit-module.dia -emit-dependencies-path /host/spi-builder-workspace/.build/out/Intermediates.noindex/PerfectXML.build/Debug-webassembly-wasm32/PerfectXML-t.build/Objects-normal/wasm32/PerfectXML-primary-emit-module.d -parse-as-library -o /host/spi-builder-workspace/.build/out/Intermediates.noindex/PerfectXML.build/Debug-webassembly-wasm32/PerfectXML-t.build/Objects-normal/wasm32/Modules/PerfectXML.swiftmodule
error: Build failed
BUILD FAILURE 6.4 wasm