The Swift Package Index logo.Swift Package Index

Build Information

Failed to build Swifty-LLVM, reference main (8a1220), with Swift 6.4 for watchOS using Xcode 27.0 on 13 Oct 2026 05:39:41 UTC.

Build Command

env DEVELOPER_DIR=/Applications/Xcode-27.0.0-Release.Candidate.app xcrun xcodebuild -IDEClonedSourcePackagesDirPathOverride=$PWD/.dependencies -skipMacroValidation -skipPackagePluginValidation -derivedDataPath $PWD/.derivedData build -scheme Swifty-LLVM -destination generic/platform=watchOS

Build Log

========================================
RunAll
========================================
Builder version: 5.1.1
Interrupt handler set up.
========================================
Checkout
========================================
Clone URL: https://github.com/hylo-lang/Swifty-LLVM.git
Reference: main
Initialized empty Git repository in /Users/admin/builder/spi-builder-workspace/.git/
From https://github.com/hylo-lang/Swifty-LLVM
 * branch            main       -> FETCH_HEAD
 * [new branch]      main       -> origin/main
HEAD is now at 8a12204 Add a constructor for bitcast instructions (#148)
Cloned https://github.com/hylo-lang/Swifty-LLVM.git
Revision (git rev-parse @):
8a1220418ba3577b467b90c3d9f43747785ba9cd
SUCCESS checkout https://github.com/hylo-lang/Swifty-LLVM.git at main
========================================
Build
========================================
Selected platform:         watchOS
Swift version:             6.4
Building package at path:  $PWD
https://github.com/hylo-lang/Swifty-LLVM.git
Command line invocation:
    /Applications/Xcode-27.0.0.app/Contents/Developer/usr/bin/xcodebuild -IDEClonedSourcePackagesDirPathOverride=/Users/admin/builder/spi-builder-workspace/.dependencies -resolvePackageDependencies
Resolve Package Graph
failed to retrieve search paths with pkg-config; maybe pkg-config is not installedcouldn't find pc file for llvm
Resolve Package Graph
couldn't find pc file for llvm
Resolved source packages:
  Swifty-LLVM: /Users/admin/builder/spi-builder-workspace
resolved source packages: Swifty-LLVM
2026-10-13 01:39:02.121 xcodebuild[528:3040] [MT] IDERunDestination: Supported platforms for the buildables in the current scheme is empty.
{
  "cxx_language_standard" : "c++20",
  "dependencies" : [
  ],
  "manifest_display_name" : "Swifty-LLVM",
  "name" : "Swifty-LLVM",
  "path" : "/Users/admin/builder/spi-builder-workspace",
  "platforms" : [
    {
      "name" : "macos",
      "version" : "15.0"
    }
  ],
  "products" : [
    {
      "name" : "SwiftyLLVM",
      "targets" : [
        "SwiftyLLVM"
      ],
      "type" : {
        "library" : [
          "automatic"
        ]
      }
    }
  ],
  "targets" : [
    {
      "c99name" : "llvmshims",
      "module_type" : "ClangTarget",
      "name" : "llvmshims",
      "path" : "Sources/llvmshims",
      "product_memberships" : [
        "SwiftyLLVM"
      ],
      "sources" : [
        "src/shim.cc"
      ],
      "target_dependencies" : [
        "llvmc"
      ],
      "type" : "library"
    },
    {
      "c99name" : "llvmc",
      "module_type" : "SystemLibraryTarget",
      "name" : "llvmc",
      "path" : "Sources/llvmc",
      "product_memberships" : [
        "SwiftyLLVM"
      ],
      "sources" : [
      ],
      "type" : "system-target"
    },
    {
      "c99name" : "SwiftyLLVM",
      "module_type" : "SwiftTarget",
      "name" : "SwiftyLLVM",
      "path" : "Sources/SwiftyLLVM",
      "product_memberships" : [
        "SwiftyLLVM"
      ],
      "sources" : [
        "AddressSpace.swift",
        "AtomicOrdering.swift",
        "AtomicRMWBinOp.swift",
        "Attribute.swift",
        "Backend.swift",
        "BasicBlock.swift",
        "CodeGenerationKind.swift",
        "CodeModel.swift",
        "DataLayout.swift",
        "FastMathFlags.swift",
        "InsertionPoint.swift",
        "LLVMError.swift",
        "Linkage.swift",
        "MemoryBuffer.swift",
        "Module.swift",
        "OptimizationLevel.swift",
        "Refs.swift",
        "RelocationModel.swift",
        "Target.swift",
        "TargetMachine.swift",
        "TargetSpecification.swift",
        "Types/AnyType.swift",
        "Types/ArrayType.swift",
        "Types/FloatingPointType.swift",
        "Types/FunctionType.swift",
        "Types/IRType.swift",
        "Types/IntegerType.swift",
        "Types/PointerType.swift",
        "Types/StructType.swift",
        "Types/VoidType.swift",
        "Utils/String+Extensions.swift",
        "Utils/Unreachable.swift",
        "Values/Constants/AggregateConstant.swift",
        "Values/Constants/AnyValue.swift",
        "Values/Constants/ArrayConstant.swift",
        "Values/Constants/Callable.swift",
        "Values/Constants/FloatingPointConstant.swift",
        "Values/Constants/Function+Attributes.swift",
        "Values/Constants/Function.swift",
        "Values/Constants/IntegerConstant.swift",
        "Values/Constants/IntrinsicFunction.swift",
        "Values/Constants/Parameter+Attributes.swift",
        "Values/Constants/Parameter.swift",
        "Values/Constants/Poison.swift",
        "Values/Constants/StringConstant.swift",
        "Values/Constants/StructConstant.swift",
        "Values/Constants/Undefined.swift",
        "Values/Global.swift",
        "Values/GlobalVariable.swift",
        "Values/IRValue.swift",
        "Values/Instructions/Alloca.swift",
        "Values/Instructions/AnyInstruction.swift",
        "Values/Instructions/FloatingPointPredicate.swift",
        "Values/Instructions/IRInstruction.swift",
        "Values/Instructions/IntegerPredicate.swift",
        "Values/Instructions/Load.swift",
        "Values/Instructions/Operands.swift",
        "Values/Instructions/OverflowBehavior.swift",
        "Values/Instructions/Store.swift"
      ],
      "target_dependencies" : [
        "llvmc",
        "llvmshims"
      ],
      "type" : "library"
    },
    {
      "c99name" : "LLVMTests",
      "module_type" : "SwiftTarget",
      "name" : "LLVMTests",
      "path" : "Tests/LLVMTests",
      "sources" : [
        "BasicBlockTests.swift",
        "CodeGenerationTests.swift",
        "CodeGenerationTestsWith.swift",
        "DataLayoutTests.swift",
        "MemoryBufferTests.swift",
        "ModuleTests.swift",
        "TargetMachineTests.swift",
        "TargetTests.swift",
        "Types/ArrayTypeTests.swift",
        "Types/FloatingPointTypeTests.swift",
        "Types/FunctionTypeTests.swift",
        "Types/IRTypeTests.swift",
        "Types/IntegerTypeTests.swift",
        "Types/PointerTypeTests.swift",
        "Types/StructTypeTests.swift",
        "Types/VoidTypeTests.swift",
        "Utils/StringTests.swift",
        "Values/Constants/ArrayConstantTests.swift",
        "Values/Constants/AttributeTests.swift",
        "Values/Constants/FloatingPointConstantTests.swift",
        "Values/Constants/FunctionTests.swift",
        "Values/Constants/IntegerConstantTests.swift",
        "Values/Constants/IntrinsicTests.swift",
        "Values/Constants/ParameterTests.swift",
        "Values/Constants/PoisonTests.swift",
        "Values/Constants/StringConstantTests.swift",
        "Values/Constants/StructConstantTests.swift",
        "Values/Constants/UndefinedTests.swift",
        "Values/GlobalVariableTests.swift",
        "Values/IRValueTests.swift",
        "Values/Instructions/AllocaTests.swift",
        "Values/Instructions/AnyInstructionTests.swift",
        "Values/Instructions/AtomicRMWBinOpTests.swift",
        "Values/Instructions/BitwiseOperationTests.swift",
        "Values/Instructions/ConversionTests.swift",
        "Values/Instructions/FloatingPointArithmeticTests.swift",
        "Values/Instructions/FloatingPointPredicateTests.swift",
        "Values/Instructions/IntegerArithmeticTests.swift",
        "Values/Instructions/IntegerPredicateTests.swift",
        "Values/Instructions/LoadTests.swift",
        "Values/Instructions/MemcpyTests.swift",
        "Values/Instructions/ShiftTests.swift",
        "Values/Instructions/StoreTests.swift",
        "Values/Instructions/SwitchTests.swift"
      ],
      "target_dependencies" : [
        "SwiftyLLVM"
      ],
      "type" : "test"
    }
  ],
  "tools_version" : "6.3"
}
{
  "workspace" : {
    "name" : "Swifty-LLVM",
    "schemes" : [
      "Swifty-LLVM"
    ]
  }
}
2026-10-13 01:39:34.267 xcodebuild[626:3856] [MT] IDERunDestination: Supported platforms for the buildables in the current scheme is empty.
Running build ...
env DEVELOPER_DIR=/Applications/Xcode-27.0.0-Release.Candidate.app xcrun xcodebuild -IDEClonedSourcePackagesDirPathOverride=$PWD/.dependencies -skipMacroValidation -skipPackagePluginValidation -derivedDataPath $PWD/.derivedData build -scheme Swifty-LLVM -destination generic/platform=watchOS
Command line invocation:
    /Applications/Xcode-27.0.0.app/Contents/Developer/usr/bin/xcodebuild -IDEClonedSourcePackagesDirPathOverride=/Users/admin/builder/spi-builder-workspace/.dependencies -skipMacroValidation -skipPackagePluginValidation -derivedDataPath /Users/admin/builder/spi-builder-workspace/.derivedData build -scheme Swifty-LLVM -destination generic/platform=watchOS
Resolve Package Graph
failed to retrieve search paths with pkg-config; maybe pkg-config is not installedcouldn't find pc file for llvm
Resolved source packages:
  Swifty-LLVM: /Users/admin/builder/spi-builder-workspace
ComputePackagePrebuildTargetDependencyGraph
Prepare packages
CreateBuildRequest
SendProjectDescription
CreateBuildOperation
ComputeTargetDependencyGraph
note: Building targets in dependency order
note: Target dependency graph (4 targets)
    Target 'SwiftyLLVM-product' in project 'Swifty-LLVM'
        ➜ Explicit dependency on target 'SwiftyLLVM' in project 'Swifty-LLVM'
        ➜ Explicit dependency on target 'llvmshims' in project 'Swifty-LLVM'
    Target 'SwiftyLLVM' in project 'Swifty-LLVM'
        ➜ Explicit dependency on target 'llvmc' in project 'Swifty-LLVM'
        ➜ Explicit dependency on target 'llvmshims' in project 'Swifty-LLVM'
    Target 'llvmshims' in project 'Swifty-LLVM'
        ➜ Explicit dependency on target 'llvmc' in project 'Swifty-LLVM'
    Target 'llvmc' in project 'Swifty-LLVM' (no dependencies)
GatherProvisioningInputs
CreateBuildDescription
ExecuteExternalTool /Applications/Xcode-27.0.0.app/Contents/Developer/Toolchains/XcodeDefault.xctoolchain/usr/bin/clang -v -E -dM -isysroot /Applications/Xcode-27.0.0.app/Contents/Developer/Platforms/WatchOS.platform/Developer/SDKs/WatchOS27.0.sdk -x c -c /dev/null
ExecuteExternalTool /Applications/Xcode-27.0.0.app/Contents/Developer/Toolchains/XcodeDefault.xctoolchain/usr/bin/clang -v -E -dM -arch arm64 -isysroot /Applications/Xcode-27.0.0.app/Contents/Developer/Platforms/WatchOS.platform/Developer/SDKs/WatchOS27.0.sdk -x c++ -c /dev/null
ExecuteExternalTool /Applications/Xcode-27.0.0.app/Contents/Developer/Toolchains/XcodeDefault.xctoolchain/usr/bin/swiftc --version
ExecuteExternalTool /Applications/Xcode-27.0.0.app/Contents/Developer/Toolchains/XcodeDefault.xctoolchain/usr/bin/clang -v -E -dM -arch arm64 -isysroot /Applications/Xcode-27.0.0.app/Contents/Developer/Platforms/WatchOS.platform/Developer/SDKs/WatchOS27.0.sdk -x c -c /dev/null
ExecuteExternalTool /Applications/Xcode-27.0.0.app/Contents/Developer/Toolchains/XcodeDefault.xctoolchain/usr/bin/ld -version_details
ExecuteExternalTool /Applications/Xcode-27.0.0.app/Contents/Developer/Toolchains/XcodeDefault.xctoolchain/usr/bin/clang -v -E -dM -arch arm64_32 -isysroot /Applications/Xcode-27.0.0.app/Contents/Developer/Platforms/WatchOS.platform/Developer/SDKs/WatchOS27.0.sdk -x c++ -c /dev/null
ExecuteExternalTool /Applications/Xcode-27.0.0.app/Contents/Developer/Toolchains/XcodeDefault.xctoolchain/usr/bin/clang -v -E -dM -arch arm64_32 -isysroot /Applications/Xcode-27.0.0.app/Contents/Developer/Platforms/WatchOS.platform/Developer/SDKs/WatchOS27.0.sdk -x c -c /dev/null
Build description signature: a311304bb2d47d781792cadd3c713aa3
Build description path: /Users/admin/builder/spi-builder-workspace/.derivedData/Build/Intermediates.noindex/XCBuildData/a311304bb2d47d781792cadd3c713aa3.xcbuilddata
CreateBuildDirectory /Users/admin/builder/spi-builder-workspace/.derivedData/ModuleCache.noindex
    cd /Users/admin/builder/spi-builder-workspace/.swiftpm/xcode
    builtin-create-build-directory /Users/admin/builder/spi-builder-workspace/.derivedData/ModuleCache.noindex
CreateBuildDirectory /Users/admin/builder/spi-builder-workspace/.derivedData/SDKExplicitPrecompiledModules
    cd /Users/admin/builder/spi-builder-workspace/.swiftpm/xcode
    builtin-create-build-directory /Users/admin/builder/spi-builder-workspace/.derivedData/SDKExplicitPrecompiledModules
CreateBuildDirectory /Users/admin/builder/spi-builder-workspace/.derivedData/CompilationCache.noindex
    cd /Users/admin/builder/spi-builder-workspace/.swiftpm/xcode
    builtin-create-build-directory /Users/admin/builder/spi-builder-workspace/.derivedData/CompilationCache.noindex
ClangStatCache /Applications/Xcode-27.0.0.app/Contents/Developer/Toolchains/XcodeDefault.xctoolchain/usr/bin/clang-stat-cache /Applications/Xcode-27.0.0.app/Contents/Developer/Platforms/WatchOS.platform/Developer/SDKs/WatchOS27.0.sdk /Users/admin/builder/spi-builder-workspace/.derivedData/SDKStatCaches.noindex/watchos27.0-24R360-e829b21a6f8c9b70876ba0858053c044b9db9bc9c079ee3c7b5f3373b13d10bc.sdkstatcache
    cd /Users/admin/builder/spi-builder-workspace/.swiftpm/xcode
    /Applications/Xcode-27.0.0.app/Contents/Developer/Toolchains/XcodeDefault.xctoolchain/usr/bin/clang-stat-cache /Applications/Xcode-27.0.0.app/Contents/Developer/Platforms/WatchOS.platform/Developer/SDKs/WatchOS27.0.sdk -o /Users/admin/builder/spi-builder-workspace/.derivedData/SDKStatCaches.noindex/watchos27.0-24R360-e829b21a6f8c9b70876ba0858053c044b9db9bc9c079ee3c7b5f3373b13d10bc.sdkstatcache
CreateBuildDirectory /Users/admin/builder/spi-builder-workspace/.derivedData/Build/Intermediates.noindex
    cd /Users/admin/builder/spi-builder-workspace/.swiftpm/xcode
    builtin-create-build-directory /Users/admin/builder/spi-builder-workspace/.derivedData/Build/Intermediates.noindex
CreateBuildDirectory /Users/admin/builder/spi-builder-workspace/.derivedData/Build/Products
    cd /Users/admin/builder/spi-builder-workspace/.swiftpm/xcode
    builtin-create-build-directory /Users/admin/builder/spi-builder-workspace/.derivedData/Build/Products
CreateBuildDirectory /Users/admin/builder/spi-builder-workspace/.derivedData/Build/Intermediates.noindex/SwiftExplicitPrecompiledModules
    cd /Users/admin/builder/spi-builder-workspace/.swiftpm/xcode
    builtin-create-build-directory /Users/admin/builder/spi-builder-workspace/.derivedData/Build/Intermediates.noindex/SwiftExplicitPrecompiledModules
CreateBuildDirectory /Users/admin/builder/spi-builder-workspace/.derivedData/Build/Intermediates.noindex/PrecompiledHeaders
    cd /Users/admin/builder/spi-builder-workspace/.swiftpm/xcode
    builtin-create-build-directory /Users/admin/builder/spi-builder-workspace/.derivedData/Build/Intermediates.noindex/PrecompiledHeaders
CreateBuildDirectory /Users/admin/builder/spi-builder-workspace/.derivedData/Build/Intermediates.noindex/ExplicitPrecompiledModules
    cd /Users/admin/builder/spi-builder-workspace/.swiftpm/xcode
    builtin-create-build-directory /Users/admin/builder/spi-builder-workspace/.derivedData/Build/Intermediates.noindex/ExplicitPrecompiledModules
CreateBuildDirectory /Users/admin/builder/spi-builder-workspace/.derivedData/Build/Intermediates.noindex/EagerLinkingTBDs/Debug-watchos
    cd /Users/admin/builder/spi-builder-workspace/.swiftpm/xcode
    builtin-create-build-directory /Users/admin/builder/spi-builder-workspace/.derivedData/Build/Intermediates.noindex/EagerLinkingTBDs/Debug-watchos
CreateBuildDirectory /Users/admin/builder/spi-builder-workspace/.derivedData/Build/Products/Debug-watchos
    cd /Users/admin/builder/spi-builder-workspace/.swiftpm/xcode
    builtin-create-build-directory /Users/admin/builder/spi-builder-workspace/.derivedData/Build/Products/Debug-watchos
CreateBuildDirectory /Users/admin/builder/spi-builder-workspace/.derivedData/Build/Products/Debug-watchos/PackageFrameworks
    cd /Users/admin/builder/spi-builder-workspace/.swiftpm/xcode
    builtin-create-build-directory /Users/admin/builder/spi-builder-workspace/.derivedData/Build/Products/Debug-watchos/PackageFrameworks
WriteAuxiliaryFile /Users/admin/builder/spi-builder-workspace/.derivedData/Build/Intermediates.noindex/Swifty-LLVM.build/Debug-watchos/SwiftyLLVM-t.build/SwiftyLLVM.DependencyMetadataFileList (in target 'SwiftyLLVM' from project 'Swifty-LLVM')
    cd /Users/admin/builder/spi-builder-workspace
    write-file /Users/admin/builder/spi-builder-workspace/.derivedData/Build/Intermediates.noindex/Swifty-LLVM.build/Debug-watchos/SwiftyLLVM-t.build/SwiftyLLVM.DependencyMetadataFileList
WriteAuxiliaryFile /Users/admin/builder/spi-builder-workspace/.derivedData/Build/Intermediates.noindex/Swifty-LLVM.build/Debug-watchos/llvmshims-t.build/llvmshims.DependencyMetadataFileList (in target 'llvmshims' from project 'Swifty-LLVM')
    cd /Users/admin/builder/spi-builder-workspace
    write-file /Users/admin/builder/spi-builder-workspace/.derivedData/Build/Intermediates.noindex/Swifty-LLVM.build/Debug-watchos/llvmshims-t.build/llvmshims.DependencyMetadataFileList
WriteAuxiliaryFile /Users/admin/builder/spi-builder-workspace/.derivedData/Build/Intermediates.noindex/Swifty-LLVM.build/Debug-watchos/SwiftyLLVM-t.build/SwiftyLLVM.modulemap (in target 'SwiftyLLVM' from project 'Swifty-LLVM')
    cd /Users/admin/builder/spi-builder-workspace
    write-file /Users/admin/builder/spi-builder-workspace/.derivedData/Build/Intermediates.noindex/Swifty-LLVM.build/Debug-watchos/SwiftyLLVM-t.build/SwiftyLLVM.modulemap
WriteAuxiliaryFile /Users/admin/builder/spi-builder-workspace/.derivedData/Build/Intermediates.noindex/Swifty-LLVM.build/Debug-watchos/llvmshims-t.build/llvmshims.DependencyStaticMetadataFileList (in target 'llvmshims' from project 'Swifty-LLVM')
    cd /Users/admin/builder/spi-builder-workspace
    write-file /Users/admin/builder/spi-builder-workspace/.derivedData/Build/Intermediates.noindex/Swifty-LLVM.build/Debug-watchos/llvmshims-t.build/llvmshims.DependencyStaticMetadataFileList
WriteAuxiliaryFile /Users/admin/builder/spi-builder-workspace/.derivedData/Build/Intermediates.noindex/Swifty-LLVM.build/Debug-watchos/SwiftyLLVM-t.build/SwiftyLLVM.DependencyStaticMetadataFileList (in target 'SwiftyLLVM' from project 'Swifty-LLVM')
    cd /Users/admin/builder/spi-builder-workspace
    write-file /Users/admin/builder/spi-builder-workspace/.derivedData/Build/Intermediates.noindex/Swifty-LLVM.build/Debug-watchos/SwiftyLLVM-t.build/SwiftyLLVM.DependencyStaticMetadataFileList
WriteAuxiliaryFile /Users/admin/builder/spi-builder-workspace/.derivedData/Build/Intermediates.noindex/Swifty-LLVM.build/Debug-watchos/llvmshims-t.build/Objects-normal/arm64_32/82b82416624d2658e5098eb0a28c15c5-common-args.resp (in target 'llvmshims' from project 'Swifty-LLVM')
    cd /Users/admin/builder/spi-builder-workspace
    write-file /Users/admin/builder/spi-builder-workspace/.derivedData/Build/Intermediates.noindex/Swifty-LLVM.build/Debug-watchos/llvmshims-t.build/Objects-normal/arm64_32/82b82416624d2658e5098eb0a28c15c5-common-args.resp
'-std=c++20' -fmodules -fno-cxx-modules -gmodules '-fmodules-cache-path=/Users/admin/builder/spi-builder-workspace/.derivedData/ModuleCache.noindex' '-fmodule-name=llvmshims' '-D_LIBCPP_HARDENING_MODE=_LIBCPP_HARDENING_MODE_DEBUG' -fpascal-strings -O0 -DSWIFT_PACKAGE '-DDEBUG=1' -g -fvisibility-inlines-hidden -fprofile-instr-generate -fcoverage-mapping -I/Users/admin/builder/spi-builder-workspace/.derivedData/Build/Products/Debug-watchos/include -I/Users/admin/builder/spi-builder-workspace/Sources/llvmshims/include -I/Users/admin/builder/spi-builder-workspace/.derivedData/Build/Intermediates.noindex/Swifty-LLVM.build/Debug-watchos/llvmshims-t.build/DerivedSources-normal/arm64_32 -I/Users/admin/builder/spi-builder-workspace/.derivedData/Build/Intermediates.noindex/Swifty-LLVM.build/Debug-watchos/llvmshims-t.build/DerivedSources/arm64_32 -I/Users/admin/builder/spi-builder-workspace/.derivedData/Build/Intermediates.noindex/Swifty-LLVM.build/Debug-watchos/llvmshims-t.build/DerivedSources -F/Users/admin/builder/spi-builder-workspace/.derivedData/Build/Products/Debug-watchos -iframework /Applications/Xcode-27.0.0.app/Contents/Developer/Platforms/WatchOS.platform/Developer/Library/Frameworks -iframework /Applications/Xcode-27.0.0.app/Contents/Developer/Platforms/WatchOS.platform/Developer/SDKs/WatchOS27.0.sdk/Developer/Library/Frameworks '-fmodule-map-file=/Users/admin/builder/spi-builder-workspace/Sources/llvmc/module.modulemap' -DXcode
WriteAuxiliaryFile /Users/admin/builder/spi-builder-workspace/.derivedData/Build/Intermediates.noindex/Swifty-LLVM.build/Debug-watchos/llvmshims-t.build/Objects-normal/arm64_32/llvmshims.LinkFileList (in target 'llvmshims' from project 'Swifty-LLVM')
    cd /Users/admin/builder/spi-builder-workspace
    write-file /Users/admin/builder/spi-builder-workspace/.derivedData/Build/Intermediates.noindex/Swifty-LLVM.build/Debug-watchos/llvmshims-t.build/Objects-normal/arm64_32/llvmshims.LinkFileList
WriteAuxiliaryFile /Users/admin/builder/spi-builder-workspace/.derivedData/Build/Intermediates.noindex/Swifty-LLVM.build/Debug-watchos/llvmshims-t.build/Objects-normal/arm64/llvmshims.LinkFileList (in target 'llvmshims' from project 'Swifty-LLVM')
    cd /Users/admin/builder/spi-builder-workspace
    write-file /Users/admin/builder/spi-builder-workspace/.derivedData/Build/Intermediates.noindex/Swifty-LLVM.build/Debug-watchos/llvmshims-t.build/Objects-normal/arm64/llvmshims.LinkFileList
WriteAuxiliaryFile /Users/admin/builder/spi-builder-workspace/.derivedData/Build/Intermediates.noindex/Swifty-LLVM.build/Debug-watchos/llvmshims-t.build/Objects-normal/arm64/82b82416624d2658e5098eb0a28c15c5-common-args.resp (in target 'llvmshims' from project 'Swifty-LLVM')
    cd /Users/admin/builder/spi-builder-workspace
    write-file /Users/admin/builder/spi-builder-workspace/.derivedData/Build/Intermediates.noindex/Swifty-LLVM.build/Debug-watchos/llvmshims-t.build/Objects-normal/arm64/82b82416624d2658e5098eb0a28c15c5-common-args.resp
'-std=c++20' -fmodules -fno-cxx-modules -gmodules '-fmodules-cache-path=/Users/admin/builder/spi-builder-workspace/.derivedData/ModuleCache.noindex' '-fmodule-name=llvmshims' '-D_LIBCPP_HARDENING_MODE=_LIBCPP_HARDENING_MODE_DEBUG' -fpascal-strings -O0 -DSWIFT_PACKAGE '-DDEBUG=1' -g -fvisibility-inlines-hidden -fprofile-instr-generate -fcoverage-mapping -I/Users/admin/builder/spi-builder-workspace/.derivedData/Build/Products/Debug-watchos/include -I/Users/admin/builder/spi-builder-workspace/Sources/llvmshims/include -I/Users/admin/builder/spi-builder-workspace/.derivedData/Build/Intermediates.noindex/Swifty-LLVM.build/Debug-watchos/llvmshims-t.build/DerivedSources-normal/arm64 -I/Users/admin/builder/spi-builder-workspace/.derivedData/Build/Intermediates.noindex/Swifty-LLVM.build/Debug-watchos/llvmshims-t.build/DerivedSources/arm64 -I/Users/admin/builder/spi-builder-workspace/.derivedData/Build/Intermediates.noindex/Swifty-LLVM.build/Debug-watchos/llvmshims-t.build/DerivedSources -F/Users/admin/builder/spi-builder-workspace/.derivedData/Build/Products/Debug-watchos -iframework /Applications/Xcode-27.0.0.app/Contents/Developer/Platforms/WatchOS.platform/Developer/Library/Frameworks -iframework /Applications/Xcode-27.0.0.app/Contents/Developer/Platforms/WatchOS.platform/Developer/SDKs/WatchOS27.0.sdk/Developer/Library/Frameworks '-fmodule-map-file=/Users/admin/builder/spi-builder-workspace/Sources/llvmc/module.modulemap' -DXcode
WriteAuxiliaryFile /Users/admin/builder/spi-builder-workspace/.derivedData/Build/Intermediates.noindex/Swifty-LLVM.build/Debug-watchos/SwiftyLLVM-t.build/Objects-normal/arm64_32/SwiftyLLVM-OutputFileMap.json (in target 'SwiftyLLVM' from project 'Swifty-LLVM')
    cd /Users/admin/builder/spi-builder-workspace
    write-file /Users/admin/builder/spi-builder-workspace/.derivedData/Build/Intermediates.noindex/Swifty-LLVM.build/Debug-watchos/SwiftyLLVM-t.build/Objects-normal/arm64_32/SwiftyLLVM-OutputFileMap.json
WriteAuxiliaryFile /Users/admin/builder/spi-builder-workspace/.derivedData/Build/Intermediates.noindex/Swifty-LLVM.build/Debug-watchos/SwiftyLLVM-t.build/Objects-normal/arm64_32/SwiftyLLVM.LinkFileList (in target 'SwiftyLLVM' from project 'Swifty-LLVM')
    cd /Users/admin/builder/spi-builder-workspace
    write-file /Users/admin/builder/spi-builder-workspace/.derivedData/Build/Intermediates.noindex/Swifty-LLVM.build/Debug-watchos/SwiftyLLVM-t.build/Objects-normal/arm64_32/SwiftyLLVM.LinkFileList
WriteAuxiliaryFile /Users/admin/builder/spi-builder-workspace/.derivedData/Build/Intermediates.noindex/Swifty-LLVM.build/Debug-watchos/SwiftyLLVM-t.build/Objects-normal/arm64_32/SwiftyLLVM_const_extract_protocols.json (in target 'SwiftyLLVM' from project 'Swifty-LLVM')
    cd /Users/admin/builder/spi-builder-workspace
    write-file /Users/admin/builder/spi-builder-workspace/.derivedData/Build/Intermediates.noindex/Swifty-LLVM.build/Debug-watchos/SwiftyLLVM-t.build/Objects-normal/arm64_32/SwiftyLLVM_const_extract_protocols.json
WriteAuxiliaryFile /Users/admin/builder/spi-builder-workspace/.derivedData/Build/Intermediates.noindex/Swifty-LLVM.build/Debug-watchos/SwiftyLLVM-t.build/Objects-normal/arm64_32/SwiftyLLVM.SwiftConstValuesFileList (in target 'SwiftyLLVM' from project 'Swifty-LLVM')
    cd /Users/admin/builder/spi-builder-workspace
    write-file /Users/admin/builder/spi-builder-workspace/.derivedData/Build/Intermediates.noindex/Swifty-LLVM.build/Debug-watchos/SwiftyLLVM-t.build/Objects-normal/arm64_32/SwiftyLLVM.SwiftConstValuesFileList
WriteAuxiliaryFile /Users/admin/builder/spi-builder-workspace/.derivedData/Build/Intermediates.noindex/Swifty-LLVM.build/Debug-watchos/SwiftyLLVM-t.build/Objects-normal/arm64_32/SwiftyLLVM.SwiftFileList (in target 'SwiftyLLVM' from project 'Swifty-LLVM')
    cd /Users/admin/builder/spi-builder-workspace
    write-file /Users/admin/builder/spi-builder-workspace/.derivedData/Build/Intermediates.noindex/Swifty-LLVM.build/Debug-watchos/SwiftyLLVM-t.build/Objects-normal/arm64_32/SwiftyLLVM.SwiftFileList
WriteAuxiliaryFile /Users/admin/builder/spi-builder-workspace/.derivedData/Build/Intermediates.noindex/Swifty-LLVM.build/Debug-watchos/SwiftyLLVM-t.build/Objects-normal/arm64/SwiftyLLVM.SwiftConstValuesFileList (in target 'SwiftyLLVM' from project 'Swifty-LLVM')
    cd /Users/admin/builder/spi-builder-workspace
    write-file /Users/admin/builder/spi-builder-workspace/.derivedData/Build/Intermediates.noindex/Swifty-LLVM.build/Debug-watchos/SwiftyLLVM-t.build/Objects-normal/arm64/SwiftyLLVM.SwiftConstValuesFileList
WriteAuxiliaryFile /Users/admin/builder/spi-builder-workspace/.derivedData/Build/Intermediates.noindex/Swifty-LLVM.build/Debug-watchos/SwiftyLLVM-t.build/Objects-normal/arm64/SwiftyLLVM_const_extract_protocols.json (in target 'SwiftyLLVM' from project 'Swifty-LLVM')
    cd /Users/admin/builder/spi-builder-workspace
    write-file /Users/admin/builder/spi-builder-workspace/.derivedData/Build/Intermediates.noindex/Swifty-LLVM.build/Debug-watchos/SwiftyLLVM-t.build/Objects-normal/arm64/SwiftyLLVM_const_extract_protocols.json
WriteAuxiliaryFile /Users/admin/builder/spi-builder-workspace/.derivedData/Build/Intermediates.noindex/Swifty-LLVM.build/Debug-watchos/SwiftyLLVM-t.build/Objects-normal/arm64/SwiftyLLVM.LinkFileList (in target 'SwiftyLLVM' from project 'Swifty-LLVM')
    cd /Users/admin/builder/spi-builder-workspace
    write-file /Users/admin/builder/spi-builder-workspace/.derivedData/Build/Intermediates.noindex/Swifty-LLVM.build/Debug-watchos/SwiftyLLVM-t.build/Objects-normal/arm64/SwiftyLLVM.LinkFileList
WriteAuxiliaryFile /Users/admin/builder/spi-builder-workspace/.derivedData/Build/Intermediates.noindex/Swifty-LLVM.build/Debug-watchos/SwiftyLLVM-t.build/Objects-normal/arm64/SwiftyLLVM.SwiftFileList (in target 'SwiftyLLVM' from project 'Swifty-LLVM')
    cd /Users/admin/builder/spi-builder-workspace
    write-file /Users/admin/builder/spi-builder-workspace/.derivedData/Build/Intermediates.noindex/Swifty-LLVM.build/Debug-watchos/SwiftyLLVM-t.build/Objects-normal/arm64/SwiftyLLVM.SwiftFileList
WriteAuxiliaryFile /Users/admin/builder/spi-builder-workspace/.derivedData/Build/Intermediates.noindex/Swifty-LLVM.build/Debug-watchos/SwiftyLLVM-t.build/Objects-normal/arm64/SwiftyLLVM-OutputFileMap.json (in target 'SwiftyLLVM' from project 'Swifty-LLVM')
    cd /Users/admin/builder/spi-builder-workspace
    write-file /Users/admin/builder/spi-builder-workspace/.derivedData/Build/Intermediates.noindex/Swifty-LLVM.build/Debug-watchos/SwiftyLLVM-t.build/Objects-normal/arm64/SwiftyLLVM-OutputFileMap.json
Copy /Users/admin/builder/spi-builder-workspace/.derivedData/Build/Intermediates.noindex/GeneratedModuleMaps-watchos/SwiftyLLVM.modulemap /Users/admin/builder/spi-builder-workspace/.derivedData/Build/Intermediates.noindex/Swifty-LLVM.build/Debug-watchos/SwiftyLLVM-t.build/SwiftyLLVM.modulemap (in target 'SwiftyLLVM' from project 'Swifty-LLVM')
    cd /Users/admin/builder/spi-builder-workspace
    builtin-copy -exclude .DS_Store -exclude CVS -exclude .svn -exclude .git -exclude .hg -resolve-src-symlinks /Users/admin/builder/spi-builder-workspace/.derivedData/Build/Intermediates.noindex/Swifty-LLVM.build/Debug-watchos/SwiftyLLVM-t.build/SwiftyLLVM.modulemap /Users/admin/builder/spi-builder-workspace/.derivedData/Build/Intermediates.noindex/GeneratedModuleMaps-watchos
CompileC /Users/admin/builder/spi-builder-workspace/.derivedData/Build/Intermediates.noindex/Swifty-LLVM.build/Debug-watchos/llvmshims-t.build/Objects-normal/arm64_32/shim.o /Users/admin/builder/spi-builder-workspace/Sources/llvmshims/src/shim.cc normal arm64_32 c++ com.apple.compilers.llvm.clang.1_0.compiler (in target 'llvmshims' from project 'Swifty-LLVM')
    cd /Users/admin/builder/spi-builder-workspace/.swiftpm/xcode

    Using response file: /Users/admin/builder/spi-builder-workspace/.derivedData/Build/Intermediates.noindex/Swifty-LLVM.build/Debug-watchos/llvmshims-t.build/Objects-normal/arm64_32/82b82416624d2658e5098eb0a28c15c5-common-args.resp

    /Applications/Xcode-27.0.0.app/Contents/Developer/Toolchains/XcodeDefault.xctoolchain/usr/bin/clang -x c++ -ivfsstatcache /Users/admin/builder/spi-builder-workspace/.derivedData/SDKStatCaches.noindex/watchos27.0-24R360-e829b21a6f8c9b70876ba0858053c044b9db9bc9c079ee3c7b5f3373b13d10bc.sdkstatcache -target arm64_32-apple-watchos9.0 -fmessage-length\=0 -fdiagnostics-show-note-include-stack -fmacro-backtrace-limit\=0 -fno-color-diagnostics -fmodules-prune-interval\=86400 -fmodules-prune-after\=345600 -fbuild-session-file\=/Users/admin/builder/spi-builder-workspace/.derivedData/ModuleCache.noindex/Session.modulevalidation -fmodules-validate-once-per-build-session -Wnon-modular-include-in-framework-module -Werror\=non-modular-include-in-framework-module -Wno-trigraphs -Wno-missing-field-initializers -Wno-missing-prototypes -Wno-return-type -Wno-non-virtual-dtor -Wno-overloaded-virtual -Wno-exit-time-destructors -Wno-missing-braces -Wparentheses -Wswitch -Wno-unused-function -Wno-unused-label -Wno-unused-parameter -Wno-unused-variable -Wunused-value -Wno-empty-body -Wno-uninitialized -Wno-unknown-pragmas -Wno-shadow -Wno-four-char-constants -Wno-conversion -Wno-constant-conversion -Wno-int-conversion -Wno-bool-conversion -Wno-enum-conversion -Wno-float-conversion -Wno-non-literal-null-conversion -Wno-objc-literal-conversion -Wno-shorten-64-to-32 -Wno-newline-eof -Wno-c++11-extensions -Wno-implicit-fallthrough -isysroot /Applications/Xcode-27.0.0.app/Contents/Developer/Platforms/WatchOS.platform/Developer/SDKs/WatchOS27.0.sdk -fstrict-aliasing -Wdeprecated-declarations -Winvalid-offsetof -Wno-sign-conversion -Wno-infinite-recursion -Wno-move -Wno-comma -Wno-block-capture-autoreleasing -Wno-strict-prototypes -Wno-range-loop-analysis -Wno-semicolon-before-method-body -index-store-path /Users/admin/builder/spi-builder-workspace/.derivedData/Index.noindex/DataStore @/Users/admin/builder/spi-builder-workspace/.derivedData/Build/Intermediates.noindex/Swifty-LLVM.build/Debug-watchos/llvmshims-t.build/Objects-normal/arm64_32/82b82416624d2658e5098eb0a28c15c5-common-args.resp -MMD -MT dependencies -MF /Users/admin/builder/spi-builder-workspace/.derivedData/Build/Intermediates.noindex/Swifty-LLVM.build/Debug-watchos/llvmshims-t.build/Objects-normal/arm64_32/shim.d --serialize-diagnostics /Users/admin/builder/spi-builder-workspace/.derivedData/Build/Intermediates.noindex/Swifty-LLVM.build/Debug-watchos/llvmshims-t.build/Objects-normal/arm64_32/shim.dia -c /Users/admin/builder/spi-builder-workspace/Sources/llvmshims/src/shim.cc -o /Users/admin/builder/spi-builder-workspace/.derivedData/Build/Intermediates.noindex/Swifty-LLVM.build/Debug-watchos/llvmshims-t.build/Objects-normal/arm64_32/shim.o -index-unit-output-path /Swifty-LLVM.build/Debug-watchos/llvmshims-t.build/Objects-normal/arm64_32/shim.o
In file included from /Users/admin/builder/spi-builder-workspace/Sources/llvmshims/src/shim.cc:22:
/Users/admin/builder/spi-builder-workspace/Sources/llvmshims/include/shim.h:4:10: fatal error: 'llvm-c/ExternC.h' file not found
    4 | #include "llvm-c/ExternC.h"
      |          ^~~~~~~~~~~~~~~~~~
1 error generated.
SwiftDriver SwiftyLLVM normal arm64 com.apple.xcode.tools.swift.compiler (in target 'SwiftyLLVM' from project 'Swifty-LLVM')
    cd /Users/admin/builder/spi-builder-workspace/.swiftpm/xcode
    builtin-SwiftDriver -- /Applications/Xcode-27.0.0.app/Contents/Developer/Toolchains/XcodeDefault.xctoolchain/usr/bin/swiftc -parse-as-library -module-name SwiftyLLVM -Onone @/Users/admin/builder/spi-builder-workspace/.derivedData/Build/Intermediates.noindex/Swifty-LLVM.build/Debug-watchos/SwiftyLLVM-t.build/Objects-normal/arm64/SwiftyLLVM.SwiftFileList -DSWIFT_PACKAGE -DDEBUG -DSWIFT_MODULE_RESOURCE_BUNDLE_UNAVAILABLE -Xcc -fmodule-map-file\=/Users/admin/builder/spi-builder-workspace/Sources/llvmshims/include/module.modulemap -Xcc -fmodule-map-file\=/Users/admin/builder/spi-builder-workspace/Sources/llvmc/module.modulemap -DXcode -enable-experimental-feature AccessLevelOnImport -plugin-path /Applications/Xcode-27.0.0.app/Contents/Developer/Toolchains/XcodeDefault.xctoolchain/usr/lib/swift/host/plugins/testing -enable-experimental-feature DebugDescriptionMacro -sdk /Applications/Xcode-27.0.0.app/Contents/Developer/Platforms/WatchOS.platform/Developer/SDKs/WatchOS27.0.sdk -target arm64-apple-watchos9.0 -g -module-cache-path /Users/admin/builder/spi-builder-workspace/.derivedData/ModuleCache.noindex -Xfrontend -serialize-debugging-options -profile-coverage-mapping -profile-generate -enable-testing -index-store-path /Users/admin/builder/spi-builder-workspace/.derivedData/Index.noindex/DataStore -Xcc -D_LIBCPP_HARDENING_MODE\=_LIBCPP_HARDENING_MODE_DEBUG -swift-version 6 -I /Users/admin/builder/spi-builder-workspace/.derivedData/Build/Products/Debug-watchos -Isystem /Applications/Xcode-27.0.0.app/Contents/Developer/Platforms/WatchOS.platform/Developer/usr/lib -F /Users/admin/builder/spi-builder-workspace/.derivedData/Build/Products/Debug-watchos/PackageFrameworks -F /Users/admin/builder/spi-builder-workspace/.derivedData/Build/Products/Debug-watchos -F /Applications/Xcode-27.0.0.app/Contents/Developer/Platforms/WatchOS.platform/Developer/Library/Frameworks -F /Applications/Xcode-27.0.0.app/Contents/Developer/Platforms/WatchOS.platform/Developer/SDKs/WatchOS27.0.sdk/Developer/Library/Frameworks -c -j10 -enable-batch-mode -incremental -Xcc -ivfsstatcache -Xcc /Users/admin/builder/spi-builder-workspace/.derivedData/SDKStatCaches.noindex/watchos27.0-24R360-e829b21a6f8c9b70876ba0858053c044b9db9bc9c079ee3c7b5f3373b13d10bc.sdkstatcache -output-file-map /Users/admin/builder/spi-builder-workspace/.derivedData/Build/Intermediates.noindex/Swifty-LLVM.build/Debug-watchos/SwiftyLLVM-t.build/Objects-normal/arm64/SwiftyLLVM-OutputFileMap.json -save-temps -no-color-diagnostics -explicit-module-build -module-cache-path /Users/admin/builder/spi-builder-workspace/.derivedData/Build/Intermediates.noindex/SwiftExplicitPrecompiledModules -clang-scanner-module-cache-path /Users/admin/builder/spi-builder-workspace/.derivedData/ModuleCache.noindex -sdk-module-cache-path /Users/admin/builder/spi-builder-workspace/.derivedData/SDKExplicitPrecompiledModules -emit-dependencies -emit-module -emit-module-path /Users/admin/builder/spi-builder-workspace/.derivedData/Build/Intermediates.noindex/Swifty-LLVM.build/Debug-watchos/SwiftyLLVM-t.build/Objects-normal/arm64/SwiftyLLVM.swiftmodule -serialize-diagnostics -dependency-scan-serialize-diagnostics-path /Users/admin/builder/spi-builder-workspace/.derivedData/Build/Intermediates.noindex/Swifty-LLVM.build/Debug-watchos/SwiftyLLVM-t.build/Objects-normal/arm64/SwiftyLLVM-dependency-scan.dia -validate-clang-modules-once -clang-build-session-file /Users/admin/builder/spi-builder-workspace/.derivedData/ModuleCache.noindex/Session.modulevalidation -Xcc -fmodules-prune-interval\=86400 -Xcc -fmodules-prune-after\=345600 -package-name spi_builder_workspace -emit-const-values -const-gather-protocols-list /Users/admin/builder/spi-builder-workspace/.derivedData/Build/Intermediates.noindex/Swifty-LLVM.build/Debug-watchos/SwiftyLLVM-t.build/Objects-normal/arm64/SwiftyLLVM_const_extract_protocols.json -Xcc -I/Users/admin/builder/spi-builder-workspace/Sources/llvmshims/include -Xcc -I/Users/admin/builder/spi-builder-workspace/.derivedData/Build/Products/Debug-watchos/include -Xcc -I/Users/admin/builder/spi-builder-workspace/.derivedData/Build/Intermediates.noindex/Swifty-LLVM.build/Debug-watchos/SwiftyLLVM-t.build/DerivedSources-normal/arm64 -Xcc -I/Users/admin/builder/spi-builder-workspace/.derivedData/Build/Intermediates.noindex/Swifty-LLVM.build/Debug-watchos/SwiftyLLVM-t.build/DerivedSources/arm64 -Xcc -I/Users/admin/builder/spi-builder-workspace/.derivedData/Build/Intermediates.noindex/Swifty-LLVM.build/Debug-watchos/SwiftyLLVM-t.build/DerivedSources -Xcc -DSWIFT_PACKAGE -Xcc -DDEBUG\=1 -emit-objc-header -emit-objc-header-path /Users/admin/builder/spi-builder-workspace/.derivedData/Build/Intermediates.noindex/Swifty-LLVM.build/Debug-watchos/SwiftyLLVM-t.build/Objects-normal/arm64/SwiftyLLVM-Swift.h -working-directory /Users/admin/builder/spi-builder-workspace/.swiftpm/xcode -experimental-emit-module-separately -disable-cmo
error: Clang dependency scanning failure: While building module 'llvmc' imported from module-include.input:1:
In file included from <module-includes>:1:
/Users/admin/builder/spi-builder-workspace/Sources/llvmc/llvmc.h:1:10: fatal error: 'llvm-c/Analysis.h' file not found
module-include.input:1:1: fatal error: could not build module 'llvmc'
 (in target 'SwiftyLLVM' from project 'Swifty-LLVM')
error: Clang dependency scanning failure: While building module 'llvmshims' imported from module-include.input:1:
In file included from <module-includes>:1:
/Users/admin/builder/spi-builder-workspace/Sources/llvmshims/include/shim.h:4:10: fatal error: 'llvm-c/ExternC.h' file not found
module-include.input:1:1: fatal error: could not build module 'llvmshims'
 (in target 'SwiftyLLVM' from project 'Swifty-LLVM')
/Users/admin/builder/spi-builder-workspace/Sources/SwiftyLLVM/AtomicOrdering.swift:1:17: error: Unable to resolve module dependency: 'llvmc' (in target 'SwiftyLLVM' from project 'Swifty-LLVM')
    note: A dependency of main module 'SwiftyLLVM'
    /Users/admin/builder/spi-builder-workspace/Sources/SwiftyLLVM/AtomicRMWBinOp.swift:1:17: note: Also imported here
    /Users/admin/builder/spi-builder-workspace/Sources/SwiftyLLVM/Attribute.swift:1:17: note: Also imported here
    /Users/admin/builder/spi-builder-workspace/Sources/SwiftyLLVM/Backend.swift:1:17: note: Also imported here
    /Users/admin/builder/spi-builder-workspace/Sources/SwiftyLLVM/BasicBlock.swift:1:17: note: Also imported here
    /Users/admin/builder/spi-builder-workspace/Sources/SwiftyLLVM/CodeGenerationKind.swift:1:17: note: Also imported here
    /Users/admin/builder/spi-builder-workspace/Sources/SwiftyLLVM/CodeModel.swift:1:17: note: Also imported here
    /Users/admin/builder/spi-builder-workspace/Sources/SwiftyLLVM/DataLayout.swift:1:17: note: Also imported here
    /Users/admin/builder/spi-builder-workspace/Sources/SwiftyLLVM/FastMathFlags.swift:1:17: note: Also imported here
    /Users/admin/builder/spi-builder-workspace/Sources/SwiftyLLVM/InsertionPoint.swift:1:17: note: Also imported here
    /Users/admin/builder/spi-builder-workspace/Sources/SwiftyLLVM/Linkage.swift:1:17: note: Also imported here
    /Users/admin/builder/spi-builder-workspace/Sources/SwiftyLLVM/MemoryBuffer.swift:1:17: note: Also imported here
    /Users/admin/builder/spi-builder-workspace/Sources/SwiftyLLVM/Module.swift:1:17: note: Also imported here
    /Users/admin/builder/spi-builder-workspace/Sources/SwiftyLLVM/OptimizationLevel.swift:1:17: note: Also imported here
    /Users/admin/builder/spi-builder-workspace/Sources/SwiftyLLVM/Refs.swift:1:17: note: Also imported here
    /Users/admin/builder/spi-builder-workspace/Sources/SwiftyLLVM/RelocationModel.swift:1:17: note: Also imported here
    /Users/admin/builder/spi-builder-workspace/Sources/SwiftyLLVM/Target.swift:1:17: note: Also imported here
    /Users/admin/builder/spi-builder-workspace/Sources/SwiftyLLVM/TargetMachine.swift:1:17: note: Also imported here
    /Users/admin/builder/spi-builder-workspace/Sources/SwiftyLLVM/TargetSpecification.swift:1:17: note: Also imported here
    /Users/admin/builder/spi-builder-workspace/Sources/SwiftyLLVM/Types/AnyType.swift:1:17: note: Also imported here
    /Users/admin/builder/spi-builder-workspace/Sources/SwiftyLLVM/Types/ArrayType.swift:1:17: note: Also imported here
    /Users/admin/builder/spi-builder-workspace/Sources/SwiftyLLVM/Types/FloatingPointType.swift:1:17: note: Also imported here
    /Users/admin/builder/spi-builder-workspace/Sources/SwiftyLLVM/Types/FunctionType.swift:1:17: note: Also imported here
    /Users/admin/builder/spi-builder-workspace/Sources/SwiftyLLVM/Types/IRType.swift:1:17: note: Also imported here
    /Users/admin/builder/spi-builder-workspace/Sources/SwiftyLLVM/Types/IntegerType.swift:1:17: note: Also imported here
    /Users/admin/builder/spi-builder-workspace/Sources/SwiftyLLVM/Types/PointerType.swift:1:17: note: Also imported here
    /Users/admin/builder/spi-builder-workspace/Sources/SwiftyLLVM/Types/StructType.swift:1:17: note: Also imported here
    /Users/admin/builder/spi-builder-workspace/Sources/SwiftyLLVM/Types/VoidType.swift:1:17: note: Also imported here
    /Users/admin/builder/spi-builder-workspace/Sources/SwiftyLLVM/Values/Constants/AggregateConstant.swift:1:17: note: Also imported here
    /Users/admin/builder/spi-builder-workspace/Sources/SwiftyLLVM/Values/Constants/AnyValue.swift:1:17: note: Also imported here
    /Users/admin/builder/spi-builder-workspace/Sources/SwiftyLLVM/Values/Constants/ArrayConstant.swift:1:17: note: Also imported here
    /Users/admin/builder/spi-builder-workspace/Sources/SwiftyLLVM/Values/Constants/FloatingPointConstant.swift:1:17: note: Also imported here
    /Users/admin/builder/spi-builder-workspace/Sources/SwiftyLLVM/Values/Constants/Function+Attributes.swift:1:17: note: Also imported here
    /Users/admin/builder/spi-builder-workspace/Sources/SwiftyLLVM/Values/Constants/Function.swift:1:17: note: Also imported here
    /Users/admin/builder/spi-builder-workspace/Sources/SwiftyLLVM/Values/Constants/IntegerConstant.swift:1:17: note: Also imported here
    /Users/admin/builder/spi-builder-workspace/Sources/SwiftyLLVM/Values/Constants/IntrinsicFunction.swift:1:17: note: Also imported here
    /Users/admin/builder/spi-builder-workspace/Sources/SwiftyLLVM/Values/Constants/Parameter+Attributes.swift:1:17: note: Also imported here
    /Users/admin/builder/spi-builder-workspace/Sources/SwiftyLLVM/Values/Constants/Parameter.swift:1:17: note: Also imported here
    /Users/admin/builder/spi-builder-workspace/Sources/SwiftyLLVM/Values/Constants/Poison.swift:1:17: note: Also imported here
    /Users/admin/builder/spi-builder-workspace/Sources/SwiftyLLVM/Values/Constants/StringConstant.swift:1:17: note: Also imported here
    /Users/admin/builder/spi-builder-workspace/Sources/SwiftyLLVM/Values/Constants/StructConstant.swift:1:17: note: Also imported here
    /Users/admin/builder/spi-builder-workspace/Sources/SwiftyLLVM/Values/Constants/Undefined.swift:1:17: note: Also imported here
    /Users/admin/builder/spi-builder-workspace/Sources/SwiftyLLVM/Values/Global.swift:1:17: note: Also imported here
    /Users/admin/builder/spi-builder-workspace/Sources/SwiftyLLVM/Values/GlobalVariable.swift:1:17: note: Also imported here
    /Users/admin/builder/spi-builder-workspace/Sources/SwiftyLLVM/Values/IRValue.swift:1:17: note: Also imported here
    /Users/admin/builder/spi-builder-workspace/Sources/SwiftyLLVM/Values/Instructions/Alloca.swift:1:17: note: Also imported here
    /Users/admin/builder/spi-builder-workspace/Sources/SwiftyLLVM/Values/Instructions/AnyInstruction.swift:1:17: note: Also imported here
    /Users/admin/builder/spi-builder-workspace/Sources/SwiftyLLVM/Values/Instructions/FloatingPointPredicate.swift:1:17: note: Also imported here
    /Users/admin/builder/spi-builder-workspace/Sources/SwiftyLLVM/Values/Instructions/IRInstruction.swift:1:17: note: Also imported here
    /Users/admin/builder/spi-builder-workspace/Sources/SwiftyLLVM/Values/Instructions/IntegerPredicate.swift:1:17: note: Also imported here
    /Users/admin/builder/spi-builder-workspace/Sources/SwiftyLLVM/Values/Instructions/Load.swift:1:17: note: Also imported here
    /Users/admin/builder/spi-builder-workspace/Sources/SwiftyLLVM/Values/Instructions/Operands.swift:1:17: note: Also imported here
    /Users/admin/builder/spi-builder-workspace/Sources/SwiftyLLVM/Values/Instructions/Store.swift:1:17: note: Also imported here
/Users/admin/builder/spi-builder-workspace/Sources/SwiftyLLVM/Backend.swift:2:17: error: Unable to resolve module dependency: 'llvmshims' (in target 'SwiftyLLVM' from project 'Swifty-LLVM')
    note: A dependency of main module 'SwiftyLLVM'
    /Users/admin/builder/spi-builder-workspace/Sources/SwiftyLLVM/DataLayout.swift:2:17: note: Also imported here
    /Users/admin/builder/spi-builder-workspace/Sources/SwiftyLLVM/Module.swift:2:17: note: Also imported here
    /Users/admin/builder/spi-builder-workspace/Sources/SwiftyLLVM/OptimizationLevel.swift:2:17: note: Also imported here
    /Users/admin/builder/spi-builder-workspace/Sources/SwiftyLLVM/Target.swift:2:17: note: Also imported here
    /Users/admin/builder/spi-builder-workspace/Sources/SwiftyLLVM/Types/FunctionType.swift:2:17: note: Also imported here
    /Users/admin/builder/spi-builder-workspace/Sources/SwiftyLLVM/Values/Constants/Parameter.swift:2:17: note: Also imported here
    /Users/admin/builder/spi-builder-workspace/Sources/SwiftyLLVM/Values/GlobalVariable.swift:2:17: note: Also imported here
error: Clang dependency scanning failure: While building module 'llvmc' imported from module-include.input:1:
In file included from <module-includes>:1:
/Users/admin/builder/spi-builder-workspace/Sources/llvmc/llvmc.h:1:10: fatal error: 'llvm-c/Analysis.h' file not found
module-include.input:1:1: fatal error: could not build module 'llvmc'
 (in target 'SwiftyLLVM' from project 'Swifty-LLVM')
error: Clang dependency scanning failure: While building module 'llvmshims' imported from module-include.input:1:
In file included from <module-includes>:1:
/Users/admin/builder/spi-builder-workspace/Sources/llvmshims/include/shim.h:4:10: fatal error: 'llvm-c/ExternC.h' file not found
module-include.input:1:1: fatal error: could not build module 'llvmshims'
 (in target 'SwiftyLLVM' from project 'Swifty-LLVM')
/Users/admin/builder/spi-builder-workspace/Sources/SwiftyLLVM/AtomicOrdering.swift:1:17: note: A dependency of main module 'SwiftyLLVM'
internal import llvmc
                ^ (in target 'SwiftyLLVM' from project 'Swifty-LLVM')
/Users/admin/builder/spi-builder-workspace/Sources/SwiftyLLVM/AtomicRMWBinOp.swift:1:17: note: Also imported here
internal import llvmc
                ^ (in target 'SwiftyLLVM' from project 'Swifty-LLVM')
/Users/admin/builder/spi-builder-workspace/Sources/SwiftyLLVM/Attribute.swift:1:17: note: Also imported here
internal import llvmc
                ^ (in target 'SwiftyLLVM' from project 'Swifty-LLVM')
/Users/admin/builder/spi-builder-workspace/Sources/SwiftyLLVM/Backend.swift:1:17: note: Also imported here
internal import llvmc
                ^ (in target 'SwiftyLLVM' from project 'Swifty-LLVM')
/Users/admin/builder/spi-builder-workspace/Sources/SwiftyLLVM/BasicBlock.swift:1:17: note: Also imported here
internal import llvmc
                ^ (in target 'SwiftyLLVM' from project 'Swifty-LLVM')
/Users/admin/builder/spi-builder-workspace/Sources/SwiftyLLVM/CodeGenerationKind.swift:1:17: note: Also imported here
internal import llvmc
                ^ (in target 'SwiftyLLVM' from project 'Swifty-LLVM')
/Users/admin/builder/spi-builder-workspace/Sources/SwiftyLLVM/CodeModel.swift:1:17: note: Also imported here
internal import llvmc
                ^ (in target 'SwiftyLLVM' from project 'Swifty-LLVM')
/Users/admin/builder/spi-builder-workspace/Sources/SwiftyLLVM/DataLayout.swift:1:17: note: Also imported here
internal import llvmc
                ^ (in target 'SwiftyLLVM' from project 'Swifty-LLVM')
/Users/admin/builder/spi-builder-workspace/Sources/SwiftyLLVM/FastMathFlags.swift:1:17: note: Also imported here
internal import llvmc
                ^ (in target 'SwiftyLLVM' from project 'Swifty-LLVM')
/Users/admin/builder/spi-builder-workspace/Sources/SwiftyLLVM/InsertionPoint.swift:1:17: note: Also imported here
internal import llvmc
                ^ (in target 'SwiftyLLVM' from project 'Swifty-LLVM')
/Users/admin/builder/spi-builder-workspace/Sources/SwiftyLLVM/Linkage.swift:1:17: note: Also imported here
internal import llvmc
                ^ (in target 'SwiftyLLVM' from project 'Swifty-LLVM')
/Users/admin/builder/spi-builder-workspace/Sources/SwiftyLLVM/MemoryBuffer.swift:1:17: note: Also imported here
internal import llvmc
                ^ (in target 'SwiftyLLVM' from project 'Swifty-LLVM')
/Users/admin/builder/spi-builder-workspace/Sources/SwiftyLLVM/Module.swift:1:17: note: Also imported here
internal import llvmc
                ^ (in target 'SwiftyLLVM' from project 'Swifty-LLVM')
/Users/admin/builder/spi-builder-workspace/Sources/SwiftyLLVM/OptimizationLevel.swift:1:17: note: Also imported here
internal import llvmc
                ^ (in target 'SwiftyLLVM' from project 'Swifty-LLVM')
/Users/admin/builder/spi-builder-workspace/Sources/SwiftyLLVM/Refs.swift:1:17: note: Also imported here
internal import llvmc
                ^ (in target 'SwiftyLLVM' from project 'Swifty-LLVM')
/Users/admin/builder/spi-builder-workspace/Sources/SwiftyLLVM/RelocationModel.swift:1:17: note: Also imported here
internal import llvmc
                ^ (in target 'SwiftyLLVM' from project 'Swifty-LLVM')
/Users/admin/builder/spi-builder-workspace/Sources/SwiftyLLVM/Target.swift:1:17: note: Also imported here
internal import llvmc
                ^ (in target 'SwiftyLLVM' from project 'Swifty-LLVM')
/Users/admin/builder/spi-builder-workspace/Sources/SwiftyLLVM/TargetMachine.swift:1:17: note: Also imported here
internal import llvmc
                ^ (in target 'SwiftyLLVM' from project 'Swifty-LLVM')
/Users/admin/builder/spi-builder-workspace/Sources/SwiftyLLVM/TargetSpecification.swift:1:17: note: Also imported here
internal import llvmc
                ^ (in target 'SwiftyLLVM' from project 'Swifty-LLVM')
/Users/admin/builder/spi-builder-workspace/Sources/SwiftyLLVM/Types/AnyType.swift:1:17: note: Also imported here
internal import llvmc
                ^ (in target 'SwiftyLLVM' from project 'Swifty-LLVM')
/Users/admin/builder/spi-builder-workspace/Sources/SwiftyLLVM/Types/ArrayType.swift:1:17: note: Also imported here
internal import llvmc
                ^ (in target 'SwiftyLLVM' from project 'Swifty-LLVM')
/Users/admin/builder/spi-builder-workspace/Sources/SwiftyLLVM/Types/FloatingPointType.swift:1:17: note: Also imported here
internal import llvmc
                ^ (in target 'SwiftyLLVM' from project 'Swifty-LLVM')
/Users/admin/builder/spi-builder-workspace/Sources/SwiftyLLVM/Types/FunctionType.swift:1:17: note: Also imported here
internal import llvmc
                ^ (in target 'SwiftyLLVM' from project 'Swifty-LLVM')
/Users/admin/builder/spi-builder-workspace/Sources/SwiftyLLVM/Types/IRType.swift:1:17: note: Also imported here
internal import llvmc
                ^ (in target 'SwiftyLLVM' from project 'Swifty-LLVM')
/Users/admin/builder/spi-builder-workspace/Sources/SwiftyLLVM/Types/IntegerType.swift:1:17: note: Also imported here
internal import llvmc
                ^ (in target 'SwiftyLLVM' from project 'Swifty-LLVM')
/Users/admin/builder/spi-builder-workspace/Sources/SwiftyLLVM/Types/PointerType.swift:1:17: note: Also imported here
internal import llvmc
                ^ (in target 'SwiftyLLVM' from project 'Swifty-LLVM')
/Users/admin/builder/spi-builder-workspace/Sources/SwiftyLLVM/Types/StructType.swift:1:17: note: Also imported here
internal import llvmc
                ^ (in target 'SwiftyLLVM' from project 'Swifty-LLVM')
/Users/admin/builder/spi-builder-workspace/Sources/SwiftyLLVM/Types/VoidType.swift:1:17: note: Also imported here
internal import llvmc
                ^ (in target 'SwiftyLLVM' from project 'Swifty-LLVM')
/Users/admin/builder/spi-builder-workspace/Sources/SwiftyLLVM/Values/Constants/AggregateConstant.swift:1:17: note: Also imported here
internal import llvmc
                ^ (in target 'SwiftyLLVM' from project 'Swifty-LLVM')
/Users/admin/builder/spi-builder-workspace/Sources/SwiftyLLVM/Values/Constants/AnyValue.swift:1:17: note: Also imported here
internal import llvmc
                ^ (in target 'SwiftyLLVM' from project 'Swifty-LLVM')
/Users/admin/builder/spi-builder-workspace/Sources/SwiftyLLVM/Values/Constants/ArrayConstant.swift:1:17: note: Also imported here
internal import llvmc
                ^ (in target 'SwiftyLLVM' from project 'Swifty-LLVM')
/Users/admin/builder/spi-builder-workspace/Sources/SwiftyLLVM/Values/Constants/FloatingPointConstant.swift:1:17: note: Also imported here
internal import llvmc
                ^ (in target 'SwiftyLLVM' from project 'Swifty-LLVM')
/Users/admin/builder/spi-builder-workspace/Sources/SwiftyLLVM/Values/Constants/Function+Attributes.swift:1:17: note: Also imported here
internal import llvmc
                ^ (in target 'SwiftyLLVM' from project 'Swifty-LLVM')
/Users/admin/builder/spi-builder-workspace/Sources/SwiftyLLVM/Values/Constants/Function.swift:1:17: note: Also imported here
internal import llvmc
                ^ (in target 'SwiftyLLVM' from project 'Swifty-LLVM')
/Users/admin/builder/spi-builder-workspace/Sources/SwiftyLLVM/Values/Constants/IntegerConstant.swift:1:17: note: Also imported here
internal import llvmc
                ^ (in target 'SwiftyLLVM' from project 'Swifty-LLVM')
/Users/admin/builder/spi-builder-workspace/Sources/SwiftyLLVM/Values/Constants/IntrinsicFunction.swift:1:17: note: Also imported here
internal import llvmc
                ^ (in target 'SwiftyLLVM' from project 'Swifty-LLVM')
/Users/admin/builder/spi-builder-workspace/Sources/SwiftyLLVM/Values/Constants/Parameter+Attributes.swift:1:17: note: Also imported here
internal import llvmc
                ^ (in target 'SwiftyLLVM' from project 'Swifty-LLVM')
/Users/admin/builder/spi-builder-workspace/Sources/SwiftyLLVM/Values/Constants/Parameter.swift:1:17: note: Also imported here
internal import llvmc
                ^ (in target 'SwiftyLLVM' from project 'Swifty-LLVM')
/Users/admin/builder/spi-builder-workspace/Sources/SwiftyLLVM/Values/Constants/Poison.swift:1:17: note: Also imported here
internal import llvmc
                ^ (in target 'SwiftyLLVM' from project 'Swifty-LLVM')
/Users/admin/builder/spi-builder-workspace/Sources/SwiftyLLVM/Values/Constants/StringConstant.swift:1:17: note: Also imported here
internal import llvmc
                ^ (in target 'SwiftyLLVM' from project 'Swifty-LLVM')
/Users/admin/builder/spi-builder-workspace/Sources/SwiftyLLVM/Values/Constants/StructConstant.swift:1:17: note: Also imported here
internal import llvmc
                ^ (in target 'SwiftyLLVM' from project 'Swifty-LLVM')
/Users/admin/builder/spi-builder-workspace/Sources/SwiftyLLVM/Values/Constants/Undefined.swift:1:17: note: Also imported here
internal import llvmc
                ^ (in target 'SwiftyLLVM' from project 'Swifty-LLVM')
/Users/admin/builder/spi-builder-workspace/Sources/SwiftyLLVM/Values/Global.swift:1:17: note: Also imported here
internal import llvmc
                ^ (in target 'SwiftyLLVM' from project 'Swifty-LLVM')
/Users/admin/builder/spi-builder-workspace/Sources/SwiftyLLVM/Values/GlobalVariable.swift:1:17: note: Also imported here
internal import llvmc
                ^ (in target 'SwiftyLLVM' from project 'Swifty-LLVM')
/Users/admin/builder/spi-builder-workspace/Sources/SwiftyLLVM/Values/IRValue.swift:1:17: note: Also imported here
internal import llvmc
                ^ (in target 'SwiftyLLVM' from project 'Swifty-LLVM')
/Users/admin/builder/spi-builder-workspace/Sources/SwiftyLLVM/Values/Instructions/Alloca.swift:1:17: note: Also imported here
internal import llvmc
                ^ (in target 'SwiftyLLVM' from project 'Swifty-LLVM')
/Users/admin/builder/spi-builder-workspace/Sources/SwiftyLLVM/Values/Instructions/AnyInstruction.swift:1:17: note: Also imported here
internal import llvmc
                ^ (in target 'SwiftyLLVM' from project 'Swifty-LLVM')
/Users/admin/builder/spi-builder-workspace/Sources/SwiftyLLVM/Values/Instructions/FloatingPointPredicate.swift:1:17: note: Also imported here
internal import llvmc
                ^ (in target 'SwiftyLLVM' from project 'Swifty-LLVM')
/Users/admin/builder/spi-builder-workspace/Sources/SwiftyLLVM/Values/Instructions/IRInstruction.swift:1:17: note: Also imported here
internal import llvmc
                ^ (in target 'SwiftyLLVM' from project 'Swifty-LLVM')
/Users/admin/builder/spi-builder-workspace/Sources/SwiftyLLVM/Values/Instructions/IntegerPredicate.swift:1:17: note: Also imported here
internal import llvmc
                ^ (in target 'SwiftyLLVM' from project 'Swifty-LLVM')
/Users/admin/builder/spi-builder-workspace/Sources/SwiftyLLVM/Values/Instructions/Load.swift:1:17: note: Also imported here
internal import llvmc
                ^ (in target 'SwiftyLLVM' from project 'Swifty-LLVM')
/Users/admin/builder/spi-builder-workspace/Sources/SwiftyLLVM/Values/Instructions/Operands.swift:1:17: note: Also imported here
internal import llvmc
                ^ (in target 'SwiftyLLVM' from project 'Swifty-LLVM')
/Users/admin/builder/spi-builder-workspace/Sources/SwiftyLLVM/Values/Instructions/Store.swift:1:17: note: Also imported here
internal import llvmc
                ^ (in target 'SwiftyLLVM' from project 'Swifty-LLVM')
/Users/admin/builder/spi-builder-workspace/Sources/SwiftyLLVM/Backend.swift:2:17: note: A dependency of main module 'SwiftyLLVM'
internal import llvmshims
                ^ (in target 'SwiftyLLVM' from project 'Swifty-LLVM')
/Users/admin/builder/spi-builder-workspace/Sources/SwiftyLLVM/DataLayout.swift:2:17: note: Also imported here
internal import llvmshims
                ^ (in target 'SwiftyLLVM' from project 'Swifty-LLVM')
/Users/admin/builder/spi-builder-workspace/Sources/SwiftyLLVM/Module.swift:2:17: note: Also imported here
internal import llvmshims
                ^ (in target 'SwiftyLLVM' from project 'Swifty-LLVM')
/Users/admin/builder/spi-builder-workspace/Sources/SwiftyLLVM/OptimizationLevel.swift:2:17: note: Also imported here
internal import llvmshims
                ^ (in target 'SwiftyLLVM' from project 'Swifty-LLVM')
/Users/admin/builder/spi-builder-workspace/Sources/SwiftyLLVM/Target.swift:2:17: note: Also imported here
internal import llvmshims
                ^ (in target 'SwiftyLLVM' from project 'Swifty-LLVM')
/Users/admin/builder/spi-builder-workspace/Sources/SwiftyLLVM/Types/FunctionType.swift:2:17: note: Also imported here
internal import llvmshims
                ^ (in target 'SwiftyLLVM' from project 'Swifty-LLVM')
/Users/admin/builder/spi-builder-workspace/Sources/SwiftyLLVM/Values/Constants/Parameter.swift:2:17: note: Also imported here
internal import llvmshims
                ^ (in target 'SwiftyLLVM' from project 'Swifty-LLVM')
/Users/admin/builder/spi-builder-workspace/Sources/SwiftyLLVM/Values/GlobalVariable.swift:2:17: note: Also imported here
internal import llvmshims
                ^ (in target 'SwiftyLLVM' from project 'Swifty-LLVM')
SwiftDriver SwiftyLLVM normal arm64_32 com.apple.xcode.tools.swift.compiler (in target 'SwiftyLLVM' from project 'Swifty-LLVM')
    cd /Users/admin/builder/spi-builder-workspace/.swiftpm/xcode
    builtin-SwiftDriver -- /Applications/Xcode-27.0.0.app/Contents/Developer/Toolchains/XcodeDefault.xctoolchain/usr/bin/swiftc -parse-as-library -module-name SwiftyLLVM -Onone @/Users/admin/builder/spi-builder-workspace/.derivedData/Build/Intermediates.noindex/Swifty-LLVM.build/Debug-watchos/SwiftyLLVM-t.build/Objects-normal/arm64_32/SwiftyLLVM.SwiftFileList -DSWIFT_PACKAGE -DDEBUG -DSWIFT_MODULE_RESOURCE_BUNDLE_UNAVAILABLE -Xcc -fmodule-map-file\=/Users/admin/builder/spi-builder-workspace/Sources/llvmshims/include/module.modulemap -Xcc -fmodule-map-file\=/Users/admin/builder/spi-builder-workspace/Sources/llvmc/module.modulemap -DXcode -enable-experimental-feature AccessLevelOnImport -plugin-path /Applications/Xcode-27.0.0.app/Contents/Developer/Toolchains/XcodeDefault.xctoolchain/usr/lib/swift/host/plugins/testing -enable-experimental-feature DebugDescriptionMacro -sdk /Applications/Xcode-27.0.0.app/Contents/Developer/Platforms/WatchOS.platform/Developer/SDKs/WatchOS27.0.sdk -target arm64_32-apple-watchos9.0 -g -module-cache-path /Users/admin/builder/spi-builder-workspace/.derivedData/ModuleCache.noindex -Xfrontend -serialize-debugging-options -profile-coverage-mapping -profile-generate -enable-testing -index-store-path /Users/admin/builder/spi-builder-workspace/.derivedData/Index.noindex/DataStore -Xcc -D_LIBCPP_HARDENING_MODE\=_LIBCPP_HARDENING_MODE_DEBUG -swift-version 6 -I /Users/admin/builder/spi-builder-workspace/.derivedData/Build/Products/Debug-watchos -Isystem /Applications/Xcode-27.0.0.app/Contents/Developer/Platforms/WatchOS.platform/Developer/usr/lib -F /Users/admin/builder/spi-builder-workspace/.derivedData/Build/Products/Debug-watchos/PackageFrameworks -F /Users/admin/builder/spi-builder-workspace/.derivedData/Build/Products/Debug-watchos -F /Applications/Xcode-27.0.0.app/Contents/Developer/Platforms/WatchOS.platform/Developer/Library/Frameworks -F /Applications/Xcode-27.0.0.app/Contents/Developer/Platforms/WatchOS.platform/Developer/SDKs/WatchOS27.0.sdk/Developer/Library/Frameworks -c -j10 -enable-batch-mode -incremental -Xcc -ivfsstatcache -Xcc /Users/admin/builder/spi-builder-workspace/.derivedData/SDKStatCaches.noindex/watchos27.0-24R360-e829b21a6f8c9b70876ba0858053c044b9db9bc9c079ee3c7b5f3373b13d10bc.sdkstatcache -output-file-map /Users/admin/builder/spi-builder-workspace/.derivedData/Build/Intermediates.noindex/Swifty-LLVM.build/Debug-watchos/SwiftyLLVM-t.build/Objects-normal/arm64_32/SwiftyLLVM-OutputFileMap.json -save-temps -no-color-diagnostics -explicit-module-build -module-cache-path /Users/admin/builder/spi-builder-workspace/.derivedData/Build/Intermediates.noindex/SwiftExplicitPrecompiledModules -clang-scanner-module-cache-path /Users/admin/builder/spi-builder-workspace/.derivedData/ModuleCache.noindex -sdk-module-cache-path /Users/admin/builder/spi-builder-workspace/.derivedData/SDKExplicitPrecompiledModules -emit-dependencies -emit-module -emit-module-path /Users/admin/builder/spi-builder-workspace/.derivedData/Build/Intermediates.noindex/Swifty-LLVM.build/Debug-watchos/SwiftyLLVM-t.build/Objects-normal/arm64_32/SwiftyLLVM.swiftmodule -serialize-diagnostics -dependency-scan-serialize-diagnostics-path /Users/admin/builder/spi-builder-workspace/.derivedData/Build/Intermediates.noindex/Swifty-LLVM.build/Debug-watchos/SwiftyLLVM-t.build/Objects-normal/arm64_32/SwiftyLLVM-dependency-scan.dia -validate-clang-modules-once -clang-build-session-file /Users/admin/builder/spi-builder-workspace/.derivedData/ModuleCache.noindex/Session.modulevalidation -Xcc -fmodules-prune-interval\=86400 -Xcc -fmodules-prune-after\=345600 -package-name spi_builder_workspace -emit-const-values -const-gather-protocols-list /Users/admin/builder/spi-builder-workspace/.derivedData/Build/Intermediates.noindex/Swifty-LLVM.build/Debug-watchos/SwiftyLLVM-t.build/Objects-normal/arm64_32/SwiftyLLVM_const_extract_protocols.json -Xcc -I/Users/admin/builder/spi-builder-workspace/Sources/llvmshims/include -Xcc -I/Users/admin/builder/spi-builder-workspace/.derivedData/Build/Products/Debug-watchos/include -Xcc -I/Users/admin/builder/spi-builder-workspace/.derivedData/Build/Intermediates.noindex/Swifty-LLVM.build/Debug-watchos/SwiftyLLVM-t.build/DerivedSources-normal/arm64_32 -Xcc -I/Users/admin/builder/spi-builder-workspace/.derivedData/Build/Intermediates.noindex/Swifty-LLVM.build/Debug-watchos/SwiftyLLVM-t.build/DerivedSources/arm64_32 -Xcc -I/Users/admin/builder/spi-builder-workspace/.derivedData/Build/Intermediates.noindex/Swifty-LLVM.build/Debug-watchos/SwiftyLLVM-t.build/DerivedSources -Xcc -DSWIFT_PACKAGE -Xcc -DDEBUG\=1 -emit-objc-header -emit-objc-header-path /Users/admin/builder/spi-builder-workspace/.derivedData/Build/Intermediates.noindex/Swifty-LLVM.build/Debug-watchos/SwiftyLLVM-t.build/Objects-normal/arm64_32/SwiftyLLVM-Swift.h -working-directory /Users/admin/builder/spi-builder-workspace/.swiftpm/xcode -experimental-emit-module-separately -disable-cmo
error: Clang dependency scanning failure: While building module 'llvmc' imported from module-include.input:1:
In file included from <module-includes>:1:
/Users/admin/builder/spi-builder-workspace/Sources/llvmc/llvmc.h:1:10: fatal error: 'llvm-c/Analysis.h' file not found
module-include.input:1:1: fatal error: could not build module 'llvmc'
 (in target 'SwiftyLLVM' from project 'Swifty-LLVM')
error: Clang dependency scanning failure: While building module 'llvmshims' imported from module-include.input:1:
In file included from <module-includes>:1:
/Users/admin/builder/spi-builder-workspace/Sources/llvmshims/include/shim.h:4:10: fatal error: 'llvm-c/ExternC.h' file not found
module-include.input:1:1: fatal error: could not build module 'llvmshims'
 (in target 'SwiftyLLVM' from project 'Swifty-LLVM')
/Users/admin/builder/spi-builder-workspace/Sources/SwiftyLLVM/AtomicOrdering.swift:1:17: error: Unable to resolve module dependency: 'llvmc' (in target 'SwiftyLLVM' from project 'Swifty-LLVM')
    note: A dependency of main module 'SwiftyLLVM'
    /Users/admin/builder/spi-builder-workspace/Sources/SwiftyLLVM/AtomicRMWBinOp.swift:1:17: note: Also imported here
    /Users/admin/builder/spi-builder-workspace/Sources/SwiftyLLVM/Attribute.swift:1:17: note: Also imported here
    /Users/admin/builder/spi-builder-workspace/Sources/SwiftyLLVM/Backend.swift:1:17: note: Also imported here
    /Users/admin/builder/spi-builder-workspace/Sources/SwiftyLLVM/BasicBlock.swift:1:17: note: Also imported here
    /Users/admin/builder/spi-builder-workspace/Sources/SwiftyLLVM/CodeGenerationKind.swift:1:17: note: Also imported here
    /Users/admin/builder/spi-builder-workspace/Sources/SwiftyLLVM/CodeModel.swift:1:17: note: Also imported here
    /Users/admin/builder/spi-builder-workspace/Sources/SwiftyLLVM/DataLayout.swift:1:17: note: Also imported here
    /Users/admin/builder/spi-builder-workspace/Sources/SwiftyLLVM/FastMathFlags.swift:1:17: note: Also imported here
    /Users/admin/builder/spi-builder-workspace/Sources/SwiftyLLVM/InsertionPoint.swift:1:17: note: Also imported here
    /Users/admin/builder/spi-builder-workspace/Sources/SwiftyLLVM/Linkage.swift:1:17: note: Also imported here
    /Users/admin/builder/spi-builder-workspace/Sources/SwiftyLLVM/MemoryBuffer.swift:1:17: note: Also imported here
    /Users/admin/builder/spi-builder-workspace/Sources/SwiftyLLVM/Module.swift:1:17: note: Also imported here
    /Users/admin/builder/spi-builder-workspace/Sources/SwiftyLLVM/OptimizationLevel.swift:1:17: note: Also imported here
    /Users/admin/builder/spi-builder-workspace/Sources/SwiftyLLVM/Refs.swift:1:17: note: Also imported here
    /Users/admin/builder/spi-builder-workspace/Sources/SwiftyLLVM/RelocationModel.swift:1:17: note: Also imported here
    /Users/admin/builder/spi-builder-workspace/Sources/SwiftyLLVM/Target.swift:1:17: note: Also imported here
    /Users/admin/builder/spi-builder-workspace/Sources/SwiftyLLVM/TargetMachine.swift:1:17: note: Also imported here
    /Users/admin/builder/spi-builder-workspace/Sources/SwiftyLLVM/TargetSpecification.swift:1:17: note: Also imported here
    /Users/admin/builder/spi-builder-workspace/Sources/SwiftyLLVM/Types/AnyType.swift:1:17: note: Also imported here
    /Users/admin/builder/spi-builder-workspace/Sources/SwiftyLLVM/Types/ArrayType.swift:1:17: note: Also imported here
    /Users/admin/builder/spi-builder-workspace/Sources/SwiftyLLVM/Types/FloatingPointType.swift:1:17: note: Also imported here
    /Users/admin/builder/spi-builder-workspace/Sources/SwiftyLLVM/Types/FunctionType.swift:1:17: note: Also imported here
    /Users/admin/builder/spi-builder-workspace/Sources/SwiftyLLVM/Types/IRType.swift:1:17: note: Also imported here
    /Users/admin/builder/spi-builder-workspace/Sources/SwiftyLLVM/Types/IntegerType.swift:1:17: note: Also imported here
    /Users/admin/builder/spi-builder-workspace/Sources/SwiftyLLVM/Types/PointerType.swift:1:17: note: Also imported here
    /Users/admin/builder/spi-builder-workspace/Sources/SwiftyLLVM/Types/StructType.swift:1:17: note: Also imported here
    /Users/admin/builder/spi-builder-workspace/Sources/SwiftyLLVM/Types/VoidType.swift:1:17: note: Also imported here
    /Users/admin/builder/spi-builder-workspace/Sources/SwiftyLLVM/Values/Constants/AggregateConstant.swift:1:17: note: Also imported here
    /Users/admin/builder/spi-builder-workspace/Sources/SwiftyLLVM/Values/Constants/AnyValue.swift:1:17: note: Also imported here
    /Users/admin/builder/spi-builder-workspace/Sources/SwiftyLLVM/Values/Constants/ArrayConstant.swift:1:17: note: Also imported here
    /Users/admin/builder/spi-builder-workspace/Sources/SwiftyLLVM/Values/Constants/FloatingPointConstant.swift:1:17: note: Also imported here
    /Users/admin/builder/spi-builder-workspace/Sources/SwiftyLLVM/Values/Constants/Function+Attributes.swift:1:17: note: Also imported here
    /Users/admin/builder/spi-builder-workspace/Sources/SwiftyLLVM/Values/Constants/Function.swift:1:17: note: Also imported here
    /Users/admin/builder/spi-builder-workspace/Sources/SwiftyLLVM/Values/Constants/IntegerConstant.swift:1:17: note: Also imported here
    /Users/admin/builder/spi-builder-workspace/Sources/SwiftyLLVM/Values/Constants/IntrinsicFunction.swift:1:17: note: Also imported here
    /Users/admin/builder/spi-builder-workspace/Sources/SwiftyLLVM/Values/Constants/Parameter+Attributes.swift:1:17: note: Also imported here
    /Users/admin/builder/spi-builder-workspace/Sources/SwiftyLLVM/Values/Constants/Parameter.swift:1:17: note: Also imported here
    /Users/admin/builder/spi-builder-workspace/Sources/SwiftyLLVM/Values/Constants/Poison.swift:1:17: note: Also imported here
    /Users/admin/builder/spi-builder-workspace/Sources/SwiftyLLVM/Values/Constants/StringConstant.swift:1:17: note: Also imported here
    /Users/admin/builder/spi-builder-workspace/Sources/SwiftyLLVM/Values/Constants/StructConstant.swift:1:17: note: Also imported here
    /Users/admin/builder/spi-builder-workspace/Sources/SwiftyLLVM/Values/Constants/Undefined.swift:1:17: note: Also imported here
    /Users/admin/builder/spi-builder-workspace/Sources/SwiftyLLVM/Values/Global.swift:1:17: note: Also imported here
    /Users/admin/builder/spi-builder-workspace/Sources/SwiftyLLVM/Values/GlobalVariable.swift:1:17: note: Also imported here
    /Users/admin/builder/spi-builder-workspace/Sources/SwiftyLLVM/Values/IRValue.swift:1:17: note: Also imported here
    /Users/admin/builder/spi-builder-workspace/Sources/SwiftyLLVM/Values/Instructions/Alloca.swift:1:17: note: Also imported here
    /Users/admin/builder/spi-builder-workspace/Sources/SwiftyLLVM/Values/Instructions/AnyInstruction.swift:1:17: note: Also imported here
    /Users/admin/builder/spi-builder-workspace/Sources/SwiftyLLVM/Values/Instructions/FloatingPointPredicate.swift:1:17: note: Also imported here
    /Users/admin/builder/spi-builder-workspace/Sources/SwiftyLLVM/Values/Instructions/IRInstruction.swift:1:17: note: Also imported here
    /Users/admin/builder/spi-builder-workspace/Sources/SwiftyLLVM/Values/Instructions/IntegerPredicate.swift:1:17: note: Also imported here
    /Users/admin/builder/spi-builder-workspace/Sources/SwiftyLLVM/Values/Instructions/Load.swift:1:17: note: Also imported here
    /Users/admin/builder/spi-builder-workspace/Sources/SwiftyLLVM/Values/Instructions/Operands.swift:1:17: note: Also imported here
    /Users/admin/builder/spi-builder-workspace/Sources/SwiftyLLVM/Values/Instructions/Store.swift:1:17: note: Also imported here
/Users/admin/builder/spi-builder-workspace/Sources/SwiftyLLVM/Backend.swift:2:17: error: Unable to resolve module dependency: 'llvmshims' (in target 'SwiftyLLVM' from project 'Swifty-LLVM')
    note: A dependency of main module 'SwiftyLLVM'
    /Users/admin/builder/spi-builder-workspace/Sources/SwiftyLLVM/DataLayout.swift:2:17: note: Also imported here
    /Users/admin/builder/spi-builder-workspace/Sources/SwiftyLLVM/Module.swift:2:17: note: Also imported here
    /Users/admin/builder/spi-builder-workspace/Sources/SwiftyLLVM/OptimizationLevel.swift:2:17: note: Also imported here
    /Users/admin/builder/spi-builder-workspace/Sources/SwiftyLLVM/Target.swift:2:17: note: Also imported here
    /Users/admin/builder/spi-builder-workspace/Sources/SwiftyLLVM/Types/FunctionType.swift:2:17: note: Also imported here
    /Users/admin/builder/spi-builder-workspace/Sources/SwiftyLLVM/Values/Constants/Parameter.swift:2:17: note: Also imported here
    /Users/admin/builder/spi-builder-workspace/Sources/SwiftyLLVM/Values/GlobalVariable.swift:2:17: note: Also imported here
error: Clang dependency scanning failure: While building module 'llvmc' imported from module-include.input:1:
In file included from <module-includes>:1:
/Users/admin/builder/spi-builder-workspace/Sources/llvmc/llvmc.h:1:10: fatal error: 'llvm-c/Analysis.h' file not found
module-include.input:1:1: fatal error: could not build module 'llvmc'
 (in target 'SwiftyLLVM' from project 'Swifty-LLVM')
error: Clang dependency scanning failure: While building module 'llvmshims' imported from module-include.input:1:
In file included from <module-includes>:1:
/Users/admin/builder/spi-builder-workspace/Sources/llvmshims/include/shim.h:4:10: fatal error: 'llvm-c/ExternC.h' file not found
module-include.input:1:1: fatal error: could not build module 'llvmshims'
 (in target 'SwiftyLLVM' from project 'Swifty-LLVM')
/Users/admin/builder/spi-builder-workspace/Sources/SwiftyLLVM/AtomicOrdering.swift:1:17: note: A dependency of main module 'SwiftyLLVM'
internal import llvmc
                ^ (in target 'SwiftyLLVM' from project 'Swifty-LLVM')
/Users/admin/builder/spi-builder-workspace/Sources/SwiftyLLVM/AtomicRMWBinOp.swift:1:17: note: Also imported here
internal import llvmc
                ^ (in target 'SwiftyLLVM' from project 'Swifty-LLVM')
/Users/admin/builder/spi-builder-workspace/Sources/SwiftyLLVM/Attribute.swift:1:17: note: Also imported here
internal import llvmc
                ^ (in target 'SwiftyLLVM' from project 'Swifty-LLVM')
/Users/admin/builder/spi-builder-workspace/Sources/SwiftyLLVM/Backend.swift:1:17: note: Also imported here
internal import llvmc
                ^ (in target 'SwiftyLLVM' from project 'Swifty-LLVM')
/Users/admin/builder/spi-builder-workspace/Sources/SwiftyLLVM/BasicBlock.swift:1:17: note: Also imported here
internal import llvmc
                ^ (in target 'SwiftyLLVM' from project 'Swifty-LLVM')
/Users/admin/builder/spi-builder-workspace/Sources/SwiftyLLVM/CodeGenerationKind.swift:1:17: note: Also imported here
internal import llvmc
                ^ (in target 'SwiftyLLVM' from project 'Swifty-LLVM')
/Users/admin/builder/spi-builder-workspace/Sources/SwiftyLLVM/CodeModel.swift:1:17: note: Also imported here
internal import llvmc
                ^ (in target 'SwiftyLLVM' from project 'Swifty-LLVM')
/Users/admin/builder/spi-builder-workspace/Sources/SwiftyLLVM/DataLayout.swift:1:17: note: Also imported here
internal import llvmc
                ^ (in target 'SwiftyLLVM' from project 'Swifty-LLVM')
/Users/admin/builder/spi-builder-workspace/Sources/SwiftyLLVM/FastMathFlags.swift:1:17: note: Also imported here
internal import llvmc
                ^ (in target 'SwiftyLLVM' from project 'Swifty-LLVM')
/Users/admin/builder/spi-builder-workspace/Sources/SwiftyLLVM/InsertionPoint.swift:1:17: note: Also imported here
internal import llvmc
                ^ (in target 'SwiftyLLVM' from project 'Swifty-LLVM')
/Users/admin/builder/spi-builder-workspace/Sources/SwiftyLLVM/Linkage.swift:1:17: note: Also imported here
internal import llvmc
                ^ (in target 'SwiftyLLVM' from project 'Swifty-LLVM')
/Users/admin/builder/spi-builder-workspace/Sources/SwiftyLLVM/MemoryBuffer.swift:1:17: note: Also imported here
internal import llvmc
                ^ (in target 'SwiftyLLVM' from project 'Swifty-LLVM')
/Users/admin/builder/spi-builder-workspace/Sources/SwiftyLLVM/Module.swift:1:17: note: Also imported here
internal import llvmc
                ^ (in target 'SwiftyLLVM' from project 'Swifty-LLVM')
/Users/admin/builder/spi-builder-workspace/Sources/SwiftyLLVM/OptimizationLevel.swift:1:17: note: Also imported here
internal import llvmc
                ^ (in target 'SwiftyLLVM' from project 'Swifty-LLVM')
/Users/admin/builder/spi-builder-workspace/Sources/SwiftyLLVM/Refs.swift:1:17: note: Also imported here
internal import llvmc
                ^ (in target 'SwiftyLLVM' from project 'Swifty-LLVM')
/Users/admin/builder/spi-builder-workspace/Sources/SwiftyLLVM/RelocationModel.swift:1:17: note: Also imported here
internal import llvmc
                ^ (in target 'SwiftyLLVM' from project 'Swifty-LLVM')
/Users/admin/builder/spi-builder-workspace/Sources/SwiftyLLVM/Target.swift:1:17: note: Also imported here
internal import llvmc
                ^ (in target 'SwiftyLLVM' from project 'Swifty-LLVM')
/Users/admin/builder/spi-builder-workspace/Sources/SwiftyLLVM/TargetMachine.swift:1:17: note: Also imported here
internal import llvmc
                ^ (in target 'SwiftyLLVM' from project 'Swifty-LLVM')
/Users/admin/builder/spi-builder-workspace/Sources/SwiftyLLVM/TargetSpecification.swift:1:17: note: Also imported here
internal import llvmc
                ^ (in target 'SwiftyLLVM' from project 'Swifty-LLVM')
/Users/admin/builder/spi-builder-workspace/Sources/SwiftyLLVM/Types/AnyType.swift:1:17: note: Also imported here
internal import llvmc
                ^ (in target 'SwiftyLLVM' from project 'Swifty-LLVM')
/Users/admin/builder/spi-builder-workspace/Sources/SwiftyLLVM/Types/ArrayType.swift:1:17: note: Also imported here
internal import llvmc
                ^ (in target 'SwiftyLLVM' from project 'Swifty-LLVM')
/Users/admin/builder/spi-builder-workspace/Sources/SwiftyLLVM/Types/FloatingPointType.swift:1:17: note: Also imported here
internal import llvmc
                ^ (in target 'SwiftyLLVM' from project 'Swifty-LLVM')
/Users/admin/builder/spi-builder-workspace/Sources/SwiftyLLVM/Types/FunctionType.swift:1:17: note: Also imported here
internal import llvmc
                ^ (in target 'SwiftyLLVM' from project 'Swifty-LLVM')
/Users/admin/builder/spi-builder-workspace/Sources/SwiftyLLVM/Types/IRType.swift:1:17: note: Also imported here
internal import llvmc
                ^ (in target 'SwiftyLLVM' from project 'Swifty-LLVM')
/Users/admin/builder/spi-builder-workspace/Sources/SwiftyLLVM/Types/IntegerType.swift:1:17: note: Also imported here
internal import llvmc
                ^ (in target 'SwiftyLLVM' from project 'Swifty-LLVM')
/Users/admin/builder/spi-builder-workspace/Sources/SwiftyLLVM/Types/PointerType.swift:1:17: note: Also imported here
internal import llvmc
                ^ (in target 'SwiftyLLVM' from project 'Swifty-LLVM')
/Users/admin/builder/spi-builder-workspace/Sources/SwiftyLLVM/Types/StructType.swift:1:17: note: Also imported here
internal import llvmc
                ^ (in target 'SwiftyLLVM' from project 'Swifty-LLVM')
/Users/admin/builder/spi-builder-workspace/Sources/SwiftyLLVM/Types/VoidType.swift:1:17: note: Also imported here
internal import llvmc
                ^ (in target 'SwiftyLLVM' from project 'Swifty-LLVM')
/Users/admin/builder/spi-builder-workspace/Sources/SwiftyLLVM/Values/Constants/AggregateConstant.swift:1:17: note: Also imported here
internal import llvmc
                ^ (in target 'SwiftyLLVM' from project 'Swifty-LLVM')
/Users/admin/builder/spi-builder-workspace/Sources/SwiftyLLVM/Values/Constants/AnyValue.swift:1:17: note: Also imported here
internal import llvmc
                ^ (in target 'SwiftyLLVM' from project 'Swifty-LLVM')
/Users/admin/builder/spi-builder-workspace/Sources/SwiftyLLVM/Values/Constants/ArrayConstant.swift:1:17: note: Also imported here
internal import llvmc
                ^ (in target 'SwiftyLLVM' from project 'Swifty-LLVM')
/Users/admin/builder/spi-builder-workspace/Sources/SwiftyLLVM/Values/Constants/FloatingPointConstant.swift:1:17: note: Also imported here
internal import llvmc
                ^ (in target 'SwiftyLLVM' from project 'Swifty-LLVM')
/Users/admin/builder/spi-builder-workspace/Sources/SwiftyLLVM/Values/Constants/Function+Attributes.swift:1:17: note: Also imported here
internal import llvmc
                ^ (in target 'SwiftyLLVM' from project 'Swifty-LLVM')
/Users/admin/builder/spi-builder-workspace/Sources/SwiftyLLVM/Values/Constants/Function.swift:1:17: note: Also imported here
internal import llvmc
                ^ (in target 'SwiftyLLVM' from project 'Swifty-LLVM')
/Users/admin/builder/spi-builder-workspace/Sources/SwiftyLLVM/Values/Constants/IntegerConstant.swift:1:17: note: Also imported here
internal import llvmc
                ^ (in target 'SwiftyLLVM' from project 'Swifty-LLVM')
/Users/admin/builder/spi-builder-workspace/Sources/SwiftyLLVM/Values/Constants/IntrinsicFunction.swift:1:17: note: Also imported here
internal import llvmc
                ^ (in target 'SwiftyLLVM' from project 'Swifty-LLVM')
/Users/admin/builder/spi-builder-workspace/Sources/SwiftyLLVM/Values/Constants/Parameter+Attributes.swift:1:17: note: Also imported here
internal import llvmc
                ^ (in target 'SwiftyLLVM' from project 'Swifty-LLVM')
/Users/admin/builder/spi-builder-workspace/Sources/SwiftyLLVM/Values/Constants/Parameter.swift:1:17: note: Also imported here
internal import llvmc
                ^ (in target 'SwiftyLLVM' from project 'Swifty-LLVM')
/Users/admin/builder/spi-builder-workspace/Sources/SwiftyLLVM/Values/Constants/Poison.swift:1:17: note: Also imported here
internal import llvmc
                ^ (in target 'SwiftyLLVM' from project 'Swifty-LLVM')
/Users/admin/builder/spi-builder-workspace/Sources/SwiftyLLVM/Values/Constants/StringConstant.swift:1:17: note: Also imported here
internal import llvmc
                ^ (in target 'SwiftyLLVM' from project 'Swifty-LLVM')
/Users/admin/builder/spi-builder-workspace/Sources/SwiftyLLVM/Values/Constants/StructConstant.swift:1:17: note: Also imported here
internal import llvmc
                ^ (in target 'SwiftyLLVM' from project 'Swifty-LLVM')
/Users/admin/builder/spi-builder-workspace/Sources/SwiftyLLVM/Values/Constants/Undefined.swift:1:17: note: Also imported here
internal import llvmc
                ^ (in target 'SwiftyLLVM' from project 'Swifty-LLVM')
/Users/admin/builder/spi-builder-workspace/Sources/SwiftyLLVM/Values/Global.swift:1:17: note: Also imported here
internal import llvmc
                ^ (in target 'SwiftyLLVM' from project 'Swifty-LLVM')
/Users/admin/builder/spi-builder-workspace/Sources/SwiftyLLVM/Values/GlobalVariable.swift:1:17: note: Also imported here
internal import llvmc
                ^ (in target 'SwiftyLLVM' from project 'Swifty-LLVM')
/Users/admin/builder/spi-builder-workspace/Sources/SwiftyLLVM/Values/IRValue.swift:1:17: note: Also imported here
internal import llvmc
                ^ (in target 'SwiftyLLVM' from project 'Swifty-LLVM')
/Users/admin/builder/spi-builder-workspace/Sources/SwiftyLLVM/Values/Instructions/Alloca.swift:1:17: note: Also imported here
internal import llvmc
                ^ (in target 'SwiftyLLVM' from project 'Swifty-LLVM')
/Users/admin/builder/spi-builder-workspace/Sources/SwiftyLLVM/Values/Instructions/AnyInstruction.swift:1:17: note: Also imported here
internal import llvmc
                ^ (in target 'SwiftyLLVM' from project 'Swifty-LLVM')
/Users/admin/builder/spi-builder-workspace/Sources/SwiftyLLVM/Values/Instructions/FloatingPointPredicate.swift:1:17: note: Also imported here
internal import llvmc
                ^ (in target 'SwiftyLLVM' from project 'Swifty-LLVM')
/Users/admin/builder/spi-builder-workspace/Sources/SwiftyLLVM/Values/Instructions/IRInstruction.swift:1:17: note: Also imported here
internal import llvmc
                ^ (in target 'SwiftyLLVM' from project 'Swifty-LLVM')
/Users/admin/builder/spi-builder-workspace/Sources/SwiftyLLVM/Values/Instructions/IntegerPredicate.swift:1:17: note: Also imported here
internal import llvmc
                ^ (in target 'SwiftyLLVM' from project 'Swifty-LLVM')
/Users/admin/builder/spi-builder-workspace/Sources/SwiftyLLVM/Values/Instructions/Load.swift:1:17: note: Also imported here
internal import llvmc
                ^ (in target 'SwiftyLLVM' from project 'Swifty-LLVM')
/Users/admin/builder/spi-builder-workspace/Sources/SwiftyLLVM/Values/Instructions/Operands.swift:1:17: note: Also imported here
internal import llvmc
                ^ (in target 'SwiftyLLVM' from project 'Swifty-LLVM')
/Users/admin/builder/spi-builder-workspace/Sources/SwiftyLLVM/Values/Instructions/Store.swift:1:17: note: Also imported here
internal import llvmc
                ^ (in target 'SwiftyLLVM' from project 'Swifty-LLVM')
/Users/admin/builder/spi-builder-workspace/Sources/SwiftyLLVM/Backend.swift:2:17: note: A dependency of main module 'SwiftyLLVM'
internal import llvmshims
                ^ (in target 'SwiftyLLVM' from project 'Swifty-LLVM')
/Users/admin/builder/spi-builder-workspace/Sources/SwiftyLLVM/DataLayout.swift:2:17: note: Also imported here
internal import llvmshims
                ^ (in target 'SwiftyLLVM' from project 'Swifty-LLVM')
/Users/admin/builder/spi-builder-workspace/Sources/SwiftyLLVM/Module.swift:2:17: note: Also imported here
internal import llvmshims
                ^ (in target 'SwiftyLLVM' from project 'Swifty-LLVM')
/Users/admin/builder/spi-builder-workspace/Sources/SwiftyLLVM/OptimizationLevel.swift:2:17: note: Also imported here
internal import llvmshims
                ^ (in target 'SwiftyLLVM' from project 'Swifty-LLVM')
/Users/admin/builder/spi-builder-workspace/Sources/SwiftyLLVM/Target.swift:2:17: note: Also imported here
internal import llvmshims
                ^ (in target 'SwiftyLLVM' from project 'Swifty-LLVM')
/Users/admin/builder/spi-builder-workspace/Sources/SwiftyLLVM/Types/FunctionType.swift:2:17: note: Also imported here
internal import llvmshims
                ^ (in target 'SwiftyLLVM' from project 'Swifty-LLVM')
/Users/admin/builder/spi-builder-workspace/Sources/SwiftyLLVM/Values/Constants/Parameter.swift:2:17: note: Also imported here
internal import llvmshims
                ^ (in target 'SwiftyLLVM' from project 'Swifty-LLVM')
/Users/admin/builder/spi-builder-workspace/Sources/SwiftyLLVM/Values/GlobalVariable.swift:2:17: note: Also imported here
internal import llvmshims
                ^ (in target 'SwiftyLLVM' from project 'Swifty-LLVM')
CompileC /Users/admin/builder/spi-builder-workspace/.derivedData/Build/Intermediates.noindex/Swifty-LLVM.build/Debug-watchos/llvmshims-t.build/Objects-normal/arm64/shim.o /Users/admin/builder/spi-builder-workspace/Sources/llvmshims/src/shim.cc normal arm64 c++ com.apple.compilers.llvm.clang.1_0.compiler (in target 'llvmshims' from project 'Swifty-LLVM')
    cd /Users/admin/builder/spi-builder-workspace/.swiftpm/xcode

    Using response file: /Users/admin/builder/spi-builder-workspace/.derivedData/Build/Intermediates.noindex/Swifty-LLVM.build/Debug-watchos/llvmshims-t.build/Objects-normal/arm64/82b82416624d2658e5098eb0a28c15c5-common-args.resp

    /Applications/Xcode-27.0.0.app/Contents/Developer/Toolchains/XcodeDefault.xctoolchain/usr/bin/clang -x c++ -ivfsstatcache /Users/admin/builder/spi-builder-workspace/.derivedData/SDKStatCaches.noindex/watchos27.0-24R360-e829b21a6f8c9b70876ba0858053c044b9db9bc9c079ee3c7b5f3373b13d10bc.sdkstatcache -target arm64-apple-watchos9.0 -fmessage-length\=0 -fdiagnostics-show-note-include-stack -fmacro-backtrace-limit\=0 -fno-color-diagnostics -fmodules-prune-interval\=86400 -fmodules-prune-after\=345600 -fbuild-session-file\=/Users/admin/builder/spi-builder-workspace/.derivedData/ModuleCache.noindex/Session.modulevalidation -fmodules-validate-once-per-build-session -Wnon-modular-include-in-framework-module -Werror\=non-modular-include-in-framework-module -Wno-trigraphs -Wno-missing-field-initializers -Wno-missing-prototypes -Wno-return-type -Wno-non-virtual-dtor -Wno-overloaded-virtual -Wno-exit-time-destructors -Wno-missing-braces -Wparentheses -Wswitch -Wno-unused-function -Wno-unused-label -Wno-unused-parameter -Wno-unused-variable -Wunused-value -Wno-empty-body -Wno-uninitialized -Wno-unknown-pragmas -Wno-shadow -Wno-four-char-constants -Wno-conversion -Wno-constant-conversion -Wno-int-conversion -Wno-bool-conversion -Wno-enum-conversion -Wno-float-conversion -Wno-non-literal-null-conversion -Wno-objc-literal-conversion -Wshorten-64-to-32 -Wno-newline-eof -Wno-c++11-extensions -Wno-implicit-fallthrough -isysroot /Applications/Xcode-27.0.0.app/Contents/Developer/Platforms/WatchOS.platform/Developer/SDKs/WatchOS27.0.sdk -fstrict-aliasing -Wdeprecated-declarations -Winvalid-offsetof -Wno-sign-conversion -Wno-infinite-recursion -Wno-move -Wno-comma -Wno-block-capture-autoreleasing -Wno-strict-prototypes -Wno-range-loop-analysis -Wno-semicolon-before-method-body -index-store-path /Users/admin/builder/spi-builder-workspace/.derivedData/Index.noindex/DataStore @/Users/admin/builder/spi-builder-workspace/.derivedData/Build/Intermediates.noindex/Swifty-LLVM.build/Debug-watchos/llvmshims-t.build/Objects-normal/arm64/82b82416624d2658e5098eb0a28c15c5-common-args.resp -MMD -MT dependencies -MF /Users/admin/builder/spi-builder-workspace/.derivedData/Build/Intermediates.noindex/Swifty-LLVM.build/Debug-watchos/llvmshims-t.build/Objects-normal/arm64/shim.d --serialize-diagnostics /Users/admin/builder/spi-builder-workspace/.derivedData/Build/Intermediates.noindex/Swifty-LLVM.build/Debug-watchos/llvmshims-t.build/Objects-normal/arm64/shim.dia -c /Users/admin/builder/spi-builder-workspace/Sources/llvmshims/src/shim.cc -o /Users/admin/builder/spi-builder-workspace/.derivedData/Build/Intermediates.noindex/Swifty-LLVM.build/Debug-watchos/llvmshims-t.build/Objects-normal/arm64/shim.o -index-unit-output-path /Swifty-LLVM.build/Debug-watchos/llvmshims-t.build/Objects-normal/arm64/shim.o
In file included from /Users/admin/builder/spi-builder-workspace/Sources/llvmshims/src/shim.cc:22:
/Users/admin/builder/spi-builder-workspace/Sources/llvmshims/include/shim.h:4:10: fatal error: 'llvm-c/ExternC.h' file not found
    4 | #include "llvm-c/ExternC.h"
      |          ^~~~~~~~~~~~~~~~~~
1 error generated.
PruneExplicitPrecompiledModules /Users/admin/builder/spi-builder-workspace/.derivedData/SDKExplicitPrecompiledModules
PruneExplicitPrecompiledModules /Users/admin/builder/spi-builder-workspace/.derivedData/Build/Intermediates.noindex/SwiftExplicitPrecompiledModules
PruneExplicitPrecompiledModules /Users/admin/builder/spi-builder-workspace/.derivedData/Build/Intermediates.noindex/ExplicitPrecompiledModules
2026-10-13 01:39:35.800 xcodebuild[628:3898] [MT] IDERunDestination: Supported platforms for the buildables in the current scheme is empty.
** BUILD FAILED **
The following build commands failed:
	CompileC /Users/admin/builder/spi-builder-workspace/.derivedData/Build/Intermediates.noindex/Swifty-LLVM.build/Debug-watchos/llvmshims-t.build/Objects-normal/arm64_32/shim.o /Users/admin/builder/spi-builder-workspace/Sources/llvmshims/src/shim.cc normal arm64_32 c++ com.apple.compilers.llvm.clang.1_0.compiler (in target 'llvmshims' from project 'Swifty-LLVM')
	SwiftDriver SwiftyLLVM normal arm64 com.apple.xcode.tools.swift.compiler (in target 'SwiftyLLVM' from project 'Swifty-LLVM')
	SwiftDriver SwiftyLLVM normal arm64_32 com.apple.xcode.tools.swift.compiler (in target 'SwiftyLLVM' from project 'Swifty-LLVM')
	CompileC /Users/admin/builder/spi-builder-workspace/.derivedData/Build/Intermediates.noindex/Swifty-LLVM.build/Debug-watchos/llvmshims-t.build/Objects-normal/arm64/shim.o /Users/admin/builder/spi-builder-workspace/Sources/llvmshims/src/shim.cc normal arm64 c++ com.apple.compilers.llvm.clang.1_0.compiler (in target 'llvmshims' from project 'Swifty-LLVM')
	Building workspace Swifty-LLVM with scheme Swifty-LLVM
(5 failures)
Command line invocation:
    /Applications/Xcode-27.0.0.app/Contents/Developer/usr/bin/xcodebuild -IDEClonedSourcePackagesDirPathOverride=/Users/admin/builder/spi-builder-workspace/.dependencies -resolvePackageDependencies
Resolve Package Graph
failed to retrieve search paths with pkg-config; maybe pkg-config is not installedcouldn't find pc file for llvm
Resolved source packages:
  Swifty-LLVM: /Users/admin/builder/spi-builder-workspace
resolved source packages: Swifty-LLVM
2026-10-13 01:39:39.008 xcodebuild[657:4118] [MT] IDERunDestination: Supported platforms for the buildables in the current scheme is empty.
{
  "cxx_language_standard" : "c++20",
  "dependencies" : [
  ],
  "manifest_display_name" : "Swifty-LLVM",
  "name" : "Swifty-LLVM",
  "path" : "/Users/admin/builder/spi-builder-workspace",
  "platforms" : [
    {
      "name" : "macos",
      "version" : "15.0"
    }
  ],
  "products" : [
    {
      "name" : "SwiftyLLVM",
      "targets" : [
        "SwiftyLLVM"
      ],
      "type" : {
        "library" : [
          "automatic"
        ]
      }
    }
  ],
  "targets" : [
    {
      "c99name" : "llvmshims",
      "module_type" : "ClangTarget",
      "name" : "llvmshims",
      "path" : "Sources/llvmshims",
      "product_memberships" : [
        "SwiftyLLVM"
      ],
      "sources" : [
        "src/shim.cc"
      ],
      "target_dependencies" : [
        "llvmc"
      ],
      "type" : "library"
    },
    {
      "c99name" : "llvmc",
      "module_type" : "SystemLibraryTarget",
      "name" : "llvmc",
      "path" : "Sources/llvmc",
      "product_memberships" : [
        "SwiftyLLVM"
      ],
      "sources" : [
      ],
      "type" : "system-target"
    },
    {
      "c99name" : "SwiftyLLVM",
      "module_type" : "SwiftTarget",
      "name" : "SwiftyLLVM",
      "path" : "Sources/SwiftyLLVM",
      "product_memberships" : [
        "SwiftyLLVM"
      ],
      "sources" : [
        "AddressSpace.swift",
        "AtomicOrdering.swift",
        "AtomicRMWBinOp.swift",
        "Attribute.swift",
        "Backend.swift",
        "BasicBlock.swift",
        "CodeGenerationKind.swift",
        "CodeModel.swift",
        "DataLayout.swift",
        "FastMathFlags.swift",
        "InsertionPoint.swift",
        "LLVMError.swift",
        "Linkage.swift",
        "MemoryBuffer.swift",
        "Module.swift",
        "OptimizationLevel.swift",
        "Refs.swift",
        "RelocationModel.swift",
        "Target.swift",
        "TargetMachine.swift",
        "TargetSpecification.swift",
        "Types/AnyType.swift",
        "Types/ArrayType.swift",
        "Types/FloatingPointType.swift",
        "Types/FunctionType.swift",
        "Types/IRType.swift",
        "Types/IntegerType.swift",
        "Types/PointerType.swift",
        "Types/StructType.swift",
        "Types/VoidType.swift",
        "Utils/String+Extensions.swift",
        "Utils/Unreachable.swift",
        "Values/Constants/AggregateConstant.swift",
        "Values/Constants/AnyValue.swift",
        "Values/Constants/ArrayConstant.swift",
        "Values/Constants/Callable.swift",
        "Values/Constants/FloatingPointConstant.swift",
        "Values/Constants/Function+Attributes.swift",
        "Values/Constants/Function.swift",
        "Values/Constants/IntegerConstant.swift",
        "Values/Constants/IntrinsicFunction.swift",
        "Values/Constants/Parameter+Attributes.swift",
        "Values/Constants/Parameter.swift",
        "Values/Constants/Poison.swift",
        "Values/Constants/StringConstant.swift",
        "Values/Constants/StructConstant.swift",
        "Values/Constants/Undefined.swift",
        "Values/Global.swift",
        "Values/GlobalVariable.swift",
        "Values/IRValue.swift",
        "Values/Instructions/Alloca.swift",
        "Values/Instructions/AnyInstruction.swift",
        "Values/Instructions/FloatingPointPredicate.swift",
        "Values/Instructions/IRInstruction.swift",
        "Values/Instructions/IntegerPredicate.swift",
        "Values/Instructions/Load.swift",
        "Values/Instructions/Operands.swift",
        "Values/Instructions/OverflowBehavior.swift",
        "Values/Instructions/Store.swift"
      ],
      "target_dependencies" : [
        "llvmc",
        "llvmshims"
      ],
      "type" : "library"
    },
    {
      "c99name" : "LLVMTests",
      "module_type" : "SwiftTarget",
      "name" : "LLVMTests",
      "path" : "Tests/LLVMTests",
      "sources" : [
        "BasicBlockTests.swift",
        "CodeGenerationTests.swift",
        "CodeGenerationTestsWith.swift",
        "DataLayoutTests.swift",
        "MemoryBufferTests.swift",
        "ModuleTests.swift",
        "TargetMachineTests.swift",
        "TargetTests.swift",
        "Types/ArrayTypeTests.swift",
        "Types/FloatingPointTypeTests.swift",
        "Types/FunctionTypeTests.swift",
        "Types/IRTypeTests.swift",
        "Types/IntegerTypeTests.swift",
        "Types/PointerTypeTests.swift",
        "Types/StructTypeTests.swift",
        "Types/VoidTypeTests.swift",
        "Utils/StringTests.swift",
        "Values/Constants/ArrayConstantTests.swift",
        "Values/Constants/AttributeTests.swift",
        "Values/Constants/FloatingPointConstantTests.swift",
        "Values/Constants/FunctionTests.swift",
        "Values/Constants/IntegerConstantTests.swift",
        "Values/Constants/IntrinsicTests.swift",
        "Values/Constants/ParameterTests.swift",
        "Values/Constants/PoisonTests.swift",
        "Values/Constants/StringConstantTests.swift",
        "Values/Constants/StructConstantTests.swift",
        "Values/Constants/UndefinedTests.swift",
        "Values/GlobalVariableTests.swift",
        "Values/IRValueTests.swift",
        "Values/Instructions/AllocaTests.swift",
        "Values/Instructions/AnyInstructionTests.swift",
        "Values/Instructions/AtomicRMWBinOpTests.swift",
        "Values/Instructions/BitwiseOperationTests.swift",
        "Values/Instructions/ConversionTests.swift",
        "Values/Instructions/FloatingPointArithmeticTests.swift",
        "Values/Instructions/FloatingPointPredicateTests.swift",
        "Values/Instructions/IntegerArithmeticTests.swift",
        "Values/Instructions/IntegerPredicateTests.swift",
        "Values/Instructions/LoadTests.swift",
        "Values/Instructions/MemcpyTests.swift",
        "Values/Instructions/ShiftTests.swift",
        "Values/Instructions/StoreTests.swift",
        "Values/Instructions/SwitchTests.swift"
      ],
      "target_dependencies" : [
        "SwiftyLLVM"
      ],
      "type" : "test"
    }
  ],
  "tools_version" : "6.3"
}
{
  "workspace" : {
    "name" : "Swifty-LLVM",
    "schemes" : [
      "Swifty-LLVM"
    ]
  }
}
2026-10-13 01:39:40.247 xcodebuild[686:4341] [MT] IDERunDestination: Supported platforms for the buildables in the current scheme is empty.
Running build ...
env DEVELOPER_DIR=/Applications/Xcode-27.0.0-Release.Candidate.app xcrun xcodebuild -IDEClonedSourcePackagesDirPathOverride=$PWD/.dependencies -skipMacroValidation -skipPackagePluginValidation -derivedDataPath $PWD/.derivedData build -scheme Swifty-LLVM -destination generic/platform=watchOS
Command line invocation:
    /Applications/Xcode-27.0.0.app/Contents/Developer/usr/bin/xcodebuild -IDEClonedSourcePackagesDirPathOverride=/Users/admin/builder/spi-builder-workspace/.dependencies -skipMacroValidation -skipPackagePluginValidation -derivedDataPath /Users/admin/builder/spi-builder-workspace/.derivedData build -scheme Swifty-LLVM -destination generic/platform=watchOS
Resolve Package Graph
failed to retrieve search paths with pkg-config; maybe pkg-config is not installedcouldn't find pc file for llvm
Resolved source packages:
  Swifty-LLVM: /Users/admin/builder/spi-builder-workspace
ComputePackagePrebuildTargetDependencyGraph
Prepare packages
CreateBuildRequest
SendProjectDescription
CreateBuildOperation
ComputeTargetDependencyGraph
note: Building targets in dependency order
note: Target dependency graph (4 targets)
    Target 'SwiftyLLVM-product' in project 'Swifty-LLVM'
        ➜ Explicit dependency on target 'SwiftyLLVM' in project 'Swifty-LLVM'
        ➜ Explicit dependency on target 'llvmshims' in project 'Swifty-LLVM'
    Target 'SwiftyLLVM' in project 'Swifty-LLVM'
        ➜ Explicit dependency on target 'llvmc' in project 'Swifty-LLVM'
        ➜ Explicit dependency on target 'llvmshims' in project 'Swifty-LLVM'
    Target 'llvmshims' in project 'Swifty-LLVM'
        ➜ Explicit dependency on target 'llvmc' in project 'Swifty-LLVM'
    Target 'llvmc' in project 'Swifty-LLVM' (no dependencies)
GatherProvisioningInputs
CreateBuildDescription
ClangStatCache /Applications/Xcode-27.0.0.app/Contents/Developer/Toolchains/XcodeDefault.xctoolchain/usr/bin/clang-stat-cache /Applications/Xcode-27.0.0.app/Contents/Developer/Platforms/WatchOS.platform/Developer/SDKs/WatchOS27.0.sdk /Users/admin/builder/spi-builder-workspace/.derivedData/SDKStatCaches.noindex/watchos27.0-24R360-e829b21a6f8c9b70876ba0858053c044b9db9bc9c079ee3c7b5f3373b13d10bc.sdkstatcache
    cd /Users/admin/builder/spi-builder-workspace/.swiftpm/xcode
    /Applications/Xcode-27.0.0.app/Contents/Developer/Toolchains/XcodeDefault.xctoolchain/usr/bin/clang-stat-cache /Applications/Xcode-27.0.0.app/Contents/Developer/Platforms/WatchOS.platform/Developer/SDKs/WatchOS27.0.sdk -o /Users/admin/builder/spi-builder-workspace/.derivedData/SDKStatCaches.noindex/watchos27.0-24R360-e829b21a6f8c9b70876ba0858053c044b9db9bc9c079ee3c7b5f3373b13d10bc.sdkstatcache
CompileC /Users/admin/builder/spi-builder-workspace/.derivedData/Build/Intermediates.noindex/Swifty-LLVM.build/Debug-watchos/llvmshims-t.build/Objects-normal/arm64/shim.o /Users/admin/builder/spi-builder-workspace/Sources/llvmshims/src/shim.cc normal arm64 c++ com.apple.compilers.llvm.clang.1_0.compiler (in target 'llvmshims' from project 'Swifty-LLVM')
    cd /Users/admin/builder/spi-builder-workspace/.swiftpm/xcode

    Using response file: /Users/admin/builder/spi-builder-workspace/.derivedData/Build/Intermediates.noindex/Swifty-LLVM.build/Debug-watchos/llvmshims-t.build/Objects-normal/arm64/82b82416624d2658e5098eb0a28c15c5-common-args.resp

    /Applications/Xcode-27.0.0.app/Contents/Developer/Toolchains/XcodeDefault.xctoolchain/usr/bin/clang -x c++ -ivfsstatcache /Users/admin/builder/spi-builder-workspace/.derivedData/SDKStatCaches.noindex/watchos27.0-24R360-e829b21a6f8c9b70876ba0858053c044b9db9bc9c079ee3c7b5f3373b13d10bc.sdkstatcache -target arm64-apple-watchos9.0 -fmessage-length\=0 -fdiagnostics-show-note-include-stack -fmacro-backtrace-limit\=0 -fno-color-diagnostics -fmodules-prune-interval\=86400 -fmodules-prune-after\=345600 -fbuild-session-file\=/Users/admin/builder/spi-builder-workspace/.derivedData/ModuleCache.noindex/Session.modulevalidation -fmodules-validate-once-per-build-session -Wnon-modular-include-in-framework-module -Werror\=non-modular-include-in-framework-module -Wno-trigraphs -Wno-missing-field-initializers -Wno-missing-prototypes -Wno-return-type -Wno-non-virtual-dtor -Wno-overloaded-virtual -Wno-exit-time-destructors -Wno-missing-braces -Wparentheses -Wswitch -Wno-unused-function -Wno-unused-label -Wno-unused-parameter -Wno-unused-variable -Wunused-value -Wno-empty-body -Wno-uninitialized -Wno-unknown-pragmas -Wno-shadow -Wno-four-char-constants -Wno-conversion -Wno-constant-conversion -Wno-int-conversion -Wno-bool-conversion -Wno-enum-conversion -Wno-float-conversion -Wno-non-literal-null-conversion -Wno-objc-literal-conversion -Wshorten-64-to-32 -Wno-newline-eof -Wno-c++11-extensions -Wno-implicit-fallthrough -isysroot /Applications/Xcode-27.0.0.app/Contents/Developer/Platforms/WatchOS.platform/Developer/SDKs/WatchOS27.0.sdk -fstrict-aliasing -Wdeprecated-declarations -Winvalid-offsetof -Wno-sign-conversion -Wno-infinite-recursion -Wno-move -Wno-comma -Wno-block-capture-autoreleasing -Wno-strict-prototypes -Wno-range-loop-analysis -Wno-semicolon-before-method-body -index-store-path /Users/admin/builder/spi-builder-workspace/.derivedData/Index.noindex/DataStore @/Users/admin/builder/spi-builder-workspace/.derivedData/Build/Intermediates.noindex/Swifty-LLVM.build/Debug-watchos/llvmshims-t.build/Objects-normal/arm64/82b82416624d2658e5098eb0a28c15c5-common-args.resp -MMD -MT dependencies -MF /Users/admin/builder/spi-builder-workspace/.derivedData/Build/Intermediates.noindex/Swifty-LLVM.build/Debug-watchos/llvmshims-t.build/Objects-normal/arm64/shim.d --serialize-diagnostics /Users/admin/builder/spi-builder-workspace/.derivedData/Build/Intermediates.noindex/Swifty-LLVM.build/Debug-watchos/llvmshims-t.build/Objects-normal/arm64/shim.dia -c /Users/admin/builder/spi-builder-workspace/Sources/llvmshims/src/shim.cc -o /Users/admin/builder/spi-builder-workspace/.derivedData/Build/Intermediates.noindex/Swifty-LLVM.build/Debug-watchos/llvmshims-t.build/Objects-normal/arm64/shim.o -index-unit-output-path /Swifty-LLVM.build/Debug-watchos/llvmshims-t.build/Objects-normal/arm64/shim.o
In file included from /Users/admin/builder/spi-builder-workspace/Sources/llvmshims/src/shim.cc:22:
/Users/admin/builder/spi-builder-workspace/Sources/llvmshims/include/shim.h:4:10: fatal error: 'llvm-c/ExternC.h' file not found
    4 | #include "llvm-c/ExternC.h"
      |          ^~~~~~~~~~~~~~~~~~
1 error generated.
CompileC /Users/admin/builder/spi-builder-workspace/.derivedData/Build/Intermediates.noindex/Swifty-LLVM.build/Debug-watchos/llvmshims-t.build/Objects-normal/arm64_32/shim.o /Users/admin/builder/spi-builder-workspace/Sources/llvmshims/src/shim.cc normal arm64_32 c++ com.apple.compilers.llvm.clang.1_0.compiler (in target 'llvmshims' from project 'Swifty-LLVM')
    cd /Users/admin/builder/spi-builder-workspace/.swiftpm/xcode

    Using response file: /Users/admin/builder/spi-builder-workspace/.derivedData/Build/Intermediates.noindex/Swifty-LLVM.build/Debug-watchos/llvmshims-t.build/Objects-normal/arm64_32/82b82416624d2658e5098eb0a28c15c5-common-args.resp

    /Applications/Xcode-27.0.0.app/Contents/Developer/Toolchains/XcodeDefault.xctoolchain/usr/bin/clang -x c++ -ivfsstatcache /Users/admin/builder/spi-builder-workspace/.derivedData/SDKStatCaches.noindex/watchos27.0-24R360-e829b21a6f8c9b70876ba0858053c044b9db9bc9c079ee3c7b5f3373b13d10bc.sdkstatcache -target arm64_32-apple-watchos9.0 -fmessage-length\=0 -fdiagnostics-show-note-include-stack -fmacro-backtrace-limit\=0 -fno-color-diagnostics -fmodules-prune-interval\=86400 -fmodules-prune-after\=345600 -fbuild-session-file\=/Users/admin/builder/spi-builder-workspace/.derivedData/ModuleCache.noindex/Session.modulevalidation -fmodules-validate-once-per-build-session -Wnon-modular-include-in-framework-module -Werror\=non-modular-include-in-framework-module -Wno-trigraphs -Wno-missing-field-initializers -Wno-missing-prototypes -Wno-return-type -Wno-non-virtual-dtor -Wno-overloaded-virtual -Wno-exit-time-destructors -Wno-missing-braces -Wparentheses -Wswitch -Wno-unused-function -Wno-unused-label -Wno-unused-parameter -Wno-unused-variable -Wunused-value -Wno-empty-body -Wno-uninitialized -Wno-unknown-pragmas -Wno-shadow -Wno-four-char-constants -Wno-conversion -Wno-constant-conversion -Wno-int-conversion -Wno-bool-conversion -Wno-enum-conversion -Wno-float-conversion -Wno-non-literal-null-conversion -Wno-objc-literal-conversion -Wno-shorten-64-to-32 -Wno-newline-eof -Wno-c++11-extensions -Wno-implicit-fallthrough -isysroot /Applications/Xcode-27.0.0.app/Contents/Developer/Platforms/WatchOS.platform/Developer/SDKs/WatchOS27.0.sdk -fstrict-aliasing -Wdeprecated-declarations -Winvalid-offsetof -Wno-sign-conversion -Wno-infinite-recursion -Wno-move -Wno-comma -Wno-block-capture-autoreleasing -Wno-strict-prototypes -Wno-range-loop-analysis -Wno-semicolon-before-method-body -index-store-path /Users/admin/builder/spi-builder-workspace/.derivedData/Index.noindex/DataStore @/Users/admin/builder/spi-builder-workspace/.derivedData/Build/Intermediates.noindex/Swifty-LLVM.build/Debug-watchos/llvmshims-t.build/Objects-normal/arm64_32/82b82416624d2658e5098eb0a28c15c5-common-args.resp -MMD -MT dependencies -MF /Users/admin/builder/spi-builder-workspace/.derivedData/Build/Intermediates.noindex/Swifty-LLVM.build/Debug-watchos/llvmshims-t.build/Objects-normal/arm64_32/shim.d --serialize-diagnostics /Users/admin/builder/spi-builder-workspace/.derivedData/Build/Intermediates.noindex/Swifty-LLVM.build/Debug-watchos/llvmshims-t.build/Objects-normal/arm64_32/shim.dia -c /Users/admin/builder/spi-builder-workspace/Sources/llvmshims/src/shim.cc -o /Users/admin/builder/spi-builder-workspace/.derivedData/Build/Intermediates.noindex/Swifty-LLVM.build/Debug-watchos/llvmshims-t.build/Objects-normal/arm64_32/shim.o -index-unit-output-path /Swifty-LLVM.build/Debug-watchos/llvmshims-t.build/Objects-normal/arm64_32/shim.o
In file included from /Users/admin/builder/spi-builder-workspace/Sources/llvmshims/src/shim.cc:22:
/Users/admin/builder/spi-builder-workspace/Sources/llvmshims/include/shim.h:4:10: fatal error: 'llvm-c/ExternC.h' file not found
    4 | #include "llvm-c/ExternC.h"
      |          ^~~~~~~~~~~~~~~~~~
1 error generated.
SwiftDriver SwiftyLLVM normal arm64 com.apple.xcode.tools.swift.compiler (in target 'SwiftyLLVM' from project 'Swifty-LLVM')
    cd /Users/admin/builder/spi-builder-workspace/.swiftpm/xcode
    builtin-SwiftDriver -- /Applications/Xcode-27.0.0.app/Contents/Developer/Toolchains/XcodeDefault.xctoolchain/usr/bin/swiftc -parse-as-library -module-name SwiftyLLVM -Onone @/Users/admin/builder/spi-builder-workspace/.derivedData/Build/Intermediates.noindex/Swifty-LLVM.build/Debug-watchos/SwiftyLLVM-t.build/Objects-normal/arm64/SwiftyLLVM.SwiftFileList -DSWIFT_PACKAGE -DDEBUG -DSWIFT_MODULE_RESOURCE_BUNDLE_UNAVAILABLE -Xcc -fmodule-map-file\=/Users/admin/builder/spi-builder-workspace/Sources/llvmshims/include/module.modulemap -Xcc -fmodule-map-file\=/Users/admin/builder/spi-builder-workspace/Sources/llvmc/module.modulemap -DXcode -enable-experimental-feature AccessLevelOnImport -plugin-path /Applications/Xcode-27.0.0.app/Contents/Developer/Toolchains/XcodeDefault.xctoolchain/usr/lib/swift/host/plugins/testing -enable-experimental-feature DebugDescriptionMacro -sdk /Applications/Xcode-27.0.0.app/Contents/Developer/Platforms/WatchOS.platform/Developer/SDKs/WatchOS27.0.sdk -target arm64-apple-watchos9.0 -g -module-cache-path /Users/admin/builder/spi-builder-workspace/.derivedData/ModuleCache.noindex -Xfrontend -serialize-debugging-options -profile-coverage-mapping -profile-generate -enable-testing -index-store-path /Users/admin/builder/spi-builder-workspace/.derivedData/Index.noindex/DataStore -Xcc -D_LIBCPP_HARDENING_MODE\=_LIBCPP_HARDENING_MODE_DEBUG -swift-version 6 -I /Users/admin/builder/spi-builder-workspace/.derivedData/Build/Products/Debug-watchos -Isystem /Applications/Xcode-27.0.0.app/Contents/Developer/Platforms/WatchOS.platform/Developer/usr/lib -F /Users/admin/builder/spi-builder-workspace/.derivedData/Build/Products/Debug-watchos/PackageFrameworks -F /Users/admin/builder/spi-builder-workspace/.derivedData/Build/Products/Debug-watchos -F /Applications/Xcode-27.0.0.app/Contents/Developer/Platforms/WatchOS.platform/Developer/Library/Frameworks -F /Applications/Xcode-27.0.0.app/Contents/Developer/Platforms/WatchOS.platform/Developer/SDKs/WatchOS27.0.sdk/Developer/Library/Frameworks -c -j10 -enable-batch-mode -incremental -Xcc -ivfsstatcache -Xcc /Users/admin/builder/spi-builder-workspace/.derivedData/SDKStatCaches.noindex/watchos27.0-24R360-e829b21a6f8c9b70876ba0858053c044b9db9bc9c079ee3c7b5f3373b13d10bc.sdkstatcache -output-file-map /Users/admin/builder/spi-builder-workspace/.derivedData/Build/Intermediates.noindex/Swifty-LLVM.build/Debug-watchos/SwiftyLLVM-t.build/Objects-normal/arm64/SwiftyLLVM-OutputFileMap.json -save-temps -no-color-diagnostics -explicit-module-build -module-cache-path /Users/admin/builder/spi-builder-workspace/.derivedData/Build/Intermediates.noindex/SwiftExplicitPrecompiledModules -clang-scanner-module-cache-path /Users/admin/builder/spi-builder-workspace/.derivedData/ModuleCache.noindex -sdk-module-cache-path /Users/admin/builder/spi-builder-workspace/.derivedData/SDKExplicitPrecompiledModules -emit-dependencies -emit-module -emit-module-path /Users/admin/builder/spi-builder-workspace/.derivedData/Build/Intermediates.noindex/Swifty-LLVM.build/Debug-watchos/SwiftyLLVM-t.build/Objects-normal/arm64/SwiftyLLVM.swiftmodule -serialize-diagnostics -dependency-scan-serialize-diagnostics-path /Users/admin/builder/spi-builder-workspace/.derivedData/Build/Intermediates.noindex/Swifty-LLVM.build/Debug-watchos/SwiftyLLVM-t.build/Objects-normal/arm64/SwiftyLLVM-dependency-scan.dia -validate-clang-modules-once -clang-build-session-file /Users/admin/builder/spi-builder-workspace/.derivedData/ModuleCache.noindex/Session.modulevalidation -Xcc -fmodules-prune-interval\=86400 -Xcc -fmodules-prune-after\=345600 -package-name spi_builder_workspace -emit-const-values -const-gather-protocols-list /Users/admin/builder/spi-builder-workspace/.derivedData/Build/Intermediates.noindex/Swifty-LLVM.build/Debug-watchos/SwiftyLLVM-t.build/Objects-normal/arm64/SwiftyLLVM_const_extract_protocols.json -Xcc -I/Users/admin/builder/spi-builder-workspace/Sources/llvmshims/include -Xcc -I/Users/admin/builder/spi-builder-workspace/.derivedData/Build/Products/Debug-watchos/include -Xcc -I/Users/admin/builder/spi-builder-workspace/.derivedData/Build/Intermediates.noindex/Swifty-LLVM.build/Debug-watchos/SwiftyLLVM-t.build/DerivedSources-normal/arm64 -Xcc -I/Users/admin/builder/spi-builder-workspace/.derivedData/Build/Intermediates.noindex/Swifty-LLVM.build/Debug-watchos/SwiftyLLVM-t.build/DerivedSources/arm64 -Xcc -I/Users/admin/builder/spi-builder-workspace/.derivedData/Build/Intermediates.noindex/Swifty-LLVM.build/Debug-watchos/SwiftyLLVM-t.build/DerivedSources -Xcc -DSWIFT_PACKAGE -Xcc -DDEBUG\=1 -emit-objc-header -emit-objc-header-path /Users/admin/builder/spi-builder-workspace/.derivedData/Build/Intermediates.noindex/Swifty-LLVM.build/Debug-watchos/SwiftyLLVM-t.build/Objects-normal/arm64/SwiftyLLVM-Swift.h -working-directory /Users/admin/builder/spi-builder-workspace/.swiftpm/xcode -experimental-emit-module-separately -disable-cmo
error: Clang dependency scanning failure: While building module 'llvmc' imported from module-include.input:1:
In file included from <module-includes>:1:
/Users/admin/builder/spi-builder-workspace/Sources/llvmc/llvmc.h:1:10: fatal error: 'llvm-c/Analysis.h' file not found
module-include.input:1:1: fatal error: could not build module 'llvmc'
 (in target 'SwiftyLLVM' from project 'Swifty-LLVM')
error: Clang dependency scanning failure: While building module 'llvmshims' imported from module-include.input:1:
In file included from <module-includes>:1:
/Users/admin/builder/spi-builder-workspace/Sources/llvmshims/include/shim.h:4:10: fatal error: 'llvm-c/ExternC.h' file not found
module-include.input:1:1: fatal error: could not build module 'llvmshims'
 (in target 'SwiftyLLVM' from project 'Swifty-LLVM')
/Users/admin/builder/spi-builder-workspace/Sources/SwiftyLLVM/AtomicOrdering.swift:1:17: error: Unable to resolve module dependency: 'llvmc' (in target 'SwiftyLLVM' from project 'Swifty-LLVM')
    note: A dependency of main module 'SwiftyLLVM'
    /Users/admin/builder/spi-builder-workspace/Sources/SwiftyLLVM/AtomicRMWBinOp.swift:1:17: note: Also imported here
    /Users/admin/builder/spi-builder-workspace/Sources/SwiftyLLVM/Attribute.swift:1:17: note: Also imported here
    /Users/admin/builder/spi-builder-workspace/Sources/SwiftyLLVM/Backend.swift:1:17: note: Also imported here
    /Users/admin/builder/spi-builder-workspace/Sources/SwiftyLLVM/BasicBlock.swift:1:17: note: Also imported here
    /Users/admin/builder/spi-builder-workspace/Sources/SwiftyLLVM/CodeGenerationKind.swift:1:17: note: Also imported here
    /Users/admin/builder/spi-builder-workspace/Sources/SwiftyLLVM/CodeModel.swift:1:17: note: Also imported here
    /Users/admin/builder/spi-builder-workspace/Sources/SwiftyLLVM/DataLayout.swift:1:17: note: Also imported here
    /Users/admin/builder/spi-builder-workspace/Sources/SwiftyLLVM/FastMathFlags.swift:1:17: note: Also imported here
    /Users/admin/builder/spi-builder-workspace/Sources/SwiftyLLVM/InsertionPoint.swift:1:17: note: Also imported here
    /Users/admin/builder/spi-builder-workspace/Sources/SwiftyLLVM/Linkage.swift:1:17: note: Also imported here
    /Users/admin/builder/spi-builder-workspace/Sources/SwiftyLLVM/MemoryBuffer.swift:1:17: note: Also imported here
    /Users/admin/builder/spi-builder-workspace/Sources/SwiftyLLVM/Module.swift:1:17: note: Also imported here
    /Users/admin/builder/spi-builder-workspace/Sources/SwiftyLLVM/OptimizationLevel.swift:1:17: note: Also imported here
    /Users/admin/builder/spi-builder-workspace/Sources/SwiftyLLVM/Refs.swift:1:17: note: Also imported here
    /Users/admin/builder/spi-builder-workspace/Sources/SwiftyLLVM/RelocationModel.swift:1:17: note: Also imported here
    /Users/admin/builder/spi-builder-workspace/Sources/SwiftyLLVM/Target.swift:1:17: note: Also imported here
    /Users/admin/builder/spi-builder-workspace/Sources/SwiftyLLVM/TargetMachine.swift:1:17: note: Also imported here
    /Users/admin/builder/spi-builder-workspace/Sources/SwiftyLLVM/TargetSpecification.swift:1:17: note: Also imported here
    /Users/admin/builder/spi-builder-workspace/Sources/SwiftyLLVM/Types/AnyType.swift:1:17: note: Also imported here
    /Users/admin/builder/spi-builder-workspace/Sources/SwiftyLLVM/Types/ArrayType.swift:1:17: note: Also imported here
    /Users/admin/builder/spi-builder-workspace/Sources/SwiftyLLVM/Types/FloatingPointType.swift:1:17: note: Also imported here
    /Users/admin/builder/spi-builder-workspace/Sources/SwiftyLLVM/Types/FunctionType.swift:1:17: note: Also imported here
    /Users/admin/builder/spi-builder-workspace/Sources/SwiftyLLVM/Types/IRType.swift:1:17: note: Also imported here
    /Users/admin/builder/spi-builder-workspace/Sources/SwiftyLLVM/Types/IntegerType.swift:1:17: note: Also imported here
    /Users/admin/builder/spi-builder-workspace/Sources/SwiftyLLVM/Types/PointerType.swift:1:17: note: Also imported here
    /Users/admin/builder/spi-builder-workspace/Sources/SwiftyLLVM/Types/StructType.swift:1:17: note: Also imported here
    /Users/admin/builder/spi-builder-workspace/Sources/SwiftyLLVM/Types/VoidType.swift:1:17: note: Also imported here
    /Users/admin/builder/spi-builder-workspace/Sources/SwiftyLLVM/Values/Constants/AggregateConstant.swift:1:17: note: Also imported here
    /Users/admin/builder/spi-builder-workspace/Sources/SwiftyLLVM/Values/Constants/AnyValue.swift:1:17: note: Also imported here
    /Users/admin/builder/spi-builder-workspace/Sources/SwiftyLLVM/Values/Constants/ArrayConstant.swift:1:17: note: Also imported here
    /Users/admin/builder/spi-builder-workspace/Sources/SwiftyLLVM/Values/Constants/FloatingPointConstant.swift:1:17: note: Also imported here
    /Users/admin/builder/spi-builder-workspace/Sources/SwiftyLLVM/Values/Constants/Function+Attributes.swift:1:17: note: Also imported here
    /Users/admin/builder/spi-builder-workspace/Sources/SwiftyLLVM/Values/Constants/Function.swift:1:17: note: Also imported here
    /Users/admin/builder/spi-builder-workspace/Sources/SwiftyLLVM/Values/Constants/IntegerConstant.swift:1:17: note: Also imported here
    /Users/admin/builder/spi-builder-workspace/Sources/SwiftyLLVM/Values/Constants/IntrinsicFunction.swift:1:17: note: Also imported here
    /Users/admin/builder/spi-builder-workspace/Sources/SwiftyLLVM/Values/Constants/Parameter+Attributes.swift:1:17: note: Also imported here
    /Users/admin/builder/spi-builder-workspace/Sources/SwiftyLLVM/Values/Constants/Parameter.swift:1:17: note: Also imported here
    /Users/admin/builder/spi-builder-workspace/Sources/SwiftyLLVM/Values/Constants/Poison.swift:1:17: note: Also imported here
    /Users/admin/builder/spi-builder-workspace/Sources/SwiftyLLVM/Values/Constants/StringConstant.swift:1:17: note: Also imported here
    /Users/admin/builder/spi-builder-workspace/Sources/SwiftyLLVM/Values/Constants/StructConstant.swift:1:17: note: Also imported here
    /Users/admin/builder/spi-builder-workspace/Sources/SwiftyLLVM/Values/Constants/Undefined.swift:1:17: note: Also imported here
    /Users/admin/builder/spi-builder-workspace/Sources/SwiftyLLVM/Values/Global.swift:1:17: note: Also imported here
    /Users/admin/builder/spi-builder-workspace/Sources/SwiftyLLVM/Values/GlobalVariable.swift:1:17: note: Also imported here
    /Users/admin/builder/spi-builder-workspace/Sources/SwiftyLLVM/Values/IRValue.swift:1:17: note: Also imported here
    /Users/admin/builder/spi-builder-workspace/Sources/SwiftyLLVM/Values/Instructions/Alloca.swift:1:17: note: Also imported here
    /Users/admin/builder/spi-builder-workspace/Sources/SwiftyLLVM/Values/Instructions/AnyInstruction.swift:1:17: note: Also imported here
    /Users/admin/builder/spi-builder-workspace/Sources/SwiftyLLVM/Values/Instructions/FloatingPointPredicate.swift:1:17: note: Also imported here
    /Users/admin/builder/spi-builder-workspace/Sources/SwiftyLLVM/Values/Instructions/IRInstruction.swift:1:17: note: Also imported here
    /Users/admin/builder/spi-builder-workspace/Sources/SwiftyLLVM/Values/Instructions/IntegerPredicate.swift:1:17: note: Also imported here
    /Users/admin/builder/spi-builder-workspace/Sources/SwiftyLLVM/Values/Instructions/Load.swift:1:17: note: Also imported here
    /Users/admin/builder/spi-builder-workspace/Sources/SwiftyLLVM/Values/Instructions/Operands.swift:1:17: note: Also imported here
    /Users/admin/builder/spi-builder-workspace/Sources/SwiftyLLVM/Values/Instructions/Store.swift:1:17: note: Also imported here
/Users/admin/builder/spi-builder-workspace/Sources/SwiftyLLVM/Backend.swift:2:17: error: Unable to resolve module dependency: 'llvmshims' (in target 'SwiftyLLVM' from project 'Swifty-LLVM')
    note: A dependency of main module 'SwiftyLLVM'
    /Users/admin/builder/spi-builder-workspace/Sources/SwiftyLLVM/DataLayout.swift:2:17: note: Also imported here
    /Users/admin/builder/spi-builder-workspace/Sources/SwiftyLLVM/Module.swift:2:17: note: Also imported here
    /Users/admin/builder/spi-builder-workspace/Sources/SwiftyLLVM/OptimizationLevel.swift:2:17: note: Also imported here
    /Users/admin/builder/spi-builder-workspace/Sources/SwiftyLLVM/Target.swift:2:17: note: Also imported here
    /Users/admin/builder/spi-builder-workspace/Sources/SwiftyLLVM/Types/FunctionType.swift:2:17: note: Also imported here
    /Users/admin/builder/spi-builder-workspace/Sources/SwiftyLLVM/Values/Constants/Parameter.swift:2:17: note: Also imported here
    /Users/admin/builder/spi-builder-workspace/Sources/SwiftyLLVM/Values/GlobalVariable.swift:2:17: note: Also imported here
error: Clang dependency scanning failure: While building module 'llvmc' imported from module-include.input:1:
In file included from <module-includes>:1:
/Users/admin/builder/spi-builder-workspace/Sources/llvmc/llvmc.h:1:10: fatal error: 'llvm-c/Analysis.h' file not found
module-include.input:1:1: fatal error: could not build module 'llvmc'
 (in target 'SwiftyLLVM' from project 'Swifty-LLVM')
error: Clang dependency scanning failure: While building module 'llvmshims' imported from module-include.input:1:
In file included from <module-includes>:1:
/Users/admin/builder/spi-builder-workspace/Sources/llvmshims/include/shim.h:4:10: fatal error: 'llvm-c/ExternC.h' file not found
module-include.input:1:1: fatal error: could not build module 'llvmshims'
 (in target 'SwiftyLLVM' from project 'Swifty-LLVM')
/Users/admin/builder/spi-builder-workspace/Sources/SwiftyLLVM/AtomicOrdering.swift:1:17: note: A dependency of main module 'SwiftyLLVM'
internal import llvmc
                ^ (in target 'SwiftyLLVM' from project 'Swifty-LLVM')
/Users/admin/builder/spi-builder-workspace/Sources/SwiftyLLVM/AtomicRMWBinOp.swift:1:17: note: Also imported here
internal import llvmc
                ^ (in target 'SwiftyLLVM' from project 'Swifty-LLVM')
/Users/admin/builder/spi-builder-workspace/Sources/SwiftyLLVM/Attribute.swift:1:17: note: Also imported here
internal import llvmc
                ^ (in target 'SwiftyLLVM' from project 'Swifty-LLVM')
/Users/admin/builder/spi-builder-workspace/Sources/SwiftyLLVM/Backend.swift:1:17: note: Also imported here
internal import llvmc
                ^ (in target 'SwiftyLLVM' from project 'Swifty-LLVM')
/Users/admin/builder/spi-builder-workspace/Sources/SwiftyLLVM/BasicBlock.swift:1:17: note: Also imported here
internal import llvmc
                ^ (in target 'SwiftyLLVM' from project 'Swifty-LLVM')
/Users/admin/builder/spi-builder-workspace/Sources/SwiftyLLVM/CodeGenerationKind.swift:1:17: note: Also imported here
internal import llvmc
                ^ (in target 'SwiftyLLVM' from project 'Swifty-LLVM')
/Users/admin/builder/spi-builder-workspace/Sources/SwiftyLLVM/CodeModel.swift:1:17: note: Also imported here
internal import llvmc
                ^ (in target 'SwiftyLLVM' from project 'Swifty-LLVM')
/Users/admin/builder/spi-builder-workspace/Sources/SwiftyLLVM/DataLayout.swift:1:17: note: Also imported here
internal import llvmc
                ^ (in target 'SwiftyLLVM' from project 'Swifty-LLVM')
/Users/admin/builder/spi-builder-workspace/Sources/SwiftyLLVM/FastMathFlags.swift:1:17: note: Also imported here
internal import llvmc
                ^ (in target 'SwiftyLLVM' from project 'Swifty-LLVM')
/Users/admin/builder/spi-builder-workspace/Sources/SwiftyLLVM/InsertionPoint.swift:1:17: note: Also imported here
internal import llvmc
                ^ (in target 'SwiftyLLVM' from project 'Swifty-LLVM')
/Users/admin/builder/spi-builder-workspace/Sources/SwiftyLLVM/Linkage.swift:1:17: note: Also imported here
internal import llvmc
                ^ (in target 'SwiftyLLVM' from project 'Swifty-LLVM')
/Users/admin/builder/spi-builder-workspace/Sources/SwiftyLLVM/MemoryBuffer.swift:1:17: note: Also imported here
internal import llvmc
                ^ (in target 'SwiftyLLVM' from project 'Swifty-LLVM')
/Users/admin/builder/spi-builder-workspace/Sources/SwiftyLLVM/Module.swift:1:17: note: Also imported here
internal import llvmc
                ^ (in target 'SwiftyLLVM' from project 'Swifty-LLVM')
/Users/admin/builder/spi-builder-workspace/Sources/SwiftyLLVM/OptimizationLevel.swift:1:17: note: Also imported here
internal import llvmc
                ^ (in target 'SwiftyLLVM' from project 'Swifty-LLVM')
/Users/admin/builder/spi-builder-workspace/Sources/SwiftyLLVM/Refs.swift:1:17: note: Also imported here
internal import llvmc
                ^ (in target 'SwiftyLLVM' from project 'Swifty-LLVM')
/Users/admin/builder/spi-builder-workspace/Sources/SwiftyLLVM/RelocationModel.swift:1:17: note: Also imported here
internal import llvmc
                ^ (in target 'SwiftyLLVM' from project 'Swifty-LLVM')
/Users/admin/builder/spi-builder-workspace/Sources/SwiftyLLVM/Target.swift:1:17: note: Also imported here
internal import llvmc
                ^ (in target 'SwiftyLLVM' from project 'Swifty-LLVM')
/Users/admin/builder/spi-builder-workspace/Sources/SwiftyLLVM/TargetMachine.swift:1:17: note: Also imported here
internal import llvmc
                ^ (in target 'SwiftyLLVM' from project 'Swifty-LLVM')
/Users/admin/builder/spi-builder-workspace/Sources/SwiftyLLVM/TargetSpecification.swift:1:17: note: Also imported here
internal import llvmc
                ^ (in target 'SwiftyLLVM' from project 'Swifty-LLVM')
/Users/admin/builder/spi-builder-workspace/Sources/SwiftyLLVM/Types/AnyType.swift:1:17: note: Also imported here
internal import llvmc
                ^ (in target 'SwiftyLLVM' from project 'Swifty-LLVM')
/Users/admin/builder/spi-builder-workspace/Sources/SwiftyLLVM/Types/ArrayType.swift:1:17: note: Also imported here
internal import llvmc
                ^ (in target 'SwiftyLLVM' from project 'Swifty-LLVM')
/Users/admin/builder/spi-builder-workspace/Sources/SwiftyLLVM/Types/FloatingPointType.swift:1:17: note: Also imported here
internal import llvmc
                ^ (in target 'SwiftyLLVM' from project 'Swifty-LLVM')
/Users/admin/builder/spi-builder-workspace/Sources/SwiftyLLVM/Types/FunctionType.swift:1:17: note: Also imported here
internal import llvmc
                ^ (in target 'SwiftyLLVM' from project 'Swifty-LLVM')
/Users/admin/builder/spi-builder-workspace/Sources/SwiftyLLVM/Types/IRType.swift:1:17: note: Also imported here
internal import llvmc
                ^ (in target 'SwiftyLLVM' from project 'Swifty-LLVM')
/Users/admin/builder/spi-builder-workspace/Sources/SwiftyLLVM/Types/IntegerType.swift:1:17: note: Also imported here
internal import llvmc
                ^ (in target 'SwiftyLLVM' from project 'Swifty-LLVM')
/Users/admin/builder/spi-builder-workspace/Sources/SwiftyLLVM/Types/PointerType.swift:1:17: note: Also imported here
internal import llvmc
                ^ (in target 'SwiftyLLVM' from project 'Swifty-LLVM')
/Users/admin/builder/spi-builder-workspace/Sources/SwiftyLLVM/Types/StructType.swift:1:17: note: Also imported here
internal import llvmc
                ^ (in target 'SwiftyLLVM' from project 'Swifty-LLVM')
/Users/admin/builder/spi-builder-workspace/Sources/SwiftyLLVM/Types/VoidType.swift:1:17: note: Also imported here
internal import llvmc
                ^ (in target 'SwiftyLLVM' from project 'Swifty-LLVM')
/Users/admin/builder/spi-builder-workspace/Sources/SwiftyLLVM/Values/Constants/AggregateConstant.swift:1:17: note: Also imported here
internal import llvmc
                ^ (in target 'SwiftyLLVM' from project 'Swifty-LLVM')
/Users/admin/builder/spi-builder-workspace/Sources/SwiftyLLVM/Values/Constants/AnyValue.swift:1:17: note: Also imported here
internal import llvmc
                ^ (in target 'SwiftyLLVM' from project 'Swifty-LLVM')
/Users/admin/builder/spi-builder-workspace/Sources/SwiftyLLVM/Values/Constants/ArrayConstant.swift:1:17: note: Also imported here
internal import llvmc
                ^ (in target 'SwiftyLLVM' from project 'Swifty-LLVM')
/Users/admin/builder/spi-builder-workspace/Sources/SwiftyLLVM/Values/Constants/FloatingPointConstant.swift:1:17: note: Also imported here
internal import llvmc
                ^ (in target 'SwiftyLLVM' from project 'Swifty-LLVM')
/Users/admin/builder/spi-builder-workspace/Sources/SwiftyLLVM/Values/Constants/Function+Attributes.swift:1:17: note: Also imported here
internal import llvmc
                ^ (in target 'SwiftyLLVM' from project 'Swifty-LLVM')
/Users/admin/builder/spi-builder-workspace/Sources/SwiftyLLVM/Values/Constants/Function.swift:1:17: note: Also imported here
internal import llvmc
                ^ (in target 'SwiftyLLVM' from project 'Swifty-LLVM')
/Users/admin/builder/spi-builder-workspace/Sources/SwiftyLLVM/Values/Constants/IntegerConstant.swift:1:17: note: Also imported here
internal import llvmc
                ^ (in target 'SwiftyLLVM' from project 'Swifty-LLVM')
/Users/admin/builder/spi-builder-workspace/Sources/SwiftyLLVM/Values/Constants/IntrinsicFunction.swift:1:17: note: Also imported here
internal import llvmc
                ^ (in target 'SwiftyLLVM' from project 'Swifty-LLVM')
/Users/admin/builder/spi-builder-workspace/Sources/SwiftyLLVM/Values/Constants/Parameter+Attributes.swift:1:17: note: Also imported here
internal import llvmc
                ^ (in target 'SwiftyLLVM' from project 'Swifty-LLVM')
/Users/admin/builder/spi-builder-workspace/Sources/SwiftyLLVM/Values/Constants/Parameter.swift:1:17: note: Also imported here
internal import llvmc
                ^ (in target 'SwiftyLLVM' from project 'Swifty-LLVM')
/Users/admin/builder/spi-builder-workspace/Sources/SwiftyLLVM/Values/Constants/Poison.swift:1:17: note: Also imported here
internal import llvmc
                ^ (in target 'SwiftyLLVM' from project 'Swifty-LLVM')
/Users/admin/builder/spi-builder-workspace/Sources/SwiftyLLVM/Values/Constants/StringConstant.swift:1:17: note: Also imported here
internal import llvmc
                ^ (in target 'SwiftyLLVM' from project 'Swifty-LLVM')
/Users/admin/builder/spi-builder-workspace/Sources/SwiftyLLVM/Values/Constants/StructConstant.swift:1:17: note: Also imported here
internal import llvmc
                ^ (in target 'SwiftyLLVM' from project 'Swifty-LLVM')
/Users/admin/builder/spi-builder-workspace/Sources/SwiftyLLVM/Values/Constants/Undefined.swift:1:17: note: Also imported here
internal import llvmc
                ^ (in target 'SwiftyLLVM' from project 'Swifty-LLVM')
/Users/admin/builder/spi-builder-workspace/Sources/SwiftyLLVM/Values/Global.swift:1:17: note: Also imported here
internal import llvmc
                ^ (in target 'SwiftyLLVM' from project 'Swifty-LLVM')
/Users/admin/builder/spi-builder-workspace/Sources/SwiftyLLVM/Values/GlobalVariable.swift:1:17: note: Also imported here
internal import llvmc
                ^ (in target 'SwiftyLLVM' from project 'Swifty-LLVM')
/Users/admin/builder/spi-builder-workspace/Sources/SwiftyLLVM/Values/IRValue.swift:1:17: note: Also imported here
internal import llvmc
                ^ (in target 'SwiftyLLVM' from project 'Swifty-LLVM')
/Users/admin/builder/spi-builder-workspace/Sources/SwiftyLLVM/Values/Instructions/Alloca.swift:1:17: note: Also imported here
internal import llvmc
                ^ (in target 'SwiftyLLVM' from project 'Swifty-LLVM')
/Users/admin/builder/spi-builder-workspace/Sources/SwiftyLLVM/Values/Instructions/AnyInstruction.swift:1:17: note: Also imported here
internal import llvmc
                ^ (in target 'SwiftyLLVM' from project 'Swifty-LLVM')
/Users/admin/builder/spi-builder-workspace/Sources/SwiftyLLVM/Values/Instructions/FloatingPointPredicate.swift:1:17: note: Also imported here
internal import llvmc
                ^ (in target 'SwiftyLLVM' from project 'Swifty-LLVM')
/Users/admin/builder/spi-builder-workspace/Sources/SwiftyLLVM/Values/Instructions/IRInstruction.swift:1:17: note: Also imported here
internal import llvmc
                ^ (in target 'SwiftyLLVM' from project 'Swifty-LLVM')
/Users/admin/builder/spi-builder-workspace/Sources/SwiftyLLVM/Values/Instructions/IntegerPredicate.swift:1:17: note: Also imported here
internal import llvmc
                ^ (in target 'SwiftyLLVM' from project 'Swifty-LLVM')
/Users/admin/builder/spi-builder-workspace/Sources/SwiftyLLVM/Values/Instructions/Load.swift:1:17: note: Also imported here
internal import llvmc
                ^ (in target 'SwiftyLLVM' from project 'Swifty-LLVM')
/Users/admin/builder/spi-builder-workspace/Sources/SwiftyLLVM/Values/Instructions/Operands.swift:1:17: note: Also imported here
internal import llvmc
                ^ (in target 'SwiftyLLVM' from project 'Swifty-LLVM')
/Users/admin/builder/spi-builder-workspace/Sources/SwiftyLLVM/Values/Instructions/Store.swift:1:17: note: Also imported here
internal import llvmc
                ^ (in target 'SwiftyLLVM' from project 'Swifty-LLVM')
/Users/admin/builder/spi-builder-workspace/Sources/SwiftyLLVM/Backend.swift:2:17: note: A dependency of main module 'SwiftyLLVM'
internal import llvmshims
                ^ (in target 'SwiftyLLVM' from project 'Swifty-LLVM')
/Users/admin/builder/spi-builder-workspace/Sources/SwiftyLLVM/DataLayout.swift:2:17: note: Also imported here
internal import llvmshims
                ^ (in target 'SwiftyLLVM' from project 'Swifty-LLVM')
/Users/admin/builder/spi-builder-workspace/Sources/SwiftyLLVM/Module.swift:2:17: note: Also imported here
internal import llvmshims
                ^ (in target 'SwiftyLLVM' from project 'Swifty-LLVM')
/Users/admin/builder/spi-builder-workspace/Sources/SwiftyLLVM/OptimizationLevel.swift:2:17: note: Also imported here
internal import llvmshims
                ^ (in target 'SwiftyLLVM' from project 'Swifty-LLVM')
/Users/admin/builder/spi-builder-workspace/Sources/SwiftyLLVM/Target.swift:2:17: note: Also imported here
internal import llvmshims
                ^ (in target 'SwiftyLLVM' from project 'Swifty-LLVM')
/Users/admin/builder/spi-builder-workspace/Sources/SwiftyLLVM/Types/FunctionType.swift:2:17: note: Also imported here
internal import llvmshims
                ^ (in target 'SwiftyLLVM' from project 'Swifty-LLVM')
/Users/admin/builder/spi-builder-workspace/Sources/SwiftyLLVM/Values/Constants/Parameter.swift:2:17: note: Also imported here
internal import llvmshims
                ^ (in target 'SwiftyLLVM' from project 'Swifty-LLVM')
/Users/admin/builder/spi-builder-workspace/Sources/SwiftyLLVM/Values/GlobalVariable.swift:2:17: note: Also imported here
internal import llvmshims
                ^ (in target 'SwiftyLLVM' from project 'Swifty-LLVM')
SwiftDriver SwiftyLLVM normal arm64_32 com.apple.xcode.tools.swift.compiler (in target 'SwiftyLLVM' from project 'Swifty-LLVM')
    cd /Users/admin/builder/spi-builder-workspace/.swiftpm/xcode
    builtin-SwiftDriver -- /Applications/Xcode-27.0.0.app/Contents/Developer/Toolchains/XcodeDefault.xctoolchain/usr/bin/swiftc -parse-as-library -module-name SwiftyLLVM -Onone @/Users/admin/builder/spi-builder-workspace/.derivedData/Build/Intermediates.noindex/Swifty-LLVM.build/Debug-watchos/SwiftyLLVM-t.build/Objects-normal/arm64_32/SwiftyLLVM.SwiftFileList -DSWIFT_PACKAGE -DDEBUG -DSWIFT_MODULE_RESOURCE_BUNDLE_UNAVAILABLE -Xcc -fmodule-map-file\=/Users/admin/builder/spi-builder-workspace/Sources/llvmshims/include/module.modulemap -Xcc -fmodule-map-file\=/Users/admin/builder/spi-builder-workspace/Sources/llvmc/module.modulemap -DXcode -enable-experimental-feature AccessLevelOnImport -plugin-path /Applications/Xcode-27.0.0.app/Contents/Developer/Toolchains/XcodeDefault.xctoolchain/usr/lib/swift/host/plugins/testing -enable-experimental-feature DebugDescriptionMacro -sdk /Applications/Xcode-27.0.0.app/Contents/Developer/Platforms/WatchOS.platform/Developer/SDKs/WatchOS27.0.sdk -target arm64_32-apple-watchos9.0 -g -module-cache-path /Users/admin/builder/spi-builder-workspace/.derivedData/ModuleCache.noindex -Xfrontend -serialize-debugging-options -profile-coverage-mapping -profile-generate -enable-testing -index-store-path /Users/admin/builder/spi-builder-workspace/.derivedData/Index.noindex/DataStore -Xcc -D_LIBCPP_HARDENING_MODE\=_LIBCPP_HARDENING_MODE_DEBUG -swift-version 6 -I /Users/admin/builder/spi-builder-workspace/.derivedData/Build/Products/Debug-watchos -Isystem /Applications/Xcode-27.0.0.app/Contents/Developer/Platforms/WatchOS.platform/Developer/usr/lib -F /Users/admin/builder/spi-builder-workspace/.derivedData/Build/Products/Debug-watchos/PackageFrameworks -F /Users/admin/builder/spi-builder-workspace/.derivedData/Build/Products/Debug-watchos -F /Applications/Xcode-27.0.0.app/Contents/Developer/Platforms/WatchOS.platform/Developer/Library/Frameworks -F /Applications/Xcode-27.0.0.app/Contents/Developer/Platforms/WatchOS.platform/Developer/SDKs/WatchOS27.0.sdk/Developer/Library/Frameworks -c -j10 -enable-batch-mode -incremental -Xcc -ivfsstatcache -Xcc /Users/admin/builder/spi-builder-workspace/.derivedData/SDKStatCaches.noindex/watchos27.0-24R360-e829b21a6f8c9b70876ba0858053c044b9db9bc9c079ee3c7b5f3373b13d10bc.sdkstatcache -output-file-map /Users/admin/builder/spi-builder-workspace/.derivedData/Build/Intermediates.noindex/Swifty-LLVM.build/Debug-watchos/SwiftyLLVM-t.build/Objects-normal/arm64_32/SwiftyLLVM-OutputFileMap.json -save-temps -no-color-diagnostics -explicit-module-build -module-cache-path /Users/admin/builder/spi-builder-workspace/.derivedData/Build/Intermediates.noindex/SwiftExplicitPrecompiledModules -clang-scanner-module-cache-path /Users/admin/builder/spi-builder-workspace/.derivedData/ModuleCache.noindex -sdk-module-cache-path /Users/admin/builder/spi-builder-workspace/.derivedData/SDKExplicitPrecompiledModules -emit-dependencies -emit-module -emit-module-path /Users/admin/builder/spi-builder-workspace/.derivedData/Build/Intermediates.noindex/Swifty-LLVM.build/Debug-watchos/SwiftyLLVM-t.build/Objects-normal/arm64_32/SwiftyLLVM.swiftmodule -serialize-diagnostics -dependency-scan-serialize-diagnostics-path /Users/admin/builder/spi-builder-workspace/.derivedData/Build/Intermediates.noindex/Swifty-LLVM.build/Debug-watchos/SwiftyLLVM-t.build/Objects-normal/arm64_32/SwiftyLLVM-dependency-scan.dia -validate-clang-modules-once -clang-build-session-file /Users/admin/builder/spi-builder-workspace/.derivedData/ModuleCache.noindex/Session.modulevalidation -Xcc -fmodules-prune-interval\=86400 -Xcc -fmodules-prune-after\=345600 -package-name spi_builder_workspace -emit-const-values -const-gather-protocols-list /Users/admin/builder/spi-builder-workspace/.derivedData/Build/Intermediates.noindex/Swifty-LLVM.build/Debug-watchos/SwiftyLLVM-t.build/Objects-normal/arm64_32/SwiftyLLVM_const_extract_protocols.json -Xcc -I/Users/admin/builder/spi-builder-workspace/Sources/llvmshims/include -Xcc -I/Users/admin/builder/spi-builder-workspace/.derivedData/Build/Products/Debug-watchos/include -Xcc -I/Users/admin/builder/spi-builder-workspace/.derivedData/Build/Intermediates.noindex/Swifty-LLVM.build/Debug-watchos/SwiftyLLVM-t.build/DerivedSources-normal/arm64_32 -Xcc -I/Users/admin/builder/spi-builder-workspace/.derivedData/Build/Intermediates.noindex/Swifty-LLVM.build/Debug-watchos/SwiftyLLVM-t.build/DerivedSources/arm64_32 -Xcc -I/Users/admin/builder/spi-builder-workspace/.derivedData/Build/Intermediates.noindex/Swifty-LLVM.build/Debug-watchos/SwiftyLLVM-t.build/DerivedSources -Xcc -DSWIFT_PACKAGE -Xcc -DDEBUG\=1 -emit-objc-header -emit-objc-header-path /Users/admin/builder/spi-builder-workspace/.derivedData/Build/Intermediates.noindex/Swifty-LLVM.build/Debug-watchos/SwiftyLLVM-t.build/Objects-normal/arm64_32/SwiftyLLVM-Swift.h -working-directory /Users/admin/builder/spi-builder-workspace/.swiftpm/xcode -experimental-emit-module-separately -disable-cmo
error: Clang dependency scanning failure: While building module 'llvmc' imported from module-include.input:1:
In file included from <module-includes>:1:
/Users/admin/builder/spi-builder-workspace/Sources/llvmc/llvmc.h:1:10: fatal error: 'llvm-c/Analysis.h' file not found
module-include.input:1:1: fatal error: could not build module 'llvmc'
 (in target 'SwiftyLLVM' from project 'Swifty-LLVM')
error: Clang dependency scanning failure: While building module 'llvmshims' imported from module-include.input:1:
In file included from <module-includes>:1:
/Users/admin/builder/spi-builder-workspace/Sources/llvmshims/include/shim.h:4:10: fatal error: 'llvm-c/ExternC.h' file not found
module-include.input:1:1: fatal error: could not build module 'llvmshims'
 (in target 'SwiftyLLVM' from project 'Swifty-LLVM')
/Users/admin/builder/spi-builder-workspace/Sources/SwiftyLLVM/AtomicOrdering.swift:1:17: error: Unable to resolve module dependency: 'llvmc' (in target 'SwiftyLLVM' from project 'Swifty-LLVM')
    note: A dependency of main module 'SwiftyLLVM'
    /Users/admin/builder/spi-builder-workspace/Sources/SwiftyLLVM/AtomicRMWBinOp.swift:1:17: note: Also imported here
    /Users/admin/builder/spi-builder-workspace/Sources/SwiftyLLVM/Attribute.swift:1:17: note: Also imported here
    /Users/admin/builder/spi-builder-workspace/Sources/SwiftyLLVM/Backend.swift:1:17: note: Also imported here
    /Users/admin/builder/spi-builder-workspace/Sources/SwiftyLLVM/BasicBlock.swift:1:17: note: Also imported here
    /Users/admin/builder/spi-builder-workspace/Sources/SwiftyLLVM/CodeGenerationKind.swift:1:17: note: Also imported here
    /Users/admin/builder/spi-builder-workspace/Sources/SwiftyLLVM/CodeModel.swift:1:17: note: Also imported here
    /Users/admin/builder/spi-builder-workspace/Sources/SwiftyLLVM/DataLayout.swift:1:17: note: Also imported here
    /Users/admin/builder/spi-builder-workspace/Sources/SwiftyLLVM/FastMathFlags.swift:1:17: note: Also imported here
    /Users/admin/builder/spi-builder-workspace/Sources/SwiftyLLVM/InsertionPoint.swift:1:17: note: Also imported here
    /Users/admin/builder/spi-builder-workspace/Sources/SwiftyLLVM/Linkage.swift:1:17: note: Also imported here
    /Users/admin/builder/spi-builder-workspace/Sources/SwiftyLLVM/MemoryBuffer.swift:1:17: note: Also imported here
    /Users/admin/builder/spi-builder-workspace/Sources/SwiftyLLVM/Module.swift:1:17: note: Also imported here
    /Users/admin/builder/spi-builder-workspace/Sources/SwiftyLLVM/OptimizationLevel.swift:1:17: note: Also imported here
    /Users/admin/builder/spi-builder-workspace/Sources/SwiftyLLVM/Refs.swift:1:17: note: Also imported here
    /Users/admin/builder/spi-builder-workspace/Sources/SwiftyLLVM/RelocationModel.swift:1:17: note: Also imported here
    /Users/admin/builder/spi-builder-workspace/Sources/SwiftyLLVM/Target.swift:1:17: note: Also imported here
    /Users/admin/builder/spi-builder-workspace/Sources/SwiftyLLVM/TargetMachine.swift:1:17: note: Also imported here
    /Users/admin/builder/spi-builder-workspace/Sources/SwiftyLLVM/TargetSpecification.swift:1:17: note: Also imported here
    /Users/admin/builder/spi-builder-workspace/Sources/SwiftyLLVM/Types/AnyType.swift:1:17: note: Also imported here
    /Users/admin/builder/spi-builder-workspace/Sources/SwiftyLLVM/Types/ArrayType.swift:1:17: note: Also imported here
    /Users/admin/builder/spi-builder-workspace/Sources/SwiftyLLVM/Types/FloatingPointType.swift:1:17: note: Also imported here
    /Users/admin/builder/spi-builder-workspace/Sources/SwiftyLLVM/Types/FunctionType.swift:1:17: note: Also imported here
    /Users/admin/builder/spi-builder-workspace/Sources/SwiftyLLVM/Types/IRType.swift:1:17: note: Also imported here
    /Users/admin/builder/spi-builder-workspace/Sources/SwiftyLLVM/Types/IntegerType.swift:1:17: note: Also imported here
    /Users/admin/builder/spi-builder-workspace/Sources/SwiftyLLVM/Types/PointerType.swift:1:17: note: Also imported here
    /Users/admin/builder/spi-builder-workspace/Sources/SwiftyLLVM/Types/StructType.swift:1:17: note: Also imported here
    /Users/admin/builder/spi-builder-workspace/Sources/SwiftyLLVM/Types/VoidType.swift:1:17: note: Also imported here
    /Users/admin/builder/spi-builder-workspace/Sources/SwiftyLLVM/Values/Constants/AggregateConstant.swift:1:17: note: Also imported here
    /Users/admin/builder/spi-builder-workspace/Sources/SwiftyLLVM/Values/Constants/AnyValue.swift:1:17: note: Also imported here
    /Users/admin/builder/spi-builder-workspace/Sources/SwiftyLLVM/Values/Constants/ArrayConstant.swift:1:17: note: Also imported here
    /Users/admin/builder/spi-builder-workspace/Sources/SwiftyLLVM/Values/Constants/FloatingPointConstant.swift:1:17: note: Also imported here
    /Users/admin/builder/spi-builder-workspace/Sources/SwiftyLLVM/Values/Constants/Function+Attributes.swift:1:17: note: Also imported here
    /Users/admin/builder/spi-builder-workspace/Sources/SwiftyLLVM/Values/Constants/Function.swift:1:17: note: Also imported here
    /Users/admin/builder/spi-builder-workspace/Sources/SwiftyLLVM/Values/Constants/IntegerConstant.swift:1:17: note: Also imported here
    /Users/admin/builder/spi-builder-workspace/Sources/SwiftyLLVM/Values/Constants/IntrinsicFunction.swift:1:17: note: Also imported here
    /Users/admin/builder/spi-builder-workspace/Sources/SwiftyLLVM/Values/Constants/Parameter+Attributes.swift:1:17: note: Also imported here
    /Users/admin/builder/spi-builder-workspace/Sources/SwiftyLLVM/Values/Constants/Parameter.swift:1:17: note: Also imported here
    /Users/admin/builder/spi-builder-workspace/Sources/SwiftyLLVM/Values/Constants/Poison.swift:1:17: note: Also imported here
    /Users/admin/builder/spi-builder-workspace/Sources/SwiftyLLVM/Values/Constants/StringConstant.swift:1:17: note: Also imported here
    /Users/admin/builder/spi-builder-workspace/Sources/SwiftyLLVM/Values/Constants/StructConstant.swift:1:17: note: Also imported here
    /Users/admin/builder/spi-builder-workspace/Sources/SwiftyLLVM/Values/Constants/Undefined.swift:1:17: note: Also imported here
    /Users/admin/builder/spi-builder-workspace/Sources/SwiftyLLVM/Values/Global.swift:1:17: note: Also imported here
    /Users/admin/builder/spi-builder-workspace/Sources/SwiftyLLVM/Values/GlobalVariable.swift:1:17: note: Also imported here
    /Users/admin/builder/spi-builder-workspace/Sources/SwiftyLLVM/Values/IRValue.swift:1:17: note: Also imported here
    /Users/admin/builder/spi-builder-workspace/Sources/SwiftyLLVM/Values/Instructions/Alloca.swift:1:17: note: Also imported here
    /Users/admin/builder/spi-builder-workspace/Sources/SwiftyLLVM/Values/Instructions/AnyInstruction.swift:1:17: note: Also imported here
    /Users/admin/builder/spi-builder-workspace/Sources/SwiftyLLVM/Values/Instructions/FloatingPointPredicate.swift:1:17: note: Also imported here
    /Users/admin/builder/spi-builder-workspace/Sources/SwiftyLLVM/Values/Instructions/IRInstruction.swift:1:17: note: Also imported here
    /Users/admin/builder/spi-builder-workspace/Sources/SwiftyLLVM/Values/Instructions/IntegerPredicate.swift:1:17: note: Also imported here
    /Users/admin/builder/spi-builder-workspace/Sources/SwiftyLLVM/Values/Instructions/Load.swift:1:17: note: Also imported here
    /Users/admin/builder/spi-builder-workspace/Sources/SwiftyLLVM/Values/Instructions/Operands.swift:1:17: note: Also imported here
    /Users/admin/builder/spi-builder-workspace/Sources/SwiftyLLVM/Values/Instructions/Store.swift:1:17: note: Also imported here
/Users/admin/builder/spi-builder-workspace/Sources/SwiftyLLVM/Backend.swift:2:17: error: Unable to resolve module dependency: 'llvmshims' (in target 'SwiftyLLVM' from project 'Swifty-LLVM')
    note: A dependency of main module 'SwiftyLLVM'
    /Users/admin/builder/spi-builder-workspace/Sources/SwiftyLLVM/DataLayout.swift:2:17: note: Also imported here
    /Users/admin/builder/spi-builder-workspace/Sources/SwiftyLLVM/Module.swift:2:17: note: Also imported here
    /Users/admin/builder/spi-builder-workspace/Sources/SwiftyLLVM/OptimizationLevel.swift:2:17: note: Also imported here
    /Users/admin/builder/spi-builder-workspace/Sources/SwiftyLLVM/Target.swift:2:17: note: Also imported here
    /Users/admin/builder/spi-builder-workspace/Sources/SwiftyLLVM/Types/FunctionType.swift:2:17: note: Also imported here
    /Users/admin/builder/spi-builder-workspace/Sources/SwiftyLLVM/Values/Constants/Parameter.swift:2:17: note: Also imported here
    /Users/admin/builder/spi-builder-workspace/Sources/SwiftyLLVM/Values/GlobalVariable.swift:2:17: note: Also imported here
error: Clang dependency scanning failure: While building module 'llvmc' imported from module-include.input:1:
In file included from <module-includes>:1:
/Users/admin/builder/spi-builder-workspace/Sources/llvmc/llvmc.h:1:10: fatal error: 'llvm-c/Analysis.h' file not found
module-include.input:1:1: fatal error: could not build module 'llvmc'
 (in target 'SwiftyLLVM' from project 'Swifty-LLVM')
error: Clang dependency scanning failure: While building module 'llvmshims' imported from module-include.input:1:
In file included from <module-includes>:1:
/Users/admin/builder/spi-builder-workspace/Sources/llvmshims/include/shim.h:4:10: fatal error: 'llvm-c/ExternC.h' file not found
module-include.input:1:1: fatal error: could not build module 'llvmshims'
 (in target 'SwiftyLLVM' from project 'Swifty-LLVM')
/Users/admin/builder/spi-builder-workspace/Sources/SwiftyLLVM/AtomicOrdering.swift:1:17: note: A dependency of main module 'SwiftyLLVM'
internal import llvmc
                ^ (in target 'SwiftyLLVM' from project 'Swifty-LLVM')
/Users/admin/builder/spi-builder-workspace/Sources/SwiftyLLVM/AtomicRMWBinOp.swift:1:17: note: Also imported here
internal import llvmc
                ^ (in target 'SwiftyLLVM' from project 'Swifty-LLVM')
/Users/admin/builder/spi-builder-workspace/Sources/SwiftyLLVM/Attribute.swift:1:17: note: Also imported here
internal import llvmc
                ^ (in target 'SwiftyLLVM' from project 'Swifty-LLVM')
/Users/admin/builder/spi-builder-workspace/Sources/SwiftyLLVM/Backend.swift:1:17: note: Also imported here
internal import llvmc
                ^ (in target 'SwiftyLLVM' from project 'Swifty-LLVM')
/Users/admin/builder/spi-builder-workspace/Sources/SwiftyLLVM/BasicBlock.swift:1:17: note: Also imported here
internal import llvmc
                ^ (in target 'SwiftyLLVM' from project 'Swifty-LLVM')
/Users/admin/builder/spi-builder-workspace/Sources/SwiftyLLVM/CodeGenerationKind.swift:1:17: note: Also imported here
internal import llvmc
                ^ (in target 'SwiftyLLVM' from project 'Swifty-LLVM')
/Users/admin/builder/spi-builder-workspace/Sources/SwiftyLLVM/CodeModel.swift:1:17: note: Also imported here
internal import llvmc
                ^ (in target 'SwiftyLLVM' from project 'Swifty-LLVM')
/Users/admin/builder/spi-builder-workspace/Sources/SwiftyLLVM/DataLayout.swift:1:17: note: Also imported here
internal import llvmc
                ^ (in target 'SwiftyLLVM' from project 'Swifty-LLVM')
/Users/admin/builder/spi-builder-workspace/Sources/SwiftyLLVM/FastMathFlags.swift:1:17: note: Also imported here
internal import llvmc
                ^ (in target 'SwiftyLLVM' from project 'Swifty-LLVM')
/Users/admin/builder/spi-builder-workspace/Sources/SwiftyLLVM/InsertionPoint.swift:1:17: note: Also imported here
internal import llvmc
                ^ (in target 'SwiftyLLVM' from project 'Swifty-LLVM')
/Users/admin/builder/spi-builder-workspace/Sources/SwiftyLLVM/Linkage.swift:1:17: note: Also imported here
internal import llvmc
                ^ (in target 'SwiftyLLVM' from project 'Swifty-LLVM')
/Users/admin/builder/spi-builder-workspace/Sources/SwiftyLLVM/MemoryBuffer.swift:1:17: note: Also imported here
internal import llvmc
                ^ (in target 'SwiftyLLVM' from project 'Swifty-LLVM')
/Users/admin/builder/spi-builder-workspace/Sources/SwiftyLLVM/Module.swift:1:17: note: Also imported here
internal import llvmc
                ^ (in target 'SwiftyLLVM' from project 'Swifty-LLVM')
/Users/admin/builder/spi-builder-workspace/Sources/SwiftyLLVM/OptimizationLevel.swift:1:17: note: Also imported here
internal import llvmc
                ^ (in target 'SwiftyLLVM' from project 'Swifty-LLVM')
/Users/admin/builder/spi-builder-workspace/Sources/SwiftyLLVM/Refs.swift:1:17: note: Also imported here
internal import llvmc
                ^ (in target 'SwiftyLLVM' from project 'Swifty-LLVM')
/Users/admin/builder/spi-builder-workspace/Sources/SwiftyLLVM/RelocationModel.swift:1:17: note: Also imported here
internal import llvmc
                ^ (in target 'SwiftyLLVM' from project 'Swifty-LLVM')
/Users/admin/builder/spi-builder-workspace/Sources/SwiftyLLVM/Target.swift:1:17: note: Also imported here
internal import llvmc
                ^ (in target 'SwiftyLLVM' from project 'Swifty-LLVM')
/Users/admin/builder/spi-builder-workspace/Sources/SwiftyLLVM/TargetMachine.swift:1:17: note: Also imported here
internal import llvmc
                ^ (in target 'SwiftyLLVM' from project 'Swifty-LLVM')
/Users/admin/builder/spi-builder-workspace/Sources/SwiftyLLVM/TargetSpecification.swift:1:17: note: Also imported here
internal import llvmc
                ^ (in target 'SwiftyLLVM' from project 'Swifty-LLVM')
/Users/admin/builder/spi-builder-workspace/Sources/SwiftyLLVM/Types/AnyType.swift:1:17: note: Also imported here
internal import llvmc
                ^ (in target 'SwiftyLLVM' from project 'Swifty-LLVM')
/Users/admin/builder/spi-builder-workspace/Sources/SwiftyLLVM/Types/ArrayType.swift:1:17: note: Also imported here
internal import llvmc
                ^ (in target 'SwiftyLLVM' from project 'Swifty-LLVM')
/Users/admin/builder/spi-builder-workspace/Sources/SwiftyLLVM/Types/FloatingPointType.swift:1:17: note: Also imported here
internal import llvmc
                ^ (in target 'SwiftyLLVM' from project 'Swifty-LLVM')
/Users/admin/builder/spi-builder-workspace/Sources/SwiftyLLVM/Types/FunctionType.swift:1:17: note: Also imported here
internal import llvmc
                ^ (in target 'SwiftyLLVM' from project 'Swifty-LLVM')
/Users/admin/builder/spi-builder-workspace/Sources/SwiftyLLVM/Types/IRType.swift:1:17: note: Also imported here
internal import llvmc
                ^ (in target 'SwiftyLLVM' from project 'Swifty-LLVM')
/Users/admin/builder/spi-builder-workspace/Sources/SwiftyLLVM/Types/IntegerType.swift:1:17: note: Also imported here
internal import llvmc
                ^ (in target 'SwiftyLLVM' from project 'Swifty-LLVM')
/Users/admin/builder/spi-builder-workspace/Sources/SwiftyLLVM/Types/PointerType.swift:1:17: note: Also imported here
internal import llvmc
                ^ (in target 'SwiftyLLVM' from project 'Swifty-LLVM')
/Users/admin/builder/spi-builder-workspace/Sources/SwiftyLLVM/Types/StructType.swift:1:17: note: Also imported here
internal import llvmc
                ^ (in target 'SwiftyLLVM' from project 'Swifty-LLVM')
/Users/admin/builder/spi-builder-workspace/Sources/SwiftyLLVM/Types/VoidType.swift:1:17: note: Also imported here
internal import llvmc
                ^ (in target 'SwiftyLLVM' from project 'Swifty-LLVM')
/Users/admin/builder/spi-builder-workspace/Sources/SwiftyLLVM/Values/Constants/AggregateConstant.swift:1:17: note: Also imported here
internal import llvmc
                ^ (in target 'SwiftyLLVM' from project 'Swifty-LLVM')
/Users/admin/builder/spi-builder-workspace/Sources/SwiftyLLVM/Values/Constants/AnyValue.swift:1:17: note: Also imported here
internal import llvmc
                ^ (in target 'SwiftyLLVM' from project 'Swifty-LLVM')
/Users/admin/builder/spi-builder-workspace/Sources/SwiftyLLVM/Values/Constants/ArrayConstant.swift:1:17: note: Also imported here
internal import llvmc
                ^ (in target 'SwiftyLLVM' from project 'Swifty-LLVM')
/Users/admin/builder/spi-builder-workspace/Sources/SwiftyLLVM/Values/Constants/FloatingPointConstant.swift:1:17: note: Also imported here
internal import llvmc
                ^ (in target 'SwiftyLLVM' from project 'Swifty-LLVM')
/Users/admin/builder/spi-builder-workspace/Sources/SwiftyLLVM/Values/Constants/Function+Attributes.swift:1:17: note: Also imported here
internal import llvmc
                ^ (in target 'SwiftyLLVM' from project 'Swifty-LLVM')
/Users/admin/builder/spi-builder-workspace/Sources/SwiftyLLVM/Values/Constants/Function.swift:1:17: note: Also imported here
internal import llvmc
                ^ (in target 'SwiftyLLVM' from project 'Swifty-LLVM')
/Users/admin/builder/spi-builder-workspace/Sources/SwiftyLLVM/Values/Constants/IntegerConstant.swift:1:17: note: Also imported here
internal import llvmc
                ^ (in target 'SwiftyLLVM' from project 'Swifty-LLVM')
/Users/admin/builder/spi-builder-workspace/Sources/SwiftyLLVM/Values/Constants/IntrinsicFunction.swift:1:17: note: Also imported here
internal import llvmc
                ^ (in target 'SwiftyLLVM' from project 'Swifty-LLVM')
/Users/admin/builder/spi-builder-workspace/Sources/SwiftyLLVM/Values/Constants/Parameter+Attributes.swift:1:17: note: Also imported here
internal import llvmc
                ^ (in target 'SwiftyLLVM' from project 'Swifty-LLVM')
/Users/admin/builder/spi-builder-workspace/Sources/SwiftyLLVM/Values/Constants/Parameter.swift:1:17: note: Also imported here
internal import llvmc
                ^ (in target 'SwiftyLLVM' from project 'Swifty-LLVM')
/Users/admin/builder/spi-builder-workspace/Sources/SwiftyLLVM/Values/Constants/Poison.swift:1:17: note: Also imported here
internal import llvmc
                ^ (in target 'SwiftyLLVM' from project 'Swifty-LLVM')
/Users/admin/builder/spi-builder-workspace/Sources/SwiftyLLVM/Values/Constants/StringConstant.swift:1:17: note: Also imported here
internal import llvmc
                ^ (in target 'SwiftyLLVM' from project 'Swifty-LLVM')
/Users/admin/builder/spi-builder-workspace/Sources/SwiftyLLVM/Values/Constants/StructConstant.swift:1:17: note: Also imported here
internal import llvmc
                ^ (in target 'SwiftyLLVM' from project 'Swifty-LLVM')
/Users/admin/builder/spi-builder-workspace/Sources/SwiftyLLVM/Values/Constants/Undefined.swift:1:17: note: Also imported here
internal import llvmc
                ^ (in target 'SwiftyLLVM' from project 'Swifty-LLVM')
/Users/admin/builder/spi-builder-workspace/Sources/SwiftyLLVM/Values/Global.swift:1:17: note: Also imported here
internal import llvmc
                ^ (in target 'SwiftyLLVM' from project 'Swifty-LLVM')
/Users/admin/builder/spi-builder-workspace/Sources/SwiftyLLVM/Values/GlobalVariable.swift:1:17: note: Also imported here
internal import llvmc
                ^ (in target 'SwiftyLLVM' from project 'Swifty-LLVM')
/Users/admin/builder/spi-builder-workspace/Sources/SwiftyLLVM/Values/IRValue.swift:1:17: note: Also imported here
internal import llvmc
                ^ (in target 'SwiftyLLVM' from project 'Swifty-LLVM')
/Users/admin/builder/spi-builder-workspace/Sources/SwiftyLLVM/Values/Instructions/Alloca.swift:1:17: note: Also imported here
internal import llvmc
                ^ (in target 'SwiftyLLVM' from project 'Swifty-LLVM')
/Users/admin/builder/spi-builder-workspace/Sources/SwiftyLLVM/Values/Instructions/AnyInstruction.swift:1:17: note: Also imported here
internal import llvmc
                ^ (in target 'SwiftyLLVM' from project 'Swifty-LLVM')
/Users/admin/builder/spi-builder-workspace/Sources/SwiftyLLVM/Values/Instructions/FloatingPointPredicate.swift:1:17: note: Also imported here
internal import llvmc
                ^ (in target 'SwiftyLLVM' from project 'Swifty-LLVM')
/Users/admin/builder/spi-builder-workspace/Sources/SwiftyLLVM/Values/Instructions/IRInstruction.swift:1:17: note: Also imported here
internal import llvmc
                ^ (in target 'SwiftyLLVM' from project 'Swifty-LLVM')
/Users/admin/builder/spi-builder-workspace/Sources/SwiftyLLVM/Values/Instructions/IntegerPredicate.swift:1:17: note: Also imported here
internal import llvmc
                ^ (in target 'SwiftyLLVM' from project 'Swifty-LLVM')
/Users/admin/builder/spi-builder-workspace/Sources/SwiftyLLVM/Values/Instructions/Load.swift:1:17: note: Also imported here
internal import llvmc
                ^ (in target 'SwiftyLLVM' from project 'Swifty-LLVM')
/Users/admin/builder/spi-builder-workspace/Sources/SwiftyLLVM/Values/Instructions/Operands.swift:1:17: note: Also imported here
internal import llvmc
                ^ (in target 'SwiftyLLVM' from project 'Swifty-LLVM')
/Users/admin/builder/spi-builder-workspace/Sources/SwiftyLLVM/Values/Instructions/Store.swift:1:17: note: Also imported here
internal import llvmc
                ^ (in target 'SwiftyLLVM' from project 'Swifty-LLVM')
/Users/admin/builder/spi-builder-workspace/Sources/SwiftyLLVM/Backend.swift:2:17: note: A dependency of main module 'SwiftyLLVM'
internal import llvmshims
                ^ (in target 'SwiftyLLVM' from project 'Swifty-LLVM')
/Users/admin/builder/spi-builder-workspace/Sources/SwiftyLLVM/DataLayout.swift:2:17: note: Also imported here
internal import llvmshims
                ^ (in target 'SwiftyLLVM' from project 'Swifty-LLVM')
/Users/admin/builder/spi-builder-workspace/Sources/SwiftyLLVM/Module.swift:2:17: note: Also imported here
internal import llvmshims
                ^ (in target 'SwiftyLLVM' from project 'Swifty-LLVM')
/Users/admin/builder/spi-builder-workspace/Sources/SwiftyLLVM/OptimizationLevel.swift:2:17: note: Also imported here
internal import llvmshims
                ^ (in target 'SwiftyLLVM' from project 'Swifty-LLVM')
/Users/admin/builder/spi-builder-workspace/Sources/SwiftyLLVM/Target.swift:2:17: note: Also imported here
internal import llvmshims
                ^ (in target 'SwiftyLLVM' from project 'Swifty-LLVM')
/Users/admin/builder/spi-builder-workspace/Sources/SwiftyLLVM/Types/FunctionType.swift:2:17: note: Also imported here
internal import llvmshims
                ^ (in target 'SwiftyLLVM' from project 'Swifty-LLVM')
/Users/admin/builder/spi-builder-workspace/Sources/SwiftyLLVM/Values/Constants/Parameter.swift:2:17: note: Also imported here
internal import llvmshims
                ^ (in target 'SwiftyLLVM' from project 'Swifty-LLVM')
/Users/admin/builder/spi-builder-workspace/Sources/SwiftyLLVM/Values/GlobalVariable.swift:2:17: note: Also imported here
internal import llvmshims
                ^ (in target 'SwiftyLLVM' from project 'Swifty-LLVM')
PruneExplicitPrecompiledModules /Users/admin/builder/spi-builder-workspace/.derivedData/SDKExplicitPrecompiledModules
PruneExplicitPrecompiledModules /Users/admin/builder/spi-builder-workspace/.derivedData/Build/Intermediates.noindex/SwiftExplicitPrecompiledModules
PruneExplicitPrecompiledModules /Users/admin/builder/spi-builder-workspace/.derivedData/Build/Intermediates.noindex/ExplicitPrecompiledModules
2026-10-13 01:39:41.213 xcodebuild[688:4370] [MT] IDERunDestination: Supported platforms for the buildables in the current scheme is empty.
** BUILD FAILED **
The following build commands failed:
	CompileC /Users/admin/builder/spi-builder-workspace/.derivedData/Build/Intermediates.noindex/Swifty-LLVM.build/Debug-watchos/llvmshims-t.build/Objects-normal/arm64/shim.o /Users/admin/builder/spi-builder-workspace/Sources/llvmshims/src/shim.cc normal arm64 c++ com.apple.compilers.llvm.clang.1_0.compiler (in target 'llvmshims' from project 'Swifty-LLVM')
	CompileC /Users/admin/builder/spi-builder-workspace/.derivedData/Build/Intermediates.noindex/Swifty-LLVM.build/Debug-watchos/llvmshims-t.build/Objects-normal/arm64_32/shim.o /Users/admin/builder/spi-builder-workspace/Sources/llvmshims/src/shim.cc normal arm64_32 c++ com.apple.compilers.llvm.clang.1_0.compiler (in target 'llvmshims' from project 'Swifty-LLVM')
	SwiftDriver SwiftyLLVM normal arm64 com.apple.xcode.tools.swift.compiler (in target 'SwiftyLLVM' from project 'Swifty-LLVM')
	SwiftDriver SwiftyLLVM normal arm64_32 com.apple.xcode.tools.swift.compiler (in target 'SwiftyLLVM' from project 'Swifty-LLVM')
	Building workspace Swifty-LLVM with scheme Swifty-LLVM
(5 failures)
BUILD FAILURE 6.4 watchOS