The Swift Package Index logo.Swift Package Index

Build Information

Failed to build GoogleApiServiceManagementV1, reference main (bf3b30), with Swift 6.2 for Android on 10 Oct 2026 19:51:49 UTC.

Build Command

bash -c docker run --pull=always --rm -v "checkouts-54344845-0":/host -w "$PWD" -e JAVA_HOME="/root/.sdkman/candidates/java/current" -e SPI_BUILD="1" -e SPI_PROCESSING="1" registry.gitlab.com/saguaro1/spi-images:android-6.2-latest swift build --swift-sdk aarch64-unknown-linux-android28 2>&1

Build Log

========================================
RunAll
========================================
Builder version: 5.1.1
Interrupt handler set up.
========================================
Checkout
========================================
Clone URL: https://github.com/googleapis/swift-google-api-servicemanagement-v1.git
Reference: main
Initialized empty Git repository in /host/spi-builder-workspace/.git/
hint: Using 'master' as the name for the initial branch. This default branch name
hint: is subject to change. To configure the initial branch name to use in all
hint: of your new repositories, which will suppress this warning, call:
hint:
hint: 	git config --global init.defaultBranch <name>
hint:
hint: Names commonly chosen instead of 'master' are 'main', 'trunk' and
hint: 'development'. The just-created branch can be renamed via this command:
hint:
hint: 	git branch -m <name>
From https://github.com/googleapis/swift-google-api-servicemanagement-v1
 * branch            main       -> FETCH_HEAD
 * [new branch]      main       -> origin/main
HEAD is now at bf3b30a chore: release circa 2026-10-07 (#1382)
Cloned https://github.com/googleapis/swift-google-api-servicemanagement-v1.git
Revision (git rev-parse @):
bf3b30ae6a8659f8091ca864fbb984cc9987a31c
SPI manifest file found: $PWD/.spi.yml
SUCCESS checkout https://github.com/googleapis/swift-google-api-servicemanagement-v1.git at main
========================================
Build
========================================
Selected platform:         android
Swift version:             6.2
Building package at path:  $PWD
https://github.com/googleapis/swift-google-api-servicemanagement-v1.git
Running build ...
bash -c docker run --pull=always --rm -v "checkouts-54344845-0":/host -w "$PWD" -e JAVA_HOME="/root/.sdkman/candidates/java/current" -e SPI_BUILD="1" -e SPI_PROCESSING="1" registry.gitlab.com/saguaro1/spi-images:android-6.2-latest swift build --swift-sdk aarch64-unknown-linux-android28 2>&1
android-6.2-latest: Pulling from saguaro1/spi-images
Digest: sha256:a839c9ce201f1dacc8eb056626ec7ab0a1c6d53d7b77c83feda395f4507c51be
Status: Image is up to date for registry.gitlab.com/saguaro1/spi-images:android-6.2-latest
Fetching https://github.com/googleapis/swift-google-gax
Fetching https://github.com/googleapis/swift-google-rpc
Fetching https://github.com/googleapis/swift-google-iam-v1
Fetching https://github.com/googleapis/swift-google-wkt
Fetching https://github.com/googleapis/swift-google-longrunning
Fetching https://github.com/apple/swift-log
[1/422] Fetching swift-google-rpc
[99/1445] Fetching swift-google-rpc, swift-google-wkt
[161/3193] Fetching swift-google-rpc, swift-google-wkt, swift-google-gax
[242/3899] Fetching swift-google-rpc, swift-google-wkt, swift-google-gax, swift-google-iam-v1
[922/4518] Fetching swift-google-rpc, swift-google-wkt, swift-google-gax, swift-google-iam-v1, swift-google-longrunning
[1646/12775] Fetching swift-google-rpc, swift-google-wkt, swift-google-gax, swift-google-iam-v1, swift-google-longrunning, swift-log
Fetched https://github.com/googleapis/swift-google-wkt from cache (0.38s)
[3908/11752] Fetching swift-google-rpc, swift-google-gax, swift-google-iam-v1, swift-google-longrunning, swift-log
Fetched https://github.com/googleapis/swift-google-longrunning from cache (0.38s)
Fetching https://github.com/googleapis/swift-google-api
Fetching https://github.com/googleapis/swift-google-auth
[3372/11133] Fetching swift-google-rpc, swift-google-gax, swift-google-iam-v1, swift-log
Fetched https://github.com/googleapis/swift-google-iam-v1 from cache (0.40s)
Fetched https://github.com/googleapis/swift-google-rpc from cache (0.40s)
Fetched https://github.com/googleapis/swift-google-gax from cache (0.40s)
[1817/8257] Fetching swift-log
Fetched https://github.com/apple/swift-log from cache (0.53s)
[1/1023] Fetching swift-google-auth
[349/2086] Fetching swift-google-auth, swift-google-api
Fetched https://github.com/googleapis/swift-google-auth from cache (0.39s)
[447/1063] Fetching swift-google-api
Fetched https://github.com/googleapis/swift-google-api from cache (0.42s)
Computing version for https://github.com/googleapis/swift-google-wkt
Computed https://github.com/googleapis/swift-google-wkt at 0.5.0 (0.95s)
Fetching https://github.com/swift-extras/swift-extras-base64
[1/954] Fetching swift-extras-base64
Fetched https://github.com/swift-extras/swift-extras-base64 from cache (0.42s)
Computing version for https://github.com/googleapis/swift-google-rpc
Computed https://github.com/googleapis/swift-google-rpc at 0.5.0 (0.57s)
Computing version for https://github.com/googleapis/swift-google-longrunning
Computed https://github.com/googleapis/swift-google-longrunning at 0.5.0 (0.15s)
Computing version for https://github.com/googleapis/swift-google-iam-v1
Computed https://github.com/googleapis/swift-google-iam-v1 at 0.5.0 (0.15s)
Fetching https://github.com/googleapis/swift-google-type
[1/437] Fetching swift-google-type
Fetched https://github.com/googleapis/swift-google-type from cache (0.37s)
Computing version for https://github.com/googleapis/swift-google-gax
Computed https://github.com/googleapis/swift-google-gax at 0.5.0 (0.53s)
Fetching https://github.com/swift-server/async-http-client.git
Fetching https://github.com/apple/swift-nio
[1/16464] Fetching async-http-client
[660/102838] Fetching async-http-client, swift-nio
Fetched https://github.com/swift-server/async-http-client.git from cache (1.11s)
[37141/86374] Fetching swift-nio
Fetched https://github.com/apple/swift-nio from cache (3.51s)
Computing version for https://github.com/googleapis/swift-google-auth
Computed https://github.com/googleapis/swift-google-auth at 0.5.0 (3.66s)
Fetching https://github.com/vapor/jwt-kit.git
Fetching https://github.com/apple/swift-system.git
[1/7241] Fetching swift-system
[6736/17495] Fetching swift-system, jwt-kit
Fetched https://github.com/apple/swift-system.git from cache (0.89s)
Fetched https://github.com/vapor/jwt-kit.git from cache (0.89s)
Computing version for https://github.com/googleapis/swift-google-api
Computed https://github.com/googleapis/swift-google-api at 0.5.0 (1.04s)
Computing version for https://github.com/googleapis/swift-google-type
Computed https://github.com/googleapis/swift-google-type at 0.5.0 (0.14s)
Computing version for https://github.com/swift-extras/swift-extras-base64
Computed https://github.com/swift-extras/swift-extras-base64 at 1.2.0 (0.13s)
Computing version for https://github.com/swift-server/async-http-client.git
Computed https://github.com/swift-server/async-http-client.git at 1.36.2 (0.17s)
Fetching https://github.com/apple/swift-distributed-tracing.git
Fetching https://github.com/apple/swift-atomics.git
Fetching https://github.com/apple/swift-nio-extras.git
Fetching https://github.com/apple/swift-nio-ssl.git
Fetching https://github.com/apple/swift-service-context.git
Fetching https://github.com/apple/swift-configuration.git
[1/3928] Fetching swift-configuration
[237/5428] Fetching swift-configuration, swift-service-context
[959/7317] Fetching swift-configuration, swift-service-context, swift-atomics
[1218/14020] Fetching swift-configuration, swift-service-context, swift-atomics, swift-nio-extras
[3084/30881] Fetching swift-configuration, swift-service-context, swift-atomics, swift-nio-extras, swift-nio-ssl
[9030/37432] Fetching swift-configuration, swift-service-context, swift-atomics, swift-nio-extras, swift-nio-ssl, swift-distributed-tracing
Fetched https://github.com/apple/swift-configuration.git from cache (0.46s)
[10928/33504] Fetching swift-service-context, swift-atomics, swift-nio-extras, swift-nio-ssl, swift-distributed-tracing
Fetching https://github.com/apple/swift-nio-transport-services.git
Fetched https://github.com/apple/swift-atomics.git from cache (0.53s)
Fetching https://github.com/apple/swift-algorithms.git
[16272/31615] Fetching swift-service-context, swift-nio-extras, swift-nio-ssl, swift-distributed-tracing
[31616/34482] Fetching swift-service-context, swift-nio-extras, swift-nio-ssl, swift-distributed-tracing, swift-nio-transport-services
Fetched https://github.com/apple/swift-nio-transport-services.git from cache (0.48s)
Fetching https://github.com/apple/swift-nio-http2.git
[1/6164] Fetching swift-algorithms
Fetched https://github.com/apple/swift-service-context.git from cache (1.17s)
Fetched https://github.com/apple/swift-nio-extras.git from cache (1.17s)
Fetched https://github.com/apple/swift-distributed-tracing.git from cache (1.18s)
Fetched https://github.com/apple/swift-nio-ssl.git from cache (1.18s)
Fetched https://github.com/apple/swift-algorithms.git from cache (0.78s)
[1/12294] Fetching swift-nio-http2
Fetched https://github.com/apple/swift-nio-http2.git from cache (0.91s)
Computing version for https://github.com/apple/swift-service-context.git
Computed https://github.com/apple/swift-service-context.git at 1.3.0 (1.99s)
Computing version for https://github.com/apple/swift-algorithms.git
Computed https://github.com/apple/swift-algorithms.git at 1.2.1 (0.87s)
Fetching https://github.com/apple/swift-numerics.git
[1/6728] Fetching swift-numerics
Fetched https://github.com/apple/swift-numerics.git from cache (0.52s)
Computing version for https://github.com/apple/swift-log
Computed https://github.com/apple/swift-log at 1.16.1 (0.68s)
Computing version for https://github.com/apple/swift-distributed-tracing.git
Computed https://github.com/apple/swift-distributed-tracing.git at 1.5.0 (0.14s)
Computing version for https://github.com/apple/swift-atomics.git
Computed https://github.com/apple/swift-atomics.git at 1.3.1 (0.14s)
Computing version for https://github.com/apple/swift-numerics.git
Computed https://github.com/apple/swift-numerics.git at 1.1.1 (0.13s)
Computing version for https://github.com/apple/swift-nio
Computed https://github.com/apple/swift-nio at 2.104.0 (0.34s)
Fetching https://github.com/apple/swift-collections.git
[1/28703] Fetching swift-collections
Fetched https://github.com/apple/swift-collections.git from cache (1.67s)
Computing version for https://github.com/apple/swift-configuration.git
Computed https://github.com/apple/swift-configuration.git at 1.2.2 (2.47s)
Fetching https://github.com/swift-server/swift-service-lifecycle
[1/2867] Fetching swift-service-lifecycle
Fetched https://github.com/swift-server/swift-service-lifecycle from cache (0.47s)
Computing version for https://github.com/apple/swift-nio-transport-services.git
Computed https://github.com/apple/swift-nio-transport-services.git at 1.28.0 (0.63s)
Computing version for https://github.com/swift-server/swift-service-lifecycle
Computed https://github.com/swift-server/swift-service-lifecycle at 2.12.1 (0.14s)
Fetching https://github.com/apple/swift-async-algorithms.git
[1/6820] Fetching swift-async-algorithms
Fetched https://github.com/apple/swift-async-algorithms.git from cache (0.56s)
Computing version for https://github.com/apple/swift-async-algorithms.git
Computed https://github.com/apple/swift-async-algorithms.git at 1.1.7 (0.77s)
Computing version for https://github.com/apple/swift-collections.git
Computed https://github.com/apple/swift-collections.git at 1.7.2 (0.24s)
Computing version for https://github.com/apple/swift-nio-http2.git
Computed https://github.com/apple/swift-nio-http2.git at 1.46.0 (0.16s)
Computing version for https://github.com/vapor/jwt-kit.git
Computed https://github.com/vapor/jwt-kit.git at 5.7.1 (0.14s)
Fetching https://github.com/apple/swift-certificates.git
Fetching https://github.com/apple/swift-crypto.git
[1/7609] Fetching swift-certificates
[5632/26238] Fetching swift-certificates, swift-crypto
Fetched https://github.com/apple/swift-certificates.git from cache (1.72s)
Fetched https://github.com/apple/swift-crypto.git from cache (1.73s)
Computing version for https://github.com/apple/swift-crypto.git
Computed https://github.com/apple/swift-crypto.git at 4.5.2 (2.34s)
Fetching https://github.com/apple/swift-asn1.git
[1/2009] Fetching swift-asn1
Fetched https://github.com/apple/swift-asn1.git from cache (0.55s)
Computing version for https://github.com/apple/swift-asn1.git
Computed https://github.com/apple/swift-asn1.git at 1.7.3 (0.73s)
Computing version for https://github.com/apple/swift-certificates.git
Computed https://github.com/apple/swift-certificates.git at 1.21.0 (0.21s)
Computing version for https://github.com/apple/swift-nio-ssl.git
Computed https://github.com/apple/swift-nio-ssl.git at 2.37.5 (0.19s)
Computing version for https://github.com/apple/swift-system.git
Computed https://github.com/apple/swift-system.git at 1.8.1 (0.18s)
Computing version for https://github.com/apple/swift-nio-extras.git
Computed https://github.com/apple/swift-nio-extras.git at 1.35.1 (0.27s)
Fetching https://github.com/apple/swift-http-structured-headers.git
Fetching https://github.com/apple/swift-http-types.git
[1/1939] Fetching swift-http-types
[1165/3192] Fetching swift-http-types, swift-http-structured-headers
Fetched https://github.com/apple/swift-http-types.git from cache (0.45s)
Fetched https://github.com/apple/swift-http-structured-headers.git from cache (0.46s)
Computing version for https://github.com/apple/swift-http-structured-headers.git
Computed https://github.com/apple/swift-http-structured-headers.git at 1.7.0 (0.61s)
Computing version for https://github.com/apple/swift-http-types.git
Computed https://github.com/apple/swift-http-types.git at 1.8.0 (0.18s)
Creating working copy for https://github.com/apple/swift-http-types.git
Working copy of https://github.com/apple/swift-http-types.git resolved at 1.8.0
Creating working copy for https://github.com/apple/swift-collections.git
Working copy of https://github.com/apple/swift-collections.git resolved at 1.7.2
Creating working copy for https://github.com/apple/swift-certificates.git
Working copy of https://github.com/apple/swift-certificates.git resolved at 1.21.0
Creating working copy for https://github.com/swift-server/async-http-client.git
Working copy of https://github.com/swift-server/async-http-client.git resolved at 1.36.2
Creating working copy for https://github.com/apple/swift-nio-http2.git
Working copy of https://github.com/apple/swift-nio-http2.git resolved at 1.46.0
Creating working copy for https://github.com/swift-server/swift-service-lifecycle
Working copy of https://github.com/swift-server/swift-service-lifecycle resolved at 2.12.1
Creating working copy for https://github.com/googleapis/swift-google-type
Working copy of https://github.com/googleapis/swift-google-type resolved at 0.5.0
Creating working copy for https://github.com/googleapis/swift-google-gax
Working copy of https://github.com/googleapis/swift-google-gax resolved at 0.5.0
Creating working copy for https://github.com/apple/swift-asn1.git
Working copy of https://github.com/apple/swift-asn1.git resolved at 1.7.3
Creating working copy for https://github.com/googleapis/swift-google-api
Working copy of https://github.com/googleapis/swift-google-api resolved at 0.5.0
Creating working copy for https://github.com/apple/swift-async-algorithms.git
Working copy of https://github.com/apple/swift-async-algorithms.git resolved at 1.1.7
Creating working copy for https://github.com/apple/swift-nio
Working copy of https://github.com/apple/swift-nio resolved at 2.104.0
Creating working copy for https://github.com/googleapis/swift-google-longrunning
Working copy of https://github.com/googleapis/swift-google-longrunning resolved at 0.5.0
Creating working copy for https://github.com/apple/swift-nio-extras.git
Working copy of https://github.com/apple/swift-nio-extras.git resolved at 1.35.1
Creating working copy for https://github.com/apple/swift-nio-transport-services.git
Working copy of https://github.com/apple/swift-nio-transport-services.git resolved at 1.28.0
Creating working copy for https://github.com/apple/swift-http-structured-headers.git
Working copy of https://github.com/apple/swift-http-structured-headers.git resolved at 1.7.0
Creating working copy for https://github.com/apple/swift-distributed-tracing.git
Working copy of https://github.com/apple/swift-distributed-tracing.git resolved at 1.5.0
Creating working copy for https://github.com/apple/swift-algorithms.git
Working copy of https://github.com/apple/swift-algorithms.git resolved at 1.2.1
Creating working copy for https://github.com/apple/swift-nio-ssl.git
Working copy of https://github.com/apple/swift-nio-ssl.git resolved at 2.37.5
Creating working copy for https://github.com/apple/swift-crypto.git
Working copy of https://github.com/apple/swift-crypto.git resolved at 4.5.2
Creating working copy for https://github.com/apple/swift-configuration.git
Working copy of https://github.com/apple/swift-configuration.git resolved at 1.2.2
Creating working copy for https://github.com/apple/swift-numerics.git
Working copy of https://github.com/apple/swift-numerics.git resolved at 1.1.1
Creating working copy for https://github.com/apple/swift-service-context.git
Working copy of https://github.com/apple/swift-service-context.git resolved at 1.3.0
Creating working copy for https://github.com/googleapis/swift-google-wkt
Working copy of https://github.com/googleapis/swift-google-wkt resolved at 0.5.0
Creating working copy for https://github.com/googleapis/swift-google-auth
Working copy of https://github.com/googleapis/swift-google-auth resolved at 0.5.0
Creating working copy for https://github.com/apple/swift-system.git
Working copy of https://github.com/apple/swift-system.git resolved at 1.8.1
Creating working copy for https://github.com/vapor/jwt-kit.git
Working copy of https://github.com/vapor/jwt-kit.git resolved at 5.7.1
Creating working copy for https://github.com/apple/swift-atomics.git
Working copy of https://github.com/apple/swift-atomics.git resolved at 1.3.1
Creating working copy for https://github.com/swift-extras/swift-extras-base64
Working copy of https://github.com/swift-extras/swift-extras-base64 resolved at 1.2.0
Creating working copy for https://github.com/apple/swift-log
Working copy of https://github.com/apple/swift-log resolved at 1.16.1
Creating working copy for https://github.com/googleapis/swift-google-rpc
Working copy of https://github.com/googleapis/swift-google-rpc resolved at 0.5.0
Creating working copy for https://github.com/googleapis/swift-google-iam-v1
Working copy of https://github.com/googleapis/swift-google-iam-v1 resolved at 0.5.0
Building for debugging...
[0/966] Write sources
[31/966] Compiling _NumericsShims _NumericsShims.c
[31/966] Write sources
[63/966] Compiling _AtomicsShims.c
[64/966] Compiling p256_beeu-armv8-asm-apple.S
[65/966] Compiling ghash-x86-apple.S
[66/966] Compiling bn-586-linux.S
[67/966] Compiling bn-586-apple.S
[67/966] Compiling bn-armv8-apple.S
[69/966] Compiling CXKCPShims shims.c
[70/966] Compiling CNIOWindows shim.c
[71/966] Compiling SimpleFIPS202.c
[72/966] Compiling KeccakSponge.c
[73/966] Compiling KeccakHash.c
[74/966] Write swift-version--11D90AFD9DD3AB2.txt
[75/966] Compiling CNIOWASI CNIOWASI.c
[76/966] Compiling CNIOWindows WSAStartup.c
[77/966] Compiling CNIOPosix event_loop_id.c
[78/966] Compiling CNIOOpenBSD shim.c
[79/966] Compiling CNIOLinux liburing_shims.c
[80/966] Compiling CSystem shims.c
[81/970] Compiling CNIOLinux shim.c
[83/1042] Emitting module ServiceContextModule
[83/1042] Compiling KeccakP-1600-opt64.c
[85/1053] Emitting module _CertificateInternals
[86/1053] Emitting module _NIODataStructures
[87/1053] Emitting module SystemPackage
[88/1058] Compiling SystemPackage SystemString.swift
[89/1058] Compiling SystemPackage Util+StringArray.swift
[90/1058] Compiling SystemPackage Util.swift
[91/1058] Compiling SystemPackage UtilConsumers.swift
[92/1058] Compiling SystemPackage WinSDK+Overlay.swift
[93/1058] Compiling SystemPackage FilePathComponentView.swift
[94/1058] Compiling SystemPackage FilePathComponents.swift
[95/1058] Compiling SystemPackage FilePathParsing.swift
[96/1058] Compiling SystemPackage FilePathString.swift
[97/1058] Compiling SystemPackage FilePathSyntax.swift
[98/1058] Compiling RealModule Float80+Real.swift
[99/1058] Compiling RealModule RealFunctions.swift
[100/1059] Compiling RealModule Float16+Real.swift
[101/1059] Compiling RealModule Real.swift
[102/1059] Compiling Logging MultiplexLogHandler.swift
[103/1059] Compiling Logging StreamLogHandler.swift
[104/1059] Compiling Logging SwiftLogNoOpLogHandler.swift
[105/1059] Compiling Logging Locks.swift
[106/1059] Compiling Logging LogEvent.swift
[107/1059] Compiling Logging LogHandler.swift
[112/1059] Compiling SystemPackage FilePathWindows.swift
[113/1059] Compiling SystemPackage FilePermissions.swift
[114/1061] Compiling RealModule RelaxedArithmetic.swift
[115/1061] Compiling ServiceContextModule ServiceContextKey.swift
[116/1061] Compiling ServiceContextModule ServiceContext.swift
[125/1061] Compiling Logging LoggingSystem.swift
[126/1063] Compiling _NIODataStructures _TinyArray.swift
[127/1063] Compiling _NIODataStructures PriorityQueue.swift
[131/1063] Compiling Logging Logger+Attributes.swift
[132/1063] Compiling _CertificateInternals _TinyArray.swift
[133/1063] Compiling _NIODataStructures Heap.swift
[134/1084] Compiling _NIOBase64 Base64.swift
[135/1084] Emitting module _NIOBase64
[139/1094] Compiling InternalCollectionsUtilities Iterable+CopyContents.swift
[140/1094] Compiling InternalCollectionsUtilities Iterable+Equality.swift
[141/1094] Emitting module RealModule
[143/1103] Compiling Logging Logger+With.swift
[146/1103] Compiling InternalCollectionsUtilities LifetimeOverride.swift
[147/1103] Compiling InternalCollectionsUtilities MutableRef.swift
[148/1105] Compiling Logging Logger.swift
[148/1109] Wrapping AST for _NIODataStructures for debugging
[150/1109] Compiling InternalCollectionsUtilities UnsafeMutablePointer+Extras.swift
[151/1109] Compiling InternalCollectionsUtilities UnsafeMutableRawBufferPointer+Extras.swift
[152/1109] Compiling InternalCollectionsUtilities UnsafePointer+Extras.swift
[152/1109] Wrapping AST for _CertificateInternals for debugging
[153/1109] Wrapping AST for _NIOBase64 for debugging
[154/1109] Wrapping AST for ServiceContextModule for debugging
[156/1109] Compiling InternalCollectionsUtilities UnsafeRawBufferPointer+Extras.swift
[157/1109] Compiling InternalCollectionsUtilities _SortedCollection.swift
[158/1109] Compiling InternalCollectionsUtilities _UniqueCollection.swift
[158/1109] Wrapping AST for RealModule for debugging
[160/1109] Compiling Instrumentation MultiplexInstrument.swift
[161/1109] Compiling Instrumentation NoOpInstrument.swift
[162/1109] Emitting module Instrumentation
[162/1109] Compiling CNIOLLHTTP c_nio_http.c
[163/1109] Compiling CNIOLLHTTP c_nio_api.c
[164/1109] Compiling CNIOFreeBSD shim.c
[165/1109] Compiling CNIOExtrasZlib zutil.c
[167/1109] Compiling InternalCollectionsUtilities Strideable+LimitHelpers.swift
[168/1109] Compiling InternalCollectionsUtilities String+Padding.swift
[169/1109] Compiling InternalCollectionsUtilities TemporaryAllocation.swift
[170/1109] Compiling InternalCollectionsUtilities _UnsafeBitSet+Index.swift
[170/1109] Compiling CNIOExtrasZlib trees.c
[171/1109] Compiling CNIOExtrasZlib inftrees.c
[173/1109] Emitting module SwiftASN1
[173/1109] Compiling CNIOLLHTTP c_nio_llhttp.c
[174/1109] Compiling CNIOExtrasZlib inflate.c
[176/1109] Compiling InternalCollectionsUtilities BorrowingIteratorProtocol+Equality.swift
[177/1109] Compiling InternalCollectionsUtilities BorrowingIteratorProtocol+Extras.swift
[178/1109] Compiling InternalCollectionsUtilities Debugging.swift
[179/1109] Compiling InternalCollectionsUtilities Descriptions.swift
[180/1109] Compiling InternalCollectionsUtilities MutableSpan+Extras.swift
[181/1109] Compiling InternalCollectionsUtilities OutputSpan+Extras.swift
[182/1109] Compiling InternalCollectionsUtilities RandomAccessCollection+Offsets.swift
[183/1109] Compiling InternalCollectionsUtilities Span+Extras.swift
[184/1109] Compiling InternalCollectionsUtilities FixedWidthInteger+roundUpToPowerOfTwo.swift
[185/1109] Compiling InternalCollectionsUtilities Integer rank.swift
[186/1109] Compiling InternalCollectionsUtilities UInt+first and last set bit.swift
[187/1109] Compiling InternalCollectionsUtilities UInt+reversed.swift
[187/1109] Compiling CNIOExtrasZlib inffast.c
[188/1109] Compiling CNIOExtrasZlib crc32.c
[189/1109] Compiling CNIOExtrasZlib adler32.c
[190/1109] Compiling CNIOExtrasZlib deflate.c
[191/1109] Compiling CNIODarwin shim.c
[192/1109] Compiling fiat_p256_adx_sqr.S
[193/1109] Compiling fiat_p256_adx_mul.S
[196/1109] Compiling fiat_curve25519_adx_square.S
[197/1109] Compiling fiat_curve25519_adx_mul.S
[199/1109] Emitting module InternalCollectionsUtilities
[199/1109] Compiling CNIOBoringSSLShims shims.c
[201/1109] Compiling SystemPackage RawBuffer.swift
[202/1109] Compiling SystemPackage Syscalls.swift
[203/1109] Compiling SystemPackage WindowsSyscallAdapters.swift
[204/1109] Compiling SystemPackage MachPort.swift
[205/1109] Compiling SystemPackage PlatformString.swift
[206/1109] Compiling InternalCollectionsUtilities _UnsafeBitSet+_Word.swift
[207/1109] Compiling InternalCollectionsUtilities _UnsafeBitSet.swift
[208/1109] Compiling InternalCollectionsUtilities UnsafeBufferPointer+Extras.swift
[209/1109] Compiling InternalCollectionsUtilities UnsafeMutableBufferPointer+Extras.swift
[210/1110] Emitting module Logging
[228/1111] Compiling Logging MetadataProvider.swift
[234/1112] Compiling SystemPackage Mocking.swift
[240/1112] Compiling ExtrasBase64 Base32+Span.swift
[240/1116] Wrapping AST for SwiftASN1 for debugging
[242/1116] Compiling SpanPreview OutputSpan+InputSpanHelpers.swift
[242/1116] Wrapping AST for Logging for debugging
[244/1116] Compiling SpanPreview MutableSpan+InputSpanHelpers.swift
[245/1116] Emitting module SpanPreview
[246/1116] Compiling SpanPreview InputSpan.swift
[252/1118] Wrapping AST for InternalCollectionsUtilities for debugging
[254/1131] Wrapping AST for SystemPackage for debugging
[256/1143] Compiling Instrumentation Instrument.swift
[257/1143] Compiling Instrumentation InstrumentationSystem.swift
[258/1145] Compiling Instrumentation Locks.swift
[258/1161] Wrapping AST for SpanPreview for debugging
[261/1161] Compiling DequeModule UniqueDeque+Consumption.swift
[262/1161] Compiling DequeModule UniqueDeque+ContainerOperations.swift
[263/1161] Compiling DequeModule UniqueDeque+Deprecations.swift
[264/1161] Compiling DequeModule UniqueDeque+Descriptions.swift
[265/1161] Compiling DequeModule UniqueDeque+Equatable.swift
[266/1161] Compiling DequeModule UniqueDeque+Hashable.swift
[267/1166] Compiling DequeModule UniqueDeque+Initializers.swift
[268/1166] Compiling DequeModule UniqueDeque+Insertions.swift
[269/1166] Compiling DequeModule UniqueDeque+Iterable.swift
[270/1166] Compiling DequeModule UniqueDeque+Prepend.swift
[271/1166] Compiling DequeModule UniqueDeque+Removals.swift
[271/1166] Compiling tls_record.cc
[272/1174] Compiling tls_method.cc
[273/1174] Wrapping AST for Instrumentation for debugging
[275/1174] Compiling DequeModule _DequeBuffer.swift
[276/1174] Compiling DequeModule _DequeBufferHeader.swift
[277/1174] Compiling DequeModule RigidDeque+Append.swift
[278/1174] Compiling DequeModule RigidDeque+Consumption.swift
[279/1174] Compiling DequeModule RigidDeque+ContainerOperations.swift
[280/1174] Compiling DequeModule RigidDeque+Deprecations.swift
[281/1174] Compiling Tracing TracingTime.swift
[282/1175] Compiling DequeModule RigidDeque+Descriptions.swift
[283/1175] Compiling DequeModule RigidDeque+Equatable.swift
[284/1175] Compiling DequeModule RigidDeque+Hashable.swift
[285/1175] Compiling DequeModule RigidDeque+Initializers.swift
[286/1175] Compiling DequeModule RigidDeque+Insertions.swift
[287/1175] Compiling DequeModule RigidDeque+Iterable.swift
[288/1175] Compiling DequeModule RigidDeque+Prepend.swift
[289/1175] Compiling DequeModule RigidDeque+Removals.swift
[290/1175] Compiling DequeModule RigidDeque+Replacements.swift
[291/1175] Compiling DequeModule RigidDeque+Testing.swift
[292/1175] Compiling DequeModule RigidDeque.swift
[293/1175] Compiling DequeModule UniqueDeque+Append.swift
[294/1175] Compiling Tracing TracerProtocol.swift
[295/1175] Compiling DequeModule Deque+Extras.swift
[296/1175] Compiling DequeModule Deque+Hashable.swift
[297/1175] Compiling DequeModule Deque+Testing.swift
[298/1175] Compiling DequeModule Deque._Storage.swift
[299/1175] Compiling DequeModule Deque._UnsafeHandle.swift
[300/1175] Compiling DequeModule Deque.swift
[301/1175] Compiling Tracing WithTracer.swift
[302/1175] Compiling Tracing TracerProtocol+Legacy.swift
[303/1175] Compiling DequeModule Deque+Codable.swift
[304/1175] Compiling DequeModule Deque+Collection.swift
[305/1175] Compiling DequeModule Deque+CustomReflectable.swift
[306/1175] Compiling DequeModule Deque+Descriptions.swift
[307/1175] Compiling DequeModule Deque+Equatable.swift
[308/1175] Compiling DequeModule Deque+ExpressibleByArrayLiteral.swift
[309/1175] Compiling Tracing Tracer.swift
[309/1175] Compiling tls13_client.cc
[311/1175] Compiling Tracing InstrumentationSystem+Tracing.swift
[312/1175] Compiling Tracing NoOpTracer.swift
[313/1175] Compiling Tracing SpanProtocol.swift
[314/1175] Emitting module Tracing
[315/1176] Compiling tls13_server.cc
[316/1176] Compiling tls13_enc.cc
[317/1176] Wrapping AST for Tracing for debugging
[318/1176] Compiling tls13_both.cc
[319/1176] Compiling t1_enc.cc
[320/1176] Compiling ssl_x509.cc
[321/1176] Compiling ssl_stat.cc
[322/1176] Compiling ssl_transcript.cc
[323/1176] Compiling ssl_versions.cc
[324/1176] Compiling ssl_session.cc
[325/1176] Compiling ssl_privkey.cc
[327/1176] Emitting module DequeModule
[328/1176] Compiling DequeModule UniqueDeque+Replacements.swift
[329/1176] Compiling DequeModule UniqueDeque.swift
[330/1176] Compiling DequeModule _DequeSlot.swift
[331/1176] Compiling DequeModule _UnsafeDequeHandle.swift
[332/1176] Compiling DequeModule _UnsafeDequeSegments.swift
[333/1177] Compiling ssl_file.cc
[334/1220] Compiling ssl_key_share.cc
[335/1220] Wrapping AST for DequeModule for debugging
[336/1220] Compiling ssl_cipher.cc
[337/1220] Compiling ssl_lib.cc
[338/1220] Compiling ssl_credential.cc
[340/1220] Compiling Configuration Deprecations.swift
[341/1220] Compiling Configuration ExpressibleByConfigInt.swift
[342/1220] Compiling Configuration ExpressibleByConfigString.swift
[343/1220] Compiling Configuration CLIKeyEncoder.swift
[344/1220] Compiling Configuration ConfigKeyEncoder.swift
[345/1220] Compiling Configuration DotSeparatorKeyDecoder.swift
[346/1225] Compiling Configuration JSONSnapshot.swift
[347/1225] Compiling Configuration PropertyListSnapshot.swift
[348/1225] Compiling Configuration ReloadingFileProvider.swift
[349/1225] Compiling Configuration ReloadingFileProviderMetrics.swift
[350/1225] Compiling Configuration YAMLSnapshot.swift
[351/1225] Compiling Configuration InMemoryProvider.swift
[352/1225] Emitting module ExtrasBase64
[352/1225] Compiling ssl_cert.cc
[354/1225] Compiling ExtrasBase64 Base32.swift
[355/1225] Compiling ExtrasBase64 Base64+Span.swift
[356/1225] Compiling ExtrasBase64 Base64.swift
[357/1226] Compiling ssl_buffer.cc
[358/1257] Compiling ssl_asn1.cc
[359/1257] Wrapping AST for ExtrasBase64 for debugging
[360/1257] Compiling ssl_aead_ctx.cc
[361/1257] Compiling s3_lib.cc
[362/1257] Compiling s3_pkt.cc
[363/1257] Compiling handshake_server.cc
[364/1257] Compiling s3_both.cc
[366/1257] Compiling GoogleWKT WKTValue.swift
[367/1257] Compiling GoogleWKT WKTApi.swift
[368/1257] Compiling GoogleWKT WKTEnum.swift
[369/1257] Compiling GoogleWKT WKTEnumValue.swift
[370/1261] Compiling GoogleWKT UnknownFields.swift
[371/1261] Compiling GoogleWKT WKTAny.swift
[372/1261] Compiling GoogleWKT WKTAnyError.swift
[373/1261] Compiling GoogleWKT WKTBoolValue.swift
[374/1261] Compiling GoogleWKT WKTBytesValue.swift
[375/1261] Compiling GoogleWKT WKTField.swift
[376/1261] Compiling GoogleWKT WKTMethod.swift
[377/1261] Compiling GoogleWKT WKTMixin.swift
[378/1261] Compiling GoogleWKT WKTOption.swift
[379/1261] Compiling GoogleWKT WKTFloatValue.swift
[380/1261] Compiling GoogleWKT WKTInt32Value.swift
[381/1261] Compiling GoogleWKT WKTInt64Value.swift
[382/1261] Compiling GoogleWKT WKTRecursive.swift
[383/1261] Compiling GoogleWKT WKTStringValue.swift
[384/1261] Compiling GoogleWKT WKTTimestamp.swift
[385/1261] Compiling GoogleWKT WKTUInt32Value.swift
[386/1261] Compiling GoogleWKT WKTUInt64Value.swift
[387/1261] Compiling GoogleWKT WKTDoubleValue.swift
[388/1261] Compiling GoogleWKT WKTDuration.swift
[389/1261] Compiling GoogleWKT WKTEmpty.swift
[390/1261] Compiling GoogleWKT WKTFieldMask.swift
[390/1261] Compiling handshake.cc
[391/1261] Compiling encrypted_client_hello.cc
[392/1261] Compiling handoff.cc
[399/1261] Compiling handshake_client.cc
[401/1261] Compiling Configuration CombineLatestManyStorage.swift
[402/1261] Compiling Configuration AsyncSequences.swift
[403/1261] Compiling Configuration FoundationExtensions.swift
[404/1261] Compiling Configuration Span.swift
[405/1261] Compiling Configuration ConfigBytesFromStringDecoder.swift
[406/1261] Emitting module GoogleWKT
[407/1261] Compiling GoogleWKT AnyPackable.swift
[408/1261] Compiling GoogleWKT DecodeToDefault.swift
[409/1261] Compiling GoogleWKT DiscoveryBase64.swift
[410/1261] Compiling GoogleWKT ProtoJSONDecoder.swift
[411/1261] Compiling GoogleWKT ProtoJSONEncoder.swift
[412/1261] Compiling GoogleWKT WKTSourceContext.swift
[413/1261] Compiling GoogleWKT WKTSyntax.swift
[414/1261] Compiling GoogleWKT WKTType.swift
[415/1261] Compiling GoogleWKT PackageVersion.swift
[421/1262] Compiling Configuration FileProvider.swift
[422/1262] Compiling Configuration FileProviderSnapshot.swift
[423/1262] Compiling Configuration MutableInMemoryProvider.swift
[424/1262] Compiling Configuration ConfigProvider+Operators.swift
[425/1262] Compiling Configuration KeyMappingProvider.swift
[426/1262] Compiling Configuration SecretsSpecifier.swift
[427/1262] Compiling Configuration AsyncCombineLatestManySequence.swift
[428/1262] Compiling Configuration CombineLatestManyStateMachine.swift
[428/1262] Compiling dtls_record.cc
[429/1280] Compiling extensions.cc
[431/1295] Compiling GoogleRpc LocalizedMessage.swift
[432/1295] Compiling GoogleRpc PackageVersion.swift
[433/1295] Compiling GoogleRpc PreconditionFailure.swift
[434/1295] Compiling GoogleRpc QuotaFailure.swift
[435/1295] Compiling GoogleRpc Help.swift
[436/1295] Compiling GoogleRpc HttpHeader.swift
[437/1295] Emitting module Configuration
[438/1295] Compiling GoogleRpc RequestInfo.swift
[439/1295] Compiling GoogleRpc ResourceInfo.swift
[440/1295] Compiling GoogleType PhoneNumber.swift
[441/1295] Compiling GoogleType Money.swift
[442/1295] Compiling GoogleType Month.swift
[444/1366] Wrapping AST for GoogleWKT for debugging
[445/1366] Wrapping AST for Configuration for debugging
[446/1366] Compiling d1_pkt.cc
[448/1366] Emitting module GoogleType
[449/1368] Compiling GoogleApi FieldBehavior.swift
[450/1368] Compiling GoogleApi FieldInfo.swift
[451/1368] Compiling GoogleApi Endpoint.swift
[452/1368] Compiling GoogleApi ErrorReason.swift
[452/1368] Compiling dtls_method.cc
[454/1368] Compiling GoogleApi Authentication.swift
[455/1368] Compiling GoogleApi AuthenticationRule.swift
[456/1368] Compiling GoogleApi Backend.swift
[457/1368] Compiling GoogleApi BackendRule.swift
[458/1368] Compiling GoogleApi CppSettings.swift
[459/1368] Compiling GoogleApi CustomHttpPattern.swift
[460/1368] Compiling GoogleApi Distribution.swift
[460/1368] Compiling md5-x86_64-linux.S
[461/1368] Compiling md5-x86_64-apple.S
[462/1368] Compiling GoogleApi AuthRequirement.swift
[464/1370] Compiling md5-586-linux.S
[466/1370] Compiling GoogleApi DocumentationRule.swift
[467/1370] Compiling GoogleApi DotnetSettings.swift
[470/1370] Emitting module GoogleRpc
[472/1370] Compiling GoogleApi Documentation.swift
[472/1370] Compiling md5-586-apple.S
[478/1370] Compiling GoogleApi Advice.swift
[479/1370] Compiling GoogleApi AuthProvider.swift
[479/1370] Compiling d1_srtp.cc
[486/1370] Compiling chacha20_poly1305_x86_64-linux.S
[487/1370] Compiling chacha20_poly1305_x86_64-apple.S
[488/1370] Compiling d1_lib.cc
[490/1370] Compiling GoogleRpc RetryInfo.swift
[491/1370] Compiling GoogleRpc Status.swift
[491/1371] Compiling chacha20_poly1305_armv8-win.S
[493/1371] Compiling GoogleType TimeOfDay.swift
[494/1371] Compiling GoogleType TimeZone.swift
[495/1372] Compiling chacha20_poly1305_armv8-apple.S
[497/1372] Compiling chacha20_poly1305_armv8-linux.S
[498/1372] Compiling chacha-x86_64-linux.S
[499/1372] Compiling bio_ssl.cc
[500/1372] Compiling chacha-x86_64-apple.S
[501/1372] Wrapping AST for GoogleRpc for debugging
[502/1372] Compiling chacha-x86-linux.S
[503/1372] Compiling chacha-armv8-win.S
[504/1372] Compiling chacha-x86-apple.S
[505/1372] Wrapping AST for GoogleType for debugging
[506/1372] Compiling chacha-armv8-apple.S
[507/1372] Compiling chacha-armv8-linux.S
[508/1372] Compiling err_data.cc
[509/1372] Compiling chacha-armv4-linux.S
[509/1372] Compiling aes128gcmsiv-x86_64-linux.S
[511/1372] Compiling aes128gcmsiv-x86_64-apple.S
[512/1372] Compiling x86_64-mont5-linux.S
[513/1372] Compiling x86_64-mont5-apple.S
[514/1372] Compiling x86_64-mont-linux.S
[515/1372] Compiling vpaes-x86_64-linux.S
[516/1372] Compiling x86-mont-linux.S
[517/1372] Compiling x86_64-mont-apple.S
[517/1372] Compiling x86-mont-apple.S
[519/1372] Compiling vpaes-x86-apple.S
[520/1372] Compiling vpaes-x86_64-apple.S
[521/1372] Compiling vpaes-x86-linux.S
[522/1372] Compiling vpaes-armv8-win.S
[523/1372] Compiling vpaes-armv7-linux.S
[524/1372] Compiling vpaes-armv8-apple.S
[525/1372] Compiling sha512-x86_64-linux.S
[526/1372] Compiling vpaes-armv8-linux.S
[527/1372] Compiling sha512-x86_64-apple.S
[528/1372] Compiling sha512-armv8-win.S
[529/1372] Compiling sha512-586-linux.S
[530/1372] Compiling sha512-armv8-apple.S
[531/1372] Compiling sha512-armv4-linux.S
[532/1372] Compiling sha512-armv8-linux.S
[533/1372] Compiling sha512-586-apple.S
[534/1372] Compiling sha256-x86_64-linux.S
[535/1372] Compiling sha256-x86_64-apple.S
[536/1372] Compiling sha256-armv8-linux.S
[537/1372] Compiling sha256-armv8-win.S
[538/1372] Compiling sha256-armv8-apple.S
[538/1372] Compiling sha256-586-linux.S
[540/1372] Compiling sha256-armv4-linux.S
[541/1372] Compiling sha256-586-apple.S
[542/1372] Compiling sha1-x86_64-linux.S
[543/1372] Compiling sha1-x86_64-apple.S
[544/1372] Compiling sha1-armv8-apple.S
[545/1372] Compiling sha1-armv8-linux.S
[547/1372] Emitting module GoogleApi
[547/1372] Compiling sha1-armv8-win.S
[548/1381] Compiling sha1-586-linux.S
[549/1381] Compiling sha1-armv4-large-linux.S
[550/1381] Compiling sha1-586-apple.S
[551/1381] Compiling rsaz-avx2-linux.S
[552/1381] Compiling rdrand-x86_64-linux.S
[553/1381] Compiling rdrand-x86_64-apple.S
[554/1381] Compiling rsaz-avx2-apple.S
[555/1381] Compiling p256_beeu-x86_64-asm-apple.S
[556/1381] Compiling p256_beeu-x86_64-asm-linux.S
[557/1381] Compiling p256_beeu-armv8-asm-win.S
[558/1381] Compiling p256_beeu-armv8-asm-linux.S
[559/1381] Compiling p256-x86_64-asm-apple.S
[560/1381] Compiling p256-x86_64-asm-linux.S
[561/1381] Compiling p256-armv8-asm-apple.S
[562/1381] Compiling p256-armv8-asm-win.S
[563/1381] Compiling ghashv8-armv8-win.S
[564/1381] Compiling p256-armv8-asm-linux.S
[565/1381] Compiling ghashv8-armv8-linux.S
[566/1381] Compiling ghashv8-armv8-apple.S
[567/1381] Compiling ghashv8-armv7-linux.S
[568/1381] Compiling ghash-x86_64-linux.S
[569/1381] Compiling ghash-x86_64-apple.S
[570/1381] Compiling ghash-ssse3-x86_64-apple.S
[571/1381] Compiling ghash-x86-linux.S
[572/1381] Compiling ghash-ssse3-x86_64-linux.S
[573/1381] Compiling ghash-ssse3-x86-linux.S
[574/1381] Compiling ghash-ssse3-x86-apple.S
[575/1381] Compiling ghash-neon-armv8-linux.S
[576/1381] Compiling ghash-neon-armv8-win.S
[577/1381] Compiling ghash-neon-armv8-apple.S
[578/1381] Compiling ghash-armv4-linux.S
[579/1381] Compiling co-586-linux.S
[580/1381] Compiling bsaes-armv7-linux.S
[581/1381] Compiling co-586-apple.S
[582/1381] Compiling bn-armv8-win.S
[583/1381] Compiling bn-armv8-linux.S
[584/1381] Compiling armv8-mont-win.S
[585/1381] Compiling armv8-mont-apple.S
[586/1381] Compiling aesv8-gcm-armv8-win.S
[587/1381] Compiling armv4-mont-linux.S
[588/1381] Compiling armv8-mont-linux.S
[589/1381] Compiling aesv8-gcm-armv8-linux.S
[590/1381] Compiling aesv8-gcm-armv8-apple.S
[591/1381] Compiling aesv8-armv8-win.S
[592/1381] Compiling aesv8-armv8-apple.S
[593/1381] Compiling aesv8-armv8-linux.S
[594/1381] Compiling aesni-x86_64-linux.S
[595/1381] Compiling aesv8-armv7-linux.S
[596/1381] Compiling aesni-x86_64-apple.S
[597/1381] Compiling aesni-x86-linux.S
[598/1381] Compiling aesni-x86-apple.S
[599/1381] Compiling aesni-gcm-x86_64-linux.S
[600/1381] Compiling aesni-gcm-x86_64-apple.S
[601/1381] Compiling aes-gcm-avx2-x86_64-linux.S
[602/1381] Compiling aes-gcm-avx2-x86_64-apple.S
[603/1381] Compiling aes-gcm-avx10-x86_64-linux.S
[604/1381] Compiling aes-gcm-avx10-x86_64-apple.S
[605/1381] Compiling d1_both.cc
[607/1381] Compiling GoogleApi Monitoring.swift
[608/1381] Compiling GoogleApi NodeSettings.swift
[609/1381] Compiling GoogleApi OAuthRequirements.swift
[610/1381] Compiling GoogleApi PackageVersion.swift
[611/1381] Compiling GoogleApi Page.swift
[612/1381] Compiling GoogleApi PhpSettings.swift
[613/1381] Compiling GoogleApi ProjectProperties.swift
[614/1381] Compiling GoogleApi Property.swift
[615/1381] Compiling GoogleApi Publishing.swift
[616/1381] Compiling GoogleApi PythonSettings.swift
[617/1381] Compiling GoogleApi Quota.swift
[618/1381] Compiling GoogleApi QuotaLimit.swift
[619/1381] Compiling GoogleApi ResourceDescriptor.swift
[620/1381] Compiling GoogleApi ResourceReference.swift
[621/1381] Compiling GoogleApi RoutingParameter.swift
[622/1381] Compiling GoogleApi RoutingRule.swift
[623/1381] Compiling GoogleApi RubySettings.swift
[624/1381] Compiling GoogleApi SelectiveGapicGeneration.swift
[625/1381] Compiling GoogleApi Service.swift
[626/1381] Compiling GoogleApi Billing.swift
[627/1381] Compiling GoogleApi ChangeType.swift
[628/1381] Compiling GoogleApi ClientLibraryDestination.swift
[629/1381] Compiling GoogleApi ClientLibraryOrganization.swift
[630/1381] Compiling GoogleApi ClientLibrarySettings.swift
[631/1381] Compiling GoogleApi CommonLanguageSettings.swift
[632/1381] Compiling GoogleApi ConfigChange.swift
[633/1381] Compiling GoogleApi Context.swift
[634/1381] Compiling GoogleApi ContextRule.swift
[635/1381] Compiling GoogleApi Control.swift
[636/1381] Compiling GoogleApi LogDescriptor.swift
[637/1381] Compiling GoogleApi Logging.swift
[638/1381] Compiling GoogleApi MethodPolicy.swift
[639/1381] Compiling GoogleApi MethodSettings.swift
[640/1381] Compiling GoogleApi Metric.swift
[641/1381] Compiling GoogleApi MetricDescriptor.swift
[642/1381] Compiling GoogleApi MetricRule.swift
[643/1381] Compiling GoogleApi MonitoredResource.swift
[644/1381] Compiling GoogleApi MonitoredResourceDescriptor.swift
[645/1381] Compiling GoogleApi MonitoredResourceMetadata.swift
[646/1381] Compiling GoogleApi FieldPolicy.swift
[647/1381] Compiling GoogleApi FlowControlLimitExceededBehaviorProto.swift
[648/1381] Compiling GoogleApi GoSettings.swift
[649/1381] Compiling GoogleApi Http.swift
[650/1381] Compiling GoogleApi HttpBody.swift
[651/1381] Compiling GoogleApi HttpRule.swift
[652/1381] Compiling GoogleApi JavaSettings.swift
[653/1381] Compiling GoogleApi JwtLocation.swift
[654/1381] Compiling GoogleApi LabelDescriptor.swift
[655/1381] Compiling GoogleApi LaunchStage.swift
[656/1381] Compiling GoogleApi SourceInfo.swift
[657/1381] Compiling GoogleApi SystemParameter.swift
[658/1381] Compiling GoogleApi SystemParameterRule.swift
[659/1381] Compiling GoogleApi SystemParameters.swift
[660/1381] Compiling GoogleApi TypeReference.swift
[661/1381] Compiling GoogleApi Usage.swift
[662/1381] Compiling GoogleApi UsageRule.swift
[663/1381] Compiling GoogleApi Visibility.swift
[664/1381] Compiling GoogleApi VisibilityRule.swift
[664/1381] Compiling x_x509a.cc
[665/1381] Compiling x_x509.cc
[666/1381] Compiling x_req.cc
[667/1381] Compiling x_sig.cc
[668/1381] Compiling x_val.cc
[669/1381] Compiling x_spki.cc
[670/1381] Compiling x_pubkey.cc
[691/1381] Compiling GoogleApi BatchingSettingsProto.swift
[692/1382] Compiling x_exten.cc
[693/1382] Compiling x_name.cc
[694/1382] Compiling x_crl.cc
[695/1382] Compiling x_attrib.cc
[696/1382] Wrapping AST for GoogleApi for debugging
[697/1382] Compiling x_algor.cc
[698/1382] Compiling x_all.cc
[699/1382] Compiling x509spki.cc
[700/1382] Compiling x509rset.cc
[701/1382] Compiling x509name.cc
[702/1382] Compiling x509_vpm.cc
[702/1382] Compiling x509cset.cc
[704/1382] Compiling x509_txt.cc
[705/1382] Compiling x509_vfy.cc
[706/1382] Compiling x509_v3.cc
[707/1382] Compiling x509_trs.cc
[708/1382] Compiling x509_set.cc
[709/1382] Compiling x509_obj.cc
[710/1382] Compiling x509_req.cc
[711/1382] Compiling x509_def.cc
[711/1382] Compiling x509_lu.cc
[713/1382] Compiling x509_d2.cc
[714/1382] Compiling x509_ext.cc
[715/1382] Compiling x509_cmp.cc
[716/1382] Compiling x509_att.cc
[717/1382] Compiling x509.cc
[718/1382] Compiling v3_prn.cc
[719/1382] Compiling v3_skey.cc
[720/1382] Compiling v3_purp.cc
[721/1382] Compiling v3_utl.cc
[722/1382] Compiling v3_pmaps.cc
[723/1382] Compiling v3_pcons.cc
[724/1382] Compiling v3_ocsp.cc
[725/1382] Compiling v3_int.cc
[726/1382] Compiling v3_ncons.cc
[727/1382] Compiling v3_lib.cc
[728/1382] Compiling v3_ia5.cc
[729/1382] Compiling v3_info.cc
[730/1382] Compiling v3_genn.cc
[731/1382] Compiling v3_extku.cc
[732/1382] Compiling v3_enum.cc
[733/1382] Compiling v3_crld.cc
[734/1382] Compiling v3_conf.cc
[735/1382] Compiling v3_cpols.cc
[736/1382] Compiling v3_bitst.cc
[737/1382] Compiling v3_bcons.cc
[738/1382] Compiling v3_alt.cc
[739/1382] Compiling v3_akeya.cc
[740/1382] Compiling v3_akey.cc
[741/1382] Compiling t_x509a.cc
[742/1382] Compiling t_x509.cc
[743/1382] Compiling t_crl.cc
[744/1382] Compiling t_req.cc
[745/1382] Compiling rsa_pss.cc
[746/1382] Compiling i2d_pr.cc
[747/1382] Compiling policy.cc
[748/1382] Compiling name_print.cc
[749/1382] Compiling by_file.cc
[750/1382] Compiling by_dir.cc
[751/1382] Compiling asn1_gen.cc
[752/1382] Compiling algorithm.cc
[753/1382] Compiling a_verify.cc
[754/1382] Compiling a_sign.cc
[755/1382] Compiling voprf.cc
[756/1382] Compiling a_digest.cc
[757/1382] Compiling thread_win.cc
[758/1382] Compiling thread_pthread.cc
[759/1382] Compiling thread_none.cc
[760/1382] Compiling thread.cc
[761/1382] Compiling stack.cc
[762/1382] Compiling trust_token.cc
[763/1382] Compiling pmbtoken.cc
[764/1382] Compiling spake2plus.cc
[765/1382] Compiling sha512.cc
[766/1382] Compiling siphash.cc
[767/1382] Compiling sha256.cc
[768/1382] Compiling sha1.cc
[769/1382] Compiling slhdsa.cc
[770/1382] Compiling rsa_print.cc
[771/1382] Compiling rsa_extra.cc
[772/1382] Compiling rc4.cc
[773/1382] Compiling refcount.cc
[774/1382] Compiling rsa_crypt.cc
[775/1382] Compiling windows.cc
[776/1382] Compiling urandom.cc
[777/1382] Compiling trusty.cc
[778/1382] Compiling rsa_asn1.cc
[779/1382] Compiling rand.cc
[780/1382] Compiling ios.cc
[781/1382] Compiling passive.cc
[782/1382] Compiling getentropy.cc
[783/1382] Compiling poly1305_arm_asm.S
[784/1382] Compiling forkunsafe.cc
[785/1382] Compiling deterministic.cc
[786/1382] Compiling fork_detect.cc
[787/1382] Compiling poly1305_vec.cc
[788/1382] Compiling poly1305_arm.cc
[789/1382] Compiling pool.cc
[790/1382] Compiling poly1305.cc
[791/1382] Compiling pkcs7.cc
[792/1382] Compiling pkcs8_x509.cc
[793/1382] Compiling pkcs8.cc
[794/1382] Compiling p5_pbev2.cc
[795/1382] Compiling pkcs7_x509.cc
[796/1382] Compiling pem_xaux.cc
[797/1382] Compiling pem_x509.cc
[798/1382] Compiling pem_pkey.cc
[799/1382] Compiling pem_pk8.cc
[800/1382] Compiling mlkem.cc
[801/1382] Compiling pem_oth.cc
[802/1382] Compiling pem_lib.cc
[803/1382] Compiling pem_info.cc
[804/1382] Compiling pem_all.cc
[805/1382] Compiling obj_xref.cc
[806/1382] Compiling obj.cc
[807/1382] Compiling poly_rq_mul.S
[808/1382] Compiling mldsa.cc
[809/1382] Compiling fips_shared_support.cc
[810/1382] Compiling mem.cc
[811/1382] Compiling md5.cc
[812/1382] Compiling lhash.cc
[813/1382] Compiling md4.cc
[814/1382] Compiling kyber.cc
[815/1382] Compiling ex_data.cc
[816/1382] Compiling sign.cc
[817/1382] Compiling hrss.cc
[818/1382] Compiling scrypt.cc
[819/1382] Compiling print.cc
[820/1382] Compiling hpke.cc
[821/1382] Compiling pbkdf.cc
[822/1382] Compiling p_x25519.cc
[823/1382] Compiling p_x25519_asn1.cc
[824/1382] Compiling p_rsa_asn1.cc
[825/1382] Compiling p_rsa.cc
[826/1382] Compiling p_hkdf.cc
[827/1382] Compiling p_ed25519.cc
[828/1382] Compiling p_ed25519_asn1.cc
[829/1382] Compiling p_ec.cc
[830/1382] Compiling p_ec_asn1.cc
[831/1382] Compiling p_dh.cc
[831/1382] Compiling p_dh_asn1.cc
[833/1382] Compiling evp_ctx.cc
[834/1382] Compiling p_dsa_asn1.cc
[835/1382] Compiling evp.cc
[836/1382] Compiling err.cc
[837/1382] Compiling evp_asn1.cc
[838/1382] Compiling engine.cc
[839/1382] Compiling ecdh.cc
[840/1382] Compiling hash_to_curve.cc
[841/1382] Compiling ecdsa_asn1.cc
[842/1382] Compiling ec_derive.cc
[843/1382] Compiling dsa.cc
[844/1382] Compiling bcm.cc
[845/1382] Compiling dsa_asn1.cc
[846/1382] Compiling ec_asn1.cc
[847/1382] Compiling x25519-asm-arm.S
[848/1382] Compiling params.cc
[849/1382] Compiling digest_extra.cc
[850/1382] Compiling des.cc
[851/1382] Compiling dh_asn1.cc
[852/1382] Compiling curve25519_64_adx.cc
[853/1382] Compiling cpu_intel.cc
[854/1382] Compiling crypto.cc
[855/1382] Compiling spake25519.cc
[856/1382] Compiling cpu_arm_linux.cc
[857/1382] Compiling curve25519.cc
[858/1382] Compiling cpu_arm_freebsd.cc
[858/1382] Compiling cpu_aarch64_win.cc
[860/1382] Compiling cpu_aarch64_sysreg.cc
[861/1382] Compiling cpu_aarch64_openbsd.cc
[862/1382] Compiling cpu_aarch64_linux.cc
[863/1382] Compiling cpu_aarch64_fuchsia.cc
[864/1382] Compiling cpu_aarch64_apple.cc
[865/1382] Compiling get_cipher.cc
[866/1382] Compiling tls_cbc.cc
[867/1382] Compiling conf.cc
[868/1382] Compiling e_tls.cc
[869/1382] Compiling e_rc4.cc
[870/1382] Compiling e_rc2.cc
[871/1382] Compiling e_null.cc
[872/1382] Compiling e_des.cc
[873/1382] Compiling e_chacha20poly1305.cc
[874/1382] Compiling e_aesgcmsiv.cc
[875/1382] Compiling e_aesctrhmac.cc
[876/1382] Compiling derive_key.cc
[877/1382] Compiling chacha.cc
[878/1382] Compiling unicode.cc
[879/1382] Compiling buf.cc
[880/1382] Compiling cbb.cc
[881/1382] Compiling cbs.cc
[882/1382] Compiling ber.cc
[883/1382] Compiling asn1_compat.cc
[884/1382] Compiling convert.cc
[885/1382] Compiling bn_asn1.cc
[886/1382] Compiling blake2.cc
[887/1382] Compiling socket_helper.cc
[888/1382] Compiling socket.cc
[888/1382] Compiling printf.cc
[890/1382] Compiling pair.cc
[891/1382] Compiling hexdump.cc
[892/1382] Compiling file.cc
[893/1382] Compiling fd.cc
[894/1382] Compiling errno.cc
[895/1382] Compiling connect.cc
[896/1382] Compiling bio_mem.cc
[897/1382] Compiling bio.cc
[898/1382] Compiling base64.cc
[899/1382] Compiling tasn_typ.cc
[900/1382] Compiling tasn_utl.cc
[901/1382] Compiling tasn_fre.cc
[902/1382] Compiling tasn_enc.cc
[903/1382] Compiling tasn_new.cc
[904/1382] Compiling posix_time.cc
[904/1382] Compiling f_string.cc
[906/1382] Compiling tasn_dec.cc
[907/1382] Compiling f_int.cc
[907/1382] Compiling asn_pack.cc
[909/1382] Compiling asn1_par.cc
[910/1382] Compiling a_utctm.cc
[911/1382] Compiling asn1_lib.cc
[912/1382] Compiling a_type.cc
[913/1382] Compiling a_time.cc
[914/1382] Compiling a_octet.cc
[915/1382] Compiling a_strnid.cc
[916/1382] Compiling a_strex.cc
[917/1382] Compiling a_object.cc
[918/1382] Compiling a_i2d_fp.cc
[919/1382] Compiling a_dup.cc
[920/1382] Compiling a_mbstr.cc
[921/1382] Compiling a_gentm.cc
[922/1382] Compiling a_d2i_fp.cc
[923/1382] Compiling CGoogleGaxCRC32C CGoogleGaxCRC32C.c
[924/1382] Compiling fiat_p256_adx_sqr.S
[925/1382] Compiling a_int.cc
[926/1382] Compiling fiat_p256_adx_mul.S
[927/1382] Compiling fiat_curve25519_adx_square.S
[928/1382] Compiling fiat_curve25519_adx_mul.S
[929/1382] Compiling md5-x86_64-linux.S
[930/1382] Compiling md5-x86_64-apple.S
[931/1382] Compiling md5-586-linux.S
[932/1382] Compiling md5-586-apple.S
[933/1382] Compiling a_bitstr.cc
[934/1382] Compiling chacha20_poly1305_x86_64-linux.S
[935/1382] Compiling chacha20_poly1305_x86_64-apple.S
[936/1382] Compiling chacha20_poly1305_armv8-win.S
[937/1382] Compiling a_bool.cc
[938/1382] Compiling chacha20_poly1305_armv8-apple.S
[939/1382] Compiling chacha-x86_64-linux.S
[940/1382] Compiling chacha-x86_64-apple.S
[941/1382] Compiling CCryptoBoringSSLShims shims.c
[942/1382] Compiling chacha-x86-linux.S
[943/1382] Compiling chacha20_poly1305_armv8-linux.S
[944/1382] Compiling chacha-x86-apple.S
[945/1382] Compiling chacha-armv8-win.S
[946/1382] Compiling chacha-armv8-apple.S
[947/1382] Compiling aes128gcmsiv-x86_64-linux.S
[948/1382] Compiling chacha-armv4-linux.S
[949/1382] Compiling chacha-armv8-linux.S
[950/1382] Compiling aes128gcmsiv-x86_64-apple.S
[951/1382] Compiling x86_64-mont5-linux.S
[952/1382] Compiling x86_64-mont5-apple.S
[953/1382] Compiling x86_64-mont-linux.S
[954/1382] Compiling x86_64-mont-apple.S
[955/1382] Compiling x86-mont-apple.S
[956/1382] Compiling x86-mont-linux.S
[957/1382] Compiling vpaes-x86_64-linux.S
[958/1382] Compiling vpaes-x86_64-apple.S
[959/1382] Compiling vpaes-x86-linux.S
[960/1382] Compiling vpaes-x86-apple.S
[960/1382] Compiling vpaes-armv8-win.S
[961/1382] Compiling vpaes-armv8-linux.S
[963/1382] Compiling vpaes-armv8-apple.S
[964/1382] Compiling vpaes-armv7-linux.S
[965/1382] Compiling sha512-x86_64-apple.S
[966/1382] Compiling sha512-armv8-win.S
[967/1382] Compiling sha512-x86_64-linux.S
[968/1382] Compiling sha512-armv8-apple.S
[969/1382] Compiling sha512-armv4-linux.S
[970/1382] Compiling sha512-armv8-linux.S
[970/1382] Compiling err_data.cc
[972/1382] Compiling sha512-586-apple.S
[973/1382] Compiling sha512-586-linux.S
[974/1382] Compiling sha256-x86_64-linux.S
[975/1382] Compiling sha256-armv8-win.S
[976/1382] Compiling sha256-x86_64-apple.S
[977/1382] Compiling sha256-armv8-apple.S
[978/1382] Compiling sha256-armv4-linux.S
[979/1382] Compiling sha256-586-linux.S
[980/1382] Compiling sha256-armv8-linux.S
[981/1382] Compiling sha256-586-apple.S
[982/1382] Compiling sha1-x86_64-linux.S
[983/1382] Compiling sha1-x86_64-apple.S
[984/1382] Compiling sha1-armv8-win.S
[985/1382] Compiling sha1-armv8-apple.S
[986/1382] Compiling sha1-armv4-large-linux.S
[987/1382] Compiling sha1-armv8-linux.S
[988/1382] Compiling sha1-586-linux.S
[988/1382] Compiling sha1-586-apple.S
[990/1382] Compiling rsaz-avx2-linux.S
[991/1382] Compiling rdrand-x86_64-linux.S
[992/1382] Compiling rsaz-avx2-apple.S
[993/1382] Compiling rdrand-x86_64-apple.S
[994/1382] Compiling p256_beeu-x86_64-asm-linux.S
[995/1382] Compiling p256_beeu-x86_64-asm-apple.S
[996/1382] Compiling p256_beeu-armv8-asm-win.S
[997/1382] Compiling p256_beeu-armv8-asm-linux.S
[998/1382] Compiling p256_beeu-armv8-asm-apple.S
[999/1382] Compiling p256-x86_64-asm-apple.S
[1000/1382] Compiling p256-x86_64-asm-linux.S
[1001/1382] Compiling p256-armv8-asm-win.S
[1002/1382] Compiling p256-armv8-asm-apple.S
[1003/1382] Compiling ghashv8-armv8-win.S
[1004/1382] Compiling ghashv8-armv8-linux.S
[1005/1382] Compiling ghashv8-armv8-apple.S
[1006/1382] Compiling p256-armv8-asm-linux.S
[1007/1382] Compiling ghashv8-armv7-linux.S
[1008/1382] Compiling ghash-x86_64-linux.S
[1009/1382] Compiling ghash-x86-apple.S
[1010/1382] Compiling ghash-x86_64-apple.S
[1011/1382] Compiling ghash-x86-linux.S
[1012/1382] Compiling ghash-ssse3-x86_64-linux.S
[1013/1382] Compiling ghash-ssse3-x86-linux.S
[1014/1382] Compiling ghash-ssse3-x86_64-apple.S
[1015/1382] Compiling ghash-ssse3-x86-apple.S
[1016/1382] Compiling ghash-neon-armv8-win.S
[1017/1382] Compiling ghash-neon-armv8-linux.S
[1017/1382] Compiling ghash-neon-armv8-apple.S
[1019/1382] Compiling co-586-linux.S
[1020/1382] Compiling ghash-armv4-linux.S
[1021/1382] Compiling co-586-apple.S
[1022/1382] Compiling bn-armv8-apple.S
[1023/1382] Compiling bsaes-armv7-linux.S
[1024/1382] Compiling bn-586-linux.S
[1025/1382] Compiling bn-armv8-win.S
[1026/1382] Compiling bn-armv8-linux.S
[1027/1382] Compiling bn-586-apple.S
[1028/1382] Compiling armv8-mont-win.S
[1029/1382] Compiling armv8-mont-apple.S
[1030/1382] Compiling armv4-mont-linux.S
[1031/1382] Compiling aesv8-gcm-armv8-win.S
[1032/1382] Compiling aesv8-gcm-armv8-apple.S
[1033/1382] Compiling armv8-mont-linux.S
[1034/1382] Compiling aesv8-armv8-win.S
[1035/1382] Compiling aesv8-armv8-linux.S
[1036/1382] Compiling aesv8-armv8-apple.S
[1037/1382] Compiling aesv8-gcm-armv8-linux.S
[1038/1382] Compiling aesv8-armv7-linux.S
[1039/1382] Compiling aesni-x86_64-linux.S
[1040/1382] Compiling aesni-x86_64-apple.S
[1041/1382] Compiling aesni-x86-linux.S
[1042/1382] Compiling aesni-x86-apple.S
[1043/1382] Compiling aesni-gcm-x86_64-apple.S
[1044/1382] Compiling aesni-gcm-x86_64-linux.S
[1045/1382] Compiling aes-gcm-avx512-x86_64-linux.S
[1046/1382] Compiling aes-gcm-avx512-x86_64-apple.S
[1047/1382] Compiling aes-gcm-avx2-x86_64-linux.S
[1048/1382] Compiling aes-gcm-avx2-x86_64-apple.S
[1049/1382] Compiling xwing.cc
[1050/1382] Compiling x_sig.cc
[1051/1382] Compiling x_spki.cc
[1052/1382] Compiling x_x509.cc
[1053/1382] Compiling x_x509a.cc
[1054/1382] Compiling x_req.cc
[1055/1382] Compiling c-nioatomics.c
[1056/1382] Compiling x_pubkey.cc
[1057/1382] Compiling x_exten.cc
[1058/1382] Compiling x_name.cc
[1059/1382] Compiling x_crl.cc
[1060/1382] Compiling c-atomics.c
[1061/1382] Compiling x_attrib.cc
[1062/1382] Compiling x_all.cc
[1064/1389] Compiling NIOConcurrencyHelpers NIOLockedValueBox.swift
[1064/1389] Compiling x_algor.cc
[1066/1389] Compiling NIOConcurrencyHelpers NIOThreadPoolWorkAvailable.swift
[1067/1389] Compiling NIOConcurrencyHelpers NIOLock.swift
[1068/1389] Compiling NIOConcurrencyHelpers NIOAtomic.swift
[1069/1389] Compiling NIOConcurrencyHelpers lock.swift
[1070/1389] Emitting module NIOConcurrencyHelpers
[1071/1389] Compiling NIOConcurrencyHelpers atomics.swift
[1071/1389] Compiling x509name.cc
[1072/1389] Compiling x509spki.cc
[1074/1390] Wrapping AST for NIOConcurrencyHelpers for debugging
[1075/1390] Compiling x509_vpm.cc
[1076/1390] Compiling x509cset.cc
[1077/1390] Compiling x509rset.cc
[1078/1390] Compiling x509_vfy.cc
[1079/1390] Compiling x509_v3.cc
[1080/1390] Compiling x509_txt.cc
[1081/1390] Compiling x509_trs.cc
[1082/1390] Compiling x509_set.cc
[1083/1390] Compiling x509_req.cc
[1084/1390] Compiling x509_obj.cc
[1085/1390] Compiling x509_lu.cc
[1086/1390] Compiling x509_ext.cc
[1087/1390] Compiling x509_def.cc
[1088/1390] Compiling x509_d2.cc
[1089/1390] Compiling x509_cmp.cc
[1090/1390] Compiling x509.cc
[1091/1390] Compiling x509_att.cc
[1092/1390] Compiling v3_skey.cc
[1093/1390] Compiling v3_utl.cc
[1094/1390] Compiling v3_purp.cc
[1095/1390] Compiling v3_prn.cc
[1096/1390] Compiling v3_pmaps.cc
[1097/1390] Compiling v3_pcons.cc
[1098/1390] Compiling v3_ocsp.cc
[1099/1390] Compiling v3_ncons.cc
[1100/1390] Compiling v3_lib.cc
[1101/1390] Compiling v3_int.cc
[1102/1390] Compiling v3_info.cc
[1103/1390] Compiling v3_ia5.cc
[1104/1390] Compiling v3_genn.cc
[1105/1390] Compiling v3_extku.cc
[1106/1390] Compiling v3_enum.cc
[1107/1390] Compiling v3_crld.cc
[1108/1390] Compiling v3_cpols.cc
[1109/1390] Compiling v3_conf.cc
[1110/1390] Compiling v3_bitst.cc
[1111/1390] Compiling v3_bcons.cc
[1112/1390] Compiling v3_alt.cc
[1113/1390] Compiling v3_akeya.cc
[1114/1390] Compiling v3_akey.cc
[1115/1390] Compiling t_x509a.cc
[1116/1390] Compiling t_x509.cc
[1117/1390] Compiling t_req.cc
[1118/1390] Compiling t_crl.cc
[1119/1390] Compiling i2d_pr.cc
[1120/1390] Compiling rsa_pss.cc
[1121/1390] Compiling policy.cc
[1122/1390] Compiling name_print.cc
[1123/1390] Compiling by_file.cc
[1124/1390] Compiling by_dir.cc
[1125/1390] Compiling asn1_gen.cc
[1126/1390] Compiling algorithm.cc
[1127/1390] Compiling a_verify.cc
[1128/1390] Compiling a_sign.cc
[1129/1390] Compiling thread_win.cc
[1130/1390] Compiling thread_pthread.cc
[1131/1390] Compiling a_digest.cc
[1131/1390] Compiling voprf.cc
[1133/1390] Compiling trust_token.cc
[1134/1390] Compiling pmbtoken.cc
[1135/1390] Compiling thread_none.cc
[1136/1390] Compiling thread.cc
[1137/1390] Compiling stack.cc
[1138/1390] Compiling siphash.cc
[1139/1390] Compiling sha512.cc
[1140/1390] Compiling slhdsa.cc
[1141/1390] Compiling sha256.cc
[1142/1390] Compiling sha1.cc
[1143/1390] Compiling spake2plus.cc
[1144/1390] Compiling rsa_print.cc
[1145/1390] Compiling rsa_extra.cc
[1146/1390] Compiling rsa_crypt.cc
[1147/1390] Compiling rc4.cc
[1148/1390] Compiling refcount.cc
[1149/1390] Compiling windows.cc
[1150/1390] Compiling urandom.cc
[1151/1390] Compiling trusty.cc
[1152/1390] Compiling rand.cc
[1153/1390] Compiling passive.cc
[1154/1390] Compiling rsa_asn1.cc
[1155/1390] Compiling ios.cc
[1156/1390] Compiling getentropy.cc
[1157/1390] Compiling poly1305_arm_asm.S
[1158/1390] Compiling forkunsafe.cc
[1159/1390] Compiling fork_detect.cc
[1160/1390] Compiling deterministic.cc
[1161/1390] Compiling poly1305_vec.cc
[1162/1390] Compiling pool.cc
[1163/1390] Compiling poly1305_arm.cc
[1164/1390] Compiling poly1305.cc
[1165/1390] Compiling pkcs8.cc
[1166/1390] Compiling pkcs8_x509.cc
[1167/1390] Compiling p5_pbev2.cc
[1168/1390] Compiling pkcs7.cc
[1169/1390] Compiling pkcs7_x509.cc
[1170/1390] Compiling pem_xaux.cc
[1171/1390] Compiling pem_x509.cc
[1172/1390] Compiling pem_pkey.cc
[1173/1390] Compiling mlkem.cc
[1174/1390] Compiling pem_pk8.cc
[1175/1390] Compiling pem_oth.cc
[1176/1390] Compiling pem_lib.cc
[1177/1390] Compiling pem_info.cc
[1178/1390] Compiling obj_xref.cc
[1179/1390] Compiling pem_all.cc
[1180/1390] Compiling obj.cc
[1181/1390] Compiling poly_rq_mul.S
[1182/1390] Compiling mldsa.cc
[1183/1390] Compiling mem.cc
[1184/1390] Compiling fips_shared_support.cc
[1185/1390] Compiling lhash.cc
[1186/1390] Compiling md5.cc
[1187/1390] Compiling md4.cc
[1188/1390] Compiling kyber.cc
[1189/1390] Compiling fuzzer_mode.cc
[1190/1390] Compiling hrss.cc
[1191/1390] Compiling ex_data.cc
[1192/1390] Compiling hpke.cc
[1193/1390] Compiling scrypt.cc
[1194/1390] Compiling pbkdf.cc
[1195/1390] Compiling print.cc
[1196/1390] Compiling sign.cc
[1197/1390] Compiling p_x25519.cc
[1198/1390] Compiling p_x25519_asn1.cc
[1199/1390] Compiling p_rsa_asn1.cc
[1200/1390] Compiling p_hkdf.cc
[1201/1390] Compiling p_rsa.cc
[1202/1390] Compiling p_ed25519_asn1.cc
[1203/1390] Compiling p_ed25519.cc
[1204/1390] Compiling p_ec_asn1.cc
[1205/1390] Compiling p_ec.cc
[1206/1390] Compiling p_dsa_asn1.cc
[1207/1390] Compiling p_dh_asn1.cc
[1208/1390] Compiling p_dh.cc
[1209/1390] Compiling evp_ctx.cc
[1210/1390] Compiling evp_asn1.cc
[1211/1390] Compiling err.cc
[1212/1390] Compiling ecdsa_p1363.cc
[1213/1390] Compiling engine.cc
[1214/1390] Compiling evp.cc
[1215/1390] Compiling ecdh.cc
[1216/1390] Compiling ecdsa_asn1.cc
[1217/1390] Compiling ec_derive.cc
[1218/1390] Compiling hash_to_curve.cc
[1219/1390] Compiling ec_asn1.cc
[1220/1390] Compiling dsa.cc
[1220/1390] Compiling dsa_asn1.cc
[1222/1390] Compiling digest_extra.cc
[1223/1390] Compiling x25519-asm-arm.S
[1224/1390] Compiling params.cc
[1225/1390] Compiling curve25519_64_adx.cc
[1226/1390] Compiling des.cc
[1227/1390] Compiling dh_asn1.cc
[1228/1390] Compiling spake25519.cc
[1229/1390] Compiling curve25519.cc
[1230/1390] Compiling crypto.cc
[1231/1390] Compiling cpu_intel.cc
[1232/1390] Compiling cpu_arm_linux.cc
[1233/1390] Compiling cpu_arm_freebsd.cc
[1234/1390] Compiling cpu_aarch64_win.cc
[1235/1390] Compiling cpu_aarch64_sysreg.cc
[1236/1390] Compiling cpu_aarch64_openbsd.cc
[1237/1390] Compiling cpu_aarch64_linux.cc
[1238/1390] Compiling cpu_aarch64_fuchsia.cc
[1239/1390] Compiling cpu_aarch64_apple.cc
[1240/1390] Compiling tls_cbc.cc
[1241/1390] Compiling conf.cc
[1242/1390] Compiling get_cipher.cc
[1243/1390] Compiling e_tls.cc
[1244/1390] Compiling e_rc4.cc
[1244/1390] Compiling e_null.cc
[1246/1390] Compiling cms.cc
[1247/1390] Compiling e_rc2.cc
[1248/1390] Compiling e_des.cc
[1249/1390] Compiling e_chacha20poly1305.cc
[1250/1390] Compiling e_aesctrhmac.cc
[1251/1390] Compiling e_aesgcmsiv.cc
[1252/1390] Compiling derive_key.cc
[1253/1390] Compiling e_aeseax.cc
[1254/1390] Compiling chacha.cc
[1255/1390] Compiling unicode.cc
[1256/1390] Compiling buf.cc
[1257/1390] Compiling sqrt.cc
[1258/1390] Compiling cbb.cc
[1259/1390] Compiling cbs.cc
[1260/1390] Compiling ber.cc
[1261/1390] Compiling asn1_compat.cc
[1262/1390] Compiling exponentiation.cc
[1263/1390] Compiling div.cc
[1264/1390] Compiling blake2.cc
[1265/1390] Compiling bn_asn1.cc
[1266/1390] Compiling printf.cc
[1267/1390] Compiling pair.cc
[1268/1390] Compiling convert.cc
[1269/1390] Compiling hexdump.cc
[1270/1390] Compiling file.cc
[1271/1390] Compiling fd.cc
[1272/1390] Compiling errno.cc
[1273/1390] Compiling bio_mem.cc
[1274/1390] Compiling base64.cc
[1275/1390] Compiling bio.cc
[1276/1390] Compiling tasn_typ.cc
[1277/1390] Compiling tasn_fre.cc
[1278/1390] Compiling tasn_utl.cc
[1279/1390] Compiling tasn_enc.cc
[1280/1390] Compiling posix_time.cc
[1281/1390] Compiling tasn_new.cc
[1282/1390] Compiling f_string.cc
[1283/1390] Compiling tasn_dec.cc
[1284/1390] Compiling f_int.cc
[1285/1390] Compiling asn1_par.cc
[1286/1390] Compiling asn_pack.cc
[1287/1390] Compiling asn1_lib.cc
[1288/1390] Compiling a_utctm.cc
[1289/1390] Compiling a_octet.cc
[1290/1390] Compiling bcm.cc
[1291/1390] Compiling a_time.cc
[1292/1390] Compiling a_type.cc
[1293/1390] Compiling a_strnid.cc
[1294/1390] Compiling a_strex.cc
[1295/1390] Compiling a_i2d_fp.cc
[1296/1390] Compiling a_dup.cc
[1297/1390] Compiling a_mbstr.cc
[1298/1390] Compiling a_object.cc
[1299/1390] Write sources
[1300/1390] Compiling CAsyncHTTPClient CAsyncHTTPClient.c
[1301/1390] Write sources
[1303/1390] Compiling a_d2i_fp.cc
[1304/1433] Compiling a_int.cc
[1305/1433] Compiling a_gentm.cc
[1307/1433] Compiling Algorithms RandomSample.swift
[1308/1433] Compiling Algorithms Reductions.swift
[1309/1435] Compiling Algorithms Keyed.swift
[1310/1435] Compiling Algorithms MinMax.swift
[1311/1435] Compiling Algorithms Indexed.swift
[1312/1435] Compiling Algorithms Intersperse.swift
[1313/1435] Compiling Algorithms FirstNonNil.swift
[1314/1435] Compiling Algorithms Joined.swift
[1314/1435] Compiling aes.cc
[1315/1435] Compiling a_bool.cc
[1317/1435] Compiling Atomics IntegerOperations.swift
[1318/1435] Compiling Atomics Unmanaged extensions.swift
[1319/1435] Compiling Algorithms Compacted.swift
[1320/1435] Compiling Algorithms Cycle.swift
[1321/1435] Compiling Algorithms EitherSequence.swift
[1324/1438] Compiling a_bitstr.cc
[1327/1446] Compiling Algorithms Stride.swift
[1328/1446] Compiling Algorithms Suffix.swift
[1329/1446] Compiling Algorithms Partition.swift
[1330/1446] Compiling Algorithms Permutations.swift
[1331/1446] Compiling Algorithms Product.swift
[1335/1446] Compiling Algorithms Trim.swift
[1336/1446] Compiling Algorithms Unique.swift
[1337/1446] Compiling Algorithms Windows.swift
[1342/1446] Compiling Algorithms FlattenCollection.swift
[1343/1446] Compiling Algorithms Grouped.swift
[1346/1446] Compiling Algorithms AdjacentPairs.swift
[1347/1446] Compiling Algorithms Chain.swift
[1348/1446] Compiling Algorithms Chunked.swift
[1349/1446] Compiling Algorithms Combinations.swift
[1350/1446] Compiling CryptoBoringWrapper RandomBytes.swift
[1357/1446] Compiling CryptoBoringWrapper EllipticCurve.swift
[1358/1446] Emitting module Algorithms
[1360/1447] Emitting module Atomics
[1361/1448] Wrapping AST for Algorithms for debugging
[1362/1448] Wrapping AST for Atomics for debugging
[1364/1448] Compiling CryptoBoringWrapper FiniteFieldArithmeticContext.swift
[1365/1453] Compiling CryptoBoringWrapper BoringSSLAEAD.swift
[1366/1453] Emitting module CryptoBoringWrapper
[1367/1512] Compiling CryptoBoringWrapper CryptoKitErrors_boring.swift
[1368/1512] Compiling CryptoBoringWrapper EllipticCurvePoint.swift
[1369/1512] Compiling CryptoBoringWrapper ArbitraryPrecisionInteger.swift
[1370/1513] Wrapping AST for CryptoBoringWrapper for debugging
[1372/1597] Compiling Crypto MACFunctions.swift
[1373/1597] Compiling Crypto MessageAuthenticationCode.swift
[1374/1597] Compiling Crypto AES.swift
[1375/1597] Compiling Crypto ECDSASignature_boring.swift
[1376/1597] Compiling Crypto ECDSA_boring.swift
[1377/1597] Compiling Crypto EdDSA_boring.swift
[1378/1597] Compiling Crypto MLDSA_boring.swift
[1379/1597] Compiling Crypto MLDSA_wrapper.swift
[1380/1597] Compiling Crypto ECDSA.swift
[1381/1605] Compiling Crypto HPKE-LabeledExtract.swift
[1382/1605] Compiling Crypto HPKE-Utils.swift
[1383/1605] Compiling Crypto DHKEM.swift
[1384/1605] Compiling Crypto HPKE-KEM-Curve25519.swift
[1385/1605] Compiling NIOCore SingleStepByteToMessageDecoder.swift
[1386/1605] Compiling NIOCore SocketAddresses.swift
[1387/1605] Compiling NIOCore SocketOptionProvider.swift
[1388/1605] Compiling NIOCore SystemCallHelpers.swift
[1389/1605] Compiling NIOCore TimeAmount+Duration.swift
[1390/1605] Compiling NIOCore TypeAssistedChannelHandler.swift
[1391/1605] Compiling NIOCore UniversalBootstrapSupport.swift
[1392/1605] Compiling NIOCore Utilities.swift
[1393/1616] Compiling Crypto AES-GCM.swift
[1394/1616] Compiling Crypto AES-GCM_boring.swift
[1395/1616] Compiling Crypto ChaChaPoly_boring.swift
[1396/1616] Compiling Crypto ChaChaPoly.swift
[1397/1616] Compiling Crypto Cipher.swift
[1398/1616] Compiling Crypto Nonces.swift
[1399/1616] Compiling Crypto ASN1.swift
[1400/1616] Compiling Crypto ASN1Any.swift
[1401/1616] Compiling Crypto ASN1BitString.swift
[1402/1616] Compiling Crypto ASN1Boolean.swift
[1403/1616] Compiling Crypto ASN1Identifier.swift
[1404/1616] Compiling Crypto ASN1Integer.swift
[1405/1616] Compiling Crypto ASN1Null.swift
[1406/1616] Compiling Crypto ASN1OctetString.swift
[1407/1616] Compiling Crypto ASN1Strings.swift
[1408/1616] Compiling Crypto ArraySliceBigint.swift
[1409/1616] Compiling Crypto GeneralizedTime.swift
[1410/1616] Compiling Crypto ObjectIdentifier.swift
[1411/1616] Compiling Crypto ECDSASignature.swift
[1412/1616] Compiling Crypto PEMDocument.swift
[1413/1616] Compiling Crypto PKCS8PrivateKey.swift
[1414/1616] Compiling Crypto SEC1PrivateKey.swift
[1415/1616] Compiling Crypto SubjectPublicKeyInfo.swift
[1416/1616] Compiling Crypto CryptoError_boring.swift
[1417/1616] Compiling Crypto Digests.swift
[1418/1616] Compiling Crypto HashFunctions.swift
[1419/1616] Compiling Crypto HashFunctions_SHA2.swift
[1420/1616] Compiling Crypto HashFunctions_SHA3.swift
[1421/1616] Compiling Crypto Digest_xkcp.swift
[1422/1616] Compiling Crypto HPKE-AEAD.swift
[1423/1616] Compiling Crypto HPKE-Ciphersuite.swift
[1424/1616] Compiling Crypto HPKE-KDF.swift
[1425/1616] Compiling Crypto HPKE-KexKeyDerivation.swift
[1426/1616] Compiling Crypto CryptoKitErrors.swift
[1427/1616] Compiling Crypto Digest_boring.swift
[1428/1616] Compiling Crypto Digest.swift
[1438/1616] Emitting module Crypto
[1439/1616] Compiling Crypto Signature.swift
[1440/1616] Compiling Crypto CryptoKitErrors_boring.swift
[1441/1616] Compiling Crypto Optional+withUnsafeBytes_boring.swift
[1442/1616] Compiling Crypto RNG_boring.swift
[1443/1616] Compiling Crypto SafeCompare_boring.swift
[1444/1616] Compiling Crypto Zeroization_boring.swift
[1445/1616] Compiling Crypto _CryptoModuleAnchor.swift
[1446/1616] Compiling Crypto PrettyBytes.swift
[1447/1616] Compiling Crypto SafeCompare.swift
[1448/1616] Compiling Crypto SecureBytes.swift
[1449/1616] Compiling Crypto Zeroization.swift
[1450/1616] Compiling Crypto Insecure_HashFunctions.swift
[1451/1616] Compiling Crypto MLKEM_boring.swift
[1452/1616] Compiling Crypto MLKEM_wrapper.swift
[1453/1616] Compiling Crypto XWing_boring.swift
[1454/1616] Compiling Crypto KEM-Errors.swift
[1455/1616] Compiling Crypto KEM.swift
[1456/1616] Compiling Crypto MLKEM.swift
[1457/1616] Compiling Crypto XWing.swift
[1458/1616] Compiling Crypto ECDH_boring.swift
[1459/1616] Compiling Crypto DH.swift
[1460/1616] Compiling Crypto ECDH.swift
[1461/1616] Compiling Crypto ANSIx963.swift
[1462/1616] Compiling Crypto HKDF.swift
[1463/1616] Compiling Crypto AESWrap.swift
[1464/1616] Compiling Crypto AESWrap_boring.swift
[1465/1616] Compiling Crypto Ed25519_boring.swift
[1466/1616] Compiling Crypto NISTCurvesKeys_boring.swift
[1467/1616] Compiling Crypto X25519Keys_boring.swift
[1468/1616] Compiling Crypto Curve25519.swift
[1469/1616] Compiling Crypto Ed25519Keys.swift
[1470/1616] Compiling Crypto NISTCurvesKeys.swift
[1471/1616] Compiling Crypto X25519Keys.swift
[1472/1616] Compiling Crypto SymmetricKeys.swift
[1473/1616] Compiling Crypto HMAC.swift
[1483/1616] Compiling Crypto Ed25519.swift
[1484/1616] Compiling Crypto MLDSA.swift
[1520/1617] Wrapping AST for Crypto for debugging
[1522/1679] Compiling CryptoExtras ARCServer.swift
[1523/1679] Compiling CryptoExtras ChaCha20CTR_boring.swift
[1524/1679] Compiling CryptoExtras ChaCha20CTR.swift
[1525/1679] Compiling CryptoExtras BoringSSLSHA512256Context.swift
[1526/1679] Compiling CryptoExtras BoringSSLSHA512256HashFunction.swift
[1527/1679] Compiling CryptoExtras SHA512256.swift
[1528/1679] Compiling CryptoExtras SHA512256Digest.swift
[1529/1679] Compiling CryptoExtras Curve25519+PEM.swift
[1530/1679] Compiling CryptoExtras ObjectIdentifier.swift
[1531/1679] Emitting module CryptoExtras
[1532/1687] Compiling CryptoExtras AES_CBC.swift
[1533/1687] Compiling CryptoExtras AES_CFB.swift
[1534/1687] Compiling CryptoExtras AES_CTR.swift
[1535/1687] Compiling CryptoExtras AES_GCM_SIV.swift
[1536/1687] Compiling CryptoExtras Block Function.swift
[1537/1687] Compiling CryptoExtras AES_CBC_boring.swift
[1538/1687] Compiling CryptoExtras AES_CFB_boring.swift
[1539/1687] Compiling CryptoExtras AES_CTR_boring.swift
[1540/1687] Compiling CryptoExtras AES_GCM_SIV_boring.swift
[1550/1687] Compiling CryptoExtras ThreadOps.swift
[1551/1687] Compiling CryptoExtras ThreadPosix.swift
[1552/1687] Compiling CryptoExtras ThreadSpecific.swift
[1553/1687] Compiling CryptoExtras ThreadWindows.swift
[1554/1687] Compiling CryptoExtras DLEQ.swift
[1555/1687] Compiling CryptoExtras Prover.swift
[1556/1687] Compiling CryptoExtras Verifier.swift
[1557/1687] Compiling CryptoExtras ZKPToolbox.swift
[1558/1687] Compiling CryptoExtras PKCS8DERRepresentation.swift
[1559/1687] Compiling CryptoExtras PKCS8PrivateKey.swift
[1560/1687] Compiling CryptoExtras RFC8410AlgorithmIdentifier.swift
[1561/1687] Compiling CryptoExtras ECToolbox_boring.swift
[1562/1687] Compiling CryptoExtras ECToolbox.swift
[1563/1687] Compiling CryptoExtras HashToField.swift
[1564/1687] Compiling CryptoExtras KDF.swift
[1565/1687] Compiling CryptoExtras PBKDF2_boring.swift
[1566/1687] Compiling CryptoExtras PBKDF2_commoncrypto.swift
[1567/1687] Compiling CryptoExtras PBKDF2.swift
[1568/1687] Compiling CryptoExtras Scrypt_boring.swift
[1569/1687] Compiling CryptoExtras Scrypt.swift
[1570/1687] Compiling CryptoExtras OPRF.swift
[1571/1687] Compiling CryptoExtras OPRFClient.swift
[1572/1687] Compiling CryptoExtras OPRFServer.swift
[1573/1687] Compiling CryptoExtras VOPRF+API.swift
[1574/1687] Compiling CryptoExtras VOPRFClient.swift
[1575/1687] Compiling CryptoExtras VOPRFServer.swift
[1576/1687] Compiling CryptoExtras Data+Extensions.swift
[1577/1687] Compiling CryptoExtras DigestType.swift
[1578/1687] Compiling CryptoExtras Error.swift
[1579/1687] Compiling CryptoExtras I2OSP.swift
[1580/1687] Compiling CryptoExtras IntegerEncoding.swift
[1581/1687] Compiling CryptoExtras PEMDocument.swift
[1582/1687] Compiling CryptoExtras PrettyBytes.swift
[1583/1687] Compiling CryptoExtras SubjectPublicKeyInfo.swift
[1584/1687] Compiling CryptoExtras CMAC.swift
[1585/1687] Compiling CryptoExtras ARC+API.swift
[1586/1687] Compiling CryptoExtras ARC.swift
[1587/1687] Compiling CryptoExtras ARCCredential.swift
[1588/1687] Compiling CryptoExtras ARCEncoding.swift
[1589/1687] Compiling CryptoExtras ARCPrecredential.swift
[1590/1687] Compiling CryptoExtras ARCPresentation.swift
[1591/1687] Compiling CryptoExtras ARCRequest.swift
[1592/1687] Compiling CryptoExtras ARCResponse.swift
[1593/1687] Compiling CryptoExtras BoringSSLPassphraseCallbackManager.swift
[1594/1687] Compiling CryptoExtras RSA+BlindSigning.swift
[1595/1687] Compiling CryptoExtras RSA.swift
[1596/1687] Compiling CryptoExtras RSA_boring.swift
[1597/1687] Compiling CryptoExtras Reexport.swift
[1598/1687] Compiling CryptoExtras Zeroization_boring.swift
[1599/1687] Compiling CryptoExtras BoringSSLHelpers.swift
[1600/1687] Compiling CryptoExtras CryptoKitErrors_boring.swift
[1601/1688] Wrapping AST for CryptoExtras for debugging
[1603/1690] Emitting module _CryptoExtras
[1604/1690] Compiling _CryptoExtras Exports.swift
[1605/1691] Wrapping AST for _CryptoExtras for debugging
[1607/1786] Compiling X509 CSRAttribute.swift
[1608/1786] Compiling X509 CSRAttributes.swift
[1609/1786] Compiling X509 CSRVersion.swift
[1610/1786] Compiling X509 CertificateSigningRequest.swift
[1611/1786] Compiling X509 CertificationRequestInfo.swift
[1612/1786] Compiling X509 ExtensionRequest.swift
[1613/1786] Compiling X509 Certificate.swift
[1614/1786] Compiling X509 CertificatePrivateKey.swift
[1615/1786] Compiling X509 CertificatePublicKey.swift
[1616/1786] Emitting module NIOCore
[1617/1794] Wrapping AST for NIOCore for debugging
[1619/1844] Compiling NIOFoundationEssentialsCompat Codable+ByteBuffer.swift
[1620/1844] Compiling NIOEmbedded AsyncTestingEventLoop.swift
[1621/1844] Compiling NIOFoundationEssentialsCompat ByteBuffer-foundation.swift
[1622/1844] Emitting module NIOFoundationEssentialsCompat
[1623/1845] Wrapping AST for NIOFoundationEssentialsCompat for debugging
[1625/1845] Compiling NIOEmbedded Embedded.swift
[1626/1845] Compiling NIOEmbedded AsyncTestingChannel.swift
[1627/1845] Emitting module NIOEmbedded
[1628/1846] Wrapping AST for NIOEmbedded for debugging
[1630/1846] Compiling NIOPosix StructuredConcurrencyHelpers.swift
[1631/1846] Compiling NIOPosix System.swift
[1632/1846] Compiling NIOPosix HappyEyeballs.swift
[1633/1846] Compiling NIOPosix IO.swift
[1634/1846] Compiling NIOPosix IntegerBitPacking.swift
[1635/1846] Compiling NIOPosix IntegerTypes.swift
[1636/1846] Compiling NIOPosix Linux.swift
[1637/1846] Compiling NIOPosix LinuxCPUSet.swift
[1638/1846] Compiling NIOPosix LinuxUring.swift
[1639/1846] Compiling X509 VersionPolicy.swift
[1640/1846] Compiling X509 ServerIdentityPolicy.swift
[1641/1846] Compiling X509 TrustRootLoading.swift
[1642/1846] Compiling X509 UnverifiedChain.swift
[1643/1859] Compiling X509 DomainComponent.swift
[1644/1859] Compiling X509 EmailAddress.swift
[1645/1859] Compiling X509 LocalityName.swift
[1646/1859] Compiling X509 OrganizationName.swift
[1647/1859] Compiling X509 OrganizationalUnitName.swift
[1648/1859] Compiling X509 StateOrProvinceName.swift
[1649/1859] Compiling X509 StreetAddress.swift
[1650/1859] Compiling X509 Error.swift
[1651/1859] Compiling X509 AuthorityInformationAccess.swift
[1652/1859] Compiling X509 AuthorityKeyIdentifier.swift
[1653/1859] Compiling X509 BasicConstraints.swift
[1654/1859] Compiling X509 ExtendedKeyUsage.swift
[1655/1859] Compiling X509 ExtensionIdentifiers.swift
[1656/1859] Compiling X509 KeyUsage.swift
[1657/1859] Compiling NIOPosix BSDSocketAPICommon.swift
[1658/1859] Compiling NIOPosix BSDSocketAPIPosix.swift
[1659/1859] Compiling NIOPosix BSDSocketAPIWindows.swift
[1660/1859] Compiling NIOPosix BaseSocket.swift
[1661/1859] Compiling NIOPosix BaseSocketChannel+AccessibleTransport.swift
[1662/1859] Compiling NIOPosix BaseSocketChannel+SocketOptionProvider.swift
[1663/1859] Compiling NIOPosix BaseSocketChannel.swift
[1664/1859] Compiling NIOPosix BaseStreamSocketChannel.swift
[1665/1859] Compiling NIOPosix Bootstrap.swift
[1666/1859] Compiling NIOPosix ControlMessage.swift
[1667/1859] Compiling NIOPosix DatagramVectorReadManager.swift
[1668/1859] Compiling NIOPosix Errors+Any.swift
[1669/1859] Compiling NIOPosix FileDescriptor.swift
[1670/1859] Compiling NIOPosix GetaddrinfoResolver.swift
[1671/1859] Compiling NIOPosix SelectorUring.swift
[1672/1859] Compiling NIOPosix PipeChannel.swift
[1673/1859] Compiling NIOPosix PipePair.swift
[1674/1859] Compiling NIOPosix Pool.swift
[1675/1859] Compiling NIOPosix PosixSingletons+ConcurrencyTakeOver.swift
[1676/1859] Compiling NIOPosix PosixSingletons.swift
[1677/1859] Compiling NIOPosix RawSocketBootstrap.swift
[1678/1859] Compiling NIOPosix Resolver.swift
[1679/1859] Compiling NIOPosix SelectorWSAPoll.swift
[1680/1859] Compiling NIOPosix ServerSocket.swift
[1681/1859] Compiling NIOPosix Socket.swift
[1682/1859] Compiling NIOPosix SocketChannel.swift
[1683/1859] Compiling NIOPosix SocketProtocols.swift
[1684/1859] Compiling X509 CMSIssuerAndSerialNumber.swift
[1685/1859] Compiling X509 CMSOperations.swift
[1686/1859] Compiling X509 CMSSignature.swift
[1687/1859] Compiling X509 CMSSignedData.swift
[1688/1859] Compiling X509 CMSSignerIdentifier.swift
[1689/1859] Compiling X509 CMSSignerInfo.swift
[1690/1859] Compiling X509 CMSVersion.swift
[1691/1859] Compiling X509 Curve25519+DER.swift
[1692/1859] Compiling X509 CustomPrivateKey.swift
[1693/1859] Compiling X509 Digests.swift
[1694/1859] Compiling X509 DistinguishedName.swift
[1695/1859] Compiling X509 CommonName.swift
[1696/1859] Compiling X509 CountryName.swift
[1697/1859] Compiling X509 DNBuilder.swift
[1698/1859] Compiling X509 OCSPExtensionID.swift
[1699/1859] Compiling X509 OCSPNonce.swift
[1700/1859] Compiling X509 OCSPPolicy.swift
[1701/1859] Compiling X509 OCSPRequest.swift
[1702/1859] Compiling X509 OCSPResponse.swift
[1703/1859] Compiling X509 OCSPResponseBytes.swift
[1704/1859] Compiling X509 OCSPResponseData.swift
[1705/1859] Compiling X509 OCSPResponseStatus.swift
[1706/1859] Compiling X509 OCSPSignature.swift
[1707/1859] Compiling X509 OCSPSingleRequest.swift
[1708/1859] Compiling X509 OCSPSingleResponse.swift
[1709/1859] Compiling X509 OCSPTBSRequest.swift
[1710/1859] Compiling X509 OCSPVersion.swift
[1711/1859] Compiling NIOPosix MultiThreadedEventLoopGroup.swift
[1712/1859] Compiling NIOPosix NIOPosixSendableMetatype.swift
[1713/1859] Compiling NIOPosix NIORandomizedDNSResolver.swift
[1714/1859] Compiling NIOPosix NIOThreadPool.swift
[1715/1859] Compiling NIOPosix NonBlockingFileIO.swift
[1716/1859] Compiling NIOPosix PendingDatagramWritesManager.swift
[1717/1859] Compiling NIOPosix PendingWritesManager.swift
[1718/1859] Compiling NIOPosix Selectable.swift
[1719/1859] Compiling NIOPosix SelectableChannel.swift
[1720/1859] Compiling NIOPosix SelectableEventLoop.swift
[1721/1859] Compiling NIOPosix SelectorEpoll.swift
[1722/1859] Compiling NIOPosix SelectorGeneric.swift
[1723/1859] Compiling NIOPosix SelectorKqueue.swift
[1752/1866] Emitting module NIOPosix
[1760/1866] Emitting module X509
[1761/1866] Compiling NIOPosix Thread.swift
[1762/1866] Compiling NIOPosix ThreadPosix.swift
[1763/1866] Compiling NIOPosix ThreadWindows.swift
[1764/1866] Compiling NIOPosix Utilities.swift
[1765/1866] Compiling NIOPosix VsockAddress.swift
[1766/1866] Compiling NIOPosix VsockChannelEvents.swift
[1767/1866] Compiling NIOPosix Windows.swift
[1782/1867] Wrapping AST for NIOPosix for debugging
[1784/1869] Compiling NIO Exports.swift
[1785/1869] Emitting module NIO
[1786/1870] Wrapping AST for NIO for debugging
[1788/1909] Compiling NIOFoundationCompat Exports.swift
[1789/1909] Compiling NIOTLS TLSEvents.swift
[1790/1909] Emitting module NIOFoundationCompat
[1791/1909] Emitting module NIOTLS
[1792/1909] Compiling NIOTLS NIOTypedApplicationProtocolNegotiationHandler.swift
[1793/1909] Compiling NIOHTTP1 HTTPServerRequestMethodQueue.swift
[1794/1909] Compiling NIOHTTP1 HTTPServerUpgradeHandler.swift
[1795/1911] Compiling NIOFoundationCompat WaitSpinningRunLoop.swift
[1796/1911] Compiling NIOFoundationCompat JSONSerialization+ByteBuffer.swift
[1798/1912] Compiling NIOSOCKS ClientStateMachine.swift
[1799/1913] Emitting module NIOSOCKS
[1800/1913] Compiling NIOSOCKS SelectedAuthenticationMethod.swift
[1801/1913] Compiling NIOHTTP1 HTTPHeaderValidator.swift
[1802/1913] Compiling NIOHTTP1 HTTPHeaders+Validation.swift
[1802/1913] Wrapping AST for NIOFoundationCompat for debugging
[1804/1913] Compiling NIOHTTP1 NIOTypedHTTPClientUpgradeHandler.swift
[1805/1913] Compiling NIOHTTP1 NIOTypedHTTPClientUpgraderStateMachine.swift
[1806/1913] Compiling NIOTLS SNIHandler.swift
[1807/1913] Compiling NIOTLS ProtocolNegotiationHandlerStateMachine.swift
[1808/1913] Compiling NIOTLS ApplicationProtocolNegotiationHandler.swift
[1809/1914] Compiling NIOSOCKS SOCKSResponse.swift
[1812/1914] Compiling NIOHTTP1 ByteCollectionUtils.swift
[1813/1914] Compiling NIOHTTP1 HTTPDecoder.swift
[1814/1914] Compiling NIOHTTP1 HTTPEncoder.swift
[1815/1914] Compiling NIOHTTP1 HTTPPipelineSetup.swift
[1817/1914] Compiling NIOSOCKS ServerStateMachine.swift
[1819/1915] Compiling X509 ValidatedCertificateChain.swift
[1820/1915] Compiling X509 VerificationDiagnostic.swift
[1821/1915] Compiling X509 Verifier.swift
[1822/1915] Compiling X509 VerifierPolicy.swift
[1823/1915] Compiling X509 AlgorithmIdentifier.swift
[1824/1915] Compiling X509 ECDSASignature.swift
[1825/1915] Compiling X509 RSAPKCS1PublicKey.swift
[1826/1915] Compiling X509 SubjectPublicKeyInfo.swift
[1827/1915] Compiling X509 TBSCertificate.swift
[1828/1915] Compiling X509 Time.swift
[1829/1915] Compiling X509 TimeCalculations.swift
[1830/1915] Compiling X509 Validity.swift
[1831/1915] Compiling X509 X509SendableMetatype.swift
[1831/1915] Wrapping AST for NIOTLS for debugging
[1833/1946] Wrapping AST for NIOSOCKS for debugging
[1835/1946] Compiling NIOSSL SSLCallbacks.swift
[1836/1946] Compiling NIOSSL SSLCertificate.swift
[1837/1946] Compiling NIOSSL NIOSSLHandler.swift
[1838/1946] Compiling NIOSSL NIOSSLServerHandler.swift
[1839/1946] Compiling NIOSSL AndroidCABundle.swift
[1840/1946] Compiling NIOSSL ByteBufferBIO.swift
[1841/1946] Compiling NIOSSL CustomPrivateKey.swift
[1841/1946] Wrapping AST for X509 for debugging
[1843/2013] Compiling JWTKit MLDSAError.swift
[1844/2013] Compiling JWTKit MLDSAKey.swift
[1845/2013] Compiling JWTKit JWTSerializer.swift
[1846/2013] Compiling JWTKit JWTSigner.swift
[1847/2013] Compiling JWTKit MLDSAType.swift
[1848/2013] Compiling JWTKit JWTKeyCollection+UnsecuredNone.swift
[1849/2013] Compiling JWTKit UnsecuredNoneSigner.swift
[1850/2013] Compiling JWTKit JWTKeyCollection+RSA.swift
[1851/2013] Compiling JWTKit RSA.swift
[1852/2013] Compiling JWTKit RSAError.swift
[1853/2013] Compiling JWTKit RSASigner.swift
[1854/2013] Compiling JWTKit Base64URL.swift
[1855/2013] Compiling JWTKit CryptoSigner.swift
[1856/2022] Compiling JWTKit ECDSASigningAlgorithm.swift
[1857/2022] Compiling JWTKit JWTKeyCollection+ECDSA.swift
[1858/2022] Compiling JWTKit P256+CurveType.swift
[1859/2022] Compiling JWTKit P384+CurveType.swift
[1860/2022] Compiling JWTKit P521+CurveType.swift
[1861/2022] Compiling JWTKit EdDSA.swift
[1862/2022] Compiling JWTKit EdDSACurve.swift
[1863/2022] Compiling JWTKit EdDSAError.swift
[1864/2022] Compiling JWTKit EdDSASigner.swift
[1865/2022] Compiling JWTKit JWTKeyCollection+EdDSA.swift
[1866/2022] Compiling JWTKit JWTAlgorithm.swift
[1867/2022] Compiling JWTKit JWTError.swift
[1868/2022] Compiling JWTKit JWTHeader+CommonFields.swift
[1869/2022] Compiling JWTKit JWTHeader.swift
[1870/2022] Compiling JWTKit JWTHeaderField.swift
[1871/2022] Compiling JWTKit JWTKeyCollection.swift
[1872/2022] Compiling JWTKit JWTParser+MandatoryVerificationFields.swift
[1873/2022] Compiling JWTKit JWTParser.swift
[1874/2022] Compiling JWTKit JWTPayload.swift
[1875/2022] Emitting module JWTKit
[1876/2022] Compiling JWTKit LocaleClaim.swift
[1877/2022] Compiling JWTKit NotBeforeClaim.swift
[1878/2022] Compiling JWTKit SubjectClaim.swift
[1879/2022] Compiling JWTKit TenantIDClaim.swift
[1880/2022] Compiling JWTKit ECDSA.swift
[1881/2022] Compiling JWTKit ECDSACurve.swift
[1882/2022] Compiling JWTKit ECDSACurveType.swift
[1883/2022] Compiling JWTKit ECDSAError.swift
[1884/2022] Compiling JWTKit ECDSAKeyTypes.swift
[1885/2022] Compiling JWTKit ECDSASigner.swift
[1886/2022] Emitting module NIOHTTP1
[1892/2023] Compiling JWTKit MLDSASigner.swift
[1893/2023] Compiling JWTKit HMAC.swift
[1894/2023] Compiling JWTKit HMACError.swift
[1894/2027] Wrapping AST for NIOHTTP1 for debugging
[1896/2044] Compiling JWTKit AudienceClaim.swift
[1897/2044] Compiling JWTKit BoolClaim.swift
[1898/2044] Compiling JWTKit ExpirationClaim.swift
[1899/2044] Compiling JWTKit GoogleHostedDomainClaim.swift
[1900/2044] Compiling JWTKit IDClaim.swift
[1901/2044] Compiling JWTKit IssuedAtClaim.swift
[1902/2044] Compiling JWTKit IssuerClaim.swift
[1903/2044] Compiling JWTKit JWTClaim.swift
[1904/2044] Compiling JWTKit JWTMultiValueClaim.swift
[1905/2044] Compiling JWTKit JWTUnixEpochClaim.swift
[1908/2044] Compiling JWTKit JWTKeyCollection+MLDSA.swift
[1909/2044] Compiling JWTKit MLDSA.swift
[1910/2044] Compiling JWTKit MLDSA65+MLDSAKey.swift
[1911/2044] Compiling JWTKit MLDSA87+MLDSAKey.swift
[1917/2044] Compiling JWTKit HMACSigner.swift
[1918/2044] Compiling JWTKit JWTKeyCollection+HMAC.swift
[1919/2044] Compiling JWTKit Insecure.swift
[1920/2044] Compiling JWTKit JWK.swift
[1921/2044] Compiling JWTKit JWKIdentifier.swift
[1922/2044] Compiling JWTKit JWKS.swift
[1923/2044] Compiling JWTKit JWKSigner.swift
[1928/2044] Compiling NIOHPACK IntegerCoding.swift
[1929/2045] Compiling NIOHPACK IndexedHeaderTable.swift
[1930/2045] Compiling NIOHTTPCompression HTTPDecompressor.swift
[1931/2045] Compiling NIOHPACK HeaderTables.swift
[1935/2045] Compiling NIOHPACK DynamicHeaderTable.swift
[1936/2045] Compiling NIOHPACK HPACKDecoder.swift
[1937/2045] Compiling NIOHPACK HPACKEncoder.swift
[1938/2045] Compiling NIOHPACK HPACKErrors.swift
[1939/2045] Compiling NIOHPACK HPACKHeader.swift
[1940/2045] Emitting module NIOSSL
[1941/2045] Emitting module NIOHTTPCompression
[1942/2045] Compiling NIOHPACK HuffmanTables.swift
[1943/2045] Compiling NIOHTTPCompression HTTPRequestCompressor.swift
[1944/2045] Compiling NIOHTTPCompression HTTPResponseCompressor.swift
[1945/2045] Compiling NIOHTTPCompression HTTPDecompression.swift
[1946/2045] Compiling NIOHTTPCompression HTTPCompression.swift
[1947/2046] Emitting module NIOHPACK
[1949/2046] Compiling NIOHPACK StaticHeaderTable.swift
[1949/2046] Wrapping AST for NIOHTTPCompression for debugging
[1951/2046] Compiling NIOHPACK HuffmanCoding.swift
[1956/2046] Compiling JWTKit CustomizedJSONCoders.swift
[1957/2046] Compiling JWTKit Utilities.swift
[1958/2046] Compiling JWTKit AppleIdentityToken.swift
[1959/2046] Compiling JWTKit FirebaseAuthIdentityToken.swift
[1960/2046] Compiling JWTKit GoogleIdentityToken.swift
[1961/2046] Compiling JWTKit MicrosoftIdentityToken.swift
[1962/2046] Compiling JWTKit EmptyPolicy.swift
[1963/2046] Compiling JWTKit ValidationTimePayload.swift
[1964/2046] Compiling JWTKit X5CVerifier.swift
[1965/2047] Wrapping AST for JWTKit for debugging
[1981/2048] Wrapping AST for NIOHPACK for debugging
[1983/2111] Compiling NIOHTTP2 MayReceiveFrames.swift
[1984/2111] Compiling NIOHTTP2 ReceivingDataState.swift
[1985/2111] Compiling NIOHTTP2 ReceivingGoAwayState.swift
[1986/2111] Compiling NIOHTTP2 ReceivingHeadersState.swift
[1987/2112] Wrapping AST for NIOSSL for debugging
[1989/2112] Emitting module NIOHTTP2
[1990/2120] Compiling NIOHTTP2 MaySendFrames.swift
[1991/2120] Compiling NIOHTTP2 SendingDataState.swift
[1992/2120] Compiling NIOHTTP2 SendingGoawayState.swift
[1993/2120] Compiling NIOHTTP2 SendingHeadersState.swift
[1994/2120] Compiling NIOHTTP2 SendingPushPromiseState.swift
[1995/2120] Compiling NIOHTTP2 SendingRstStreamState.swift
[1996/2120] Compiling NIOHTTP2 SendingWindowUpdateState.swift
[1997/2120] Compiling NIOHTTP2 HTTP2SettingsState.swift
[1998/2120] Compiling NIOHTTP2 HasExtendedConnectSettings.swift
[1999/2120] Compiling NIOHTTP2 DOSHeuristics.swift
[2000/2120] Compiling NIOHTTP2 Error+Any.swift
[2001/2120] Compiling NIOHTTP2 ConcurrentStreamBuffer.swift
[2002/2120] Compiling NIOHTTP2 ControlFrameBuffer.swift
[2003/2120] Compiling NIOHTTP2 OutboundFlowControlBuffer.swift
[2004/2120] Compiling NIOHTTP2 OutboundFrameBuffer.swift
[2005/2120] Compiling NIOHTTP2 GlitchesMonitor.swift
[2006/2120] Compiling NIOHTTP2 HPACKHeaders+Validation.swift
[2007/2120] Compiling NIOHTTP2 HTTP2ChannelHandler+InboundStreamMultiplexer.swift
[2008/2120] Compiling NIOHTTP2 ConnectionStateMachine.swift
[2009/2120] Compiling NIOHTTP2 ConnectionStreamsState.swift
[2014/2120] Compiling NIOHTTP2 ReceivingPushPromiseState.swift
[2015/2120] Compiling NIOHTTP2 ReceivingRstStreamState.swift
[2016/2120] Compiling NIOHTTP2 ReceivingWindowUpdateState.swift
[2017/2120] Compiling NIOHTTP2 NIOHTTP2ServerConnectionManagementHandler.swift
[2018/2120] Compiling NIOHTTP2 StreamChannelFlowController.swift
[2019/2120] Compiling NIOHTTP2 StreamChannelList.swift
[2020/2120] Compiling NIOHTTP2 StreamMap.swift
[2021/2120] Compiling NIOHTTP2 StreamStateMachine.swift
[2022/2120] Compiling NIOHTTP2 Timer.swift
[2023/2120] Compiling NIOHTTP2 UnsafeTransfer.swift
[2024/2120] Compiling NIOHTTP2 WatermarkedFlowController.swift
[2025/2120] Compiling NIOHTTP2 HTTP2FrameParser.swift
[2026/2120] Compiling NIOHTTP2 HTTP2PingData.swift
[2027/2120] Compiling NIOHTTP2 HTTP2PipelineHelpers.swift
[2028/2120] Compiling NIOHTTP2 HTTP2Settings.swift
[2029/2120] Compiling NIOHTTP2 HTTP2Stream.swift
[2030/2120] Compiling NIOHTTP2 HTTP2StreamChannel+OutboundStreamMultiplexer.swift
[2031/2120] Compiling NIOHTTP2 HTTP2StreamChannel.swift
[2032/2120] Compiling NIOHTTP2 HTTP2StreamDelegate.swift
[2033/2120] Compiling NIOHTTP2 HTTP2StreamID.swift
[2034/2120] Compiling NIOHTTP2 HasFlowControlWindows.swift
[2035/2120] Compiling NIOHTTP2 HasLocalSettings.swift
[2036/2120] Compiling NIOHTTP2 HasRemoteSettings.swift
[2037/2120] Compiling NIOHTTP2 LocallyQuiescingState.swift
[2038/2120] Compiling NIOHTTP2 QuiescingState.swift
[2039/2120] Compiling NIOHTTP2 RemotelyQuiescingState.swift
[2040/2120] Compiling NIOHTTP2 SendAndReceiveGoawayState.swift
[2041/2120] Compiling NIOHTTP2 StateMachineResult.swift
[2042/2120] Compiling NIOHTTP2 ContentLengthVerifier.swift
[2043/2120] Compiling NIOHTTP2 HTTP2ChannelHandler+InlineStreamMultiplexer.swift
[2044/2120] Compiling NIOHTTP2 HTTP2ChannelHandler.swift
[2045/2120] Compiling NIOHTTP2 HTTP2CommonInboundStreamMultiplexer.swift
[2046/2120] Compiling NIOHTTP2 HTTP2ConnectionStateChange.swift
[2047/2120] Compiling NIOHTTP2 HTTP2Error.swift
[2048/2120] Compiling NIOHTTP2 HTTP2ErrorCode.swift
[2049/2120] Compiling NIOHTTP2 HTTP2FlowControlWindow.swift
[2050/2120] Compiling NIOHTTP2 HTTP2Frame.swift
[2051/2120] Compiling NIOHTTP2 HTTP2FrameEncoder.swift
[2052/2120] Compiling NIOHTTP2 HTTP2StreamMultiplexer.swift
[2053/2120] Compiling NIOHTTP2 HTTP2ToHTTP1Codec.swift
[2054/2120] Compiling NIOHTTP2 HTTP2UserEvents.swift
[2055/2120] Compiling NIOHTTP2 InboundEventBuffer.swift
[2056/2120] Compiling NIOHTTP2 InboundWindowManager.swift
[2057/2120] Compiling NIOHTTP2 MultiplexerAbstractChannel.swift
[2058/2120] Compiling NIOHTTP2 NIOHTTP2FrameDelegate.swift
[2059/2120] Compiling NIOHTTP2 NIOHTTP2ServerConnectionManagementHandler+StateMachine.swift
[2060/2121] Wrapping AST for NIOHTTP2 for debugging
[2062/2185] Emitting module AsyncHTTPClient
[2063/2193] Compiling AsyncHTTPClient HTTPClientResponse.swift
[2064/2193] Compiling AsyncHTTPClient SingleIteratorPrecondition.swift
[2065/2193] Compiling AsyncHTTPClient Transaction+StateMachine.swift
[2066/2193] Compiling AsyncHTTPClient Transaction.swift
[2067/2193] Compiling AsyncHTTPClient Base64.swift
[2068/2193] Compiling AsyncHTTPClient BasicAuth.swift
[2069/2193] Compiling AsyncHTTPClient BestEffortHashableTLSConfiguration.swift
[2070/2193] Compiling AsyncHTTPClient Configuration+BrowserLike.swift
[2071/2193] Compiling AsyncHTTPClient ConnectionPool.swift
[2072/2193] Compiling AsyncHTTPClient RequestValidation.swift
[2073/2193] Compiling AsyncHTTPClient SSLContextCache.swift
[2074/2193] Compiling AsyncHTTPClient Scheme.swift
[2075/2193] Compiling AsyncHTTPClient Singleton.swift
[2076/2193] Compiling AsyncHTTPClient StringConvertibleInstances.swift
[2077/2193] Compiling AsyncHTTPClient StructuredConcurrencyHelpers.swift
[2078/2193] Compiling AsyncHTTPClient TracingSupport.swift
[2079/2193] Compiling AsyncHTTPClient Utils.swift
[2080/2193] Compiling AsyncHTTPClient HTTP1ProxyConnectHandler.swift
[2081/2193] Compiling AsyncHTTPClient SOCKSEventsHandler.swift
[2082/2193] Compiling AsyncHTTPClient TLSEventsHandler.swift
[2083/2193] Compiling AsyncHTTPClient HTTP1ClientChannelHandler.swift
[2084/2193] Compiling AsyncHTTPClient HTTP1Connection.swift
[2085/2193] Compiling AsyncHTTPClient HTTP1ConnectionStateMachine.swift
[2086/2193] Compiling AsyncHTTPClient HTTP2ClientRequestHandler.swift
[2087/2193] Compiling AsyncHTTPClient HTTP2Connection.swift
[2088/2193] Compiling AsyncHTTPClient HTTP2IdleHandler.swift
[2089/2193] Compiling AsyncHTTPClient LRUCache.swift
[2090/2193] Compiling AsyncHTTPClient NIOLoopBound+Execute.swift
[2091/2193] Compiling AsyncHTTPClient NWErrorHandler.swift
[2092/2193] Compiling AsyncHTTPClient NWWaitingHandler.swift
[2093/2193] Compiling AsyncHTTPClient TLSConfiguration.swift
[2094/2193] Compiling AsyncHTTPClient RedirectState.swift
[2095/2193] Compiling AsyncHTTPClient RequestBag+StateMachine.swift
[2096/2193] Compiling AsyncHTTPClient RequestBag+Tracing.swift
[2097/2193] Compiling AsyncHTTPClient RequestBag.swift
[2098/2193] Compiling AsyncHTTPClient RequestOptions.swift
[2099/2193] Compiling AsyncHTTPClient HTTPConnectionPool+Backoff.swift
[2100/2193] Compiling AsyncHTTPClient HTTPConnectionPool+HTTP1Connections.swift
[2101/2193] Compiling AsyncHTTPClient HTTPConnectionPool+HTTP1StateMachine.swift
[2102/2193] Compiling AsyncHTTPClient HTTPConnectionPool+HTTP2Connections.swift
[2103/2193] Compiling AsyncHTTPClient HTTPConnectionPool+HTTP2StateMachine.swift
[2104/2193] Compiling AsyncHTTPClient HTTPConnectionPool+RequestQueue.swift
[2105/2193] Compiling AsyncHTTPClient HTTPConnectionPool+StateMachine.swift
[2106/2193] Compiling AsyncHTTPClient ConnectionTarget.swift
[2107/2193] Compiling AsyncHTTPClient AnyAsyncSequence.swift
[2108/2193] Compiling AsyncHTTPClient AnyAsyncSequenceProucerDelete.swift
[2109/2193] Compiling AsyncHTTPClient AsyncLazySequence.swift
[2110/2193] Compiling AsyncHTTPClient HTTPClient+execute.swift
[2111/2193] Compiling AsyncHTTPClient HTTPClient+shutdown.swift
[2112/2193] Compiling AsyncHTTPClient HTTPClient+tracing.swift
[2113/2193] Compiling AsyncHTTPClient HTTPClientRequest+Prepared.swift
[2114/2193] Compiling AsyncHTTPClient HTTPClientRequest+auth.swift
[2115/2193] Compiling AsyncHTTPClient HTTPClientRequest.swift
[2116/2193] Compiling AsyncHTTPClient DeconstructedURL.swift
[2117/2193] Compiling AsyncHTTPClient FileDownloadDelegate.swift
[2118/2193] Compiling AsyncHTTPClient FoundationExtensions.swift
[2119/2193] Compiling AsyncHTTPClient HTTPClient+HTTPCookie.swift
[2120/2193] Compiling AsyncHTTPClient HTTPClient+Proxy.swift
[2121/2193] Compiling AsyncHTTPClient HTTPClient+StructuredConcurrency.swift
[2122/2193] Compiling AsyncHTTPClient HTTPClient.swift
[2123/2193] Compiling AsyncHTTPClient HTTPClientConfiguration+SwiftConfiguration.swift
[2124/2193] Compiling AsyncHTTPClient HTTPHandler.swift
[2125/2193] Compiling AsyncHTTPClient HTTPConnectionEvent.swift
[2126/2193] Compiling AsyncHTTPClient HTTPConnectionPool+Factory.swift
[2127/2193] Compiling AsyncHTTPClient HTTPConnectionPool+Manager.swift
[2128/2193] Compiling AsyncHTTPClient HTTPConnectionPool.swift
[2129/2193] Compiling AsyncHTTPClient HTTPExecutableRequest.swift
[2130/2193] Compiling AsyncHTTPClient HTTPRequestStateMachine+Demand.swift
[2131/2193] Compiling AsyncHTTPClient HTTPRequestStateMachine.swift
[2132/2193] Compiling AsyncHTTPClient RequestBodyLength.swift
[2133/2193] Compiling AsyncHTTPClient RequestFramingMetadata.swift
[2134/2194] Wrapping AST for AsyncHTTPClient for debugging
[2136/2217] Emitting module GoogleAuth
[2137/2217] Compiling GoogleAuth AnonymousCredentials.swift
[2138/2217] Compiling GoogleAuth ApiKeyCredentials.swift
[2139/2217] Compiling GoogleAuth ExternalAccountCredentials.swift
[2140/2220] Compiling GoogleAuth ServiceAccountCredentials.swift
[2141/2220] Compiling GoogleAuth ServiceAccountData.swift
[2142/2220] Compiling GoogleAuth ServiceAccountTokenProvider.swift
[2143/2220] Compiling GoogleAuth UserAccountData.swift
[2144/2220] Compiling GoogleAuth UserAccountTokenProvider.swift
[2145/2220] Compiling GoogleAuth UserCredentials.swift
[2146/2220] Compiling GoogleAuth SubjectTokenProvider.swift
[2147/2220] Compiling GoogleAuth MDSAccessTokenProvider.swift
[2148/2220] Compiling GoogleAuth MDSCredentials.swift
[2149/2220] Compiling GoogleAuth CredentialParserRegistry.swift
[2150/2220] Compiling GoogleAuth Credentials.swift
[2151/2220] Compiling GoogleAuth CredentialsError.swift
[2152/2220] Compiling GoogleAuth ADC.swift
[2153/2220] Compiling GoogleAuth ADCPath.swift
[2154/2220] Compiling GoogleAuth ADCResolver.swift
[2155/2220] Compiling GoogleAuth AuthHeaders.swift
[2156/2220] Compiling GoogleAuth AuthHTTPClient.swift
[2157/2220] Compiling GoogleAuth AuthHTTPError.swift
[2158/2220] Compiling GoogleAuth RetryEngine.swift
[2159/2220] Compiling GoogleAuth STSHandler.swift
[2160/2220] Compiling GoogleAuth TokenCache.swift
[2161/2220] Compiling GoogleAuth PackageVersion.swift
[2162/2221] Wrapping AST for GoogleAuth for debugging
[2164/2279] Compiling GoogleGax AIP194+PollingErrorPolicy.swift
[2165/2279] Compiling GoogleGax AIP194+RetryPolicy.swift
[2166/2279] Compiling GoogleGax AIP194.swift
[2167/2279] Compiling GoogleGax AdaptiveThrottler.swift
[2168/2279] Compiling GoogleGax AlwaysPoll.swift
[2169/2279] Compiling GoogleGax AlwaysRetry.swift
[2170/2279] Compiling GoogleGax ApiClientHeader.swift
[2171/2279] Compiling GoogleGax BackoffPolicy.swift
[2172/2279] Compiling GoogleGax BasePollingErrorPolicy.swift
[2173/2287] Emitting module GoogleGax
[2174/2287] Compiling GoogleGax RequestOptions.swift
[2175/2287] Compiling GoogleGax RetryLoop.swift
[2176/2287] Compiling GoogleGax RetryPolicy.swift
[2177/2287] Compiling GoogleGax RetryResult.swift
[2178/2287] Compiling GoogleGax RetryState.swift
[2179/2287] Compiling GoogleGax RetryThrottler.swift
[2180/2287] Compiling GoogleGax RetryThrottlerError.swift
[2181/2287] Compiling GoogleGax RoutingMatcher.swift
[2182/2287] Compiling GoogleGax BaseRetryPolicy.swift
[2183/2287] Compiling GoogleGax BindingError.swift
[2184/2287] Compiling GoogleGax CRC32C.swift
[2185/2287] Compiling GoogleGax CircuitBreaker.swift
[2186/2287] Compiling GoogleGax ClientError.swift
[2187/2287] Compiling GoogleGax ClientOptions.swift
[2188/2287] Compiling GoogleGax ContinueOnIO+PollingErrorPolicy.swift
[2189/2287] Compiling GoogleGax ContinueOnIO+RetryPolicy.swift
[2190/2287] Compiling GoogleGax ContinueOnIO.swift
[2191/2287] Compiling GoogleGax CredentialsProtocol.swift
[2192/2287] Compiling GoogleGax ErrorWrapper.swift
[2193/2287] Compiling GoogleGax ExponentialBackoff+BackoffPolicy.swift
[2194/2287] Compiling GoogleGax ExponentialBackoff+PollingBackoffPolicy.swift
[2195/2287] Compiling GoogleGax ExponentialBackoff.swift
[2196/2287] Compiling GoogleGax HTTPClient.swift
[2197/2287] Compiling GoogleGax HTTPClientHolder.swift
[2198/2287] Compiling GoogleGax LimitedAttemptCount+PollingErrorPolicy.swift
[2199/2287] Compiling GoogleGax LimitedAttemptCount+RetryPolicy.swift
[2200/2287] Compiling GoogleGax LimitedAttemptCount.swift
[2201/2287] Compiling GoogleGax LimitedElapsedTime+PollingErrorPolicy.swift
[2202/2287] Compiling GoogleGax LimitedElapsedTime+RetryPolicy.swift
[2203/2287] Compiling GoogleGax LimitedElapsedTime.swift
[2204/2287] Compiling GoogleGax LongRunningOperations.swift
[2205/2287] Compiling GoogleGax NeverRetry.swift
[2206/2287] Compiling GoogleGax HTTPClientProtocol.swift
[2207/2287] Compiling GoogleGax HTTPClientRequest.swift
[2208/2287] Compiling GoogleGax HTTPClientResponse.swift
[2209/2287] Compiling GoogleGax HTTPHeaders.swift
[2210/2287] Compiling GoogleGax HTTPResponseBody.swift
[2211/2287] Compiling GoogleGax HeaderNames.swift
[2212/2287] Compiling GoogleGax Host.swift
[2213/2287] Compiling GoogleGax InProgressResult.swift
[2214/2287] Compiling GoogleGax Pagination.swift
/host/spi-builder-workspace/.build/checkouts/swift-google-gax/Sources/GoogleGax/Pagination.swift:44:22: error: cannot convert '@Sendable (String) async throws -> (response: ResponseType, items: [Item], nextToken: String)' to 'nonisolated(nonsending) @Sendable (String) async throws -> (response: ResponseType, items: [Item], nextToken: String)' because crossing of an isolation boundary requires parameter and result types to conform to 'Sendable' protocol
 42 |   ) where ResponseType: _PaginatedResponse<Item> {
 43 |     self.initialPageToken = initialPageToken ?? ""
 44 |     self.fetchPage = { token in
    |                      |- error: cannot convert '@Sendable (String) async throws -> (response: ResponseType, items: [Item], nextToken: String)' to 'nonisolated(nonsending) @Sendable (String) async throws -> (response: ResponseType, items: [Item], nextToken: String)' because crossing of an isolation boundary requires parameter and result types to conform to 'Sendable' protocol
    |                      `- note: type 'Item' does not conform to 'Sendable' protocol
 45 |       let response = try await listRpc(token)
 46 |       return (response, response._getPaginatedItems(), response._nextPageToken())
[2215/2287] Compiling GoogleGax PollingBackoffPolicy.swift
/host/spi-builder-workspace/.build/checkouts/swift-google-gax/Sources/GoogleGax/Pagination.swift:44:22: error: cannot convert '@Sendable (String) async throws -> (response: ResponseType, items: [Item], nextToken: String)' to 'nonisolated(nonsending) @Sendable (String) async throws -> (response: ResponseType, items: [Item], nextToken: String)' because crossing of an isolation boundary requires parameter and result types to conform to 'Sendable' protocol
 42 |   ) where ResponseType: _PaginatedResponse<Item> {
 43 |     self.initialPageToken = initialPageToken ?? ""
 44 |     self.fetchPage = { token in
    |                      |- error: cannot convert '@Sendable (String) async throws -> (response: ResponseType, items: [Item], nextToken: String)' to 'nonisolated(nonsending) @Sendable (String) async throws -> (response: ResponseType, items: [Item], nextToken: String)' because crossing of an isolation boundary requires parameter and result types to conform to 'Sendable' protocol
    |                      `- note: type 'Item' does not conform to 'Sendable' protocol
 45 |       let response = try await listRpc(token)
 46 |       return (response, response._getPaginatedItems(), response._nextPageToken())
[2216/2287] Compiling GoogleGax PollingErrorPolicy.swift
/host/spi-builder-workspace/.build/checkouts/swift-google-gax/Sources/GoogleGax/Pagination.swift:44:22: error: cannot convert '@Sendable (String) async throws -> (response: ResponseType, items: [Item], nextToken: String)' to 'nonisolated(nonsending) @Sendable (String) async throws -> (response: ResponseType, items: [Item], nextToken: String)' because crossing of an isolation boundary requires parameter and result types to conform to 'Sendable' protocol
 42 |   ) where ResponseType: _PaginatedResponse<Item> {
 43 |     self.initialPageToken = initialPageToken ?? ""
 44 |     self.fetchPage = { token in
    |                      |- error: cannot convert '@Sendable (String) async throws -> (response: ResponseType, items: [Item], nextToken: String)' to 'nonisolated(nonsending) @Sendable (String) async throws -> (response: ResponseType, items: [Item], nextToken: String)' because crossing of an isolation boundary requires parameter and result types to conform to 'Sendable' protocol
    |                      `- note: type 'Item' does not conform to 'Sendable' protocol
 45 |       let response = try await listRpc(token)
 46 |       return (response, response._getPaginatedItems(), response._nextPageToken())
[2217/2287] Compiling GoogleGax PollingResult.swift
/host/spi-builder-workspace/.build/checkouts/swift-google-gax/Sources/GoogleGax/Pagination.swift:44:22: error: cannot convert '@Sendable (String) async throws -> (response: ResponseType, items: [Item], nextToken: String)' to 'nonisolated(nonsending) @Sendable (String) async throws -> (response: ResponseType, items: [Item], nextToken: String)' because crossing of an isolation boundary requires parameter and result types to conform to 'Sendable' protocol
 42 |   ) where ResponseType: _PaginatedResponse<Item> {
 43 |     self.initialPageToken = initialPageToken ?? ""
 44 |     self.fetchPage = { token in
    |                      |- error: cannot convert '@Sendable (String) async throws -> (response: ResponseType, items: [Item], nextToken: String)' to 'nonisolated(nonsending) @Sendable (String) async throws -> (response: ResponseType, items: [Item], nextToken: String)' because crossing of an isolation boundary requires parameter and result types to conform to 'Sendable' protocol
    |                      `- note: type 'Item' does not conform to 'Sendable' protocol
 45 |       let response = try await listRpc(token)
 46 |       return (response, response._getPaginatedItems(), response._nextPageToken())
[2218/2287] Compiling GoogleGax PollingState.swift
/host/spi-builder-workspace/.build/checkouts/swift-google-gax/Sources/GoogleGax/Pagination.swift:44:22: error: cannot convert '@Sendable (String) async throws -> (response: ResponseType, items: [Item], nextToken: String)' to 'nonisolated(nonsending) @Sendable (String) async throws -> (response: ResponseType, items: [Item], nextToken: String)' because crossing of an isolation boundary requires parameter and result types to conform to 'Sendable' protocol
 42 |   ) where ResponseType: _PaginatedResponse<Item> {
 43 |     self.initialPageToken = initialPageToken ?? ""
 44 |     self.fetchPage = { token in
    |                      |- error: cannot convert '@Sendable (String) async throws -> (response: ResponseType, items: [Item], nextToken: String)' to 'nonisolated(nonsending) @Sendable (String) async throws -> (response: ResponseType, items: [Item], nextToken: String)' because crossing of an isolation boundary requires parameter and result types to conform to 'Sendable' protocol
    |                      `- note: type 'Item' does not conform to 'Sendable' protocol
 45 |       let response = try await listRpc(token)
 46 |       return (response, response._getPaginatedItems(), response._nextPageToken())
[2219/2287] Compiling GoogleGax ProtobufConversionError.swift
/host/spi-builder-workspace/.build/checkouts/swift-google-gax/Sources/GoogleGax/Pagination.swift:44:22: error: cannot convert '@Sendable (String) async throws -> (response: ResponseType, items: [Item], nextToken: String)' to 'nonisolated(nonsending) @Sendable (String) async throws -> (response: ResponseType, items: [Item], nextToken: String)' because crossing of an isolation boundary requires parameter and result types to conform to 'Sendable' protocol
 42 |   ) where ResponseType: _PaginatedResponse<Item> {
 43 |     self.initialPageToken = initialPageToken ?? ""
 44 |     self.fetchPage = { token in
    |                      |- error: cannot convert '@Sendable (String) async throws -> (response: ResponseType, items: [Item], nextToken: String)' to 'nonisolated(nonsending) @Sendable (String) async throws -> (response: ResponseType, items: [Item], nextToken: String)' because crossing of an isolation boundary requires parameter and result types to conform to 'Sendable' protocol
    |                      `- note: type 'Item' does not conform to 'Sendable' protocol
 45 |       let response = try await listRpc(token)
 46 |       return (response, response._getPaginatedItems(), response._nextPageToken())
[2220/2287] Compiling GoogleGax QueryParameter.swift
/host/spi-builder-workspace/.build/checkouts/swift-google-gax/Sources/GoogleGax/Pagination.swift:44:22: error: cannot convert '@Sendable (String) async throws -> (response: ResponseType, items: [Item], nextToken: String)' to 'nonisolated(nonsending) @Sendable (String) async throws -> (response: ResponseType, items: [Item], nextToken: String)' because crossing of an isolation boundary requires parameter and result types to conform to 'Sendable' protocol
 42 |   ) where ResponseType: _PaginatedResponse<Item> {
 43 |     self.initialPageToken = initialPageToken ?? ""
 44 |     self.fetchPage = { token in
    |                      |- error: cannot convert '@Sendable (String) async throws -> (response: ResponseType, items: [Item], nextToken: String)' to 'nonisolated(nonsending) @Sendable (String) async throws -> (response: ResponseType, items: [Item], nextToken: String)' because crossing of an isolation boundary requires parameter and result types to conform to 'Sendable' protocol
    |                      `- note: type 'Item' does not conform to 'Sendable' protocol
 45 |       let response = try await listRpc(token)
 46 |       return (response, response._getPaginatedItems(), response._nextPageToken())
[2221/2287] Compiling GoogleGax RequestError.swift
/host/spi-builder-workspace/.build/checkouts/swift-google-gax/Sources/GoogleGax/Pagination.swift:44:22: error: cannot convert '@Sendable (String) async throws -> (response: ResponseType, items: [Item], nextToken: String)' to 'nonisolated(nonsending) @Sendable (String) async throws -> (response: ResponseType, items: [Item], nextToken: String)' because crossing of an isolation boundary requires parameter and result types to conform to 'Sendable' protocol
 42 |   ) where ResponseType: _PaginatedResponse<Item> {
 43 |     self.initialPageToken = initialPageToken ?? ""
 44 |     self.fetchPage = { token in
    |                      |- error: cannot convert '@Sendable (String) async throws -> (response: ResponseType, items: [Item], nextToken: String)' to 'nonisolated(nonsending) @Sendable (String) async throws -> (response: ResponseType, items: [Item], nextToken: String)' because crossing of an isolation boundary requires parameter and result types to conform to 'Sendable' protocol
    |                      `- note: type 'Item' does not conform to 'Sendable' protocol
 45 |       let response = try await listRpc(token)
 46 |       return (response, response._getPaginatedItems(), response._nextPageToken())
[2222/2287] Compiling GoogleGax ServiceError.swift
[2223/2287] Compiling GoogleGax StatusDetail.swift
[2224/2287] Compiling GoogleGax StrictIdempotency.swift
[2225/2287] Compiling GoogleGax ThrottleResult.swift
[2226/2287] Compiling GoogleGax TooManyRequests+PollingErrorPolicy.swift
[2227/2287] Compiling GoogleGax TooManyRequests+RetryPolicy.swift
[2228/2287] Compiling GoogleGax TooManyRequests.swift
[2229/2287] Compiling GoogleGax PackageVersion.swift
BUILD FAILURE 6.2 android