Build Information
Failed to build Transport, reference 2.3.14 (20f514), with Swift 6.4 for visionOS using Xcode 27.0 on 21 Sep 2026 10:23:42 UTC.
Build Command
env DEVELOPER_DIR=/Applications/Xcode-27.0.0-Release.Candidate.app xcrun xcodebuild -IDEClonedSourcePackagesDirPathOverride=$PWD/.dependencies -skipMacroValidation -skipPackagePluginValidation -derivedDataPath $PWD/.derivedData build -scheme Transport -destination generic/platform=xrOSBuild Log
========================================
RunAll
========================================
Builder version: 5.1.0
Interrupt handler set up.
========================================
Checkout
========================================
Clone URL: https://github.com/OperatorFoundation/Transport.git
Reference: 2.3.14
Initialized empty Git repository in /Users/admin/builder/spi-builder-workspace/.git/
From https://github.com/OperatorFoundation/Transport
* tag 2.3.14 -> FETCH_HEAD
HEAD is now at 20f5143 Update Package.swift
Cloned https://github.com/OperatorFoundation/Transport.git
Revision (git rev-parse @):
20f514391d9d7423cf75bde04c98101ffa7b612f
SUCCESS checkout https://github.com/OperatorFoundation/Transport.git at 2.3.14
========================================
Build
========================================
Selected platform: visionOS
Swift version: 6.4
Building package at path: $PWD
https://github.com/OperatorFoundation/Transport.git
Command line invocation:
/Applications/Xcode-27.0.0-Release.Candidate.app/Contents/Developer/usr/bin/xcodebuild -IDEClonedSourcePackagesDirPathOverride=/Users/admin/builder/spi-builder-workspace/.dependencies -resolvePackageDependencies
Resolve Package Graph
Fetching from https://github.com/OperatorFoundation/Net
Fetching from https://github.com/OperatorFoundation/Datable
Creating working copy of package ‘Datable’
Checking out 4.0.1 of package ‘Datable’
Creating working copy of package ‘Net’
Checking out 0.0.11 of package ‘Net’
Resolve Package Graph
Resolved source packages:
Datable: https://github.com/OperatorFoundation/Datable @ 4.0.1
Transport: /Users/admin/builder/spi-builder-workspace
Net: https://github.com/OperatorFoundation/Net @ 0.0.11
resolved source packages: Datable, Transport, Net
2026-09-21 06:22:56.620 xcodebuild[525:2998] [MT] IDERunDestination: Supported platforms for the buildables in the current scheme is empty.
{
"dependencies" : [
{
"identity" : "datable",
"requirement" : {
"range" : [
{
"lower_bound" : "4.0.1",
"upper_bound" : "5.0.0"
}
]
},
"type" : "sourceControl",
"url" : "https://github.com/OperatorFoundation/Datable"
},
{
"identity" : "net",
"requirement" : {
"range" : [
{
"lower_bound" : "0.0.11",
"upper_bound" : "1.0.0"
}
]
},
"type" : "sourceControl",
"url" : "https://github.com/OperatorFoundation/Net"
}
],
"manifest_display_name" : "Transport",
"name" : "Transport",
"path" : "/Users/admin/builder/spi-builder-workspace",
"platforms" : [
{
"name" : "macos",
"version" : "14.0"
},
{
"name" : "ios",
"version" : "16.0"
}
],
"products" : [
{
"name" : "Transport",
"targets" : [
"Transport"
],
"type" : {
"library" : [
"automatic"
]
}
}
],
"swift_languages_versions" : [
"5"
],
"targets" : [
{
"c99name" : "TransportTests",
"module_type" : "SwiftTarget",
"name" : "TransportTests",
"path" : "Tests/TransportTests",
"product_dependencies" : [
"Datable"
],
"sources" : [
"TransportTests.swift"
],
"target_dependencies" : [
"Transport"
],
"type" : "test"
},
{
"c99name" : "Transport",
"module_type" : "SwiftTarget",
"name" : "Transport",
"path" : "Sources/Transport",
"product_dependencies" : [
"Net"
],
"product_memberships" : [
"Transport"
],
"sources" : [
"Connection.swift",
"ConnectionFactory.swift",
"Listener.swift",
"NWConnection+Connection.swift",
"NWListener+Listener.swift",
"NetworkConnectionFactory.swift",
"ServerConfig.swift"
],
"type" : "library"
}
],
"tools_version" : "5.10"
}
{
"workspace" : {
"name" : "Transport",
"schemes" : [
"Transport"
]
}
}
2026-09-21 06:23:28.599 xcodebuild[696:4104] [MT] IDERunDestination: Supported platforms for the buildables in the current scheme is empty.
Running build ...
env DEVELOPER_DIR=/Applications/Xcode-27.0.0-Release.Candidate.app xcrun xcodebuild -IDEClonedSourcePackagesDirPathOverride=$PWD/.dependencies -skipMacroValidation -skipPackagePluginValidation -derivedDataPath $PWD/.derivedData build -scheme Transport -destination generic/platform=xrOS
Command line invocation:
/Applications/Xcode-27.0.0-Release.Candidate.app/Contents/Developer/usr/bin/xcodebuild -IDEClonedSourcePackagesDirPathOverride=/Users/admin/builder/spi-builder-workspace/.dependencies -skipMacroValidation -skipPackagePluginValidation -derivedDataPath /Users/admin/builder/spi-builder-workspace/.derivedData build -scheme Transport -destination generic/platform=xrOS
Resolve Package Graph
Resolve Package Graph
Resolved source packages:
Datable: https://github.com/OperatorFoundation/Datable @ 4.0.1
Net: https://github.com/OperatorFoundation/Net @ 0.0.11
Transport: /Users/admin/builder/spi-builder-workspace
ComputePackagePrebuildTargetDependencyGraph
Prepare packages
CreateBuildRequest
SendProjectDescription
CreateBuildOperation
ComputeTargetDependencyGraph
note: Building targets in dependency order
note: Target dependency graph (6 targets)
Target 'Transport-product' in project 'Transport'
➜ Explicit dependency on target 'Transport' in project 'Transport'
➜ Explicit dependency on target 'Net-product' in project 'Net'
Target 'Transport' in project 'Transport'
➜ Explicit dependency on target 'Net-product' in project 'Net'
Target 'Net-product' in project 'Net'
➜ Explicit dependency on target 'Net' in project 'Net'
➜ Explicit dependency on target 'Datable-product' in project 'Datable'
Target 'Net' in project 'Net'
➜ Explicit dependency on target 'Datable-product' in project 'Datable'
Target 'Datable-product' in project 'Datable'
➜ Explicit dependency on target 'Datable' in project 'Datable'
Target 'Datable' in project 'Datable' (no dependencies)
GatherProvisioningInputs
CreateBuildDescription
ExecuteExternalTool /Applications/Xcode-27.0.0-Release.Candidate.app/Contents/Developer/Toolchains/XcodeDefault.xctoolchain/usr/bin/clang -v -E -dM -isysroot /Applications/Xcode-27.0.0-Release.Candidate.app/Contents/Developer/Platforms/XROS.platform/Developer/SDKs/XROS27.0.sdk -x c -c /dev/null
ExecuteExternalTool /Applications/Xcode-27.0.0-Release.Candidate.app/Contents/Developer/Toolchains/XcodeDefault.xctoolchain/usr/bin/swiftc --version
ExecuteExternalTool /Applications/Xcode-27.0.0-Release.Candidate.app/Contents/Developer/Toolchains/XcodeDefault.xctoolchain/usr/bin/ld -version_details
Build description signature: 0d7389ac245a7ade47c9a26af2a0e519
Build description path: /Users/admin/builder/spi-builder-workspace/.derivedData/Build/Intermediates.noindex/XCBuildData/0d7389ac245a7ade47c9a26af2a0e519.xcbuilddata
CreateBuildDirectory /Users/admin/builder/spi-builder-workspace/.derivedData/ModuleCache.noindex
cd /Users/admin/builder/spi-builder-workspace/.swiftpm/xcode
builtin-create-build-directory /Users/admin/builder/spi-builder-workspace/.derivedData/ModuleCache.noindex
CreateBuildDirectory /Users/admin/builder/spi-builder-workspace/.derivedData/SDKExplicitPrecompiledModules
cd /Users/admin/builder/spi-builder-workspace/.swiftpm/xcode
builtin-create-build-directory /Users/admin/builder/spi-builder-workspace/.derivedData/SDKExplicitPrecompiledModules
CreateBuildDirectory /Users/admin/builder/spi-builder-workspace/.derivedData/CompilationCache.noindex
cd /Users/admin/builder/spi-builder-workspace/.swiftpm/xcode
builtin-create-build-directory /Users/admin/builder/spi-builder-workspace/.derivedData/CompilationCache.noindex
ClangStatCache /Applications/Xcode-27.0.0-Release.Candidate.app/Contents/Developer/Toolchains/XcodeDefault.xctoolchain/usr/bin/clang-stat-cache /Applications/Xcode-27.0.0-Release.Candidate.app/Contents/Developer/Platforms/XROS.platform/Developer/SDKs/XROS27.0.sdk /Users/admin/builder/spi-builder-workspace/.derivedData/SDKStatCaches.noindex/xros27.0-24M361-e829b21a6f8c9b70876ba0858053c044735bd543db762f57723cac368afd1ce4.sdkstatcache
cd /Users/admin/builder/spi-builder-workspace/.swiftpm/xcode
/Applications/Xcode-27.0.0-Release.Candidate.app/Contents/Developer/Toolchains/XcodeDefault.xctoolchain/usr/bin/clang-stat-cache /Applications/Xcode-27.0.0-Release.Candidate.app/Contents/Developer/Platforms/XROS.platform/Developer/SDKs/XROS27.0.sdk -o /Users/admin/builder/spi-builder-workspace/.derivedData/SDKStatCaches.noindex/xros27.0-24M361-e829b21a6f8c9b70876ba0858053c044735bd543db762f57723cac368afd1ce4.sdkstatcache
CreateBuildDirectory /Users/admin/builder/spi-builder-workspace/.derivedData/Build/Intermediates.noindex
cd /Users/admin/builder/spi-builder-workspace/.swiftpm/xcode
builtin-create-build-directory /Users/admin/builder/spi-builder-workspace/.derivedData/Build/Intermediates.noindex
CreateBuildDirectory /Users/admin/builder/spi-builder-workspace/.derivedData/Build/Products
cd /Users/admin/builder/spi-builder-workspace/.swiftpm/xcode
builtin-create-build-directory /Users/admin/builder/spi-builder-workspace/.derivedData/Build/Products
CreateBuildDirectory /Users/admin/builder/spi-builder-workspace/.derivedData/Build/Intermediates.noindex/SwiftExplicitPrecompiledModules
cd /Users/admin/builder/spi-builder-workspace/.swiftpm/xcode
builtin-create-build-directory /Users/admin/builder/spi-builder-workspace/.derivedData/Build/Intermediates.noindex/SwiftExplicitPrecompiledModules
CreateBuildDirectory /Users/admin/builder/spi-builder-workspace/.derivedData/Build/Intermediates.noindex/ExplicitPrecompiledModules
cd /Users/admin/builder/spi-builder-workspace/.swiftpm/xcode
builtin-create-build-directory /Users/admin/builder/spi-builder-workspace/.derivedData/Build/Intermediates.noindex/ExplicitPrecompiledModules
CreateBuildDirectory /Users/admin/builder/spi-builder-workspace/.derivedData/Build/Intermediates.noindex/PrecompiledHeaders
cd /Users/admin/builder/spi-builder-workspace/.swiftpm/xcode
builtin-create-build-directory /Users/admin/builder/spi-builder-workspace/.derivedData/Build/Intermediates.noindex/PrecompiledHeaders
CreateBuildDirectory /Users/admin/builder/spi-builder-workspace/.derivedData/Build/Intermediates.noindex/EagerLinkingTBDs/Debug-xros
cd /Users/admin/builder/spi-builder-workspace/.swiftpm/xcode
builtin-create-build-directory /Users/admin/builder/spi-builder-workspace/.derivedData/Build/Intermediates.noindex/EagerLinkingTBDs/Debug-xros
CreateBuildDirectory /Users/admin/builder/spi-builder-workspace/.derivedData/Build/Products/Debug-xros
cd /Users/admin/builder/spi-builder-workspace/.swiftpm/xcode
builtin-create-build-directory /Users/admin/builder/spi-builder-workspace/.derivedData/Build/Products/Debug-xros
CreateBuildDirectory /Users/admin/builder/spi-builder-workspace/.derivedData/Build/Products/Debug-xros/PackageFrameworks
cd /Users/admin/builder/spi-builder-workspace/.swiftpm/xcode
builtin-create-build-directory /Users/admin/builder/spi-builder-workspace/.derivedData/Build/Products/Debug-xros/PackageFrameworks
WriteAuxiliaryFile /Users/admin/builder/spi-builder-workspace/.derivedData/Build/Intermediates.noindex/Transport.build/Debug-xros/Transport-t.build/Transport.modulemap (in target 'Transport' from project 'Transport')
cd /Users/admin/builder/spi-builder-workspace
write-file /Users/admin/builder/spi-builder-workspace/.derivedData/Build/Intermediates.noindex/Transport.build/Debug-xros/Transport-t.build/Transport.modulemap
WriteAuxiliaryFile /Users/admin/builder/spi-builder-workspace/.derivedData/Build/Intermediates.noindex/Transport.build/Debug-xros/Transport-t.build/Transport.DependencyMetadataFileList (in target 'Transport' from project 'Transport')
cd /Users/admin/builder/spi-builder-workspace
write-file /Users/admin/builder/spi-builder-workspace/.derivedData/Build/Intermediates.noindex/Transport.build/Debug-xros/Transport-t.build/Transport.DependencyMetadataFileList
WriteAuxiliaryFile /Users/admin/builder/spi-builder-workspace/.derivedData/Build/Intermediates.noindex/Transport.build/Debug-xros/Transport-t.build/Transport.DependencyStaticMetadataFileList (in target 'Transport' from project 'Transport')
cd /Users/admin/builder/spi-builder-workspace
write-file /Users/admin/builder/spi-builder-workspace/.derivedData/Build/Intermediates.noindex/Transport.build/Debug-xros/Transport-t.build/Transport.DependencyStaticMetadataFileList
WriteAuxiliaryFile /Users/admin/builder/spi-builder-workspace/.derivedData/Build/Intermediates.noindex/Transport.build/Debug-xros/Transport-t.build/Objects-normal/arm64/Transport-OutputFileMap.json (in target 'Transport' from project 'Transport')
cd /Users/admin/builder/spi-builder-workspace
write-file /Users/admin/builder/spi-builder-workspace/.derivedData/Build/Intermediates.noindex/Transport.build/Debug-xros/Transport-t.build/Objects-normal/arm64/Transport-OutputFileMap.json
WriteAuxiliaryFile /Users/admin/builder/spi-builder-workspace/.derivedData/Build/Intermediates.noindex/Transport.build/Debug-xros/Transport-t.build/Objects-normal/arm64/Transport.SwiftFileList (in target 'Transport' from project 'Transport')
cd /Users/admin/builder/spi-builder-workspace
write-file /Users/admin/builder/spi-builder-workspace/.derivedData/Build/Intermediates.noindex/Transport.build/Debug-xros/Transport-t.build/Objects-normal/arm64/Transport.SwiftFileList
WriteAuxiliaryFile /Users/admin/builder/spi-builder-workspace/.derivedData/Build/Intermediates.noindex/Transport.build/Debug-xros/Transport-t.build/Objects-normal/arm64/Transport.LinkFileList (in target 'Transport' from project 'Transport')
cd /Users/admin/builder/spi-builder-workspace
write-file /Users/admin/builder/spi-builder-workspace/.derivedData/Build/Intermediates.noindex/Transport.build/Debug-xros/Transport-t.build/Objects-normal/arm64/Transport.LinkFileList
WriteAuxiliaryFile /Users/admin/builder/spi-builder-workspace/.derivedData/Build/Intermediates.noindex/Transport.build/Debug-xros/Transport-t.build/Objects-normal/arm64/Transport_const_extract_protocols.json (in target 'Transport' from project 'Transport')
cd /Users/admin/builder/spi-builder-workspace
write-file /Users/admin/builder/spi-builder-workspace/.derivedData/Build/Intermediates.noindex/Transport.build/Debug-xros/Transport-t.build/Objects-normal/arm64/Transport_const_extract_protocols.json
WriteAuxiliaryFile /Users/admin/builder/spi-builder-workspace/.derivedData/Build/Intermediates.noindex/Transport.build/Debug-xros/Transport-t.build/Objects-normal/arm64/Transport.SwiftConstValuesFileList (in target 'Transport' from project 'Transport')
cd /Users/admin/builder/spi-builder-workspace
write-file /Users/admin/builder/spi-builder-workspace/.derivedData/Build/Intermediates.noindex/Transport.build/Debug-xros/Transport-t.build/Objects-normal/arm64/Transport.SwiftConstValuesFileList
WriteAuxiliaryFile /Users/admin/builder/spi-builder-workspace/.derivedData/Build/Intermediates.noindex/Net.build/Debug-xros/Net-t.build/Objects-normal/arm64/Net_const_extract_protocols.json (in target 'Net' from project 'Net')
cd /Users/admin/builder/spi-builder-workspace/.dependencies/checkouts/Net
write-file /Users/admin/builder/spi-builder-workspace/.derivedData/Build/Intermediates.noindex/Net.build/Debug-xros/Net-t.build/Objects-normal/arm64/Net_const_extract_protocols.json
WriteAuxiliaryFile /Users/admin/builder/spi-builder-workspace/.derivedData/Build/Intermediates.noindex/Net.build/Debug-xros/Net-t.build/Objects-normal/arm64/Net.SwiftFileList (in target 'Net' from project 'Net')
cd /Users/admin/builder/spi-builder-workspace/.dependencies/checkouts/Net
write-file /Users/admin/builder/spi-builder-workspace/.derivedData/Build/Intermediates.noindex/Net.build/Debug-xros/Net-t.build/Objects-normal/arm64/Net.SwiftFileList
WriteAuxiliaryFile /Users/admin/builder/spi-builder-workspace/.derivedData/Build/Intermediates.noindex/Net.build/Debug-xros/Net-t.build/Objects-normal/arm64/Net.SwiftConstValuesFileList (in target 'Net' from project 'Net')
cd /Users/admin/builder/spi-builder-workspace/.dependencies/checkouts/Net
write-file /Users/admin/builder/spi-builder-workspace/.derivedData/Build/Intermediates.noindex/Net.build/Debug-xros/Net-t.build/Objects-normal/arm64/Net.SwiftConstValuesFileList
WriteAuxiliaryFile /Users/admin/builder/spi-builder-workspace/.derivedData/Build/Intermediates.noindex/Net.build/Debug-xros/Net-t.build/Objects-normal/arm64/Net.LinkFileList (in target 'Net' from project 'Net')
cd /Users/admin/builder/spi-builder-workspace/.dependencies/checkouts/Net
write-file /Users/admin/builder/spi-builder-workspace/.derivedData/Build/Intermediates.noindex/Net.build/Debug-xros/Net-t.build/Objects-normal/arm64/Net.LinkFileList
WriteAuxiliaryFile /Users/admin/builder/spi-builder-workspace/.derivedData/Build/Intermediates.noindex/Net.build/Debug-xros/Net-t.build/Objects-normal/arm64/Net-OutputFileMap.json (in target 'Net' from project 'Net')
cd /Users/admin/builder/spi-builder-workspace/.dependencies/checkouts/Net
write-file /Users/admin/builder/spi-builder-workspace/.derivedData/Build/Intermediates.noindex/Net.build/Debug-xros/Net-t.build/Objects-normal/arm64/Net-OutputFileMap.json
WriteAuxiliaryFile /Users/admin/builder/spi-builder-workspace/.derivedData/Build/Intermediates.noindex/Net.build/Debug-xros/Net-t.build/Net.DependencyStaticMetadataFileList (in target 'Net' from project 'Net')
cd /Users/admin/builder/spi-builder-workspace/.dependencies/checkouts/Net
write-file /Users/admin/builder/spi-builder-workspace/.derivedData/Build/Intermediates.noindex/Net.build/Debug-xros/Net-t.build/Net.DependencyStaticMetadataFileList
WriteAuxiliaryFile /Users/admin/builder/spi-builder-workspace/.derivedData/Build/Intermediates.noindex/Net.build/Debug-xros/Net-t.build/Net.modulemap (in target 'Net' from project 'Net')
cd /Users/admin/builder/spi-builder-workspace/.dependencies/checkouts/Net
write-file /Users/admin/builder/spi-builder-workspace/.derivedData/Build/Intermediates.noindex/Net.build/Debug-xros/Net-t.build/Net.modulemap
WriteAuxiliaryFile /Users/admin/builder/spi-builder-workspace/.derivedData/Build/Intermediates.noindex/Net.build/Debug-xros/Net-t.build/Net.DependencyMetadataFileList (in target 'Net' from project 'Net')
cd /Users/admin/builder/spi-builder-workspace/.dependencies/checkouts/Net
write-file /Users/admin/builder/spi-builder-workspace/.derivedData/Build/Intermediates.noindex/Net.build/Debug-xros/Net-t.build/Net.DependencyMetadataFileList
Copy /Users/admin/builder/spi-builder-workspace/.derivedData/Build/Intermediates.noindex/GeneratedModuleMaps-xros/Transport.modulemap /Users/admin/builder/spi-builder-workspace/.derivedData/Build/Intermediates.noindex/Transport.build/Debug-xros/Transport-t.build/Transport.modulemap (in target 'Transport' from project 'Transport')
cd /Users/admin/builder/spi-builder-workspace
builtin-copy -exclude .DS_Store -exclude CVS -exclude .svn -exclude .git -exclude .hg -resolve-src-symlinks /Users/admin/builder/spi-builder-workspace/.derivedData/Build/Intermediates.noindex/Transport.build/Debug-xros/Transport-t.build/Transport.modulemap /Users/admin/builder/spi-builder-workspace/.derivedData/Build/Intermediates.noindex/GeneratedModuleMaps-xros
WriteAuxiliaryFile /Users/admin/builder/spi-builder-workspace/.derivedData/Build/Intermediates.noindex/Datable.build/Debug-xros/Datable-t.build/Objects-normal/arm64/Datable_const_extract_protocols.json (in target 'Datable' from project 'Datable')
cd /Users/admin/builder/spi-builder-workspace/.dependencies/checkouts/Datable
write-file /Users/admin/builder/spi-builder-workspace/.derivedData/Build/Intermediates.noindex/Datable.build/Debug-xros/Datable-t.build/Objects-normal/arm64/Datable_const_extract_protocols.json
WriteAuxiliaryFile /Users/admin/builder/spi-builder-workspace/.derivedData/Build/Intermediates.noindex/Datable.build/Debug-xros/Datable-t.build/Objects-normal/arm64/Datable.SwiftFileList (in target 'Datable' from project 'Datable')
cd /Users/admin/builder/spi-builder-workspace/.dependencies/checkouts/Datable
write-file /Users/admin/builder/spi-builder-workspace/.derivedData/Build/Intermediates.noindex/Datable.build/Debug-xros/Datable-t.build/Objects-normal/arm64/Datable.SwiftFileList
WriteAuxiliaryFile /Users/admin/builder/spi-builder-workspace/.derivedData/Build/Intermediates.noindex/Datable.build/Debug-xros/Datable-t.build/Objects-normal/arm64/Datable.SwiftConstValuesFileList (in target 'Datable' from project 'Datable')
cd /Users/admin/builder/spi-builder-workspace/.dependencies/checkouts/Datable
write-file /Users/admin/builder/spi-builder-workspace/.derivedData/Build/Intermediates.noindex/Datable.build/Debug-xros/Datable-t.build/Objects-normal/arm64/Datable.SwiftConstValuesFileList
WriteAuxiliaryFile /Users/admin/builder/spi-builder-workspace/.derivedData/Build/Intermediates.noindex/Datable.build/Debug-xros/Datable-t.build/Objects-normal/arm64/Datable.LinkFileList (in target 'Datable' from project 'Datable')
cd /Users/admin/builder/spi-builder-workspace/.dependencies/checkouts/Datable
write-file /Users/admin/builder/spi-builder-workspace/.derivedData/Build/Intermediates.noindex/Datable.build/Debug-xros/Datable-t.build/Objects-normal/arm64/Datable.LinkFileList
WriteAuxiliaryFile /Users/admin/builder/spi-builder-workspace/.derivedData/Build/Intermediates.noindex/Datable.build/Debug-xros/Datable-t.build/Objects-normal/arm64/Datable-OutputFileMap.json (in target 'Datable' from project 'Datable')
cd /Users/admin/builder/spi-builder-workspace/.dependencies/checkouts/Datable
write-file /Users/admin/builder/spi-builder-workspace/.derivedData/Build/Intermediates.noindex/Datable.build/Debug-xros/Datable-t.build/Objects-normal/arm64/Datable-OutputFileMap.json
WriteAuxiliaryFile /Users/admin/builder/spi-builder-workspace/.derivedData/Build/Intermediates.noindex/Datable.build/Debug-xros/Datable-t.build/Datable.modulemap (in target 'Datable' from project 'Datable')
cd /Users/admin/builder/spi-builder-workspace/.dependencies/checkouts/Datable
write-file /Users/admin/builder/spi-builder-workspace/.derivedData/Build/Intermediates.noindex/Datable.build/Debug-xros/Datable-t.build/Datable.modulemap
WriteAuxiliaryFile /Users/admin/builder/spi-builder-workspace/.derivedData/Build/Intermediates.noindex/Datable.build/Debug-xros/Datable-t.build/Datable.DependencyMetadataFileList (in target 'Datable' from project 'Datable')
cd /Users/admin/builder/spi-builder-workspace/.dependencies/checkouts/Datable
write-file /Users/admin/builder/spi-builder-workspace/.derivedData/Build/Intermediates.noindex/Datable.build/Debug-xros/Datable-t.build/Datable.DependencyMetadataFileList
WriteAuxiliaryFile /Users/admin/builder/spi-builder-workspace/.derivedData/Build/Intermediates.noindex/Datable.build/Debug-xros/Datable-t.build/Datable.DependencyStaticMetadataFileList (in target 'Datable' from project 'Datable')
cd /Users/admin/builder/spi-builder-workspace/.dependencies/checkouts/Datable
write-file /Users/admin/builder/spi-builder-workspace/.derivedData/Build/Intermediates.noindex/Datable.build/Debug-xros/Datable-t.build/Datable.DependencyStaticMetadataFileList
Copy /Users/admin/builder/spi-builder-workspace/.derivedData/Build/Intermediates.noindex/GeneratedModuleMaps-xros/Net.modulemap /Users/admin/builder/spi-builder-workspace/.derivedData/Build/Intermediates.noindex/Net.build/Debug-xros/Net-t.build/Net.modulemap (in target 'Net' from project 'Net')
cd /Users/admin/builder/spi-builder-workspace/.dependencies/checkouts/Net
builtin-copy -exclude .DS_Store -exclude CVS -exclude .svn -exclude .git -exclude .hg -resolve-src-symlinks /Users/admin/builder/spi-builder-workspace/.derivedData/Build/Intermediates.noindex/Net.build/Debug-xros/Net-t.build/Net.modulemap /Users/admin/builder/spi-builder-workspace/.derivedData/Build/Intermediates.noindex/GeneratedModuleMaps-xros
Copy /Users/admin/builder/spi-builder-workspace/.derivedData/Build/Intermediates.noindex/GeneratedModuleMaps-xros/Datable.modulemap /Users/admin/builder/spi-builder-workspace/.derivedData/Build/Intermediates.noindex/Datable.build/Debug-xros/Datable-t.build/Datable.modulemap (in target 'Datable' from project 'Datable')
cd /Users/admin/builder/spi-builder-workspace/.dependencies/checkouts/Datable
builtin-copy -exclude .DS_Store -exclude CVS -exclude .svn -exclude .git -exclude .hg -resolve-src-symlinks /Users/admin/builder/spi-builder-workspace/.derivedData/Build/Intermediates.noindex/Datable.build/Debug-xros/Datable-t.build/Datable.modulemap /Users/admin/builder/spi-builder-workspace/.derivedData/Build/Intermediates.noindex/GeneratedModuleMaps-xros
SwiftDriver Datable normal arm64 com.apple.xcode.tools.swift.compiler (in target 'Datable' from project 'Datable')
cd /Users/admin/builder/spi-builder-workspace/.swiftpm/xcode
builtin-SwiftDriver -- /Applications/Xcode-27.0.0-Release.Candidate.app/Contents/Developer/Toolchains/XcodeDefault.xctoolchain/usr/bin/swiftc -parse-as-library -module-name Datable -Onone @/Users/admin/builder/spi-builder-workspace/.derivedData/Build/Intermediates.noindex/Datable.build/Debug-xros/Datable-t.build/Objects-normal/arm64/Datable.SwiftFileList -DSWIFT_PACKAGE -DDEBUG -DSWIFT_MODULE_RESOURCE_BUNDLE_UNAVAILABLE -DXcode -plugin-path /Applications/Xcode-27.0.0-Release.Candidate.app/Contents/Developer/Toolchains/XcodeDefault.xctoolchain/usr/lib/swift/host/plugins/testing -enable-experimental-feature DebugDescriptionMacro -sdk /Applications/Xcode-27.0.0-Release.Candidate.app/Contents/Developer/Platforms/XROS.platform/Developer/SDKs/XROS27.0.sdk -target arm64-apple-xros1.0 -g -module-cache-path /Users/admin/builder/spi-builder-workspace/.derivedData/ModuleCache.noindex -Xfrontend -serialize-debugging-options -profile-coverage-mapping -profile-generate -enable-testing -suppress-warnings -index-store-path /Users/admin/builder/spi-builder-workspace/.derivedData/Index.noindex/DataStore -Xcc -D_LIBCPP_HARDENING_MODE\=_LIBCPP_HARDENING_MODE_DEBUG -swift-version 5 -I /Users/admin/builder/spi-builder-workspace/.derivedData/Build/Products/Debug-xros -Isystem /Applications/Xcode-27.0.0-Release.Candidate.app/Contents/Developer/Platforms/XROS.platform/Developer/usr/lib -F /Users/admin/builder/spi-builder-workspace/.derivedData/Build/Products/Debug-xros -F /Applications/Xcode-27.0.0-Release.Candidate.app/Contents/Developer/Platforms/XROS.platform/Developer/Library/Frameworks -F /Applications/Xcode-27.0.0-Release.Candidate.app/Contents/Developer/Platforms/XROS.platform/Developer/SDKs/XROS27.0.sdk/Developer/Library/Frameworks -c -j10 -enable-batch-mode -incremental -Xcc -ivfsstatcache -Xcc /Users/admin/builder/spi-builder-workspace/.derivedData/SDKStatCaches.noindex/xros27.0-24M361-e829b21a6f8c9b70876ba0858053c044735bd543db762f57723cac368afd1ce4.sdkstatcache -output-file-map /Users/admin/builder/spi-builder-workspace/.derivedData/Build/Intermediates.noindex/Datable.build/Debug-xros/Datable-t.build/Objects-normal/arm64/Datable-OutputFileMap.json -save-temps -no-color-diagnostics -explicit-module-build -module-cache-path /Users/admin/builder/spi-builder-workspace/.derivedData/Build/Intermediates.noindex/SwiftExplicitPrecompiledModules -clang-scanner-module-cache-path /Users/admin/builder/spi-builder-workspace/.derivedData/ModuleCache.noindex -sdk-module-cache-path /Users/admin/builder/spi-builder-workspace/.derivedData/SDKExplicitPrecompiledModules -emit-dependencies -emit-module -emit-module-path /Users/admin/builder/spi-builder-workspace/.derivedData/Build/Intermediates.noindex/Datable.build/Debug-xros/Datable-t.build/Objects-normal/arm64/Datable.swiftmodule -serialize-diagnostics -dependency-scan-serialize-diagnostics-path /Users/admin/builder/spi-builder-workspace/.derivedData/Build/Intermediates.noindex/Datable.build/Debug-xros/Datable-t.build/Objects-normal/arm64/Datable-dependency-scan.dia -validate-clang-modules-once -clang-build-session-file /Users/admin/builder/spi-builder-workspace/.derivedData/ModuleCache.noindex/Session.modulevalidation -Xcc -fmodules-prune-interval\=86400 -Xcc -fmodules-prune-after\=345600 -emit-const-values -const-gather-protocols-list /Users/admin/builder/spi-builder-workspace/.derivedData/Build/Intermediates.noindex/Datable.build/Debug-xros/Datable-t.build/Objects-normal/arm64/Datable_const_extract_protocols.json -Xcc -I/Users/admin/builder/spi-builder-workspace/.derivedData/Build/Products/Debug-xros/include -Xcc -I/Users/admin/builder/spi-builder-workspace/.derivedData/Build/Intermediates.noindex/Datable.build/Debug-xros/Datable-t.build/DerivedSources-normal/arm64 -Xcc -I/Users/admin/builder/spi-builder-workspace/.derivedData/Build/Intermediates.noindex/Datable.build/Debug-xros/Datable-t.build/DerivedSources/arm64 -Xcc -I/Users/admin/builder/spi-builder-workspace/.derivedData/Build/Intermediates.noindex/Datable.build/Debug-xros/Datable-t.build/DerivedSources -Xcc -DSWIFT_PACKAGE -Xcc -DDEBUG\=1 -emit-objc-header -emit-objc-header-path /Users/admin/builder/spi-builder-workspace/.derivedData/Build/Intermediates.noindex/Datable.build/Debug-xros/Datable-t.build/Objects-normal/arm64/Datable-Swift.h -working-directory /Users/admin/builder/spi-builder-workspace/.swiftpm/xcode -experimental-emit-module-separately -disable-cmo
SwiftExplicitDependencyGeneratePcm arm64 /Users/admin/builder/spi-builder-workspace/.derivedData/SDKExplicitPrecompiledModules/ptrcheck-BXA97MNLI4BB0HF5I8MJE403D.pcm
SwiftExplicitDependencyGeneratePcm arm64 /Users/admin/builder/spi-builder-workspace/.derivedData/SDKExplicitPrecompiledModules/_Builtin_stdbool-5BU2ADS7JXQMYENKQHW9X8XOU.pcm
SwiftExplicitDependencyGeneratePcm arm64 /Users/admin/builder/spi-builder-workspace/.derivedData/SDKExplicitPrecompiledModules/_Builtin_float-6WKHNW5S40U2QGHXXGETUDIRA.pcm
SwiftExplicitDependencyGeneratePcm arm64 /Users/admin/builder/spi-builder-workspace/.derivedData/SDKExplicitPrecompiledModules/_SwiftConcurrencyShims-C8XHKSHX96D5YYALNM4W70Z0O.pcm
SwiftExplicitDependencyGeneratePcm arm64 /Users/admin/builder/spi-builder-workspace/.derivedData/SDKExplicitPrecompiledModules/SwiftShims-CI4H5RO9IYFFWQ2COB512Q2S9.pcm
SwiftExplicitDependencyGeneratePcm arm64 /Users/admin/builder/spi-builder-workspace/.derivedData/SDKExplicitPrecompiledModules/_AvailabilityInternal-1Q8IQP6M38UWSGZ95UCEY2M44.pcm
SwiftExplicitDependencyGeneratePcm arm64 /Users/admin/builder/spi-builder-workspace/.derivedData/SDKExplicitPrecompiledModules/_Builtin_stddef-5NQ9Z1GV07GBSRQGAQCGXGVRI.pcm
SwiftExplicitDependencyGeneratePcm arm64 /Users/admin/builder/spi-builder-workspace/.derivedData/SDKExplicitPrecompiledModules/ptrauth-1WBA714DZSVUL5JQDJ08CLKZ.pcm
SwiftExplicitDependencyGeneratePcm arm64 /Users/admin/builder/spi-builder-workspace/.derivedData/SDKExplicitPrecompiledModules/_Builtin_stdarg-CDA349K2K4US766844K8E0PVA.pcm
SwiftExplicitDependencyGeneratePcm arm64 /Users/admin/builder/spi-builder-workspace/.derivedData/SDKExplicitPrecompiledModules/_DarwinFoundation1-5RGRVV2TZ6WC4WZW5IXF8NQ04.pcm
SwiftExplicitDependencyGeneratePcm arm64 /Users/admin/builder/spi-builder-workspace/.derivedData/SDKExplicitPrecompiledModules/_Builtin_limits-425JDMN5HPM3D0UEI8LEHP6NM.pcm
SwiftExplicitDependencyGeneratePcm arm64 /Users/admin/builder/spi-builder-workspace/.derivedData/SDKExplicitPrecompiledModules/_DarwinFoundation2-ENTECK156YEWITZRRBTOCE4KR.pcm
SwiftExplicitDependencyGeneratePcm arm64 /Users/admin/builder/spi-builder-workspace/.derivedData/SDKExplicitPrecompiledModules/sys_types-AYM0BHR77VKMWZCO2T0XGV2HF.pcm
SwiftExplicitDependencyGeneratePcm arm64 /Users/admin/builder/spi-builder-workspace/.derivedData/SDKExplicitPrecompiledModules/string_h-2GT67HHHHK5CF1V1S31LH0PU2.pcm
SwiftExplicitDependencyGeneratePcm arm64 /Users/admin/builder/spi-builder-workspace/.derivedData/SDKExplicitPrecompiledModules/_Builtin_stdint-8OR6T47OOYJA90ZBO3N1USDE.pcm
SwiftExplicitDependencyGeneratePcm arm64 /Users/admin/builder/spi-builder-workspace/.derivedData/SDKExplicitPrecompiledModules/_DarwinFoundation3-9ZHN6JKBS40BBA81RQMV8H0IC.pcm
SwiftExplicitDependencyGeneratePcm arm64 /Users/admin/builder/spi-builder-workspace/.derivedData/SDKExplicitPrecompiledModules/_Builtin_inttypes-11B64KJD36B3YOHBR1BBXBJY8.pcm
SwiftExplicitDependencyGeneratePcm arm64 /Users/admin/builder/spi-builder-workspace/.derivedData/SDKExplicitPrecompiledModules/Darwin-60P5LVNQO3ESRRM5DCJ05PFNK.pcm
SwiftExplicitDependencyGeneratePcm arm64 /Users/admin/builder/spi-builder-workspace/.derivedData/SDKExplicitPrecompiledModules/ObjectiveC-26TIBFYCEJZVP216ZZAU1X8KN.pcm
SwiftExplicitDependencyGeneratePcm arm64 /Users/admin/builder/spi-builder-workspace/.derivedData/SDKExplicitPrecompiledModules/os_object-692CJ8BG6RE5H04487EJJOVXW.pcm
SwiftExplicitDependencyGeneratePcm arm64 /Users/admin/builder/spi-builder-workspace/.derivedData/SDKExplicitPrecompiledModules/os_workgroup-4U1VXMWIZD80E7PRUQF2G7P9X.pcm
SwiftExplicitDependencyGeneratePcm arm64 /Users/admin/builder/spi-builder-workspace/.derivedData/SDKExplicitPrecompiledModules/Dispatch-CLT3466HKC22GCKAWSCNG0H7T.pcm
SwiftExplicitDependencyGeneratePcm arm64 /Users/admin/builder/spi-builder-workspace/.derivedData/SDKExplicitPrecompiledModules/CoreFoundation-AVLTZVCXBU2TO75JCN4AGU8XJ.pcm
SwiftExplicitDependencyGeneratePcm arm64 /Users/admin/builder/spi-builder-workspace/.derivedData/SDKExplicitPrecompiledModules/XPC-EP5EU7FNGP4VOA3EDM18P1KHO.pcm
SwiftExplicitDependencyGeneratePcm arm64 /Users/admin/builder/spi-builder-workspace/.derivedData/SDKExplicitPrecompiledModules/CFNetwork-5MI70N1VLDQSWTX4COWLMSIRO.pcm
SwiftExplicitDependencyGeneratePcm arm64 /Users/admin/builder/spi-builder-workspace/.derivedData/SDKExplicitPrecompiledModules/Security-8TH2M8WJIQMET4SADWX0N8372.pcm
SwiftExplicitDependencyGeneratePcm arm64 /Users/admin/builder/spi-builder-workspace/.derivedData/SDKExplicitPrecompiledModules/Foundation-8GON1KVEKRN3NOQI8RETBRWJP.pcm
SwiftEmitModule normal arm64 Emitting\ module\ for\ Datable (in target 'Datable' from project 'Datable')
SwiftCompile normal arm64 (in target 'Datable' from project 'Datable')
cd /Users/admin/builder/spi-builder-workspace/.swiftpm/xcode
SwiftCompile normal arm64 Compiling\ UInt+Datable.swift,\ UInt+MaybeNetworkDatable.swift,\ UInt+Stringable.swift /Users/admin/builder/spi-builder-workspace/.dependencies/checkouts/Datable/Sources/Datable/UInt+Datable.swift /Users/admin/builder/spi-builder-workspace/.dependencies/checkouts/Datable/Sources/Datable/UInt+MaybeNetworkDatable.swift /Users/admin/builder/spi-builder-workspace/.dependencies/checkouts/Datable/Sources/Datable/UInt+Stringable.swift (in target 'Datable' from project 'Datable')
SwiftCompile normal arm64 /Users/admin/builder/spi-builder-workspace/.dependencies/checkouts/Datable/Sources/Datable/UInt+Datable.swift (in target 'Datable' from project 'Datable')
cd /Users/admin/builder/spi-builder-workspace/.swiftpm/xcode
builtin-SwiftPerFileCompile UInt+Datable.swift
SwiftCompile normal arm64 /Users/admin/builder/spi-builder-workspace/.dependencies/checkouts/Datable/Sources/Datable/UInt+MaybeNetworkDatable.swift (in target 'Datable' from project 'Datable')
cd /Users/admin/builder/spi-builder-workspace/.swiftpm/xcode
builtin-SwiftPerFileCompile UInt+MaybeNetworkDatable.swift
SwiftCompile normal arm64 /Users/admin/builder/spi-builder-workspace/.dependencies/checkouts/Datable/Sources/Datable/UInt+Stringable.swift (in target 'Datable' from project 'Datable')
cd /Users/admin/builder/spi-builder-workspace/.swiftpm/xcode
builtin-SwiftPerFileCompile UInt+Stringable.swift
SwiftCompile normal arm64 Compiling\ String+Intable.swift,\ Stringable.swift,\ StringableArray+CSVable.swift /Users/admin/builder/spi-builder-workspace/.dependencies/checkouts/Datable/Sources/Datable/String+Intable.swift /Users/admin/builder/spi-builder-workspace/.dependencies/checkouts/Datable/Sources/Datable/Stringable.swift /Users/admin/builder/spi-builder-workspace/.dependencies/checkouts/Datable/Sources/Datable/StringableArray+CSVable.swift (in target 'Datable' from project 'Datable')
SwiftCompile normal arm64 /Users/admin/builder/spi-builder-workspace/.dependencies/checkouts/Datable/Sources/Datable/String+Intable.swift (in target 'Datable' from project 'Datable')
cd /Users/admin/builder/spi-builder-workspace/.swiftpm/xcode
builtin-SwiftPerFileCompile String+Intable.swift
SwiftCompile normal arm64 /Users/admin/builder/spi-builder-workspace/.dependencies/checkouts/Datable/Sources/Datable/Stringable.swift (in target 'Datable' from project 'Datable')
cd /Users/admin/builder/spi-builder-workspace/.swiftpm/xcode
builtin-SwiftPerFileCompile Stringable.swift
SwiftCompile normal arm64 /Users/admin/builder/spi-builder-workspace/.dependencies/checkouts/Datable/Sources/Datable/StringableArray+CSVable.swift (in target 'Datable' from project 'Datable')
cd /Users/admin/builder/spi-builder-workspace/.swiftpm/xcode
builtin-SwiftPerFileCompile StringableArray+CSVable.swift
SwiftCompile normal arm64 Compiling\ NetworkIntable.swift,\ String+Arrayable.swift,\ String+Datable.swift /Users/admin/builder/spi-builder-workspace/.dependencies/checkouts/Datable/Sources/Datable/NetworkIntable.swift /Users/admin/builder/spi-builder-workspace/.dependencies/checkouts/Datable/Sources/Datable/String+Arrayable.swift /Users/admin/builder/spi-builder-workspace/.dependencies/checkouts/Datable/Sources/Datable/String+Datable.swift (in target 'Datable' from project 'Datable')
SwiftCompile normal arm64 /Users/admin/builder/spi-builder-workspace/.dependencies/checkouts/Datable/Sources/Datable/NetworkIntable.swift (in target 'Datable' from project 'Datable')
cd /Users/admin/builder/spi-builder-workspace/.swiftpm/xcode
builtin-SwiftPerFileCompile NetworkIntable.swift
SwiftCompile normal arm64 /Users/admin/builder/spi-builder-workspace/.dependencies/checkouts/Datable/Sources/Datable/String+Arrayable.swift (in target 'Datable' from project 'Datable')
cd /Users/admin/builder/spi-builder-workspace/.swiftpm/xcode
builtin-SwiftPerFileCompile String+Arrayable.swift
SwiftCompile normal arm64 /Users/admin/builder/spi-builder-workspace/.dependencies/checkouts/Datable/Sources/Datable/String+Datable.swift (in target 'Datable' from project 'Datable')
cd /Users/admin/builder/spi-builder-workspace/.swiftpm/xcode
builtin-SwiftPerFileCompile String+Datable.swift
SwiftCompile normal arm64 Compiling\ MaybeDatable.swift,\ MaybeIntable.swift,\ MaybeNetworkIntable.swift,\ NetworkDatable.swift /Users/admin/builder/spi-builder-workspace/.dependencies/checkouts/Datable/Sources/Datable/MaybeDatable.swift /Users/admin/builder/spi-builder-workspace/.dependencies/checkouts/Datable/Sources/Datable/MaybeIntable.swift /Users/admin/builder/spi-builder-workspace/.dependencies/checkouts/Datable/Sources/Datable/MaybeNetworkIntable.swift /Users/admin/builder/spi-builder-workspace/.dependencies/checkouts/Datable/Sources/Datable/NetworkDatable.swift (in target 'Datable' from project 'Datable')
SwiftCompile normal arm64 /Users/admin/builder/spi-builder-workspace/.dependencies/checkouts/Datable/Sources/Datable/MaybeDatable.swift (in target 'Datable' from project 'Datable')
cd /Users/admin/builder/spi-builder-workspace/.swiftpm/xcode
builtin-SwiftPerFileCompile MaybeDatable.swift
SwiftCompile normal arm64 /Users/admin/builder/spi-builder-workspace/.dependencies/checkouts/Datable/Sources/Datable/MaybeIntable.swift (in target 'Datable' from project 'Datable')
cd /Users/admin/builder/spi-builder-workspace/.swiftpm/xcode
builtin-SwiftPerFileCompile MaybeIntable.swift
SwiftCompile normal arm64 /Users/admin/builder/spi-builder-workspace/.dependencies/checkouts/Datable/Sources/Datable/MaybeNetworkIntable.swift (in target 'Datable' from project 'Datable')
cd /Users/admin/builder/spi-builder-workspace/.swiftpm/xcode
builtin-SwiftPerFileCompile MaybeNetworkIntable.swift
SwiftCompile normal arm64 /Users/admin/builder/spi-builder-workspace/.dependencies/checkouts/Datable/Sources/Datable/NetworkDatable.swift (in target 'Datable' from project 'Datable')
cd /Users/admin/builder/spi-builder-workspace/.swiftpm/xcode
builtin-SwiftPerFileCompile NetworkDatable.swift
SwiftCompile normal arm64 Compiling\ Float+MaybeDatable.swift,\ Float+MaybeIntable.swift,\ Floatable.swift,\ Int+Floatable.swift /Users/admin/builder/spi-builder-workspace/.dependencies/checkouts/Datable/Sources/Datable/Float+MaybeDatable.swift /Users/admin/builder/spi-builder-workspace/.dependencies/checkouts/Datable/Sources/Datable/Float+MaybeIntable.swift /Users/admin/builder/spi-builder-workspace/.dependencies/checkouts/Datable/Sources/Datable/Floatable.swift /Users/admin/builder/spi-builder-workspace/.dependencies/checkouts/Datable/Sources/Datable/Int+Floatable.swift (in target 'Datable' from project 'Datable')
SwiftCompile normal arm64 /Users/admin/builder/spi-builder-workspace/.dependencies/checkouts/Datable/Sources/Datable/Float+MaybeDatable.swift (in target 'Datable' from project 'Datable')
cd /Users/admin/builder/spi-builder-workspace/.swiftpm/xcode
builtin-SwiftPerFileCompile Float+MaybeDatable.swift
SwiftCompile normal arm64 /Users/admin/builder/spi-builder-workspace/.dependencies/checkouts/Datable/Sources/Datable/Float+MaybeIntable.swift (in target 'Datable' from project 'Datable')
cd /Users/admin/builder/spi-builder-workspace/.swiftpm/xcode
builtin-SwiftPerFileCompile Float+MaybeIntable.swift
SwiftCompile normal arm64 /Users/admin/builder/spi-builder-workspace/.dependencies/checkouts/Datable/Sources/Datable/Floatable.swift (in target 'Datable' from project 'Datable')
cd /Users/admin/builder/spi-builder-workspace/.swiftpm/xcode
builtin-SwiftPerFileCompile Floatable.swift
SwiftCompile normal arm64 /Users/admin/builder/spi-builder-workspace/.dependencies/checkouts/Datable/Sources/Datable/Int+Floatable.swift (in target 'Datable' from project 'Datable')
cd /Users/admin/builder/spi-builder-workspace/.swiftpm/xcode
builtin-SwiftPerFileCompile Int+Floatable.swift
SwiftCompile normal arm64 Compiling\ Double+MaybeDatable.swift,\ Double+Stringable.swift,\ File.swift,\ Float+Floatable.swift /Users/admin/builder/spi-builder-workspace/.dependencies/checkouts/Datable/Sources/Datable/Double+MaybeDatable.swift /Users/admin/builder/spi-builder-workspace/.dependencies/checkouts/Datable/Sources/Datable/Double+Stringable.swift /Users/admin/builder/spi-builder-workspace/.dependencies/checkouts/Datable/Sources/Datable/File.swift /Users/admin/builder/spi-builder-workspace/.dependencies/checkouts/Datable/Sources/Datable/Float+Floatable.swift (in target 'Datable' from project 'Datable')
SwiftCompile normal arm64 /Users/admin/builder/spi-builder-workspace/.dependencies/checkouts/Datable/Sources/Datable/Double+MaybeDatable.swift (in target 'Datable' from project 'Datable')
cd /Users/admin/builder/spi-builder-workspace/.swiftpm/xcode
builtin-SwiftPerFileCompile Double+MaybeDatable.swift
SwiftCompile normal arm64 /Users/admin/builder/spi-builder-workspace/.dependencies/checkouts/Datable/Sources/Datable/Double+Stringable.swift (in target 'Datable' from project 'Datable')
cd /Users/admin/builder/spi-builder-workspace/.swiftpm/xcode
builtin-SwiftPerFileCompile Double+Stringable.swift
SwiftCompile normal arm64 /Users/admin/builder/spi-builder-workspace/.dependencies/checkouts/Datable/Sources/Datable/File.swift (in target 'Datable' from project 'Datable')
cd /Users/admin/builder/spi-builder-workspace/.swiftpm/xcode
builtin-SwiftPerFileCompile File.swift
SwiftCompile normal arm64 /Users/admin/builder/spi-builder-workspace/.dependencies/checkouts/Datable/Sources/Datable/Float+Floatable.swift (in target 'Datable' from project 'Datable')
cd /Users/admin/builder/spi-builder-workspace/.swiftpm/xcode
builtin-SwiftPerFileCompile Float+Floatable.swift
SwiftCompile normal arm64 Compiling\ Data+MaybeNetworkIntable.swift,\ Data+Stringable.swift,\ Datable.swift,\ DatableConfig.swift /Users/admin/builder/spi-builder-workspace/.dependencies/checkouts/Datable/Sources/Datable/Data+MaybeNetworkIntable.swift /Users/admin/builder/spi-builder-workspace/.dependencies/checkouts/Datable/Sources/Datable/Data+Stringable.swift /Users/admin/builder/spi-builder-workspace/.dependencies/checkouts/Datable/Sources/Datable/Datable.swift /Users/admin/builder/spi-builder-workspace/.dependencies/checkouts/Datable/Sources/Datable/DatableConfig.swift (in target 'Datable' from project 'Datable')
SwiftCompile normal arm64 /Users/admin/builder/spi-builder-workspace/.dependencies/checkouts/Datable/Sources/Datable/Data+MaybeNetworkIntable.swift (in target 'Datable' from project 'Datable')
cd /Users/admin/builder/spi-builder-workspace/.swiftpm/xcode
builtin-SwiftPerFileCompile Data+MaybeNetworkIntable.swift
SwiftCompile normal arm64 /Users/admin/builder/spi-builder-workspace/.dependencies/checkouts/Datable/Sources/Datable/Data+Stringable.swift (in target 'Datable' from project 'Datable')
cd /Users/admin/builder/spi-builder-workspace/.swiftpm/xcode
builtin-SwiftPerFileCompile Data+Stringable.swift
SwiftCompile normal arm64 /Users/admin/builder/spi-builder-workspace/.dependencies/checkouts/Datable/Sources/Datable/Datable.swift (in target 'Datable' from project 'Datable')
cd /Users/admin/builder/spi-builder-workspace/.swiftpm/xcode
builtin-SwiftPerFileCompile Datable.swift
SwiftCompile normal arm64 /Users/admin/builder/spi-builder-workspace/.dependencies/checkouts/Datable/Sources/Datable/DatableConfig.swift (in target 'Datable' from project 'Datable')
cd /Users/admin/builder/spi-builder-workspace/.swiftpm/xcode
builtin-SwiftPerFileCompile DatableConfig.swift
SwiftCompile normal arm64 Compiling\ Data+Datable.swift,\ Data+ExpressibleByStringLiteral.swift,\ Data+Floatable.swift,\ Data+MaybeIntable.swift /Users/admin/builder/spi-builder-workspace/.dependencies/checkouts/Datable/Sources/Datable/Data+Datable.swift /Users/admin/builder/spi-builder-workspace/.dependencies/checkouts/Datable/Sources/Datable/Data+ExpressibleByStringLiteral.swift /Users/admin/builder/spi-builder-workspace/.dependencies/checkouts/Datable/Sources/Datable/Data+Floatable.swift /Users/admin/builder/spi-builder-workspace/.dependencies/checkouts/Datable/Sources/Datable/Data+MaybeIntable.swift (in target 'Datable' from project 'Datable')
SwiftCompile normal arm64 /Users/admin/builder/spi-builder-workspace/.dependencies/checkouts/Datable/Sources/Datable/Data+Datable.swift (in target 'Datable' from project 'Datable')
cd /Users/admin/builder/spi-builder-workspace/.swiftpm/xcode
builtin-SwiftPerFileCompile Data+Datable.swift
SwiftCompile normal arm64 /Users/admin/builder/spi-builder-workspace/.dependencies/checkouts/Datable/Sources/Datable/Data+ExpressibleByStringLiteral.swift (in target 'Datable' from project 'Datable')
cd /Users/admin/builder/spi-builder-workspace/.swiftpm/xcode
builtin-SwiftPerFileCompile Data+ExpressibleByStringLiteral.swift
SwiftCompile normal arm64 /Users/admin/builder/spi-builder-workspace/.dependencies/checkouts/Datable/Sources/Datable/Data+Floatable.swift (in target 'Datable' from project 'Datable')
cd /Users/admin/builder/spi-builder-workspace/.swiftpm/xcode
builtin-SwiftPerFileCompile Data+Floatable.swift
SwiftCompile normal arm64 /Users/admin/builder/spi-builder-workspace/.dependencies/checkouts/Datable/Sources/Datable/Data+MaybeIntable.swift (in target 'Datable' from project 'Datable')
cd /Users/admin/builder/spi-builder-workspace/.swiftpm/xcode
builtin-SwiftPerFileCompile Data+MaybeIntable.swift
SwiftCompile normal arm64 Compiling\ Arrayable.swift,\ CSVable.swift,\ Data+Arrayable.swift,\ Data+Base64.swift /Users/admin/builder/spi-builder-workspace/.dependencies/checkouts/Datable/Sources/Datable/Arrayable.swift /Users/admin/builder/spi-builder-workspace/.dependencies/checkouts/Datable/Sources/Datable/CSVable.swift /Users/admin/builder/spi-builder-workspace/.dependencies/checkouts/Datable/Sources/Datable/Data+Arrayable.swift /Users/admin/builder/spi-builder-workspace/.dependencies/checkouts/Datable/Sources/Datable/Data+Base64.swift (in target 'Datable' from project 'Datable')
SwiftCompile normal arm64 /Users/admin/builder/spi-builder-workspace/.dependencies/checkouts/Datable/Sources/Datable/Arrayable.swift (in target 'Datable' from project 'Datable')
cd /Users/admin/builder/spi-builder-workspace/.swiftpm/xcode
builtin-SwiftPerFileCompile Arrayable.swift
SwiftCompile normal arm64 /Users/admin/builder/spi-builder-workspace/.dependencies/checkouts/Datable/Sources/Datable/CSVable.swift (in target 'Datable' from project 'Datable')
cd /Users/admin/builder/spi-builder-workspace/.swiftpm/xcode
builtin-SwiftPerFileCompile CSVable.swift
SwiftCompile normal arm64 /Users/admin/builder/spi-builder-workspace/.dependencies/checkouts/Datable/Sources/Datable/Data+Arrayable.swift (in target 'Datable' from project 'Datable')
cd /Users/admin/builder/spi-builder-workspace/.swiftpm/xcode
builtin-SwiftPerFileCompile Data+Arrayable.swift
SwiftCompile normal arm64 /Users/admin/builder/spi-builder-workspace/.dependencies/checkouts/Datable/Sources/Datable/Data+Base64.swift (in target 'Datable' from project 'Datable')
cd /Users/admin/builder/spi-builder-workspace/.swiftpm/xcode
builtin-SwiftPerFileCompile Data+Base64.swift
SwiftCompile normal arm64 Compiling\ Int+MaybeDatable.swift,\ Int+MaybeIntable.swift,\ Int+Stringable.swift,\ Intable.swift /Users/admin/builder/spi-builder-workspace/.dependencies/checkouts/Datable/Sources/Datable/Int+MaybeDatable.swift /Users/admin/builder/spi-builder-workspace/.dependencies/checkouts/Datable/Sources/Datable/Int+MaybeIntable.swift /Users/admin/builder/spi-builder-workspace/.dependencies/checkouts/Datable/Sources/Datable/Int+Stringable.swift /Users/admin/builder/spi-builder-workspace/.dependencies/checkouts/Datable/Sources/Datable/Intable.swift (in target 'Datable' from project 'Datable')
SwiftCompile normal arm64 /Users/admin/builder/spi-builder-workspace/.dependencies/checkouts/Datable/Sources/Datable/Int+MaybeDatable.swift (in target 'Datable' from project 'Datable')
cd /Users/admin/builder/spi-builder-workspace/.swiftpm/xcode
builtin-SwiftPerFileCompile Int+MaybeDatable.swift
SwiftCompile normal arm64 /Users/admin/builder/spi-builder-workspace/.dependencies/checkouts/Datable/Sources/Datable/Int+MaybeIntable.swift (in target 'Datable' from project 'Datable')
cd /Users/admin/builder/spi-builder-workspace/.swiftpm/xcode
builtin-SwiftPerFileCompile Int+MaybeIntable.swift
SwiftCompile normal arm64 /Users/admin/builder/spi-builder-workspace/.dependencies/checkouts/Datable/Sources/Datable/Int+Stringable.swift (in target 'Datable' from project 'Datable')
cd /Users/admin/builder/spi-builder-workspace/.swiftpm/xcode
builtin-SwiftPerFileCompile Int+Stringable.swift
SwiftCompile normal arm64 /Users/admin/builder/spi-builder-workspace/.dependencies/checkouts/Datable/Sources/Datable/Intable.swift (in target 'Datable' from project 'Datable')
cd /Users/admin/builder/spi-builder-workspace/.swiftpm/xcode
builtin-SwiftPerFileCompile Intable.swift
SwiftDriverJobDiscovery normal arm64 Emitting module for Datable (in target 'Datable' from project 'Datable')
SwiftDriver\ Compilation\ Requirements Datable normal arm64 com.apple.xcode.tools.swift.compiler (in target 'Datable' from project 'Datable')
cd /Users/admin/builder/spi-builder-workspace/.swiftpm/xcode
builtin-Swift-Compilation-Requirements -- /Applications/Xcode-27.0.0-Release.Candidate.app/Contents/Developer/Toolchains/XcodeDefault.xctoolchain/usr/bin/swiftc -parse-as-library -module-name Datable -Onone @/Users/admin/builder/spi-builder-workspace/.derivedData/Build/Intermediates.noindex/Datable.build/Debug-xros/Datable-t.build/Objects-normal/arm64/Datable.SwiftFileList -DSWIFT_PACKAGE -DDEBUG -DSWIFT_MODULE_RESOURCE_BUNDLE_UNAVAILABLE -DXcode -plugin-path /Applications/Xcode-27.0.0-Release.Candidate.app/Contents/Developer/Toolchains/XcodeDefault.xctoolchain/usr/lib/swift/host/plugins/testing -enable-experimental-feature DebugDescriptionMacro -sdk /Applications/Xcode-27.0.0-Release.Candidate.app/Contents/Developer/Platforms/XROS.platform/Developer/SDKs/XROS27.0.sdk -target arm64-apple-xros1.0 -g -module-cache-path /Users/admin/builder/spi-builder-workspace/.derivedData/ModuleCache.noindex -Xfrontend -serialize-debugging-options -profile-coverage-mapping -profile-generate -enable-testing -suppress-warnings -index-store-path /Users/admin/builder/spi-builder-workspace/.derivedData/Index.noindex/DataStore -Xcc -D_LIBCPP_HARDENING_MODE\=_LIBCPP_HARDENING_MODE_DEBUG -swift-version 5 -I /Users/admin/builder/spi-builder-workspace/.derivedData/Build/Products/Debug-xros -Isystem /Applications/Xcode-27.0.0-Release.Candidate.app/Contents/Developer/Platforms/XROS.platform/Developer/usr/lib -F /Users/admin/builder/spi-builder-workspace/.derivedData/Build/Products/Debug-xros -F /Applications/Xcode-27.0.0-Release.Candidate.app/Contents/Developer/Platforms/XROS.platform/Developer/Library/Frameworks -F /Applications/Xcode-27.0.0-Release.Candidate.app/Contents/Developer/Platforms/XROS.platform/Developer/SDKs/XROS27.0.sdk/Developer/Library/Frameworks -c -j10 -enable-batch-mode -incremental -Xcc -ivfsstatcache -Xcc /Users/admin/builder/spi-builder-workspace/.derivedData/SDKStatCaches.noindex/xros27.0-24M361-e829b21a6f8c9b70876ba0858053c044735bd543db762f57723cac368afd1ce4.sdkstatcache -output-file-map /Users/admin/builder/spi-builder-workspace/.derivedData/Build/Intermediates.noindex/Datable.build/Debug-xros/Datable-t.build/Objects-normal/arm64/Datable-OutputFileMap.json -save-temps -no-color-diagnostics -explicit-module-build -module-cache-path /Users/admin/builder/spi-builder-workspace/.derivedData/Build/Intermediates.noindex/SwiftExplicitPrecompiledModules -clang-scanner-module-cache-path /Users/admin/builder/spi-builder-workspace/.derivedData/ModuleCache.noindex -sdk-module-cache-path /Users/admin/builder/spi-builder-workspace/.derivedData/SDKExplicitPrecompiledModules -emit-dependencies -emit-module -emit-module-path /Users/admin/builder/spi-builder-workspace/.derivedData/Build/Intermediates.noindex/Datable.build/Debug-xros/Datable-t.build/Objects-normal/arm64/Datable.swiftmodule -serialize-diagnostics -dependency-scan-serialize-diagnostics-path /Users/admin/builder/spi-builder-workspace/.derivedData/Build/Intermediates.noindex/Datable.build/Debug-xros/Datable-t.build/Objects-normal/arm64/Datable-dependency-scan.dia -validate-clang-modules-once -clang-build-session-file /Users/admin/builder/spi-builder-workspace/.derivedData/ModuleCache.noindex/Session.modulevalidation -Xcc -fmodules-prune-interval\=86400 -Xcc -fmodules-prune-after\=345600 -emit-const-values -const-gather-protocols-list /Users/admin/builder/spi-builder-workspace/.derivedData/Build/Intermediates.noindex/Datable.build/Debug-xros/Datable-t.build/Objects-normal/arm64/Datable_const_extract_protocols.json -Xcc -I/Users/admin/builder/spi-builder-workspace/.derivedData/Build/Products/Debug-xros/include -Xcc -I/Users/admin/builder/spi-builder-workspace/.derivedData/Build/Intermediates.noindex/Datable.build/Debug-xros/Datable-t.build/DerivedSources-normal/arm64 -Xcc -I/Users/admin/builder/spi-builder-workspace/.derivedData/Build/Intermediates.noindex/Datable.build/Debug-xros/Datable-t.build/DerivedSources/arm64 -Xcc -I/Users/admin/builder/spi-builder-workspace/.derivedData/Build/Intermediates.noindex/Datable.build/Debug-xros/Datable-t.build/DerivedSources -Xcc -DSWIFT_PACKAGE -Xcc -DDEBUG\=1 -emit-objc-header -emit-objc-header-path /Users/admin/builder/spi-builder-workspace/.derivedData/Build/Intermediates.noindex/Datable.build/Debug-xros/Datable-t.build/Objects-normal/arm64/Datable-Swift.h -working-directory /Users/admin/builder/spi-builder-workspace/.swiftpm/xcode -experimental-emit-module-separately -disable-cmo
SwiftDriverJobDiscovery normal arm64 Compiling NetworkIntable.swift, String+Arrayable.swift, String+Datable.swift (in target 'Datable' from project 'Datable')
SwiftMergeGeneratedHeaders /Users/admin/builder/spi-builder-workspace/.derivedData/Build/Intermediates.noindex/GeneratedModuleMaps-xros/Datable-Swift.h /Users/admin/builder/spi-builder-workspace/.derivedData/Build/Intermediates.noindex/Datable.build/Debug-xros/Datable-t.build/Objects-normal/arm64/Datable-Swift.h (in target 'Datable' from project 'Datable')
cd /Users/admin/builder/spi-builder-workspace/.dependencies/checkouts/Datable
builtin-swiftHeaderTool -arch arm64 /Users/admin/builder/spi-builder-workspace/.derivedData/Build/Intermediates.noindex/Datable.build/Debug-xros/Datable-t.build/Objects-normal/arm64/Datable-Swift.h -o /Users/admin/builder/spi-builder-workspace/.derivedData/Build/Intermediates.noindex/GeneratedModuleMaps-xros/Datable-Swift.h
Copy /Users/admin/builder/spi-builder-workspace/.derivedData/Build/Products/Debug-xros/Datable.swiftmodule/arm64-apple-xros.swiftmodule /Users/admin/builder/spi-builder-workspace/.derivedData/Build/Intermediates.noindex/Datable.build/Debug-xros/Datable-t.build/Objects-normal/arm64/Datable.swiftmodule (in target 'Datable' from project 'Datable')
cd /Users/admin/builder/spi-builder-workspace/.dependencies/checkouts/Datable
builtin-copy -exclude .DS_Store -exclude CVS -exclude .svn -exclude .git -exclude .hg -resolve-src-symlinks -rename /Users/admin/builder/spi-builder-workspace/.derivedData/Build/Intermediates.noindex/Datable.build/Debug-xros/Datable-t.build/Objects-normal/arm64/Datable.swiftmodule /Users/admin/builder/spi-builder-workspace/.derivedData/Build/Products/Debug-xros/Datable.swiftmodule/arm64-apple-xros.swiftmodule
Copy /Users/admin/builder/spi-builder-workspace/.derivedData/Build/Products/Debug-xros/Datable.swiftmodule/arm64-apple-xros.swiftdoc /Users/admin/builder/spi-builder-workspace/.derivedData/Build/Intermediates.noindex/Datable.build/Debug-xros/Datable-t.build/Objects-normal/arm64/Datable.swiftdoc (in target 'Datable' from project 'Datable')
cd /Users/admin/builder/spi-builder-workspace/.dependencies/checkouts/Datable
builtin-copy -exclude .DS_Store -exclude CVS -exclude .svn -exclude .git -exclude .hg -resolve-src-symlinks -rename /Users/admin/builder/spi-builder-workspace/.derivedData/Build/Intermediates.noindex/Datable.build/Debug-xros/Datable-t.build/Objects-normal/arm64/Datable.swiftdoc /Users/admin/builder/spi-builder-workspace/.derivedData/Build/Products/Debug-xros/Datable.swiftmodule/arm64-apple-xros.swiftdoc
SwiftDriverJobDiscovery normal arm64 Compiling UInt+Datable.swift, UInt+MaybeNetworkDatable.swift, UInt+Stringable.swift (in target 'Datable' from project 'Datable')
Copy /Users/admin/builder/spi-builder-workspace/.derivedData/Build/Products/Debug-xros/Datable.swiftmodule/arm64-apple-xros.abi.json /Users/admin/builder/spi-builder-workspace/.derivedData/Build/Intermediates.noindex/Datable.build/Debug-xros/Datable-t.build/Objects-normal/arm64/Datable.abi.json (in target 'Datable' from project 'Datable')
cd /Users/admin/builder/spi-builder-workspace/.dependencies/checkouts/Datable
builtin-copy -exclude .DS_Store -exclude CVS -exclude .svn -exclude .git -exclude .hg -resolve-src-symlinks -rename /Users/admin/builder/spi-builder-workspace/.derivedData/Build/Intermediates.noindex/Datable.build/Debug-xros/Datable-t.build/Objects-normal/arm64/Datable.abi.json /Users/admin/builder/spi-builder-workspace/.derivedData/Build/Products/Debug-xros/Datable.swiftmodule/arm64-apple-xros.abi.json
Copy /Users/admin/builder/spi-builder-workspace/.derivedData/Build/Products/Debug-xros/Datable.swiftmodule/Project/arm64-apple-xros.swiftsourceinfo /Users/admin/builder/spi-builder-workspace/.derivedData/Build/Intermediates.noindex/Datable.build/Debug-xros/Datable-t.build/Objects-normal/arm64/Datable.swiftsourceinfo (in target 'Datable' from project 'Datable')
cd /Users/admin/builder/spi-builder-workspace/.dependencies/checkouts/Datable
builtin-copy -exclude .DS_Store -exclude CVS -exclude .svn -exclude .git -exclude .hg -resolve-src-symlinks -rename /Users/admin/builder/spi-builder-workspace/.derivedData/Build/Intermediates.noindex/Datable.build/Debug-xros/Datable-t.build/Objects-normal/arm64/Datable.swiftsourceinfo /Users/admin/builder/spi-builder-workspace/.derivedData/Build/Products/Debug-xros/Datable.swiftmodule/Project/arm64-apple-xros.swiftsourceinfo
SwiftDriverJobDiscovery normal arm64 Compiling Float+MaybeDatable.swift, Float+MaybeIntable.swift, Floatable.swift, Int+Floatable.swift (in target 'Datable' from project 'Datable')
SwiftDriverJobDiscovery normal arm64 Compiling MaybeDatable.swift, MaybeIntable.swift, MaybeNetworkIntable.swift, NetworkDatable.swift (in target 'Datable' from project 'Datable')
SwiftDriverJobDiscovery normal arm64 Compiling Double+MaybeDatable.swift, Double+Stringable.swift, File.swift, Float+Floatable.swift (in target 'Datable' from project 'Datable')
SwiftDriverJobDiscovery normal arm64 Compiling Data+MaybeNetworkIntable.swift, Data+Stringable.swift, Datable.swift, DatableConfig.swift (in target 'Datable' from project 'Datable')
SwiftDriverJobDiscovery normal arm64 Compiling String+Intable.swift, Stringable.swift, StringableArray+CSVable.swift (in target 'Datable' from project 'Datable')
SwiftDriverJobDiscovery normal arm64 Compiling Arrayable.swift, CSVable.swift, Data+Arrayable.swift, Data+Base64.swift (in target 'Datable' from project 'Datable')
SwiftDriverJobDiscovery normal arm64 Compiling Int+MaybeDatable.swift, Int+MaybeIntable.swift, Int+Stringable.swift, Intable.swift (in target 'Datable' from project 'Datable')
SwiftDriverJobDiscovery normal arm64 Compiling Data+Datable.swift, Data+ExpressibleByStringLiteral.swift, Data+Floatable.swift, Data+MaybeIntable.swift (in target 'Datable' from project 'Datable')
SwiftDriver\ Compilation Datable normal arm64 com.apple.xcode.tools.swift.compiler (in target 'Datable' from project 'Datable')
cd /Users/admin/builder/spi-builder-workspace/.swiftpm/xcode
builtin-Swift-Compilation -- /Applications/Xcode-27.0.0-Release.Candidate.app/Contents/Developer/Toolchains/XcodeDefault.xctoolchain/usr/bin/swiftc -parse-as-library -module-name Datable -Onone @/Users/admin/builder/spi-builder-workspace/.derivedData/Build/Intermediates.noindex/Datable.build/Debug-xros/Datable-t.build/Objects-normal/arm64/Datable.SwiftFileList -DSWIFT_PACKAGE -DDEBUG -DSWIFT_MODULE_RESOURCE_BUNDLE_UNAVAILABLE -DXcode -plugin-path /Applications/Xcode-27.0.0-Release.Candidate.app/Contents/Developer/Toolchains/XcodeDefault.xctoolchain/usr/lib/swift/host/plugins/testing -enable-experimental-feature DebugDescriptionMacro -sdk /Applications/Xcode-27.0.0-Release.Candidate.app/Contents/Developer/Platforms/XROS.platform/Developer/SDKs/XROS27.0.sdk -target arm64-apple-xros1.0 -g -module-cache-path /Users/admin/builder/spi-builder-workspace/.derivedData/ModuleCache.noindex -Xfrontend -serialize-debugging-options -profile-coverage-mapping -profile-generate -enable-testing -suppress-warnings -index-store-path /Users/admin/builder/spi-builder-workspace/.derivedData/Index.noindex/DataStore -Xcc -D_LIBCPP_HARDENING_MODE\=_LIBCPP_HARDENING_MODE_DEBUG -swift-version 5 -I /Users/admin/builder/spi-builder-workspace/.derivedData/Build/Products/Debug-xros -Isystem /Applications/Xcode-27.0.0-Release.Candidate.app/Contents/Developer/Platforms/XROS.platform/Developer/usr/lib -F /Users/admin/builder/spi-builder-workspace/.derivedData/Build/Products/Debug-xros -F /Applications/Xcode-27.0.0-Release.Candidate.app/Contents/Developer/Platforms/XROS.platform/Developer/Library/Frameworks -F /Applications/Xcode-27.0.0-Release.Candidate.app/Contents/Developer/Platforms/XROS.platform/Developer/SDKs/XROS27.0.sdk/Developer/Library/Frameworks -c -j10 -enable-batch-mode -incremental -Xcc -ivfsstatcache -Xcc /Users/admin/builder/spi-builder-workspace/.derivedData/SDKStatCaches.noindex/xros27.0-24M361-e829b21a6f8c9b70876ba0858053c044735bd543db762f57723cac368afd1ce4.sdkstatcache -output-file-map /Users/admin/builder/spi-builder-workspace/.derivedData/Build/Intermediates.noindex/Datable.build/Debug-xros/Datable-t.build/Objects-normal/arm64/Datable-OutputFileMap.json -save-temps -no-color-diagnostics -explicit-module-build -module-cache-path /Users/admin/builder/spi-builder-workspace/.derivedData/Build/Intermediates.noindex/SwiftExplicitPrecompiledModules -clang-scanner-module-cache-path /Users/admin/builder/spi-builder-workspace/.derivedData/ModuleCache.noindex -sdk-module-cache-path /Users/admin/builder/spi-builder-workspace/.derivedData/SDKExplicitPrecompiledModules -emit-dependencies -emit-module -emit-module-path /Users/admin/builder/spi-builder-workspace/.derivedData/Build/Intermediates.noindex/Datable.build/Debug-xros/Datable-t.build/Objects-normal/arm64/Datable.swiftmodule -serialize-diagnostics -dependency-scan-serialize-diagnostics-path /Users/admin/builder/spi-builder-workspace/.derivedData/Build/Intermediates.noindex/Datable.build/Debug-xros/Datable-t.build/Objects-normal/arm64/Datable-dependency-scan.dia -validate-clang-modules-once -clang-build-session-file /Users/admin/builder/spi-builder-workspace/.derivedData/ModuleCache.noindex/Session.modulevalidation -Xcc -fmodules-prune-interval\=86400 -Xcc -fmodules-prune-after\=345600 -emit-const-values -const-gather-protocols-list /Users/admin/builder/spi-builder-workspace/.derivedData/Build/Intermediates.noindex/Datable.build/Debug-xros/Datable-t.build/Objects-normal/arm64/Datable_const_extract_protocols.json -Xcc -I/Users/admin/builder/spi-builder-workspace/.derivedData/Build/Products/Debug-xros/include -Xcc -I/Users/admin/builder/spi-builder-workspace/.derivedData/Build/Intermediates.noindex/Datable.build/Debug-xros/Datable-t.build/DerivedSources-normal/arm64 -Xcc -I/Users/admin/builder/spi-builder-workspace/.derivedData/Build/Intermediates.noindex/Datable.build/Debug-xros/Datable-t.build/DerivedSources/arm64 -Xcc -I/Users/admin/builder/spi-builder-workspace/.derivedData/Build/Intermediates.noindex/Datable.build/Debug-xros/Datable-t.build/DerivedSources -Xcc -DSWIFT_PACKAGE -Xcc -DDEBUG\=1 -emit-objc-header -emit-objc-header-path /Users/admin/builder/spi-builder-workspace/.derivedData/Build/Intermediates.noindex/Datable.build/Debug-xros/Datable-t.build/Objects-normal/arm64/Datable-Swift.h -working-directory /Users/admin/builder/spi-builder-workspace/.swiftpm/xcode -experimental-emit-module-separately -disable-cmo
Ld /Users/admin/builder/spi-builder-workspace/.derivedData/Build/Products/Debug-xros/Datable.o normal (in target 'Datable' from project 'Datable')
cd /Users/admin/builder/spi-builder-workspace/.dependencies/checkouts/Datable
/Applications/Xcode-27.0.0-Release.Candidate.app/Contents/Developer/Toolchains/XcodeDefault.xctoolchain/usr/bin/clang -Xlinker -reproducible -target arm64-apple-xros1.0 -r -isysroot /Applications/Xcode-27.0.0-Release.Candidate.app/Contents/Developer/Platforms/XROS.platform/Developer/SDKs/XROS27.0.sdk -O0 -w -Xlinker -no_warn_duplicate_libraries -F/Users/admin/builder/spi-builder-workspace/.derivedData/Build/Intermediates.noindex/EagerLinkingTBDs/Debug-xros -F/Users/admin/builder/spi-builder-workspace/.derivedData/Build/Products/Debug-xros -iframework /Applications/Xcode-27.0.0-Release.Candidate.app/Contents/Developer/Platforms/XROS.platform/Developer/Library/Frameworks -iframework /Applications/Xcode-27.0.0-Release.Candidate.app/Contents/Developer/Platforms/XROS.platform/Developer/SDKs/XROS27.0.sdk/Developer/Library/Frameworks -filelist /Users/admin/builder/spi-builder-workspace/.derivedData/Build/Intermediates.noindex/Datable.build/Debug-xros/Datable-t.build/Objects-normal/arm64/Datable.LinkFileList -nostdlib -Xlinker -object_path_lto -Xlinker /Users/admin/builder/spi-builder-workspace/.derivedData/Build/Intermediates.noindex/Datable.build/Debug-xros/Datable-t.build/Objects-normal/arm64/Datable_lto.o -Xlinker -no_deduplicate -Xlinker -debug_variant -Xlinker -dependency_info -Xlinker /Users/admin/builder/spi-builder-workspace/.derivedData/Build/Intermediates.noindex/Datable.build/Debug-xros/Datable-t.build/Objects-normal/arm64/Datable_dependency_info.dat -fobjc-link-runtime -L/Applications/Xcode-27.0.0-Release.Candidate.app/Contents/Developer/Toolchains/XcodeDefault.xctoolchain/usr/lib/swift/xros -L/usr/lib/swift -Xlinker -add_ast_path -Xlinker /Users/admin/builder/spi-builder-workspace/.derivedData/Build/Intermediates.noindex/Datable.build/Debug-xros/Datable-t.build/Objects-normal/arm64/Datable.swiftmodule -o /Users/admin/builder/spi-builder-workspace/.derivedData/Build/Products/Debug-xros/Datable.o
SwiftDriver Net normal arm64 com.apple.xcode.tools.swift.compiler (in target 'Net' from project 'Net')
cd /Users/admin/builder/spi-builder-workspace/.swiftpm/xcode
builtin-SwiftDriver -- /Applications/Xcode-27.0.0-Release.Candidate.app/Contents/Developer/Toolchains/XcodeDefault.xctoolchain/usr/bin/swiftc -parse-as-library -module-name Net -Onone @/Users/admin/builder/spi-builder-workspace/.derivedData/Build/Intermediates.noindex/Net.build/Debug-xros/Net-t.build/Objects-normal/arm64/Net.SwiftFileList -DSWIFT_PACKAGE -DDEBUG -DSWIFT_MODULE_RESOURCE_BUNDLE_UNAVAILABLE -DXcode -plugin-path /Applications/Xcode-27.0.0-Release.Candidate.app/Contents/Developer/Toolchains/XcodeDefault.xctoolchain/usr/lib/swift/host/plugins/testing -enable-experimental-feature DebugDescriptionMacro -sdk /Applications/Xcode-27.0.0-Release.Candidate.app/Contents/Developer/Platforms/XROS.platform/Developer/SDKs/XROS27.0.sdk -target arm64-apple-xros1.0 -g -module-cache-path /Users/admin/builder/spi-builder-workspace/.derivedData/ModuleCache.noindex -Xfrontend -serialize-debugging-options -profile-coverage-mapping -profile-generate -enable-testing -suppress-warnings -index-store-path /Users/admin/builder/spi-builder-workspace/.derivedData/Index.noindex/DataStore -Xcc -D_LIBCPP_HARDENING_MODE\=_LIBCPP_HARDENING_MODE_DEBUG -swift-version 5 -I /Users/admin/builder/spi-builder-workspace/.derivedData/Build/Products/Debug-xros -Isystem /Applications/Xcode-27.0.0-Release.Candidate.app/Contents/Developer/Platforms/XROS.platform/Developer/usr/lib -F /Users/admin/builder/spi-builder-workspace/.derivedData/Build/Products/Debug-xros/PackageFrameworks -F /Users/admin/builder/spi-builder-workspace/.derivedData/Build/Products/Debug-xros -F /Applications/Xcode-27.0.0-Release.Candidate.app/Contents/Developer/Platforms/XROS.platform/Developer/Library/Frameworks -F /Applications/Xcode-27.0.0-Release.Candidate.app/Contents/Developer/Platforms/XROS.platform/Developer/SDKs/XROS27.0.sdk/Developer/Library/Frameworks -c -j10 -enable-batch-mode -incremental -Xcc -ivfsstatcache -Xcc /Users/admin/builder/spi-builder-workspace/.derivedData/SDKStatCaches.noindex/xros27.0-24M361-e829b21a6f8c9b70876ba0858053c044735bd543db762f57723cac368afd1ce4.sdkstatcache -output-file-map /Users/admin/builder/spi-builder-workspace/.derivedData/Build/Intermediates.noindex/Net.build/Debug-xros/Net-t.build/Objects-normal/arm64/Net-OutputFileMap.json -save-temps -no-color-diagnostics -explicit-module-build -module-cache-path /Users/admin/builder/spi-builder-workspace/.derivedData/Build/Intermediates.noindex/SwiftExplicitPrecompiledModules -clang-scanner-module-cache-path /Users/admin/builder/spi-builder-workspace/.derivedData/ModuleCache.noindex -sdk-module-cache-path /Users/admin/builder/spi-builder-workspace/.derivedData/SDKExplicitPrecompiledModules -emit-dependencies -emit-module -emit-module-path /Users/admin/builder/spi-builder-workspace/.derivedData/Build/Intermediates.noindex/Net.build/Debug-xros/Net-t.build/Objects-normal/arm64/Net.swiftmodule -serialize-diagnostics -dependency-scan-serialize-diagnostics-path /Users/admin/builder/spi-builder-workspace/.derivedData/Build/Intermediates.noindex/Net.build/Debug-xros/Net-t.build/Objects-normal/arm64/Net-dependency-scan.dia -validate-clang-modules-once -clang-build-session-file /Users/admin/builder/spi-builder-workspace/.derivedData/ModuleCache.noindex/Session.modulevalidation -Xcc -fmodules-prune-interval\=86400 -Xcc -fmodules-prune-after\=345600 -package-name net -emit-const-values -const-gather-protocols-list /Users/admin/builder/spi-builder-workspace/.derivedData/Build/Intermediates.noindex/Net.build/Debug-xros/Net-t.build/Objects-normal/arm64/Net_const_extract_protocols.json -Xcc -I/Users/admin/builder/spi-builder-workspace/.derivedData/Build/Products/Debug-xros/include -Xcc -I/Users/admin/builder/spi-builder-workspace/.derivedData/Build/Intermediates.noindex/Net.build/Debug-xros/Net-t.build/DerivedSources-normal/arm64 -Xcc -I/Users/admin/builder/spi-builder-workspace/.derivedData/Build/Intermediates.noindex/Net.build/Debug-xros/Net-t.build/DerivedSources/arm64 -Xcc -I/Users/admin/builder/spi-builder-workspace/.derivedData/Build/Intermediates.noindex/Net.build/Debug-xros/Net-t.build/DerivedSources -Xcc -DSWIFT_PACKAGE -Xcc -DDEBUG\=1 -emit-objc-header -emit-objc-header-path /Users/admin/builder/spi-builder-workspace/.derivedData/Build/Intermediates.noindex/Net.build/Debug-xros/Net-t.build/Objects-normal/arm64/Net-Swift.h -working-directory /Users/admin/builder/spi-builder-workspace/.swiftpm/xcode -experimental-emit-module-separately -disable-cmo
/Users/admin/builder/spi-builder-workspace/.dependencies/checkouts/Net/Sources/Net/Net.swift:7:19: error: Unable to resolve module dependency: 'NetworkLinux' (in target 'Net' from project 'Net')
note: A dependency of main module 'Net'
/Users/admin/builder/spi-builder-workspace/.dependencies/checkouts/Net/Sources/Net/Net.swift:7:19: note: A dependency of main module 'Net'
@_exported import NetworkLinux
^ (in target 'Net' from project 'Net')
ExtractAppIntentsMetadata (in target 'Datable' from project 'Datable')
cd /Users/admin/builder/spi-builder-workspace/.dependencies/checkouts/Datable
/Applications/Xcode-27.0.0-Release.Candidate.app/Contents/Developer/Toolchains/XcodeDefault.xctoolchain/usr/bin/appintentsmetadataprocessor --toolchain-dir /var/run/com.apple.security.cryptexd/mnt/com.apple.MobileAsset.MetalToolchain-v27.1.266.1.V7XnqY/Metal.xctoolchain --module-name Datable --sdk-root /Applications/Xcode-27.0.0-Release.Candidate.app/Contents/Developer/Platforms/XROS.platform/Developer/SDKs/XROS27.0.sdk --xcode-version 27A266a --platform-family xrOS --deployment-target 1.0 --bundle-identifier datable.Datable --output /Users/admin/builder/spi-builder-workspace/.derivedData/Build/Products/Debug-xros/Datable.appintents --target-triple arm64-apple-xros1.0 --binary-file /Users/admin/builder/spi-builder-workspace/.derivedData/Build/Products/Debug-xros/Datable.o --dependency-file /Users/admin/builder/spi-builder-workspace/.derivedData/Build/Intermediates.noindex/Datable.build/Debug-xros/Datable-t.build/Objects-normal/arm64/Datable_dependency_info.dat --stringsdata-file /Users/admin/builder/spi-builder-workspace/.derivedData/Build/Intermediates.noindex/Datable.build/Debug-xros/Datable-t.build/Objects-normal/arm64/ExtractedAppShortcutsMetadata.stringsdata --source-file-list /Users/admin/builder/spi-builder-workspace/.derivedData/Build/Intermediates.noindex/Datable.build/Debug-xros/Datable-t.build/Objects-normal/arm64/Datable.SwiftFileList --metadata-file-list /Users/admin/builder/spi-builder-workspace/.derivedData/Build/Intermediates.noindex/Datable.build/Debug-xros/Datable-t.build/Datable.DependencyMetadataFileList --static-metadata-file-list /Users/admin/builder/spi-builder-workspace/.derivedData/Build/Intermediates.noindex/Datable.build/Debug-xros/Datable-t.build/Datable.DependencyStaticMetadataFileList --swift-const-vals-list /Users/admin/builder/spi-builder-workspace/.derivedData/Build/Intermediates.noindex/Datable.build/Debug-xros/Datable-t.build/Objects-normal/arm64/Datable.SwiftConstValuesFileList --force --compile-time-extraction --deployment-aware-processing --no-app-shortcuts-localization
2026-09-21 06:23:38.123 appintentsmetadataprocessor[805:4723] Starting appintentsmetadataprocessor export
2026-09-21 06:23:38.215 appintentsmetadataprocessor[805:4723] Extracted no relevant App Intents symbols, skipping writing output
PruneExplicitPrecompiledModules /Users/admin/builder/spi-builder-workspace/.derivedData/SDKExplicitPrecompiledModules
PruneExplicitPrecompiledModules /Users/admin/builder/spi-builder-workspace/.derivedData/Build/Intermediates.noindex/ExplicitPrecompiledModules
PruneExplicitPrecompiledModules /Users/admin/builder/spi-builder-workspace/.derivedData/Build/Intermediates.noindex/SwiftExplicitPrecompiledModules
2026-09-21 06:23:31.071 xcodebuild[697:4147] [MT] IDERunDestination: Supported platforms for the buildables in the current scheme is empty.
** BUILD FAILED **
The following build commands failed:
SwiftDriver Net normal arm64 com.apple.xcode.tools.swift.compiler (in target 'Net' from project 'Net')
Building workspace Transport with scheme Transport
(2 failures)
Command line invocation:
/Applications/Xcode-27.0.0-Release.Candidate.app/Contents/Developer/usr/bin/xcodebuild -IDEClonedSourcePackagesDirPathOverride=/Users/admin/builder/spi-builder-workspace/.dependencies -resolvePackageDependencies
Resolve Package Graph
Resolved source packages:
Transport: /Users/admin/builder/spi-builder-workspace
Datable: https://github.com/OperatorFoundation/Datable @ 4.0.1
Net: https://github.com/OperatorFoundation/Net @ 0.0.11
resolved source packages: Transport, Datable, Net
2026-09-21 06:23:39.321 xcodebuild[806:4779] [MT] IDERunDestination: Supported platforms for the buildables in the current scheme is empty.
{
"dependencies" : [
{
"identity" : "datable",
"requirement" : {
"range" : [
{
"lower_bound" : "4.0.1",
"upper_bound" : "5.0.0"
}
]
},
"type" : "sourceControl",
"url" : "https://github.com/OperatorFoundation/Datable"
},
{
"identity" : "net",
"requirement" : {
"range" : [
{
"lower_bound" : "0.0.11",
"upper_bound" : "1.0.0"
}
]
},
"type" : "sourceControl",
"url" : "https://github.com/OperatorFoundation/Net"
}
],
"manifest_display_name" : "Transport",
"name" : "Transport",
"path" : "/Users/admin/builder/spi-builder-workspace",
"platforms" : [
{
"name" : "macos",
"version" : "14.0"
},
{
"name" : "ios",
"version" : "16.0"
}
],
"products" : [
{
"name" : "Transport",
"targets" : [
"Transport"
],
"type" : {
"library" : [
"automatic"
]
}
}
],
"swift_languages_versions" : [
"5"
],
"targets" : [
{
"c99name" : "TransportTests",
"module_type" : "SwiftTarget",
"name" : "TransportTests",
"path" : "Tests/TransportTests",
"product_dependencies" : [
"Datable"
],
"sources" : [
"TransportTests.swift"
],
"target_dependencies" : [
"Transport"
],
"type" : "test"
},
{
"c99name" : "Transport",
"module_type" : "SwiftTarget",
"name" : "Transport",
"path" : "Sources/Transport",
"product_dependencies" : [
"Net"
],
"product_memberships" : [
"Transport"
],
"sources" : [
"Connection.swift",
"ConnectionFactory.swift",
"Listener.swift",
"NWConnection+Connection.swift",
"NWListener+Listener.swift",
"NetworkConnectionFactory.swift",
"ServerConfig.swift"
],
"type" : "library"
}
],
"tools_version" : "5.10"
}
{
"workspace" : {
"name" : "Transport",
"schemes" : [
"Transport"
]
}
}
2026-09-21 06:23:40.621 xcodebuild[814:4841] [MT] IDERunDestination: Supported platforms for the buildables in the current scheme is empty.
Running build ...
env DEVELOPER_DIR=/Applications/Xcode-27.0.0-Release.Candidate.app xcrun xcodebuild -IDEClonedSourcePackagesDirPathOverride=$PWD/.dependencies -skipMacroValidation -skipPackagePluginValidation -derivedDataPath $PWD/.derivedData build -scheme Transport -destination generic/platform=xrOS
Command line invocation:
/Applications/Xcode-27.0.0-Release.Candidate.app/Contents/Developer/usr/bin/xcodebuild -IDEClonedSourcePackagesDirPathOverride=/Users/admin/builder/spi-builder-workspace/.dependencies -skipMacroValidation -skipPackagePluginValidation -derivedDataPath /Users/admin/builder/spi-builder-workspace/.derivedData build -scheme Transport -destination generic/platform=xrOS
Resolve Package Graph
Resolved source packages:
Transport: /Users/admin/builder/spi-builder-workspace
Datable: https://github.com/OperatorFoundation/Datable @ 4.0.1
Net: https://github.com/OperatorFoundation/Net @ 0.0.11
ComputePackagePrebuildTargetDependencyGraph
Prepare packages
CreateBuildRequest
SendProjectDescription
CreateBuildOperation
ComputeTargetDependencyGraph
note: Building targets in dependency order
note: Target dependency graph (6 targets)
Target 'Transport-product' in project 'Transport'
➜ Explicit dependency on target 'Transport' in project 'Transport'
➜ Explicit dependency on target 'Net-product' in project 'Net'
Target 'Transport' in project 'Transport'
➜ Explicit dependency on target 'Net-product' in project 'Net'
Target 'Net-product' in project 'Net'
➜ Explicit dependency on target 'Net' in project 'Net'
➜ Explicit dependency on target 'Datable-product' in project 'Datable'
Target 'Net' in project 'Net'
➜ Explicit dependency on target 'Datable-product' in project 'Datable'
Target 'Datable-product' in project 'Datable'
➜ Explicit dependency on target 'Datable' in project 'Datable'
Target 'Datable' in project 'Datable' (no dependencies)
GatherProvisioningInputs
CreateBuildDescription
ClangStatCache /Applications/Xcode-27.0.0-Release.Candidate.app/Contents/Developer/Toolchains/XcodeDefault.xctoolchain/usr/bin/clang-stat-cache /Applications/Xcode-27.0.0-Release.Candidate.app/Contents/Developer/Platforms/XROS.platform/Developer/SDKs/XROS27.0.sdk /Users/admin/builder/spi-builder-workspace/.derivedData/SDKStatCaches.noindex/xros27.0-24M361-e829b21a6f8c9b70876ba0858053c044735bd543db762f57723cac368afd1ce4.sdkstatcache
cd /Users/admin/builder/spi-builder-workspace/.swiftpm/xcode
/Applications/Xcode-27.0.0-Release.Candidate.app/Contents/Developer/Toolchains/XcodeDefault.xctoolchain/usr/bin/clang-stat-cache /Applications/Xcode-27.0.0-Release.Candidate.app/Contents/Developer/Platforms/XROS.platform/Developer/SDKs/XROS27.0.sdk -o /Users/admin/builder/spi-builder-workspace/.derivedData/SDKStatCaches.noindex/xros27.0-24M361-e829b21a6f8c9b70876ba0858053c044735bd543db762f57723cac368afd1ce4.sdkstatcache
SwiftDriver Net normal arm64 com.apple.xcode.tools.swift.compiler (in target 'Net' from project 'Net')
cd /Users/admin/builder/spi-builder-workspace/.swiftpm/xcode
builtin-SwiftDriver -- /Applications/Xcode-27.0.0-Release.Candidate.app/Contents/Developer/Toolchains/XcodeDefault.xctoolchain/usr/bin/swiftc -parse-as-library -module-name Net -Onone @/Users/admin/builder/spi-builder-workspace/.derivedData/Build/Intermediates.noindex/Net.build/Debug-xros/Net-t.build/Objects-normal/arm64/Net.SwiftFileList -DSWIFT_PACKAGE -DDEBUG -DSWIFT_MODULE_RESOURCE_BUNDLE_UNAVAILABLE -DXcode -plugin-path /Applications/Xcode-27.0.0-Release.Candidate.app/Contents/Developer/Toolchains/XcodeDefault.xctoolchain/usr/lib/swift/host/plugins/testing -enable-experimental-feature DebugDescriptionMacro -sdk /Applications/Xcode-27.0.0-Release.Candidate.app/Contents/Developer/Platforms/XROS.platform/Developer/SDKs/XROS27.0.sdk -target arm64-apple-xros1.0 -g -module-cache-path /Users/admin/builder/spi-builder-workspace/.derivedData/ModuleCache.noindex -Xfrontend -serialize-debugging-options -profile-coverage-mapping -profile-generate -enable-testing -suppress-warnings -index-store-path /Users/admin/builder/spi-builder-workspace/.derivedData/Index.noindex/DataStore -Xcc -D_LIBCPP_HARDENING_MODE\=_LIBCPP_HARDENING_MODE_DEBUG -swift-version 5 -I /Users/admin/builder/spi-builder-workspace/.derivedData/Build/Products/Debug-xros -Isystem /Applications/Xcode-27.0.0-Release.Candidate.app/Contents/Developer/Platforms/XROS.platform/Developer/usr/lib -F /Users/admin/builder/spi-builder-workspace/.derivedData/Build/Products/Debug-xros/PackageFrameworks -F /Users/admin/builder/spi-builder-workspace/.derivedData/Build/Products/Debug-xros -F /Applications/Xcode-27.0.0-Release.Candidate.app/Contents/Developer/Platforms/XROS.platform/Developer/Library/Frameworks -F /Applications/Xcode-27.0.0-Release.Candidate.app/Contents/Developer/Platforms/XROS.platform/Developer/SDKs/XROS27.0.sdk/Developer/Library/Frameworks -c -j10 -enable-batch-mode -incremental -Xcc -ivfsstatcache -Xcc /Users/admin/builder/spi-builder-workspace/.derivedData/SDKStatCaches.noindex/xros27.0-24M361-e829b21a6f8c9b70876ba0858053c044735bd543db762f57723cac368afd1ce4.sdkstatcache -output-file-map /Users/admin/builder/spi-builder-workspace/.derivedData/Build/Intermediates.noindex/Net.build/Debug-xros/Net-t.build/Objects-normal/arm64/Net-OutputFileMap.json -save-temps -no-color-diagnostics -explicit-module-build -module-cache-path /Users/admin/builder/spi-builder-workspace/.derivedData/Build/Intermediates.noindex/SwiftExplicitPrecompiledModules -clang-scanner-module-cache-path /Users/admin/builder/spi-builder-workspace/.derivedData/ModuleCache.noindex -sdk-module-cache-path /Users/admin/builder/spi-builder-workspace/.derivedData/SDKExplicitPrecompiledModules -emit-dependencies -emit-module -emit-module-path /Users/admin/builder/spi-builder-workspace/.derivedData/Build/Intermediates.noindex/Net.build/Debug-xros/Net-t.build/Objects-normal/arm64/Net.swiftmodule -serialize-diagnostics -dependency-scan-serialize-diagnostics-path /Users/admin/builder/spi-builder-workspace/.derivedData/Build/Intermediates.noindex/Net.build/Debug-xros/Net-t.build/Objects-normal/arm64/Net-dependency-scan.dia -validate-clang-modules-once -clang-build-session-file /Users/admin/builder/spi-builder-workspace/.derivedData/ModuleCache.noindex/Session.modulevalidation -Xcc -fmodules-prune-interval\=86400 -Xcc -fmodules-prune-after\=345600 -package-name net -emit-const-values -const-gather-protocols-list /Users/admin/builder/spi-builder-workspace/.derivedData/Build/Intermediates.noindex/Net.build/Debug-xros/Net-t.build/Objects-normal/arm64/Net_const_extract_protocols.json -Xcc -I/Users/admin/builder/spi-builder-workspace/.derivedData/Build/Products/Debug-xros/include -Xcc -I/Users/admin/builder/spi-builder-workspace/.derivedData/Build/Intermediates.noindex/Net.build/Debug-xros/Net-t.build/DerivedSources-normal/arm64 -Xcc -I/Users/admin/builder/spi-builder-workspace/.derivedData/Build/Intermediates.noindex/Net.build/Debug-xros/Net-t.build/DerivedSources/arm64 -Xcc -I/Users/admin/builder/spi-builder-workspace/.derivedData/Build/Intermediates.noindex/Net.build/Debug-xros/Net-t.build/DerivedSources -Xcc -DSWIFT_PACKAGE -Xcc -DDEBUG\=1 -emit-objc-header -emit-objc-header-path /Users/admin/builder/spi-builder-workspace/.derivedData/Build/Intermediates.noindex/Net.build/Debug-xros/Net-t.build/Objects-normal/arm64/Net-Swift.h -working-directory /Users/admin/builder/spi-builder-workspace/.swiftpm/xcode -experimental-emit-module-separately -disable-cmo
/Users/admin/builder/spi-builder-workspace/.dependencies/checkouts/Net/Sources/Net/Net.swift:7:19: error: Unable to resolve module dependency: 'NetworkLinux' (in target 'Net' from project 'Net')
note: A dependency of main module 'Net'
/Users/admin/builder/spi-builder-workspace/.dependencies/checkouts/Net/Sources/Net/Net.swift:7:19: note: A dependency of main module 'Net'
@_exported import NetworkLinux
^ (in target 'Net' from project 'Net')
PruneExplicitPrecompiledModules /Users/admin/builder/spi-builder-workspace/.derivedData/Build/Intermediates.noindex/SwiftExplicitPrecompiledModules
PruneExplicitPrecompiledModules /Users/admin/builder/spi-builder-workspace/.derivedData/SDKExplicitPrecompiledModules
PruneExplicitPrecompiledModules /Users/admin/builder/spi-builder-workspace/.derivedData/Build/Intermediates.noindex/ExplicitPrecompiledModules
2026-09-21 06:23:41.652 xcodebuild[815:4864] [MT] IDERunDestination: Supported platforms for the buildables in the current scheme is empty.
** BUILD FAILED **
The following build commands failed:
SwiftDriver Net normal arm64 com.apple.xcode.tools.swift.compiler (in target 'Net' from project 'Net')
Building workspace Transport with scheme Transport
(2 failures)
BUILD FAILURE 6.4 visionOS