The Swift Package Index logo.Swift Package Index

Build Information

Failed to build Hyperspace, reference main (f3bed2), with Swift 6.4 for Android on 19 Sep 2026 22:57:32 UTC.

Build Command

bash -c docker run --pull=always --rm -v "checkouts-53886770-0":/host -w "$PWD" -e JAVA_HOME="/root/.sdkman/candidates/java/current" -e SPI_BUILD="1" -e SPI_PROCESSING="1" registry.gitlab.com/saguaro1/spi-images:android-6.4-latest swift build --swift-sdk aarch64-unknown-linux-android28 2>&1

Build Log

========================================
RunAll
========================================
Builder version: 5.1.0
Interrupt handler set up.
========================================
Checkout
========================================
Clone URL: https://github.com/BottleRocketStudios/iOS-Hyperspace.git
Reference: main
Initialized empty Git repository in /host/spi-builder-workspace/.git/
hint: Using 'master' as the name for the initial branch. This default branch name
hint: is subject to change. To configure the initial branch name to use in all
hint: of your new repositories, which will suppress this warning, call:
hint:
hint: 	git config --global init.defaultBranch <name>
hint:
hint: Names commonly chosen instead of 'master' are 'main', 'trunk' and
hint: 'development'. The just-created branch can be renamed via this command:
hint:
hint: 	git branch -m <name>
From https://github.com/BottleRocketStudios/iOS-Hyperspace
 * branch            main       -> FETCH_HEAD
 * [new branch]      main       -> origin/main
HEAD is now at f3bed24 Merge pull request #173 from BottleRocketStudios/release/5.1.0
Cloned https://github.com/BottleRocketStudios/iOS-Hyperspace.git
Revision (git rev-parse @):
f3bed245fa59a7729c1e46eba67dac5dc059d13e
SUCCESS checkout https://github.com/BottleRocketStudios/iOS-Hyperspace.git at main
========================================
Build
========================================
Selected platform:         android
Swift version:             6.4
Building package at path:  $PWD
https://github.com/BottleRocketStudios/iOS-Hyperspace.git
Running build ...
bash -c docker run --pull=always --rm -v "checkouts-53886770-0":/host -w "$PWD" -e JAVA_HOME="/root/.sdkman/candidates/java/current" -e SPI_BUILD="1" -e SPI_PROCESSING="1" registry.gitlab.com/saguaro1/spi-images:android-6.4-latest swift build --swift-sdk aarch64-unknown-linux-android28 2>&1
android-6.4-latest: Pulling from saguaro1/spi-images
Digest: sha256:abadcff584c273feba50641b454858d377ba30b35ea7287a94f45ebd8afd0ea0
Status: Image is up to date for registry.gitlab.com/saguaro1/spi-images:android-6.4-latest
warning: 'spi-builder-workspace': found 7 file(s) which are unhandled; explicitly declare them as resources or exclude from the target
    /host/spi-builder-workspace/Tests/Helper/JSON/DateObject.json
    /host/spi-builder-workspace/Tests/Helper/JSON/MixedTypeObject.json
    /host/spi-builder-workspace/Tests/Helper/JSON/Object.json
    /host/spi-builder-workspace/Tests/Helper/JSON/RootKeyArray.json
    /host/spi-builder-workspace/Tests/Helper/JSON/RootKeyIncorrectType.json
    /host/spi-builder-workspace/Tests/Helper/JSON/RootKeyObject.json
    /host/spi-builder-workspace/Tests/Helper/JSON/RootKeyObjectPlus.json
Building for debugging...
[Planning deferred tasks]
error: SwiftCompile normal aarch64 failed with a nonzero exit code. Command line:     cd /host

/host/spi-builder-workspace/Sources/HTTP/HTTP.swift:153:33: error: cannot find type 'URLRequest' in scope
151 |         /// Initialize a new `Request` given a URL request.
152 |         /// - Parameter urlRequest: The `URLRequest` instance used to initiate the request.
153 |         public init(urlRequest: URLRequest) {
    |                                 `- error: cannot find type 'URLRequest' in scope
154 |             let headers = urlRequest.allHTTPHeaderFields
155 |             self.init(url: urlRequest.url, method: urlRequest.httpMethod.flatMap(HTTP.Method.init),
/host/spi-builder-workspace/Sources/HTTP/HTTP.swift:199:61: error: 'HTTPURLResponse' is unavailable: This type has moved to the FoundationNetworking module. Import that module to use it.
197 |         ///   - httpURLResponse: The `HTTPURLResponse` returned by the backend.
198 |         ///   - body: The raw `Data` associated with the response, if any was provided.
199 |         public init(request: HTTP.Request, httpURLResponse: HTTPURLResponse, body: Data? = nil) {
    |                                                             `- error: 'HTTPURLResponse' is unavailable: This type has moved to the FoundationNetworking module. Import that module to use it.
200 |             let headers = httpURLResponse.allHeaderFields as? [String: String]
201 |             self.init(request: request, code: httpURLResponse.statusCode, url: httpURLResponse.url,
Foundation.HTTPURLResponse:2:18: note: 'HTTPURLResponse' has been explicitly marked unavailable here
1 | @available(*, unavailable, message: "This type has moved to the FoundationNetworking module. Import that module to use it.")
2 | public typealias HTTPURLResponse = AnyObject
  |                  `- note: 'HTTPURLResponse' has been explicitly marked unavailable here
/host/spi-builder-workspace/Sources/Request/Request+Decodable.swift:47:23: error: cannot find type 'URLRequest' in scope
45 |          headers: [HTTP.HeaderKey: HTTP.HeaderValue]? = nil,
46 |          body: HTTP.Body? = nil,
47 |          cachePolicy: URLRequest.CachePolicy = RequestDefaults.defaultCachePolicy,
   |                       `- error: cannot find type 'URLRequest' in scope
48 |          timeout: TimeInterval = RequestDefaults.defaultTimeout,
49 |          decoder: JSONDecoder = RequestDefaults.defaultDecoder) {
/host/spi-builder-workspace/Sources/Request/Request+Decodable.swift:58:54: error: cannot find type 'URLRequest' in scope
56 |                                         headers: [HTTP.HeaderKey: HTTP.HeaderValue]? = nil,
57 |                                         body: HTTP.Body? = nil,
58 |                                         cachePolicy: URLRequest.CachePolicy = RequestDefaults.defaultCachePolicy,
   |                                                      `- error: cannot find type 'URLRequest' in scope
59 |                                         timeout: TimeInterval = RequestDefaults.defaultTimeout,
60 |                                         decoder: JSONDecoder = RequestDefaults.defaultDecoder,
/host/spi-builder-workspace/Sources/Request/Request+EmptyDecodingStrategy.swift:17:48: error: cannot find type 'URLRequest' in scope
15 |                                   headers: [HTTP.HeaderKey: HTTP.HeaderValue]? = nil,
16 |                                   body: HTTP.Body? = nil,
17 |                                   cachePolicy: URLRequest.CachePolicy = RequestDefaults.defaultCachePolicy,
   |                                                `- error: cannot find type 'URLRequest' in scope
18 |                                   timeout: TimeInterval = RequestDefaults.defaultTimeout,
19 |                                   emptyDecodingStrategy: EmptyDecodingStrategy = .default) -> Request {
/host/spi-builder-workspace/Sources/Request/Request.URLRequestCreationStrategy.swift:16:41: error: cannot find type 'URLRequest' in scope
14 |
15 |         // MARK: - Properties
16 |         let creationBlock: (Request) -> URLRequest
   |                                         `- error: cannot find type 'URLRequest' in scope
17 |
18 |         // MARK: - Interface
/host/spi-builder-workspace/Sources/Request/Request.URLRequestCreationStrategy.swift:19:52: error: cannot find type 'URLRequest' in scope
17 |
18 |         // MARK: - Interface
19 |         func urlRequest(using request: Request) -> URLRequest {
   |                                                    `- error: cannot find type 'URLRequest' in scope
20 |             return creationBlock(request)
21 |         }
/host/spi-builder-workspace/Sources/Request/Request.URLRequestCreationStrategy.swift:24:75: error: cannot find type 'URLRequest' in scope
22 |
23 |         // MARK: - Presets
24 |         public static func custom(_ creationBlock: @escaping (Request) -> URLRequest) -> URLRequestCreationStrategy {
   |                                                                           `- error: cannot find type 'URLRequest' in scope
25 |             return URLRequestCreationStrategy(creationBlock: creationBlock)
26 |         }
/host/spi-builder-workspace/Sources/Request/Request.URLRequestCreationStrategy.swift:24:52: error: '@escaping' only applies to function types
22 |
23 |         // MARK: - Presets
24 |         public static func custom(_ creationBlock: @escaping (Request) -> URLRequest) -> URLRequestCreationStrategy {
   |                                                    `- error: '@escaping' only applies to function types
25 |             return URLRequestCreationStrategy(creationBlock: creationBlock)
26 |         }
/host/spi-builder-workspace/Sources/Request/Request.swift:35:29: error: cannot find type 'URLRequest' in scope
 33 |
 34 |     /// The cache policy to use when executing this network request.
 35 |     public var cachePolicy: URLRequest.CachePolicy
    |                             `- error: cannot find type 'URLRequest' in scope
 36 |
 37 |     /// The timeout to use when executing this network request.
/host/spi-builder-workspace/Sources/Request/Request.swift:70:30: error: cannot find type 'URLRequest' in scope
 68 |                 headers: [HTTP.HeaderKey: HTTP.HeaderValue]? = nil,
 69 |                 body: HTTP.Body? = nil,
 70 |                 cachePolicy: URLRequest.CachePolicy = RequestDefaults.defaultCachePolicy,
    |                              `- error: cannot find type 'URLRequest' in scope
 71 |                 timeout: TimeInterval = RequestDefaults.defaultTimeout,
 72 |                 successTransformer: @escaping Transformer) {
/host/spi-builder-workspace/Sources/Request/Request.swift:83:28: error: cannot find type 'URLRequest' in scope
 81 |
 82 |     // MARK: - Interface
 83 |     public var urlRequest: URLRequest {
    |                            `- error: cannot find type 'URLRequest' in scope
 84 |         return urlRequestCreationStrategy.urlRequest(using: self)
 85 |     }
/host/spi-builder-workspace/Sources/Request/Request.swift:166:43: error: cannot find type 'URLRequest' in scope
164 | public struct RequestDefaults {
165 |
166 |     public static var defaultCachePolicy: URLRequest.CachePolicy = .useProtocolCachePolicy
    |                                           `- error: cannot find type 'URLRequest' in scope
167 |     public static var defaultDecoder: JSONDecoder = JSONDecoder()
168 |     public static var defaultMaxRecoveryAttempts: UInt = 1
/host/spi-builder-workspace/Sources/Service/Transport/Transporting.swift:23:27: error: cannot find type 'URLRequest' in scope
 21 |     @available(macOS, deprecated: 12.0)
 22 |     @available(watchOS, deprecated: 8.0)
 23 |     func execute(request: URLRequest) async throws -> TransportSuccess
    |                           `- error: cannot find type 'URLRequest' in scope
 24 |
 25 |     /// Executes the `URLRequest`, calling the provided completion block when complete.
/host/spi-builder-workspace/Sources/Service/Transport/Transporting.swift:30:27: error: cannot find type 'URLRequest' in scope
 28 |     ///   - request: The `URLRequest` to execute.
 29 |     @available(iOS 15.0, tvOS 15.0, macOS 12.0, watchOS 8.0, *)
 30 |     func execute(request: URLRequest, delegate: TransportTaskDelegate?) async throws -> TransportSuccess
    |                           `- error: cannot find type 'URLRequest' in scope
 31 | }
 32 |
/host/spi-builder-workspace/Sources/Service/Transport/TransportSession.swift:11:42: error: cannot find type 'URLSessionTaskDelegate' in scope
 9 |
10 | public typealias TransportSessionConfiguration = URLSessionConfiguration
11 | public typealias TransportTaskDelegate = URLSessionTaskDelegate
   |                                          `- error: cannot find type 'URLSessionTaskDelegate' in scope
12 |
13 | /// Represents something that can execute a URLRequest to return a TransportDataTask. Modeled after URLSession to allow for injecting mock sessions into a BackendService.
/host/spi-builder-workspace/Sources/Service/Transport/Transporting.swift:43:56: error: type 'URLSession' (aka 'AnyObject') has no member 'shared'
 41 |
 42 |     // MARK: - Initializers
 43 |     public init(session: TransportSession = URLSession.shared, networkActivityIndicatable: NetworkActivityIndicatable? = nil) {
    |                                                        `- error: type 'URLSession' (aka 'AnyObject') has no member 'shared'
 44 |         self.session = session
 45 |         self.networkActivityController = networkActivityIndicatable.map { NetworkActivityController(indicator: $0) }
/host/spi-builder-workspace/Sources/Service/Transport/TransportSession.swift:10:50: error: 'URLSessionConfiguration' is unavailable: This type has moved to the FoundationNetworking module. Import that module to use it.
 8 | import Foundation
 9 |
10 | public typealias TransportSessionConfiguration = URLSessionConfiguration
   |                                                  `- error: 'URLSessionConfiguration' is unavailable: This type has moved to the FoundationNetworking module. Import that module to use it.
11 | public typealias TransportTaskDelegate = URLSessionTaskDelegate
12 |
Foundation.URLSessionConfiguration:2:18: note: 'URLSessionConfiguration' has been explicitly marked unavailable here
1 | @available(*, unavailable, message: "This type has moved to the FoundationNetworking module. Import that module to use it.")
2 | public typealias URLSessionConfiguration = AnyObject
  |                  `- note: 'URLSessionConfiguration' has been explicitly marked unavailable here
/host/spi-builder-workspace/Sources/Service/Transport/TransportSession.swift:21:28: error: cannot find type 'URLRequest' in scope
19 |     @available(macOS, deprecated: 12.0)
20 |     @available(watchOS, deprecated: 8.0)
21 |     func data(for request: URLRequest) async throws -> (Data, URLResponse)
   |                            `- error: cannot find type 'URLRequest' in scope
22 |
23 |     @available(iOS 15.0, tvOS 15.0, macOS 12.0, watchOS 8.0, *)
/host/spi-builder-workspace/Sources/Service/Transport/TransportSession.swift:21:63: error: 'URLResponse' is unavailable: This type has moved to the FoundationNetworking module. Import that module to use it.
19 |     @available(macOS, deprecated: 12.0)
20 |     @available(watchOS, deprecated: 8.0)
21 |     func data(for request: URLRequest) async throws -> (Data, URLResponse)
   |                                                               `- error: 'URLResponse' is unavailable: This type has moved to the FoundationNetworking module. Import that module to use it.
22 |
23 |     @available(iOS 15.0, tvOS 15.0, macOS 12.0, watchOS 8.0, *)
Foundation.URLResponse:2:18: note: 'URLResponse' has been explicitly marked unavailable here
1 | @available(*, unavailable, message: "This type has moved to the FoundationNetworking module. Import that module to use it.")
2 | public typealias URLResponse = AnyObject
  |                  `- note: 'URLResponse' has been explicitly marked unavailable here
/host/spi-builder-workspace/Sources/Service/Transport/TransportSession.swift:24:28: error: cannot find type 'URLRequest' in scope
22 |
23 |     @available(iOS 15.0, tvOS 15.0, macOS 12.0, watchOS 8.0, *)
24 |     func data(for request: URLRequest, delegate: TransportTaskDelegate?) async throws -> (Data, URLResponse)
   |                            `- error: cannot find type 'URLRequest' in scope
25 | }
26 |
/host/spi-builder-workspace/Sources/Service/Transport/TransportSession.swift:24:97: error: 'URLResponse' is unavailable: This type has moved to the FoundationNetworking module. Import that module to use it.
22 |
23 |     @available(iOS 15.0, tvOS 15.0, macOS 12.0, watchOS 8.0, *)
24 |     func data(for request: URLRequest, delegate: TransportTaskDelegate?) async throws -> (Data, URLResponse)
   |                                                                                                 `- error: 'URLResponse' is unavailable: This type has moved to the FoundationNetworking module. Import that module to use it.
25 | }
26 |
Foundation.URLResponse:2:18: note: 'URLResponse' has been explicitly marked unavailable here
1 | @available(*, unavailable, message: "This type has moved to the FoundationNetworking module. Import that module to use it.")
2 | public typealias URLResponse = AnyObject
  |                  `- note: 'URLResponse' has been explicitly marked unavailable here
/host/spi-builder-workspace/Sources/Service/Transport/TransportSession.swift:28:1: error: non-nominal type 'URLSession' (aka 'AnyObject') cannot be extended [#]8;;https://docs.swift.org/compiler/documentation/diagnostics/nominal-types\NominalTypes]8;;\]
26 |
27 | // MARK: - URLSession Conformance to TransportSession
28 | extension URLSession: TransportSession {
   | `- error: non-nominal type 'URLSession' (aka 'AnyObject') cannot be extended [#]8;;https://docs.swift.org/compiler/documentation/diagnostics/nominal-types\NominalTypes]8;;\]
29 |
30 |     public func data(for request: URLRequest) async throws -> (Data, URLResponse) {
/host/spi-builder-workspace/Sources/Service/Transport/TransportSession.swift:51:8: error: non-nominal type 'TransportSessionConfiguration' (aka 'AnyObject') cannot be extended [#]8;;https://docs.swift.org/compiler/documentation/diagnostics/nominal-types\NominalTypes]8;;\]
49 |
50 | // MARK: - TransportSessionConfiguration Convenience
51 | public extension TransportSessionConfiguration {
   |        `- error: non-nominal type 'TransportSessionConfiguration' (aka 'AnyObject') cannot be extended [#]8;;https://docs.swift.org/compiler/documentation/diagnostics/nominal-types\NominalTypes]8;;\]
52 |
53 |     func set(additionalHTTPHeaders: [HTTP.HeaderKey: HTTP.HeaderValue]?) {
/host/spi-builder-workspace/Sources/Service/Transport/Transporting.swift:60:34: error: cannot find type 'URLRequest' in scope
 58 |     @available(macOS, deprecated: 12.0)
 59 |     @available(watchOS, deprecated: 8.0)
 60 |     public func execute(request: URLRequest) async throws -> TransportSuccess {
    |                                  `- error: cannot find type 'URLRequest' in scope
 61 |         startTransportTask()
 62 |         let (data, urlResponse) = try await session.data(for: request)
/host/spi-builder-workspace/Sources/Service/Transport/Transporting.swift:73:34: error: cannot find type 'URLRequest' in scope
 71 |
 72 |     @available(iOS 15.0, tvOS 15.0, macOS 12.0, watchOS 8.0, *)
 73 |     public func execute(request: URLRequest, delegate: TransportTaskDelegate? = nil) async throws -> TransportSuccess {
    |                                  `- error: cannot find type 'URLRequest' in scope
 74 |         startTransportTask()
 75 |         let (data, urlResponse) = try await session.data(for: request, delegate: delegate)
/host/spi-builder-workspace/Sources/Service/Transport/Transporting.swift:49:28: error: 'URLSession' (aka 'AnyObject') cannot be constructed because it has no accessible initializers
 47 |
 48 |     public init(sessionConfiguration: TransportSessionConfiguration, networkActivityIndicatable: NetworkActivityIndicatable? = nil) {
 49 |         self.init(session: URLSession(configuration: sessionConfiguration), networkActivityIndicatable: networkActivityIndicatable)
    |                            `- error: 'URLSession' (aka 'AnyObject') cannot be constructed because it has no accessible initializers
 50 |     }
 51 | }
[#NominalTypes]: <https://docs.swift.org/compiler/documentation/diagnostics/nominal-types>
Failed frontend command:
/root/.local/share/swiftly/toolchains/6.4.x-snapshot-2026-09-04/usr/bin/swift-frontend -frontend -emit-module -experimental-skip-non-inlinable-function-bodies-without-types /host/spi-builder-workspace/Sources/Extensions/Coding/JSONCoder+Container.swift /host/spi-builder-workspace/Sources/Extensions/URL+Additions.swift /host/spi-builder-workspace/Sources/HTTP/HTTP.Body+URLForm.swift /host/spi-builder-workspace/Sources/HTTP/HTTP.Body.swift /host/spi-builder-workspace/Sources/HTTP/HTTP.swift /host/spi-builder-workspace/Sources/Request/Request+Decodable.swift /host/spi-builder-workspace/Sources/Request/Request+EmptyDecodingStrategy.swift /host/spi-builder-workspace/Sources/Request/Request.URLRequestCreationStrategy.swift /host/spi-builder-workspace/Sources/Request/Request.swift /host/spi-builder-workspace/Sources/Service/Backend/BackendService.swift /host/spi-builder-workspace/Sources/Service/Backend/BackendServicing.swift /host/spi-builder-workspace/Sources/Service/Peripheral/NetworkActivityController.swift /host/spi-builder-workspace/Sources/Service/Peripheral/PreparationStrategy.swift /host/spi-builder-workspace/Sources/Service/Peripheral/RecoveryStrategy.swift /host/spi-builder-workspace/Sources/Service/Transport/TransportResult.swift /host/spi-builder-workspace/Sources/Service/Transport/TransportSession.swift /host/spi-builder-workspace/Sources/Service/Transport/Transporting.swift -target aarch64-unknown-linux-android28 -Xllvm -aarch64-use-tbi -disable-objc-interop -sdk /android-ndk/android-ndk-r27d/toolchains/llvm/prebuilt/linux-x86_64/sysroot -sysroot /android-ndk/android-ndk-r27d/toolchains/llvm/prebuilt/linux-x86_64/sysroot -I /host/spi-builder-workspace/.build/out/Products/Debug-android-aarch64 -module-cache-path /host/spi-builder-workspace/.build/out/ModuleCache.noindex -color-diagnostics -Xcc -fcolor-diagnostics -enable-testing -g -debug-info-format\=dwarf -dwarf-version\=4 -swift-version 5 -Onone -D SWIFT_PACKAGE -D DEBUG -D SWIFT_MODULE_RESOURCE_BUNDLE_UNAVAILABLE -D Xcode -serialize-debugging-options -enable-experimental-feature DebugDescriptionMacro -empty-abi-descriptor -external-plugin-path /root/.local/share/swiftly/toolchains/6.4.x-snapshot-2026-09-04/usr/lib/swift/host/plugins/testing\#/root/.local/share/swiftly/toolchains/6.4.x-snapshot-2026-09-04/usr/bin/swift-plugin-server -validate-clang-modules-once -clang-build-session-file /host/spi-builder-workspace/.build/out/ModuleCache.noindex/Session.modulevalidation -Xcc -working-directory -Xcc /host -resource-dir /root/.swiftpm/swift-sdks/swift-6.4.x-DEVELOPMENT-SNAPSHOT-2026-09-04-a_android.artifactbundle/swift-android/swift-resources/usr/lib/swift-aarch64 -enable-anonymous-context-mangled-names -file-compilation-dir /host -Xcc -resource-dir -Xcc /android-ndk/android-ndk-r27d/toolchains/llvm/prebuilt/linux-x86_64/lib/clang/18 -Xcc -fno-omit-frame-pointer -Xcc -D_LIBCPP_HARDENING_MODE\=_LIBCPP_HARDENING_MODE_DEBUG -Xcc -fmodules-prune-interval\=86400 -Xcc -fmodules-prune-after\=345600 -Xcc -I/host/spi-builder-workspace/.build/out/Products/Debug-android-aarch64/include -Xcc -I/host/spi-builder-workspace/.build/out/Intermediates.noindex/Hyperspace.build/Debug-android-aarch64/Hyperspace-t.build/DerivedSources-normal/aarch64 -Xcc -I/host/spi-builder-workspace/.build/out/Intermediates.noindex/Hyperspace.build/Debug-android-aarch64/Hyperspace-t.build/DerivedSources/aarch64 -Xcc -I/host/spi-builder-workspace/.build/out/Intermediates.noindex/Hyperspace.build/Debug-android-aarch64/Hyperspace-t.build/DerivedSources -Xcc -DSWIFT_PACKAGE -Xcc -DDEBUG\=1 -no-auto-bridging-header-chaining -module-name Hyperspace -const-gather-protocols-file /host/spi-builder-workspace/.build/out/Intermediates.noindex/Hyperspace.build/Debug-android-aarch64/Hyperspace-t.build/Objects-normal/aarch64/Hyperspace_const_extract_protocols.json -in-process-plugin-server-path /root/.local/share/swiftly/toolchains/6.4.x-snapshot-2026-09-04/usr/lib/swift/host/libSwiftInProcPluginServer.so -plugin-path /root/.local/share/swiftly/toolchains/6.4.x-snapshot-2026-09-04/usr/lib/swift/host/plugins -plugin-path /root/.local/share/swiftly/toolchains/6.4.x-snapshot-2026-09-04/usr/local/lib/swift/host/plugins -emit-module-doc-path /host/spi-builder-workspace/.build/out/Intermediates.noindex/Hyperspace.build/Debug-android-aarch64/Hyperspace-t.build/Objects-normal/aarch64/Modules/Hyperspace.swiftdoc -emit-module-source-info-path /host/spi-builder-workspace/.build/out/Intermediates.noindex/Hyperspace.build/Debug-android-aarch64/Hyperspace-t.build/Objects-normal/aarch64/Modules/Hyperspace.swiftsourceinfo -emit-objc-header-path /host/spi-builder-workspace/.build/out/Intermediates.noindex/Hyperspace.build/Debug-android-aarch64/Hyperspace-t.build/Objects-normal/aarch64/Hyperspace-Swift.h -serialize-diagnostics-path /host/spi-builder-workspace/.build/out/Intermediates.noindex/Hyperspace.build/Debug-android-aarch64/Hyperspace-t.build/Objects-normal/aarch64/Hyperspace-primary-emit-module.dia -emit-dependencies-path /host/spi-builder-workspace/.build/out/Intermediates.noindex/Hyperspace.build/Debug-android-aarch64/Hyperspace-t.build/Objects-normal/aarch64/Hyperspace-primary-emit-module.d -parse-as-library -o /host/spi-builder-workspace/.build/out/Intermediates.noindex/Hyperspace.build/Debug-android-aarch64/Hyperspace-t.build/Objects-normal/aarch64/Modules/Hyperspace.swiftmodule
[28 / 36] Hyperspace
error: Build failed
BUILD FAILURE 6.4 android