Build Information
Failed to build RouterX, reference master (8967ce), with Swift 6.4 for macOS (Xcode) using Xcode 27.0 on 18 Sep 2026 10:44:41 UTC.
Build Command
env DEVELOPER_DIR=/Applications/Xcode-27.0.0-Release.Candidate.app xcrun xcodebuild -IDEClonedSourcePackagesDirPathOverride=$PWD/.dependencies -skipMacroValidation -skipPackagePluginValidation -derivedDataPath $PWD/.derivedData build -scheme RouterX-Package -destination platform=macOS,arch=arm64Build Log
========================================
RunAll
========================================
Builder version: 5.1.0
Interrupt handler set up.
========================================
Checkout
========================================
Clone URL: https://github.com/jasl/RouterX.git
Reference: master
Initialized empty Git repository in /Users/admin/builder/spi-builder-workspace/.git/
From https://github.com/jasl/RouterX
* branch master -> FETCH_HEAD
* [new branch] master -> origin/master
HEAD is now at 8967ce5 Merge pull request #9 from zgjff/update-pod-swiftVersion
Cloned https://github.com/jasl/RouterX.git
Revision (git rev-parse @):
8967ce5bd133fae59e879dcc36d7daccbefaa3a1
SUCCESS checkout https://github.com/jasl/RouterX.git at master
========================================
Build
========================================
Selected platform: macosXcodebuild
Swift version: 6.4
Building package at path: $PWD
https://github.com/jasl/RouterX.git
Command line invocation:
/Applications/Xcode-27.0.0-Release.Candidate.app/Contents/Developer/usr/bin/xcodebuild -IDEClonedSourcePackagesDirPathOverride=/Users/admin/builder/spi-builder-workspace/.dependencies -resolvePackageDependencies
resolved source packages:
{
"dependencies" : [
],
"manifest_display_name" : "RouterX",
"name" : "RouterX",
"path" : "/Users/admin/builder/spi-builder-workspace",
"platforms" : [
],
"products" : [
{
"name" : "RouterX",
"targets" : [
"RouterX"
],
"type" : {
"library" : [
"automatic"
]
}
}
],
"targets" : [
{
"c99name" : "RouterXTests",
"module_type" : "SwiftTarget",
"name" : "RouterXTests",
"path" : "Tests/RouterXTests",
"sources" : [
"Extensions/RoutingGraph.swift",
"RouterTests.swift",
"RouterXCoreTests.swift",
"RoutingPatternParserTests.swift",
"RoutingPatternScannerTests.swift",
"URLPathScannerTests.swift"
],
"target_dependencies" : [
"RouterX"
],
"type" : "test"
},
{
"c99name" : "RouterX",
"module_type" : "SwiftTarget",
"name" : "RouterX",
"path" : "Sources/RouterX",
"product_memberships" : [
"RouterX"
],
"sources" : [
"MatchResult.swift",
"PatternScanError.swift",
"Router.swift",
"RouterXCore.swift",
"RoutingGraph.swift",
"RoutingPatternParser.swift",
"RoutingPatternScanner.swift",
"RoutingPatternToken.swift",
"URLPathScanner.swift",
"URLPathToken.swift"
],
"type" : "library"
}
],
"tools_version" : "4.2"
}
{
"project" : {
"configurations" : [
"Debug",
"Release"
],
"name" : "RouterX",
"schemes" : [
"RouterX-Package"
],
"targets" : [
"RouterX",
"RouterXPackageDescription",
"RouterXPackageTests",
"RouterXTests"
]
}
}
Running build ...
env DEVELOPER_DIR=/Applications/Xcode-27.0.0-Release.Candidate.app xcrun xcodebuild -IDEClonedSourcePackagesDirPathOverride=$PWD/.dependencies -skipMacroValidation -skipPackagePluginValidation -derivedDataPath $PWD/.derivedData build -scheme RouterX-Package -destination platform=macOS,arch=arm64
Command line invocation:
/Applications/Xcode-27.0.0-Release.Candidate.app/Contents/Developer/usr/bin/xcodebuild -IDEClonedSourcePackagesDirPathOverride=/Users/admin/builder/spi-builder-workspace/.dependencies -skipMacroValidation -skipPackagePluginValidation -derivedDataPath /Users/admin/builder/spi-builder-workspace/.derivedData build -scheme RouterX-Package -destination platform=macOS,arch=arm64
ComputePackagePrebuildTargetDependencyGraph
Prepare packages
CreateBuildRequest
SendProjectDescription
CreateBuildOperation
ComputeTargetDependencyGraph
note: Building targets in dependency order
note: Target dependency graph (1 target)
Target 'RouterX' in project 'RouterX' (no dependencies)
GatherProvisioningInputs
CreateBuildDescription
ExecuteExternalTool /Applications/Xcode-27.0.0-Release.Candidate.app/Contents/Developer/Toolchains/XcodeDefault.xctoolchain/usr/bin/clang -v -E -dM -isysroot /Applications/Xcode-27.0.0-Release.Candidate.app/Contents/Developer/Platforms/MacOSX.platform/Developer/SDKs/MacOSX27.0.sdk -x c -c /dev/null
ExecuteExternalTool /Applications/Xcode-27.0.0-Release.Candidate.app/Contents/Developer/Toolchains/XcodeDefault.xctoolchain/usr/bin/swiftc --version
ExecuteExternalTool /Applications/Xcode-27.0.0-Release.Candidate.app/Contents/Developer/Toolchains/XcodeDefault.xctoolchain/usr/bin/ld -version_details
Build description signature: 58427b12375b634671aabfc7966d432b
Build description path: /Users/admin/builder/spi-builder-workspace/.derivedData/Build/Intermediates.noindex/XCBuildData/58427b12375b634671aabfc7966d432b.xcbuilddata
/Users/admin/builder/spi-builder-workspace/RouterX.xcodeproj: error: The macOS deployment target 'MACOSX_DEPLOYMENT_TARGET' is set to 10.10, but the range of supported deployment target versions is 12.0 to 27.0.x. (in target 'RouterX' from project 'RouterX')
** BUILD FAILED **
The following build commands failed:
Building project RouterX with scheme RouterX-Package
(1 failure)
Command line invocation:
/Applications/Xcode-27.0.0-Release.Candidate.app/Contents/Developer/usr/bin/xcodebuild -IDEClonedSourcePackagesDirPathOverride=/Users/admin/builder/spi-builder-workspace/.dependencies -resolvePackageDependencies
resolved source packages:
{
"dependencies" : [
],
"manifest_display_name" : "RouterX",
"name" : "RouterX",
"path" : "/Users/admin/builder/spi-builder-workspace",
"platforms" : [
],
"products" : [
{
"name" : "RouterX",
"targets" : [
"RouterX"
],
"type" : {
"library" : [
"automatic"
]
}
}
],
"targets" : [
{
"c99name" : "RouterXTests",
"module_type" : "SwiftTarget",
"name" : "RouterXTests",
"path" : "Tests/RouterXTests",
"sources" : [
"Extensions/RoutingGraph.swift",
"RouterTests.swift",
"RouterXCoreTests.swift",
"RoutingPatternParserTests.swift",
"RoutingPatternScannerTests.swift",
"URLPathScannerTests.swift"
],
"target_dependencies" : [
"RouterX"
],
"type" : "test"
},
{
"c99name" : "RouterX",
"module_type" : "SwiftTarget",
"name" : "RouterX",
"path" : "Sources/RouterX",
"product_memberships" : [
"RouterX"
],
"sources" : [
"MatchResult.swift",
"PatternScanError.swift",
"Router.swift",
"RouterXCore.swift",
"RoutingGraph.swift",
"RoutingPatternParser.swift",
"RoutingPatternScanner.swift",
"RoutingPatternToken.swift",
"URLPathScanner.swift",
"URLPathToken.swift"
],
"type" : "library"
}
],
"tools_version" : "4.2"
}
{
"project" : {
"configurations" : [
"Debug",
"Release"
],
"name" : "RouterX",
"schemes" : [
"RouterX-Package"
],
"targets" : [
"RouterX",
"RouterXPackageDescription",
"RouterXPackageTests",
"RouterXTests"
]
}
}
Running build ...
env DEVELOPER_DIR=/Applications/Xcode-27.0.0-Release.Candidate.app xcrun xcodebuild -IDEClonedSourcePackagesDirPathOverride=$PWD/.dependencies -skipMacroValidation -skipPackagePluginValidation -derivedDataPath $PWD/.derivedData build -scheme RouterX-Package -destination platform=macOS,arch=arm64
Command line invocation:
/Applications/Xcode-27.0.0-Release.Candidate.app/Contents/Developer/usr/bin/xcodebuild -IDEClonedSourcePackagesDirPathOverride=/Users/admin/builder/spi-builder-workspace/.dependencies -skipMacroValidation -skipPackagePluginValidation -derivedDataPath /Users/admin/builder/spi-builder-workspace/.derivedData build -scheme RouterX-Package -destination platform=macOS,arch=arm64
ComputePackagePrebuildTargetDependencyGraph
Prepare packages
CreateBuildRequest
SendProjectDescription
CreateBuildOperation
ComputeTargetDependencyGraph
note: Building targets in dependency order
note: Target dependency graph (1 target)
Target 'RouterX' in project 'RouterX' (no dependencies)
GatherProvisioningInputs
CreateBuildDescription
/Users/admin/builder/spi-builder-workspace/RouterX.xcodeproj: error: The macOS deployment target 'MACOSX_DEPLOYMENT_TARGET' is set to 10.10, but the range of supported deployment target versions is 12.0 to 27.0.x. (in target 'RouterX' from project 'RouterX')
** BUILD FAILED **
The following build commands failed:
Building project RouterX with scheme RouterX-Package
(1 failure)
BUILD FAILURE 6.4 macosXcodebuild