The Swift Package Index logo.Swift Package Index

Build Information

Failed to build WWTranslationManager, reference main (f7df3d), with Swift 6.1 for Wasm on 14 Aug 2026 22:33:45 UTC.

Build Command

bash -c docker run --pull=always --rm -v "checkouts-54344844-0":/host -w "$PWD" -e JAVA_HOME="/root/.sdkman/candidates/java/current" -e SPI_BUILD="1" -e SPI_PROCESSING="1" registry.gitlab.com/saguaro1/spi-images:wasm-6.1-latest swift build --swift-sdk wasm32-unknown-wasi 2>&1

Build Log

========================================
RunAll
========================================
Builder version: 5.0.1
Interrupt handler set up.
========================================
Checkout
========================================
Clone URL: https://github.com/William-Weng/WWTranslationManager.git
Reference: main
Initialized empty Git repository in /host/spi-builder-workspace/.git/
hint: Using 'master' as the name for the initial branch. This default branch name
hint: is subject to change. To configure the initial branch name to use in all
hint: of your new repositories, which will suppress this warning, call:
hint:
hint: 	git config --global init.defaultBranch <name>
hint:
hint: Names commonly chosen instead of 'master' are 'main', 'trunk' and
hint: 'development'. The just-created branch can be renamed via this command:
hint:
hint: 	git branch -m <name>
From https://github.com/William-Weng/WWTranslationManager
 * branch            main       -> FETCH_HEAD
 * [new branch]      main       -> origin/main
HEAD is now at f7df3dc - Update ReadMe
Cloned https://github.com/William-Weng/WWTranslationManager.git
Revision (git rev-parse @):
f7df3dcd8303f4f4bf45feba8723d90866b4abaf
SUCCESS checkout https://github.com/William-Weng/WWTranslationManager.git at main
========================================
Build
========================================
Selected platform:         wasm
Swift version:             6.1
Building package at path:  $PWD
https://github.com/William-Weng/WWTranslationManager.git
https://github.com/William-Weng/WWTranslationManager.git
WARNING: environment variable SUPPRESS_SWIFT_6_FLAGS is not set
Running build ...
bash -c docker run --pull=always --rm -v "checkouts-54344844-0":/host -w "$PWD" -e JAVA_HOME="/root/.sdkman/candidates/java/current" -e SPI_BUILD="1" -e SPI_PROCESSING="1" registry.gitlab.com/saguaro1/spi-images:wasm-6.1-latest swift build --swift-sdk wasm32-unknown-wasi -Xswiftc -Xfrontend -Xswiftc -stats-output-dir -Xswiftc -Xfrontend -Xswiftc .stats -Xswiftc -strict-concurrency=complete -Xswiftc -enable-upcoming-feature -Xswiftc StrictConcurrency -Xswiftc -enable-upcoming-feature -Xswiftc DisableOutwardActorInference -Xswiftc -enable-upcoming-feature -Xswiftc GlobalActorIsolatedTypesUsability -Xswiftc -enable-upcoming-feature -Xswiftc InferSendableFromCaptures 2>&1
wasm-6.1-latest: Pulling from saguaro1/spi-images
Digest: sha256:290f441d1f5b7bf0dbbe61e8b7514208804cdcb507d57b3c762463ad036298f7
Status: Image is up to date for registry.gitlab.com/saguaro1/spi-images:wasm-6.1-latest
Building for debugging...
[0/3] Write sources
[1/3] Copying Privacy
[2/3] Write swift-version-24593BA9C3E375BF.txt
[4/13] Compiling WWTranslationManager WWTranslationManager.swift
/host/spi-builder-workspace/Sources/WWTranslationManager/Utility/Bridge.swift:8:8: error: no such module 'Translation'
 6 | //
 7 |
 8 | import Translation
   |        `- error: no such module 'Translation'
 9 | import Observation
10 |
[5/13] Compiling WWTranslationManager WWTranslationBatchManager.swift
/host/spi-builder-workspace/Sources/WWTranslationManager/Utility/Bridge.swift:8:8: error: no such module 'Translation'
 6 | //
 7 |
 8 | import Translation
   |        `- error: no such module 'Translation'
 9 | import Observation
10 |
[6/14] Compiling WWTranslationManager TranslationBridgeView.swift
/host/spi-builder-workspace/Sources/WWTranslationManager/Utility/Bridge.swift:8:8: error: no such module 'Translation'
 6 | //
 7 |
 8 | import Translation
   |        `- error: no such module 'Translation'
 9 | import Observation
10 |
[7/14] Compiling WWTranslationManager WWTranslationBatchCoordinatorManager.swift
/host/spi-builder-workspace/Sources/WWTranslationManager/Utility/Bridge.swift:8:8: error: no such module 'Translation'
 6 | //
 7 |
 8 | import Translation
   |        `- error: no such module 'Translation'
 9 | import Observation
10 |
[8/14] Compiling WWTranslationManager resource_bundle_accessor.swift
/host/spi-builder-workspace/Sources/WWTranslationManager/Utility/Bridge.swift:8:8: error: no such module 'Translation'
 6 | //
 7 |
 8 | import Translation
   |        `- error: no such module 'Translation'
 9 | import Observation
10 |
[9/14] Compiling WWTranslationManager TranslationBatchCoordinatorView.swift
/host/spi-builder-workspace/Sources/WWTranslationManager/Utility/Bridge.swift:8:8: error: no such module 'Translation'
 6 | //
 7 |
 8 | import Translation
   |        `- error: no such module 'Translation'
 9 | import Observation
10 |
[10/14] Compiling WWTranslationManager Model.swift
/host/spi-builder-workspace/Sources/WWTranslationManager/Utility/Bridge.swift:8:8: error: no such module 'Translation'
 6 | //
 7 |
 8 | import Translation
   |        `- error: no such module 'Translation'
 9 | import Observation
10 |
[11/14] Compiling WWTranslationManager TranslationBatchBridgeView.swift
/host/spi-builder-workspace/Sources/WWTranslationManager/Utility/Bridge.swift:8:8: error: no such module 'Translation'
 6 | //
 7 |
 8 | import Translation
   |        `- error: no such module 'Translation'
 9 | import Observation
10 |
error: emit-module command failed with exit code 1 (use -v to see invocation)
[12/14] Emitting module WWTranslationManager
/host/spi-builder-workspace/Sources/WWTranslationManager/Utility/Bridge.swift:8:8: error: no such module 'Translation'
 6 | //
 7 |
 8 | import Translation
   |        `- error: no such module 'Translation'
 9 | import Observation
10 |
[13/14] Compiling WWTranslationManager Bridge.swift
/host/spi-builder-workspace/Sources/WWTranslationManager/Utility/Bridge.swift:8:8: error: no such module 'Translation'
 6 | //
 7 |
 8 | import Translation
   |        `- error: no such module 'Translation'
 9 | import Observation
10 |
[14/14] Compiling WWTranslationManager Error.swift
/host/spi-builder-workspace/Sources/WWTranslationManager/Utility/Bridge.swift:8:8: error: no such module 'Translation'
 6 | //
 7 |
 8 | import Translation
   |        `- error: no such module 'Translation'
 9 | import Observation
10 |
Running build ...
bash -c docker run --pull=always --rm -v "checkouts-54344844-0":/host -w "$PWD" -e JAVA_HOME="/root/.sdkman/candidates/java/current" -e SPI_BUILD="1" -e SPI_PROCESSING="1" registry.gitlab.com/saguaro1/spi-images:wasm-6.1-latest swift build --swift-sdk wasm32-unknown-wasi 2>&1
wasm-6.1-latest: Pulling from saguaro1/spi-images
Digest: sha256:290f441d1f5b7bf0dbbe61e8b7514208804cdcb507d57b3c762463ad036298f7
Status: Image is up to date for registry.gitlab.com/saguaro1/spi-images:wasm-6.1-latest
[0/1] Planning build
Building for debugging...
[0/1] Write swift-version-24593BA9C3E375BF.txt
[2/11] Compiling WWTranslationManager Model.swift
/host/spi-builder-workspace/Sources/WWTranslationManager/Utility/Bridge.swift:8:8: error: no such module 'Translation'
 6 | //
 7 |
 8 | import Translation
   |        `- error: no such module 'Translation'
 9 | import Observation
10 |
[3/11] Compiling WWTranslationManager TranslationBatchBridgeView.swift
/host/spi-builder-workspace/Sources/WWTranslationManager/Utility/Bridge.swift:8:8: error: no such module 'Translation'
 6 | //
 7 |
 8 | import Translation
   |        `- error: no such module 'Translation'
 9 | import Observation
10 |
[4/12] Compiling WWTranslationManager TranslationBatchCoordinatorView.swift
/host/spi-builder-workspace/Sources/WWTranslationManager/Utility/Bridge.swift:8:8: error: no such module 'Translation'
 6 | //
 7 |
 8 | import Translation
   |        `- error: no such module 'Translation'
 9 | import Observation
10 |
[5/12] Compiling WWTranslationManager WWTranslationManager.swift
/host/spi-builder-workspace/Sources/WWTranslationManager/Utility/Bridge.swift:8:8: error: no such module 'Translation'
 6 | //
 7 |
 8 | import Translation
   |        `- error: no such module 'Translation'
 9 | import Observation
10 |
[6/12] Compiling WWTranslationManager WWTranslationBatchCoordinatorManager.swift
/host/spi-builder-workspace/Sources/WWTranslationManager/Utility/Bridge.swift:8:8: error: no such module 'Translation'
 6 | //
 7 |
 8 | import Translation
   |        `- error: no such module 'Translation'
 9 | import Observation
10 |
[7/12] Compiling WWTranslationManager WWTranslationBatchManager.swift
/host/spi-builder-workspace/Sources/WWTranslationManager/Utility/Bridge.swift:8:8: error: no such module 'Translation'
 6 | //
 7 |
 8 | import Translation
   |        `- error: no such module 'Translation'
 9 | import Observation
10 |
[8/12] Compiling WWTranslationManager TranslationBridgeView.swift
/host/spi-builder-workspace/Sources/WWTranslationManager/Utility/Bridge.swift:8:8: error: no such module 'Translation'
 6 | //
 7 |
 8 | import Translation
   |        `- error: no such module 'Translation'
 9 | import Observation
10 |
error: emit-module command failed with exit code 1 (use -v to see invocation)
[9/12] Emitting module WWTranslationManager
/host/spi-builder-workspace/Sources/WWTranslationManager/Utility/Bridge.swift:8:8: error: no such module 'Translation'
 6 | //
 7 |
 8 | import Translation
   |        `- error: no such module 'Translation'
 9 | import Observation
10 |
[10/12] Compiling WWTranslationManager Bridge.swift
/host/spi-builder-workspace/Sources/WWTranslationManager/Utility/Bridge.swift:8:8: error: no such module 'Translation'
 6 | //
 7 |
 8 | import Translation
   |        `- error: no such module 'Translation'
 9 | import Observation
10 |
[11/12] Compiling WWTranslationManager Error.swift
/host/spi-builder-workspace/Sources/WWTranslationManager/Utility/Bridge.swift:8:8: error: no such module 'Translation'
 6 | //
 7 |
 8 | import Translation
   |        `- error: no such module 'Translation'
 9 | import Observation
10 |
[12/12] Compiling WWTranslationManager resource_bundle_accessor.swift
/host/spi-builder-workspace/Sources/WWTranslationManager/Utility/Bridge.swift:8:8: error: no such module 'Translation'
 6 | //
 7 |
 8 | import Translation
   |        `- error: no such module 'Translation'
 9 | import Observation
10 |
BUILD FAILURE 6.1 wasm