Build Information
Failed to build PerimeterX_SDK, reference 3.2.12 (b57b1c), with Swift 6.4 for watchOS using Xcode 27.0 on 28 Sep 2026 01:39:57 UTC.
Build Command
env DEVELOPER_DIR=/Applications/Xcode-27.0.0-Release.Candidate.app xcrun xcodebuild -IDEClonedSourcePackagesDirPathOverride=$PWD/.dependencies -skipMacroValidation -skipPackagePluginValidation -derivedDataPath $PWD/.derivedData build -scheme PerimeterX_SDK -destination generic/platform=watchOSBuild Log
========================================
RunAll
========================================
Builder version: 5.1.0
Interrupt handler set up.
========================================
Checkout
========================================
Clone URL: https://github.com/PerimeterX/px-iOS-Framework.git
Reference: 3.2.12
Initialized empty Git repository in /Users/admin/builder/spi-builder-workspace/.git/
From https://github.com/PerimeterX/px-iOS-Framework
* tag 3.2.12 -> FETCH_HEAD
HEAD is now at b57b1c3 Merge pull request #36 from PerimeterX/release/3.2.12
Cloned https://github.com/PerimeterX/px-iOS-Framework.git
Revision (git rev-parse @):
b57b1c3772cdb5b980a185e83ca52a934294c62e
SUCCESS checkout https://github.com/PerimeterX/px-iOS-Framework.git at 3.2.12
========================================
Build
========================================
Selected platform: watchOS
Swift version: 6.4
Building package at path: $PWD
https://github.com/PerimeterX/px-iOS-Framework.git
Command line invocation:
/Applications/Xcode-27.0.0-Release.Candidate.app/Contents/Developer/usr/bin/xcodebuild -IDEClonedSourcePackagesDirPathOverride=/Users/admin/builder/spi-builder-workspace/.dependencies -resolvePackageDependencies
Resolve Package Graph
Resolve Package Graph
Resolved source packages:
PerimeterX_SDK: /Users/admin/builder/spi-builder-workspace
resolved source packages: PerimeterX_SDK
2026-09-27 21:39:10.327 xcodebuild[529:3046] [MT] IDERunDestination: Supported platforms for the buildables in the current scheme is empty.
{
"dependencies" : [
],
"manifest_display_name" : "PerimeterX_SDK",
"name" : "PerimeterX_SDK",
"path" : "/Users/admin/builder/spi-builder-workspace",
"platforms" : [
{
"name" : "ios",
"version" : "11.0"
}
],
"products" : [
{
"name" : "PerimeterX_SDK",
"targets" : [
"PerimeterX_SDK"
],
"type" : {
"library" : [
"automatic"
]
}
}
],
"targets" : [
{
"c99name" : "PerimeterX_SDK",
"module_type" : "BinaryTarget",
"name" : "PerimeterX_SDK",
"path" : "PerimeterX_SDK.xcframework",
"product_memberships" : [
"PerimeterX_SDK"
],
"sources" : [
],
"type" : "binary"
}
],
"tools_version" : "5.3"
}
{
"workspace" : {
"name" : "PerimeterX_SDK",
"schemes" : [
"PerimeterX_SDK"
]
}
}
2026-09-27 21:39:51.690 xcodebuild[656:4214] [MT] IDERunDestination: Supported platforms for the buildables in the current scheme is empty.
Running build ...
env DEVELOPER_DIR=/Applications/Xcode-27.0.0-Release.Candidate.app xcrun xcodebuild -IDEClonedSourcePackagesDirPathOverride=$PWD/.dependencies -skipMacroValidation -skipPackagePluginValidation -derivedDataPath $PWD/.derivedData build -scheme PerimeterX_SDK -destination generic/platform=watchOS
Command line invocation:
/Applications/Xcode-27.0.0-Release.Candidate.app/Contents/Developer/usr/bin/xcodebuild -IDEClonedSourcePackagesDirPathOverride=/Users/admin/builder/spi-builder-workspace/.dependencies -skipMacroValidation -skipPackagePluginValidation -derivedDataPath /Users/admin/builder/spi-builder-workspace/.derivedData build -scheme PerimeterX_SDK -destination generic/platform=watchOS
Resolve Package Graph
Resolved source packages:
PerimeterX_SDK: /Users/admin/builder/spi-builder-workspace
ComputePackagePrebuildTargetDependencyGraph
Prepare packages
CreateBuildRequest
SendProjectDescription
CreateBuildOperation
ComputeTargetDependencyGraph
note: Building targets in dependency order
note: Target dependency graph (1 target)
Target 'PerimeterX_SDK-product' in project 'PerimeterX_SDK' (no dependencies)
GatherProvisioningInputs
CreateBuildDescription
ExecuteExternalTool /Applications/Xcode-27.0.0-Release.Candidate.app/Contents/Developer/Toolchains/XcodeDefault.xctoolchain/usr/bin/clang -v -E -dM -isysroot /Applications/Xcode-27.0.0-Release.Candidate.app/Contents/Developer/Platforms/WatchOS.platform/Developer/SDKs/WatchOS27.0.sdk -x c -c /dev/null
Build description signature: 5b5e46c7a9f241dc56826fdde56e68b6
Build description path: /Users/admin/builder/spi-builder-workspace/.derivedData/Build/Intermediates.noindex/XCBuildData/5b5e46c7a9f241dc56826fdde56e68b6.xcbuilddata
/Users/admin/builder/spi-builder-workspace/PerimeterX_SDK.xcframework:1:1: error: While building for watchOS, no library for this platform was found in '/Users/admin/builder/spi-builder-workspace/PerimeterX_SDK.xcframework'. (in target 'PerimeterX_SDK-product' from project 'PerimeterX_SDK')
2026-09-27 21:39:53.253 xcodebuild[657:4260] [MT] IDERunDestination: Supported platforms for the buildables in the current scheme is empty.
** BUILD FAILED **
The following build commands failed:
Building workspace PerimeterX_SDK with scheme PerimeterX_SDK
(1 failure)
Command line invocation:
/Applications/Xcode-27.0.0-Release.Candidate.app/Contents/Developer/usr/bin/xcodebuild -IDEClonedSourcePackagesDirPathOverride=/Users/admin/builder/spi-builder-workspace/.dependencies -resolvePackageDependencies
Resolve Package Graph
Resolved source packages:
PerimeterX_SDK: /Users/admin/builder/spi-builder-workspace
resolved source packages: PerimeterX_SDK
2026-09-27 21:39:54.841 xcodebuild[669:4361] [MT] IDERunDestination: Supported platforms for the buildables in the current scheme is empty.
{
"dependencies" : [
],
"manifest_display_name" : "PerimeterX_SDK",
"name" : "PerimeterX_SDK",
"path" : "/Users/admin/builder/spi-builder-workspace",
"platforms" : [
{
"name" : "ios",
"version" : "11.0"
}
],
"products" : [
{
"name" : "PerimeterX_SDK",
"targets" : [
"PerimeterX_SDK"
],
"type" : {
"library" : [
"automatic"
]
}
}
],
"targets" : [
{
"c99name" : "PerimeterX_SDK",
"module_type" : "BinaryTarget",
"name" : "PerimeterX_SDK",
"path" : "PerimeterX_SDK.xcframework",
"product_memberships" : [
"PerimeterX_SDK"
],
"sources" : [
],
"type" : "binary"
}
],
"tools_version" : "5.3"
}
{
"workspace" : {
"name" : "PerimeterX_SDK",
"schemes" : [
"PerimeterX_SDK"
]
}
}
2026-09-27 21:39:56.072 xcodebuild[677:4420] [MT] IDERunDestination: Supported platforms for the buildables in the current scheme is empty.
Running build ...
env DEVELOPER_DIR=/Applications/Xcode-27.0.0-Release.Candidate.app xcrun xcodebuild -IDEClonedSourcePackagesDirPathOverride=$PWD/.dependencies -skipMacroValidation -skipPackagePluginValidation -derivedDataPath $PWD/.derivedData build -scheme PerimeterX_SDK -destination generic/platform=watchOS
Command line invocation:
/Applications/Xcode-27.0.0-Release.Candidate.app/Contents/Developer/usr/bin/xcodebuild -IDEClonedSourcePackagesDirPathOverride=/Users/admin/builder/spi-builder-workspace/.dependencies -skipMacroValidation -skipPackagePluginValidation -derivedDataPath /Users/admin/builder/spi-builder-workspace/.derivedData build -scheme PerimeterX_SDK -destination generic/platform=watchOS
Resolve Package Graph
Resolved source packages:
PerimeterX_SDK: /Users/admin/builder/spi-builder-workspace
ComputePackagePrebuildTargetDependencyGraph
Prepare packages
CreateBuildRequest
SendProjectDescription
CreateBuildOperation
ComputeTargetDependencyGraph
note: Building targets in dependency order
note: Target dependency graph (1 target)
Target 'PerimeterX_SDK-product' in project 'PerimeterX_SDK' (no dependencies)
GatherProvisioningInputs
CreateBuildDescription
/Users/admin/builder/spi-builder-workspace/PerimeterX_SDK.xcframework:1:1: error: While building for watchOS, no library for this platform was found in '/Users/admin/builder/spi-builder-workspace/PerimeterX_SDK.xcframework'. (in target 'PerimeterX_SDK-product' from project 'PerimeterX_SDK')
2026-09-27 21:39:57.004 xcodebuild[678:4451] [MT] IDERunDestination: Supported platforms for the buildables in the current scheme is empty.
** BUILD FAILED **
The following build commands failed:
Building workspace PerimeterX_SDK with scheme PerimeterX_SDK
(1 failure)
BUILD FAILURE 6.4 watchOS