The Swift Package Index logo.Swift Package Index

Build Information

Failed to build Mcrich23-Toolkit, reference main (da3639), with Swift 6.4 for visionOS using Xcode 27.0 on 19 Sep 2026 08:04:07 UTC.

Build Command

env DEVELOPER_DIR=/Applications/Xcode-27.0.0-Release.Candidate.app xcrun xcodebuild -IDEClonedSourcePackagesDirPathOverride=$PWD/.dependencies -skipMacroValidation -skipPackagePluginValidation -derivedDataPath $PWD/.derivedData build -scheme Mcrich23-Toolkit -destination generic/platform=xrOS

Build Log

SwiftExplicitDependencyGeneratePcm arm64 /Users/admin/builder/spi-builder-workspace/.derivedData/SDKExplicitPrecompiledModules/MultipeerConnectivity-36RZ59WKAK6KLYXH3MOCI7E94.pcm
SwiftExplicitDependencyGeneratePcm arm64 /Users/admin/builder/spi-builder-workspace/.derivedData/SDKExplicitPrecompiledModules/PhotosUI-E5WB09E1GRF8YGSFMSVS9LWFB.pcm
SwiftDriver\ Compilation PlainDatabase normal arm64 com.apple.xcode.tools.swift.compiler (in target 'PlainDatabase' from project 'URLImage')
    cd /Users/admin/builder/spi-builder-workspace/.swiftpm/xcode
    builtin-Swift-Compilation -- /Applications/Xcode-27.0.0-Release.Candidate.app/Contents/Developer/Toolchains/XcodeDefault.xctoolchain/usr/bin/swiftc -parse-as-library -module-name PlainDatabase -Onone @/Users/admin/builder/spi-builder-workspace/.derivedData/Build/Intermediates.noindex/URLImage.build/Debug-xros/PlainDatabase-t.build/Objects-normal/arm64/PlainDatabase.SwiftFileList -DSWIFT_PACKAGE -DDEBUG -DSWIFT_MODULE_RESOURCE_BUNDLE_UNAVAILABLE -DXcode -plugin-path /Applications/Xcode-27.0.0-Release.Candidate.app/Contents/Developer/Toolchains/XcodeDefault.xctoolchain/usr/lib/swift/host/plugins/testing -enable-experimental-feature DebugDescriptionMacro -sdk /Applications/Xcode-27.0.0-Release.Candidate.app/Contents/Developer/Platforms/XROS.platform/Developer/SDKs/XROS27.0.sdk -target arm64-apple-xros1.0 -g -module-cache-path /Users/admin/builder/spi-builder-workspace/.derivedData/ModuleCache.noindex -Xfrontend -serialize-debugging-options -enable-testing -suppress-warnings -index-store-path /Users/admin/builder/spi-builder-workspace/.derivedData/Index.noindex/DataStore -Xcc -D_LIBCPP_HARDENING_MODE\=_LIBCPP_HARDENING_MODE_DEBUG -swift-version 5 -I /Users/admin/builder/spi-builder-workspace/.derivedData/Build/Products/Debug-xros -Isystem /Applications/Xcode-27.0.0-Release.Candidate.app/Contents/Developer/Platforms/XROS.platform/Developer/usr/lib -F /Users/admin/builder/spi-builder-workspace/.derivedData/Build/Products/Debug-xros -F /Applications/Xcode-27.0.0-Release.Candidate.app/Contents/Developer/Platforms/XROS.platform/Developer/Library/Frameworks -F /Applications/Xcode-27.0.0-Release.Candidate.app/Contents/Developer/Platforms/XROS.platform/Developer/SDKs/XROS27.0.sdk/Developer/Library/Frameworks -c -j10 -enable-batch-mode -incremental -Xcc -ivfsstatcache -Xcc /Users/admin/builder/spi-builder-workspace/.derivedData/SDKStatCaches.noindex/xros27.0-24M361-e829b21a6f8c9b70876ba0858053c044735bd543db762f57723cac368afd1ce4.sdkstatcache -output-file-map /Users/admin/builder/spi-builder-workspace/.derivedData/Build/Intermediates.noindex/URLImage.build/Debug-xros/PlainDatabase-t.build/Objects-normal/arm64/PlainDatabase-OutputFileMap.json -save-temps -no-color-diagnostics -explicit-module-build -module-cache-path /Users/admin/builder/spi-builder-workspace/.derivedData/Build/Intermediates.noindex/SwiftExplicitPrecompiledModules -clang-scanner-module-cache-path /Users/admin/builder/spi-builder-workspace/.derivedData/ModuleCache.noindex -sdk-module-cache-path /Users/admin/builder/spi-builder-workspace/.derivedData/SDKExplicitPrecompiledModules -emit-dependencies -emit-module -emit-module-path /Users/admin/builder/spi-builder-workspace/.derivedData/Build/Intermediates.noindex/URLImage.build/Debug-xros/PlainDatabase-t.build/Objects-normal/arm64/PlainDatabase.swiftmodule -serialize-diagnostics -dependency-scan-serialize-diagnostics-path /Users/admin/builder/spi-builder-workspace/.derivedData/Build/Intermediates.noindex/URLImage.build/Debug-xros/PlainDatabase-t.build/Objects-normal/arm64/PlainDatabase-dependency-scan.dia -validate-clang-modules-once -clang-build-session-file /Users/admin/builder/spi-builder-workspace/.derivedData/ModuleCache.noindex/Session.modulevalidation -Xcc -fmodules-prune-interval\=86400 -Xcc -fmodules-prune-after\=345600 -emit-const-values -const-gather-protocols-list /Users/admin/builder/spi-builder-workspace/.derivedData/Build/Intermediates.noindex/URLImage.build/Debug-xros/PlainDatabase-t.build/Objects-normal/arm64/PlainDatabase_const_extract_protocols.json -Xcc -I/Users/admin/builder/spi-builder-workspace/.derivedData/Build/Products/Debug-xros/include -Xcc -I/Users/admin/builder/spi-builder-workspace/.derivedData/Build/Intermediates.noindex/URLImage.build/Debug-xros/PlainDatabase-t.build/DerivedSources-normal/arm64 -Xcc -I/Users/admin/builder/spi-builder-workspace/.derivedData/Build/Intermediates.noindex/URLImage.build/Debug-xros/PlainDatabase-t.build/DerivedSources/arm64 -Xcc -I/Users/admin/builder/spi-builder-workspace/.derivedData/Build/Intermediates.noindex/URLImage.build/Debug-xros/PlainDatabase-t.build/DerivedSources -Xcc -DSWIFT_PACKAGE -Xcc -DDEBUG\=1 -emit-objc-header -emit-objc-header-path /Users/admin/builder/spi-builder-workspace/.derivedData/Build/Intermediates.noindex/URLImage.build/Debug-xros/PlainDatabase-t.build/Objects-normal/arm64/PlainDatabase-Swift.h -working-directory /Users/admin/builder/spi-builder-workspace/.swiftpm/xcode -experimental-emit-module-separately -disable-cmo
SwiftEmitModule normal arm64 Emitting\ module\ for\ _SwiftUIX (in target '_SwiftUIX' from project 'SwiftUIX')
SwiftCompile normal arm64 (in target '_SwiftUIX' from project 'SwiftUIX')
    cd /Users/admin/builder/spi-builder-workspace/.swiftpm/xcode

SwiftEmitModule normal arm64 Emitting\ module\ for\ WrappingHStack (in target 'WrappingHStack' from project 'WrappingHStack')
SwiftCompile normal arm64 (in target 'WrappingHStack' from project 'WrappingHStack')
    cd /Users/admin/builder/spi-builder-workspace/.swiftpm/xcode

SwiftEmitModule normal arm64 Emitting\ module\ for\ SFSafeSymbols (in target 'SFSafeSymbols' from project 'SFSafeSymbols')
SwiftCompile normal arm64 (in target 'SFSafeSymbols' from project 'SFSafeSymbols')
    cd /Users/admin/builder/spi-builder-workspace/.swiftpm/xcode

Ld /Users/admin/builder/spi-builder-workspace/.derivedData/Build/Products/Debug-xros/PlainDatabase.o normal (in target 'PlainDatabase' from project 'URLImage')
    cd /Users/admin/builder/spi-builder-workspace/.dependencies/checkouts/url-image
    /Applications/Xcode-27.0.0-Release.Candidate.app/Contents/Developer/Toolchains/XcodeDefault.xctoolchain/usr/bin/clang -Xlinker -reproducible -target arm64-apple-xros1.0 -r -isysroot /Applications/Xcode-27.0.0-Release.Candidate.app/Contents/Developer/Platforms/XROS.platform/Developer/SDKs/XROS27.0.sdk -O0 -w -Xlinker -no_warn_duplicate_libraries -F/Users/admin/builder/spi-builder-workspace/.derivedData/Build/Intermediates.noindex/EagerLinkingTBDs/Debug-xros -F/Users/admin/builder/spi-builder-workspace/.derivedData/Build/Products/Debug-xros -iframework /Applications/Xcode-27.0.0-Release.Candidate.app/Contents/Developer/Platforms/XROS.platform/Developer/Library/Frameworks -iframework /Applications/Xcode-27.0.0-Release.Candidate.app/Contents/Developer/Platforms/XROS.platform/Developer/SDKs/XROS27.0.sdk/Developer/Library/Frameworks -filelist /Users/admin/builder/spi-builder-workspace/.derivedData/Build/Intermediates.noindex/URLImage.build/Debug-xros/PlainDatabase-t.build/Objects-normal/arm64/PlainDatabase.LinkFileList -nostdlib -Xlinker -object_path_lto -Xlinker /Users/admin/builder/spi-builder-workspace/.derivedData/Build/Intermediates.noindex/URLImage.build/Debug-xros/PlainDatabase-t.build/Objects-normal/arm64/PlainDatabase_lto.o -Xlinker -no_deduplicate -Xlinker -dependency_info -Xlinker /Users/admin/builder/spi-builder-workspace/.derivedData/Build/Intermediates.noindex/URLImage.build/Debug-xros/PlainDatabase-t.build/Objects-normal/arm64/PlainDatabase_dependency_info.dat -fobjc-link-runtime -L/Applications/Xcode-27.0.0-Release.Candidate.app/Contents/Developer/Toolchains/XcodeDefault.xctoolchain/usr/lib/swift/xros -L/usr/lib/swift -Xlinker -add_ast_path -Xlinker /Users/admin/builder/spi-builder-workspace/.derivedData/Build/Intermediates.noindex/URLImage.build/Debug-xros/PlainDatabase-t.build/Objects-normal/arm64/PlainDatabase.swiftmodule -o /Users/admin/builder/spi-builder-workspace/.derivedData/Build/Products/Debug-xros/PlainDatabase.o
SwiftEmitModule normal arm64 Emitting\ module\ for\ SwiftUIMap (in target 'SwiftUIMap' from project 'SwiftUIMap')
SwiftCompile normal arm64 (in target 'SwiftUIMap' from project 'SwiftUIMap')
    cd /Users/admin/builder/spi-builder-workspace/.swiftpm/xcode

SwiftDriverJobDiscovery normal arm64 Emitting module for DeviceKit (in target 'DeviceKit' from project 'DeviceKit')
SwiftEmitModule normal arm64 Emitting\ module\ for\ LoaderUI (in target 'LoaderUI' from project 'LoaderUI')
SwiftCompile normal arm64 (in target 'LoaderUI' from project 'LoaderUI')
    cd /Users/admin/builder/spi-builder-workspace/.swiftpm/xcode

SwiftEmitModule normal arm64 Emitting\ module\ for\ Introspect (in target 'Introspect' from project 'swiftui-introspect')
/Users/admin/builder/spi-builder-workspace/.dependencies/checkouts/SwiftUI-Introspect/Introspect/Introspect.swift:25:18: error: cannot find type 'PlatformView' in scope
 23 |     public static func findChild<AnyViewType: PlatformView>(
 24 |         ofType type: AnyViewType.Type,
 25 |         in root: PlatformView
    |                  `- error: cannot find type 'PlatformView' in scope
 26 |     ) -> AnyViewType? {
 27 |         for subview in root.subviews {
/Users/admin/builder/spi-builder-workspace/.dependencies/checkouts/SwiftUI-Introspect/Introspect/Introspect.swift:23:47: error: cannot find type 'PlatformView' in scope
 21 |     /// This method will recursively look for this view.
 22 |     /// Returns nil if it can't find a view of the specified type.
 23 |     public static func findChild<AnyViewType: PlatformView>(
    |                                               `- error: cannot find type 'PlatformView' in scope
 24 |         ofType type: AnyViewType.Type,
 25 |         in root: PlatformView
/Users/admin/builder/spi-builder-workspace/.dependencies/checkouts/SwiftUI-Introspect/Introspect/Introspect.swift:42:18: error: cannot find type 'PlatformViewController' in scope
 40 |     public static func findChild<AnyViewControllerType: PlatformViewController>(
 41 |         ofType type: AnyViewControllerType.Type,
 42 |         in root: PlatformViewController
    |                  `- error: cannot find type 'PlatformViewController' in scope
 43 |     ) -> AnyViewControllerType? {
 44 |         for child in root.children {
/Users/admin/builder/spi-builder-workspace/.dependencies/checkouts/SwiftUI-Introspect/Introspect/Introspect.swift:40:57: error: cannot find type 'PlatformViewController' in scope
 38 |     /// This method will recursively look for this child.
 39 |     /// Returns nil if it can't find a view of the specified type.
 40 |     public static func findChild<AnyViewControllerType: PlatformViewController>(
    |                                                         `- error: cannot find type 'PlatformViewController' in scope
 41 |         ofType type: AnyViewControllerType.Type,
 42 |         in root: PlatformViewController
/Users/admin/builder/spi-builder-workspace/.dependencies/checkouts/SwiftUI-Introspect/Introspect/Introspect.swift:59:18: error: cannot find type 'PlatformView' in scope
 57 |     public static func findChildUsingFrame<AnyViewType: PlatformView>(
 58 |         ofType type: AnyViewType.Type,
 59 |         in root: PlatformView,
    |                  `- error: cannot find type 'PlatformView' in scope
 60 |         from originalEntry: PlatformView
 61 |     ) -> AnyViewType? {
/Users/admin/builder/spi-builder-workspace/.dependencies/checkouts/SwiftUI-Introspect/Introspect/Introspect.swift:60:29: error: cannot find type 'PlatformView' in scope
 58 |         ofType type: AnyViewType.Type,
 59 |         in root: PlatformView,
 60 |         from originalEntry: PlatformView
    |                             `- error: cannot find type 'PlatformView' in scope
 61 |     ) -> AnyViewType? {
 62 |         var children: [AnyViewType] = []
/Users/admin/builder/spi-builder-workspace/.dependencies/checkouts/SwiftUI-Introspect/Introspect/Introspect.swift:57:57: error: cannot find type 'PlatformView' in scope
 55 |     /// This method will recursively look for this view.
 56 |     /// Returns nil if it can't find a view of the specified type.
 57 |     public static func findChildUsingFrame<AnyViewType: PlatformView>(
    |                                                         `- error: cannot find type 'PlatformView' in scope
 58 |         ofType type: AnyViewType.Type,
 59 |         in root: PlatformView,
/Users/admin/builder/spi-builder-workspace/.dependencies/checkouts/SwiftUI-Introspect/Introspect/Introspect.swift:92:21: error: cannot find type 'PlatformView' in scope
 90 |     public static func previousSibling<AnyViewType: PlatformView>(
 91 |         containing type: AnyViewType.Type,
 92 |         from entry: PlatformView
    |                     `- error: cannot find type 'PlatformView' in scope
 93 |     ) -> AnyViewType? {
 94 |
/Users/admin/builder/spi-builder-workspace/.dependencies/checkouts/SwiftUI-Introspect/Introspect/Introspect.swift:90:53: error: cannot find type 'PlatformView' in scope
 88 |     /// This method inspects siblings recursively.
 89 |     /// Returns nil if no sibling contains the specified type.
 90 |     public static func previousSibling<AnyViewType: PlatformView>(
    |                                                     `- error: cannot find type 'PlatformView' in scope
 91 |         containing type: AnyViewType.Type,
 92 |         from entry: PlatformView
/Users/admin/builder/spi-builder-workspace/.dependencies/checkouts/SwiftUI-Introspect/Introspect/Introspect.swift:116:21: error: cannot find type 'PlatformView' in scope
114 |     public static func previousSibling<AnyViewType: PlatformView>(
115 |         ofType type: AnyViewType.Type,
116 |         from entry: PlatformView
    |                     `- error: cannot find type 'PlatformView' in scope
117 |     ) -> AnyViewType? {
118 |
/Users/admin/builder/spi-builder-workspace/.dependencies/checkouts/SwiftUI-Introspect/Introspect/Introspect.swift:114:53: error: cannot find type 'PlatformView' in scope
112 |     /// This method inspects siblings recursively.
113 |     /// Returns nil if no sibling contains the specified type.
114 |     public static func previousSibling<AnyViewType: PlatformView>(
    |                                                     `- error: cannot find type 'PlatformView' in scope
115 |         ofType type: AnyViewType.Type,
116 |         from entry: PlatformView
/Users/admin/builder/spi-builder-workspace/.dependencies/checkouts/SwiftUI-Introspect/Introspect/Introspect.swift:141:21: error: cannot find type 'PlatformViewController' in scope
139 |     public static func previousSibling<AnyViewControllerType: PlatformViewController>(
140 |         containing type: AnyViewControllerType.Type,
141 |         from entry: PlatformViewController
    |                     `- error: cannot find type 'PlatformViewController' in scope
142 |     ) -> AnyViewControllerType? {
143 |
/Users/admin/builder/spi-builder-workspace/.dependencies/checkouts/SwiftUI-Introspect/Introspect/Introspect.swift:139:63: error: cannot find type 'PlatformViewController' in scope
137 |     /// Returns nil if no sibling contains the specified type.
138 |     @available(macOS, unavailable)
139 |     public static func previousSibling<AnyViewControllerType: PlatformViewController>(
    |                                                               `- error: cannot find type 'PlatformViewController' in scope
140 |         containing type: AnyViewControllerType.Type,
141 |         from entry: PlatformViewController
/Users/admin/builder/spi-builder-workspace/.dependencies/checkouts/SwiftUI-Introspect/Introspect/Introspect.swift:165:21: error: cannot find type 'PlatformViewController' in scope
163 |     public static func previousSibling<AnyViewControllerType: PlatformViewController>(
164 |         ofType type: AnyViewControllerType.Type,
165 |         from entry: PlatformViewController
    |                     `- error: cannot find type 'PlatformViewController' in scope
166 |     ) -> AnyViewControllerType? {
167 |
/Users/admin/builder/spi-builder-workspace/.dependencies/checkouts/SwiftUI-Introspect/Introspect/Introspect.swift:163:63: error: cannot find type 'PlatformViewController' in scope
161 |     /// This method does not inspect siblings recursively.
162 |     /// Returns nil if no sibling is of the specified type.
163 |     public static func previousSibling<AnyViewControllerType: PlatformViewController>(
    |                                                               `- error: cannot find type 'PlatformViewController' in scope
164 |         ofType type: AnyViewControllerType.Type,
165 |         from entry: PlatformViewController
/Users/admin/builder/spi-builder-workspace/.dependencies/checkouts/SwiftUI-Introspect/Introspect/Introspect.swift:189:21: error: cannot find type 'PlatformView' in scope
187 |     public static func nextSibling<AnyViewType: PlatformView>(
188 |         containing type: AnyViewType.Type,
189 |         from entry: PlatformView
    |                     `- error: cannot find type 'PlatformView' in scope
190 |     ) -> AnyViewType? {
191 |
/Users/admin/builder/spi-builder-workspace/.dependencies/checkouts/SwiftUI-Introspect/Introspect/Introspect.swift:187:49: error: cannot find type 'PlatformView' in scope
185 |     /// This method inspects siblings recursively.
186 |     /// Returns nil if no sibling contains the specified type.
187 |     public static func nextSibling<AnyViewType: PlatformView>(
    |                                                 `- error: cannot find type 'PlatformView' in scope
188 |         containing type: AnyViewType.Type,
189 |         from entry: PlatformView
/Users/admin/builder/spi-builder-workspace/.dependencies/checkouts/SwiftUI-Introspect/Introspect/Introspect.swift:212:21: error: cannot find type 'PlatformView' in scope
210 |     public static func nextSibling<AnyViewType: PlatformView>(
211 |         ofType type: AnyViewType.Type,
212 |         from entry: PlatformView
    |                     `- error: cannot find type 'PlatformView' in scope
213 |     ) -> AnyViewType? {
214 |
/Users/admin/builder/spi-builder-workspace/.dependencies/checkouts/SwiftUI-Introspect/Introspect/Introspect.swift:210:49: error: cannot find type 'PlatformView' in scope
208 |     /// This method inspects siblings recursively.
209 |     /// Returns nil if no sibling contains the specified type.
210 |     public static func nextSibling<AnyViewType: PlatformView>(
    |                                                 `- error: cannot find type 'PlatformView' in scope
211 |         ofType type: AnyViewType.Type,
212 |         from entry: PlatformView
/Users/admin/builder/spi-builder-workspace/.dependencies/checkouts/SwiftUI-Introspect/Introspect/Introspect.swift:232:107: error: cannot find type 'PlatformView' in scope
230 |     /// Finds an ancestor of the specified type.
231 |     /// If it reaches the top of the view without finding the specified view type, it returns nil.
232 |     public static func findAncestor<AnyViewType: PlatformView>(ofType type: AnyViewType.Type, from entry: PlatformView) -> AnyViewType? {
    |                                                                                                           `- error: cannot find type 'PlatformView' in scope
233 |         var superview = entry.superview
234 |         while let s = superview {
/Users/admin/builder/spi-builder-workspace/.dependencies/checkouts/SwiftUI-Introspect/Introspect/Introspect.swift:232:50: error: cannot find type 'PlatformView' in scope
230 |     /// Finds an ancestor of the specified type.
231 |     /// If it reaches the top of the view without finding the specified view type, it returns nil.
232 |     public static func findAncestor<AnyViewType: PlatformView>(ofType type: AnyViewType.Type, from entry: PlatformView) -> AnyViewType? {
    |                                                  `- error: cannot find type 'PlatformView' in scope
233 |         var superview = entry.superview
234 |         while let s = superview {
/Users/admin/builder/spi-builder-workspace/.dependencies/checkouts/SwiftUI-Introspect/Introspect/Introspect.swift:245:122: error: cannot find type 'PlatformView' in scope
243 |     /// Finds an ancestor of the specified type.
244 |     /// If it reaches the top of the view without finding the specified view type, it returns nil.
245 |     public static func findAncestorOrAncestorChild<AnyViewType: PlatformView>(ofType type: AnyViewType.Type, from entry: PlatformView) -> AnyViewType? {
    |                                                                                                                          `- error: cannot find type 'PlatformView' in scope
246 |         var superview = entry.superview
247 |         while let s = superview {
/Users/admin/builder/spi-builder-workspace/.dependencies/checkouts/SwiftUI-Introspect/Introspect/Introspect.swift:245:65: error: cannot find type 'PlatformView' in scope
243 |     /// Finds an ancestor of the specified type.
244 |     /// If it reaches the top of the view without finding the specified view type, it returns nil.
245 |     public static func findAncestorOrAncestorChild<AnyViewType: PlatformView>(ofType type: AnyViewType.Type, from entry: PlatformView) -> AnyViewType? {
    |                                                                 `- error: cannot find type 'PlatformView' in scope
246 |         var superview = entry.superview
247 |         while let s = superview {
/Users/admin/builder/spi-builder-workspace/.dependencies/checkouts/SwiftUI-Introspect/Introspect/Introspect.swift:260:69: error: cannot find type 'PlatformView' in scope
258 |     /// For instance, if there are multiple text fields in a VStack, the hosting view will contain those text fields (and their host views, see below).
259 |     /// Returns nil if it couldn't find a hosting view. This should never happen when called with an IntrospectionView.
260 |     public static func findHostingView(from entry: PlatformView) -> PlatformView? {
    |                                                                     `- error: cannot find type 'PlatformView' in scope
261 |         var superview = entry.superview
262 |         while let s = superview {
/Users/admin/builder/spi-builder-workspace/.dependencies/checkouts/SwiftUI-Introspect/Introspect/Introspect.swift:260:52: error: cannot find type 'PlatformView' in scope
258 |     /// For instance, if there are multiple text fields in a VStack, the hosting view will contain those text fields (and their host views, see below).
259 |     /// Returns nil if it couldn't find a hosting view. This should never happen when called with an IntrospectionView.
260 |     public static func findHostingView(from entry: PlatformView) -> PlatformView? {
    |                                                    `- error: cannot find type 'PlatformView' in scope
261 |         var superview = entry.superview
262 |         while let s = superview {
/Users/admin/builder/spi-builder-workspace/.dependencies/checkouts/SwiftUI-Introspect/Introspect/Introspect.swift:274:66: error: cannot find type 'PlatformView' in scope
272 |     /// SwiftUI wraps each UIView within a ViewHost, then within a HostingView.
273 |     /// Returns nil if it couldn't find a view host. This should never happen when called with an IntrospectionView.
274 |     public static func findViewHost(from entry: PlatformView) -> PlatformView? {
    |                                                                  `- error: cannot find type 'PlatformView' in scope
275 |         var superview = entry.superview
276 |         while let s = superview {
/Users/admin/builder/spi-builder-workspace/.dependencies/checkouts/SwiftUI-Introspect/Introspect/Introspect.swift:274:49: error: cannot find type 'PlatformView' in scope
272 |     /// SwiftUI wraps each UIView within a ViewHost, then within a HostingView.
273 |     /// Returns nil if it couldn't find a view host. This should never happen when called with an IntrospectionView.
274 |     public static func findViewHost(from entry: PlatformView) -> PlatformView? {
    |                                                 `- error: cannot find type 'PlatformView' in scope
275 |         var superview = entry.superview
276 |         while let s = superview {
/Users/admin/builder/spi-builder-workspace/.dependencies/checkouts/SwiftUI-Introspect/Introspect/Introspect.swift:287:80: error: cannot find type 'PlatformView' in scope
285 |
286 | public enum TargetViewSelector {
287 |     public static func siblingContaining<TargetView: PlatformView>(from entry: PlatformView) -> TargetView? {
    |                                                                                `- error: cannot find type 'PlatformView' in scope
288 |         guard let viewHost = Introspect.findViewHost(from: entry) else {
289 |             return nil
/Users/admin/builder/spi-builder-workspace/.dependencies/checkouts/SwiftUI-Introspect/Introspect/Introspect.swift:287:54: error: cannot find type 'PlatformView' in scope
285 |
286 | public enum TargetViewSelector {
287 |     public static func siblingContaining<TargetView: PlatformView>(from entry: PlatformView) -> TargetView? {
    |                                                      `- error: cannot find type 'PlatformView' in scope
288 |         guard let viewHost = Introspect.findViewHost(from: entry) else {
289 |             return nil
/Users/admin/builder/spi-builder-workspace/.dependencies/checkouts/SwiftUI-Introspect/Introspect/Introspect.swift:294:90: error: cannot find type 'PlatformView' in scope
292 |     }
293 |
294 |     public static func siblingContainingOrAncestor<TargetView: PlatformView>(from entry: PlatformView) -> TargetView? {
    |                                                                                          `- error: cannot find type 'PlatformView' in scope
295 |         if let sibling: TargetView = siblingContaining(from: entry) {
296 |             return sibling
/Users/admin/builder/spi-builder-workspace/.dependencies/checkouts/SwiftUI-Introspect/Introspect/Introspect.swift:294:64: error: cannot find type 'PlatformView' in scope
292 |     }
293 |
294 |     public static func siblingContainingOrAncestor<TargetView: PlatformView>(from entry: PlatformView) -> TargetView? {
    |                                                                `- error: cannot find type 'PlatformView' in scope
295 |         if let sibling: TargetView = siblingContaining(from: entry) {
296 |             return sibling
/Users/admin/builder/spi-builder-workspace/.dependencies/checkouts/SwiftUI-Introspect/Introspect/Introspect.swift:301:105: error: cannot find type 'PlatformView' in scope
299 |     }
300 |
301 |     public static func siblingContainingOrAncestorOrAncestorChild<TargetView: PlatformView>(from entry: PlatformView) -> TargetView? {
    |                                                                                                         `- error: cannot find type 'PlatformView' in scope
302 |         if let sibling: TargetView = siblingContaining(from: entry) {
303 |             return sibling
/Users/admin/builder/spi-builder-workspace/.dependencies/checkouts/SwiftUI-Introspect/Introspect/Introspect.swift:301:79: error: cannot find type 'PlatformView' in scope
299 |     }
300 |
301 |     public static func siblingContainingOrAncestorOrAncestorChild<TargetView: PlatformView>(from entry: PlatformView) -> TargetView? {
    |                                                                               `- error: cannot find type 'PlatformView' in scope
302 |         if let sibling: TargetView = siblingContaining(from: entry) {
303 |             return sibling
/Users/admin/builder/spi-builder-workspace/.dependencies/checkouts/SwiftUI-Introspect/Introspect/Introspect.swift:308:76: error: cannot find type 'PlatformView' in scope
306 |     }
307 |
308 |     public static func siblingOfType<TargetView: PlatformView>(from entry: PlatformView) -> TargetView? {
    |                                                                            `- error: cannot find type 'PlatformView' in scope
309 |         guard let viewHost = Introspect.findViewHost(from: entry) else {
310 |             return nil
/Users/admin/builder/spi-builder-workspace/.dependencies/checkouts/SwiftUI-Introspect/Introspect/Introspect.swift:308:50: error: cannot find type 'PlatformView' in scope
306 |     }
307 |
308 |     public static func siblingOfType<TargetView: PlatformView>(from entry: PlatformView) -> TargetView? {
    |                                                  `- error: cannot find type 'PlatformView' in scope
309 |         guard let viewHost = Introspect.findViewHost(from: entry) else {
310 |             return nil
/Users/admin/builder/spi-builder-workspace/.dependencies/checkouts/SwiftUI-Introspect/Introspect/Introspect.swift:315:86: error: cannot find type 'PlatformView' in scope
313 |     }
314 |
315 |     public static func siblingOfTypeOrAncestor<TargetView: PlatformView>(from entry: PlatformView) -> TargetView? {
    |                                                                                      `- error: cannot find type 'PlatformView' in scope
316 |         if let sibling: TargetView = siblingOfType(from: entry) {
317 |             return sibling
/Users/admin/builder/spi-builder-workspace/.dependencies/checkouts/SwiftUI-Introspect/Introspect/Introspect.swift:315:60: error: cannot find type 'PlatformView' in scope
313 |     }
314 |
315 |     public static func siblingOfTypeOrAncestor<TargetView: PlatformView>(from entry: PlatformView) -> TargetView? {
    |                                                            `- error: cannot find type 'PlatformView' in scope
316 |         if let sibling: TargetView = siblingOfType(from: entry) {
317 |             return sibling
/Users/admin/builder/spi-builder-workspace/.dependencies/checkouts/SwiftUI-Introspect/Introspect/Introspect.swift:322:114: error: cannot find type 'PlatformView' in scope
320 |     }
321 |
322 |     public static func siblingOrAncestorOrSiblingContainingOrAncestorChild<TargetView: PlatformView>(from entry: PlatformView) -> TargetView? {
    |                                                                                                                  `- error: cannot find type 'PlatformView' in scope
323 |         if let sibling: TargetView = siblingOfType(from: entry) {
324 |             return sibling
/Users/admin/builder/spi-builder-workspace/.dependencies/checkouts/SwiftUI-Introspect/Introspect/Introspect.swift:322:88: error: cannot find type 'PlatformView' in scope
320 |     }
321 |
322 |     public static func siblingOrAncestorOrSiblingContainingOrAncestorChild<TargetView: PlatformView>(from entry: PlatformView) -> TargetView? {
    |                                                                                        `- error: cannot find type 'PlatformView' in scope
323 |         if let sibling: TargetView = siblingOfType(from: entry) {
324 |             return sibling
/Users/admin/builder/spi-builder-workspace/.dependencies/checkouts/SwiftUI-Introspect/Introspect/Introspect.swift:332:90: error: cannot find type 'PlatformView' in scope
330 |     }
331 |
332 |     public static func ancestorOrSiblingContaining<TargetView: PlatformView>(from entry: PlatformView) -> TargetView? {
    |                                                                                          `- error: cannot find type 'PlatformView' in scope
333 |         if let tableView = Introspect.findAncestor(ofType: TargetView.self, from: entry) {
334 |             return tableView
/Users/admin/builder/spi-builder-workspace/.dependencies/checkouts/SwiftUI-Introspect/Introspect/Introspect.swift:332:64: error: cannot find type 'PlatformView' in scope
330 |     }
331 |
332 |     public static func ancestorOrSiblingContaining<TargetView: PlatformView>(from entry: PlatformView) -> TargetView? {
    |                                                                `- error: cannot find type 'PlatformView' in scope
333 |         if let tableView = Introspect.findAncestor(ofType: TargetView.self, from: entry) {
334 |             return tableView
/Users/admin/builder/spi-builder-workspace/.dependencies/checkouts/SwiftUI-Introspect/Introspect/Introspect.swift:339:86: error: cannot find type 'PlatformView' in scope
337 |     }
338 |
339 |     public static func ancestorOrSiblingOfType<TargetView: PlatformView>(from entry: PlatformView) -> TargetView? {
    |                                                                                      `- error: cannot find type 'PlatformView' in scope
340 |         if let tableView = Introspect.findAncestor(ofType: TargetView.self, from: entry) {
341 |             return tableView
/Users/admin/builder/spi-builder-workspace/.dependencies/checkouts/SwiftUI-Introspect/Introspect/Introspect.swift:339:60: error: cannot find type 'PlatformView' in scope
337 |     }
338 |
339 |     public static func ancestorOrSiblingOfType<TargetView: PlatformView>(from entry: PlatformView) -> TargetView? {
    |                                                            `- error: cannot find type 'PlatformView' in scope
340 |         if let tableView = Introspect.findAncestor(ofType: TargetView.self, from: entry) {
341 |             return tableView
Failed frontend command:
/Applications/Xcode-27.0.0-Release.Candidate.app/Contents/Developer/Toolchains/XcodeDefault.xctoolchain/usr/bin/swift-frontend -frontend -emit-module -experimental-skip-non-inlinable-function-bodies-without-types /Users/admin/builder/spi-builder-workspace/.dependencies/checkouts/SwiftUI-Introspect/Introspect/AppKitIntrospectionView.swift /Users/admin/builder/spi-builder-workspace/.dependencies/checkouts/SwiftUI-Introspect/Introspect/Introspect.swift /Users/admin/builder/spi-builder-workspace/.dependencies/checkouts/SwiftUI-Introspect/Introspect/UIKitIntrospectionView.swift /Users/admin/builder/spi-builder-workspace/.dependencies/checkouts/SwiftUI-Introspect/Introspect/UIKitIntrospectionViewController.swift /Users/admin/builder/spi-builder-workspace/.dependencies/checkouts/SwiftUI-Introspect/Introspect/ViewExtensions.swift -target arm64-apple-xros1.0 -module-can-import-version MapKit 2552.60.6.12 14.0.0 -module-can-import-version UIKit 9127.0.84.1 9127.0.84 -disable-cross-import-overlay-search -swift-module-cross-import MapKit /Applications/Xcode-27.0.0-Release.Candidate.app/Contents/Developer/Platforms/XROS.platform/Developer/SDKs/XROS.sdk/System/Library/Frameworks/MapKit.framework/Modules/MapKit.swiftcrossimport/SwiftUI.swiftoverlay -swift-module-cross-import MapKit /Applications/Xcode-27.0.0-Release.Candidate.app/Contents/Developer/Platforms/XROS.platform/Developer/SDKs/XROS27.0.sdk/System/Library/Frameworks/MapKit.framework/Modules/MapKit.swiftcrossimport/SwiftUI.swiftoverlay -load-resolved-plugin /Applications/Xcode-27.0.0-Release.Candidate.app/Contents/Developer/Platforms/XROS.platform/Developer/usr/lib/swift/host/plugins/libFoundationMacros.dylib\#/Applications/Xcode-27.0.0-Release.Candidate.app/Contents/Developer/Platforms/XROS.platform/Developer/usr/bin/swift-plugin-server\#FoundationMacros -load-resolved-plugin /Applications/Xcode-27.0.0-Release.Candidate.app/Contents/Developer/Platforms/XROS.platform/Developer/usr/lib/swift/host/plugins/libObservationMacros.dylib\#/Applications/Xcode-27.0.0-Release.Candidate.app/Contents/Developer/Platforms/XROS.platform/Developer/usr/bin/swift-plugin-server\#ObservationMacros -load-resolved-plugin /Applications/Xcode-27.0.0-Release.Candidate.app/Contents/Developer/Platforms/XROS.platform/Developer/usr/lib/swift/host/plugins/libPreviewsMacros.dylib\#/Applications/Xcode-27.0.0-Release.Candidate.app/Contents/Developer/Platforms/XROS.platform/Developer/usr/bin/swift-plugin-server\#PreviewsMacros -load-resolved-plugin /Applications/Xcode-27.0.0-Release.Candidate.app/Contents/Developer/Platforms/XROS.platform/Developer/usr/lib/swift/host/plugins/libSwiftMacros.dylib\#/Applications/Xcode-27.0.0-Release.Candidate.app/Contents/Developer/Platforms/XROS.platform/Developer/usr/bin/swift-plugin-server\#SwiftMacros -load-resolved-plugin /Applications/Xcode-27.0.0-Release.Candidate.app/Contents/Developer/Platforms/XROS.platform/Developer/usr/lib/swift/host/plugins/libSwiftUIMacros.dylib\#/Applications/Xcode-27.0.0-Release.Candidate.app/Contents/Developer/Platforms/XROS.platform/Developer/usr/bin/swift-plugin-server\#SwiftUIMacros -disable-implicit-swift-modules -Xcc -fno-implicit-modules -Xcc -fno-implicit-module-maps -explicit-swift-module-map-file /Users/admin/builder/spi-builder-workspace/.derivedData/Build/Intermediates.noindex/swiftui-introspect.build/Debug-xros/Introspect-t.build/Objects-normal/arm64/Introspect-dependencies-1.json -Xllvm -aarch64-use-tbi -enable-objc-interop -stack-check -sdk /Applications/Xcode-27.0.0-Release.Candidate.app/Contents/Developer/Platforms/XROS.platform/Developer/SDKs/XROS27.0.sdk -I /Users/admin/builder/spi-builder-workspace/.derivedData/Build/Products/Debug-xros -Isystem /Applications/Xcode-27.0.0-Release.Candidate.app/Contents/Developer/Platforms/XROS.platform/Developer/usr/lib -F /Users/admin/builder/spi-builder-workspace/.derivedData/Build/Products/Debug-xros -F /Applications/Xcode-27.0.0-Release.Candidate.app/Contents/Developer/Platforms/XROS.platform/Developer/Library/Frameworks -F /Applications/Xcode-27.0.0-Release.Candidate.app/Contents/Developer/Platforms/XROS.platform/Developer/SDKs/XROS27.0.sdk/Developer/Library/Frameworks -module-cache-path /Users/admin/builder/spi-builder-workspace/.derivedData/Build/Intermediates.noindex/SwiftExplicitPrecompiledModules -no-color-diagnostics -Xcc -fno-color-diagnostics -enable-testing -g -debug-info-format\=dwarf -dwarf-version\=4 -suppress-warnings -swift-version 5 -Onone -D SWIFT_PACKAGE -D DEBUG -D SWIFT_MODULE_RESOURCE_BUNDLE_UNAVAILABLE -D Xcode -serialize-debugging-options -enable-experimental-feature DebugDescriptionMacro -empty-abi-descriptor -validate-clang-modules-once -clang-build-session-file /Users/admin/builder/spi-builder-workspace/.derivedData/ModuleCache.noindex/Session.modulevalidation -Xcc -working-directory -Xcc /Users/admin/builder/spi-builder-workspace/.swiftpm/xcode -enable-anonymous-context-mangled-names -file-compilation-dir /Users/admin/builder/spi-builder-workspace/.swiftpm/xcode -Xcc -D_LIBCPP_HARDENING_MODE\=_LIBCPP_HARDENING_MODE_DEBUG -Xcc -ivfsstatcache -Xcc /Users/admin/builder/spi-builder-workspace/.derivedData/SDKStatCaches.noindex/xros27.0-24M361-e829b21a6f8c9b70876ba0858053c044735bd543db762f57723cac368afd1ce4.sdkstatcache -Xcc -fmodules-prune-interval\=86400 -Xcc -fmodules-prune-after\=345600 -Xcc -I/Users/admin/builder/spi-builder-workspace/.derivedData/Build/Products/Debug-xros/include -Xcc -I/Users/admin/builder/spi-builder-workspace/.derivedData/Build/Intermediates.noindex/swiftui-introspect.build/Debug-xros/Introspect-t.build/DerivedSources-normal/arm64 -Xcc -I/Users/admin/builder/spi-builder-workspace/.derivedData/Build/Intermediates.noindex/swiftui-introspect.build/Debug-xros/Introspect-t.build/DerivedSources/arm64 -Xcc -I/Users/admin/builder/spi-builder-workspace/.derivedData/Build/Intermediates.noindex/swiftui-introspect.build/Debug-xros/Introspect-t.build/DerivedSources -Xcc -DSWIFT_PACKAGE -Xcc -DDEBUG\=1 -no-auto-bridging-header-chaining -module-name Introspect -const-gather-protocols-file /Users/admin/builder/spi-builder-workspace/.derivedData/Build/Intermediates.noindex/swiftui-introspect.build/Debug-xros/Introspect-t.build/Objects-normal/arm64/Introspect_const_extract_protocols.json -disable-clang-spi -clang-target arm64-apple-xros27.0 -target-sdk-version 27.0 -target-sdk-name xros27.0 -in-process-plugin-server-path /Applications/Xcode-27.0.0-Release.Candidate.app/Contents/Developer/Toolchains/XcodeDefault.xctoolchain/usr/lib/swift/host/libSwiftInProcPluginServer.dylib -emit-module-doc-path /Users/admin/builder/spi-builder-workspace/.derivedData/Build/Intermediates.noindex/swiftui-introspect.build/Debug-xros/Introspect-t.build/Objects-normal/arm64/Introspect.swiftdoc -emit-module-source-info-path /Users/admin/builder/spi-builder-workspace/.derivedData/Build/Intermediates.noindex/swiftui-introspect.build/Debug-xros/Introspect-t.build/Objects-normal/arm64/Introspect.swiftsourceinfo -emit-objc-header-path /Users/admin/builder/spi-builder-workspace/.derivedData/Build/Intermediates.noindex/swiftui-introspect.build/Debug-xros/Introspect-t.build/Objects-normal/arm64/Introspect-Swift.h -serialize-diagnostics-path /Users/admin/builder/spi-builder-workspace/.derivedData/Build/Intermediates.noindex/swiftui-introspect.build/Debug-xros/Introspect-t.build/Objects-normal/arm64/Introspect-primary-emit-module.dia -emit-dependencies-path /Users/admin/builder/spi-builder-workspace/.derivedData/Build/Intermediates.noindex/swiftui-introspect.build/Debug-xros/Introspect-t.build/Objects-normal/arm64/Introspect-primary-emit-module.d -parse-as-library -o /Users/admin/builder/spi-builder-workspace/.derivedData/Build/Intermediates.noindex/swiftui-introspect.build/Debug-xros/Introspect-t.build/Objects-normal/arm64/Introspect.swiftmodule -emit-abi-descriptor-path /Users/admin/builder/spi-builder-workspace/.derivedData/Build/Intermediates.noindex/swiftui-introspect.build/Debug-xros/Introspect-t.build/Objects-normal/arm64/Introspect.abi.json
SwiftCompile normal arm64 (in target 'Introspect' from project 'swiftui-introspect')
    cd /Users/admin/builder/spi-builder-workspace/.swiftpm/xcode

SwiftDriver\ Compilation\ Requirements DeviceKit normal arm64 com.apple.xcode.tools.swift.compiler (in target 'DeviceKit' from project 'DeviceKit')
    cd /Users/admin/builder/spi-builder-workspace/.swiftpm/xcode
    builtin-Swift-Compilation-Requirements -- /Applications/Xcode-27.0.0-Release.Candidate.app/Contents/Developer/Toolchains/XcodeDefault.xctoolchain/usr/bin/swiftc -parse-as-library -module-name DeviceKit -Onone @/Users/admin/builder/spi-builder-workspace/.derivedData/Build/Intermediates.noindex/DeviceKit.build/Debug-xros/DeviceKit-t.build/Objects-normal/arm64/DeviceKit.SwiftFileList -DSWIFT_PACKAGE -DDEBUG -DSWIFT_MODULE_RESOURCE_BUNDLE_UNAVAILABLE -DXcode -plugin-path /Applications/Xcode-27.0.0-Release.Candidate.app/Contents/Developer/Toolchains/XcodeDefault.xctoolchain/usr/lib/swift/host/plugins/testing -enable-experimental-feature DebugDescriptionMacro -sdk /Applications/Xcode-27.0.0-Release.Candidate.app/Contents/Developer/Platforms/XROS.platform/Developer/SDKs/XROS27.0.sdk -target arm64-apple-xros1.0 -g -module-cache-path /Users/admin/builder/spi-builder-workspace/.derivedData/ModuleCache.noindex -Xfrontend -serialize-debugging-options -enable-testing -suppress-warnings -index-store-path /Users/admin/builder/spi-builder-workspace/.derivedData/Index.noindex/DataStore -Xcc -D_LIBCPP_HARDENING_MODE\=_LIBCPP_HARDENING_MODE_DEBUG -swift-version 5 -I /Users/admin/builder/spi-builder-workspace/.derivedData/Build/Products/Debug-xros -Isystem /Applications/Xcode-27.0.0-Release.Candidate.app/Contents/Developer/Platforms/XROS.platform/Developer/usr/lib -F /Users/admin/builder/spi-builder-workspace/.derivedData/Build/Products/Debug-xros -F /Applications/Xcode-27.0.0-Release.Candidate.app/Contents/Developer/Platforms/XROS.platform/Developer/Library/Frameworks -F /Applications/Xcode-27.0.0-Release.Candidate.app/Contents/Developer/Platforms/XROS.platform/Developer/SDKs/XROS27.0.sdk/Developer/Library/Frameworks -c -j10 -enable-batch-mode -incremental -Xcc -ivfsstatcache -Xcc /Users/admin/builder/spi-builder-workspace/.derivedData/SDKStatCaches.noindex/xros27.0-24M361-e829b21a6f8c9b70876ba0858053c044735bd543db762f57723cac368afd1ce4.sdkstatcache -output-file-map /Users/admin/builder/spi-builder-workspace/.derivedData/Build/Intermediates.noindex/DeviceKit.build/Debug-xros/DeviceKit-t.build/Objects-normal/arm64/DeviceKit-OutputFileMap.json -save-temps -no-color-diagnostics -explicit-module-build -module-cache-path /Users/admin/builder/spi-builder-workspace/.derivedData/Build/Intermediates.noindex/SwiftExplicitPrecompiledModules -clang-scanner-module-cache-path /Users/admin/builder/spi-builder-workspace/.derivedData/ModuleCache.noindex -sdk-module-cache-path /Users/admin/builder/spi-builder-workspace/.derivedData/SDKExplicitPrecompiledModules -emit-dependencies -emit-module -emit-module-path /Users/admin/builder/spi-builder-workspace/.derivedData/Build/Intermediates.noindex/DeviceKit.build/Debug-xros/DeviceKit-t.build/Objects-normal/arm64/DeviceKit.swiftmodule -serialize-diagnostics -dependency-scan-serialize-diagnostics-path /Users/admin/builder/spi-builder-workspace/.derivedData/Build/Intermediates.noindex/DeviceKit.build/Debug-xros/DeviceKit-t.build/Objects-normal/arm64/DeviceKit-dependency-scan.dia -validate-clang-modules-once -clang-build-session-file /Users/admin/builder/spi-builder-workspace/.derivedData/ModuleCache.noindex/Session.modulevalidation -Xcc -fmodules-prune-interval\=86400 -Xcc -fmodules-prune-after\=345600 -emit-const-values -const-gather-protocols-list /Users/admin/builder/spi-builder-workspace/.derivedData/Build/Intermediates.noindex/DeviceKit.build/Debug-xros/DeviceKit-t.build/Objects-normal/arm64/DeviceKit_const_extract_protocols.json -Xcc -I/Users/admin/builder/spi-builder-workspace/.derivedData/Build/Products/Debug-xros/include -Xcc -I/Users/admin/builder/spi-builder-workspace/.derivedData/Build/Intermediates.noindex/DeviceKit.build/Debug-xros/DeviceKit-t.build/DerivedSources-normal/arm64 -Xcc -I/Users/admin/builder/spi-builder-workspace/.derivedData/Build/Intermediates.noindex/DeviceKit.build/Debug-xros/DeviceKit-t.build/DerivedSources/arm64 -Xcc -I/Users/admin/builder/spi-builder-workspace/.derivedData/Build/Intermediates.noindex/DeviceKit.build/Debug-xros/DeviceKit-t.build/DerivedSources -Xcc -DSWIFT_PACKAGE -Xcc -DDEBUG\=1 -emit-objc-header -emit-objc-header-path /Users/admin/builder/spi-builder-workspace/.derivedData/Build/Intermediates.noindex/DeviceKit.build/Debug-xros/DeviceKit-t.build/Objects-normal/arm64/DeviceKit-Swift.h -working-directory /Users/admin/builder/spi-builder-workspace/.swiftpm/xcode -experimental-emit-module-separately -disable-cmo
SwiftExplicitDependencyGeneratePcm arm64 /Users/admin/builder/spi-builder-workspace/.derivedData/SDKExplicitPrecompiledModules/QuickLook-BI9WGDXX9BY4Y4J9NO8MR6IFF.pcm
SwiftMergeGeneratedHeaders /Users/admin/builder/spi-builder-workspace/.derivedData/Build/Intermediates.noindex/GeneratedModuleMaps-xros/DeviceKit-Swift.h /Users/admin/builder/spi-builder-workspace/.derivedData/Build/Intermediates.noindex/DeviceKit.build/Debug-xros/DeviceKit-t.build/Objects-normal/arm64/DeviceKit-Swift.h (in target 'DeviceKit' from project 'DeviceKit')
    cd /Users/admin/builder/spi-builder-workspace/.dependencies/checkouts/DeviceKit
    builtin-swiftHeaderTool -arch arm64 /Users/admin/builder/spi-builder-workspace/.derivedData/Build/Intermediates.noindex/DeviceKit.build/Debug-xros/DeviceKit-t.build/Objects-normal/arm64/DeviceKit-Swift.h -o /Users/admin/builder/spi-builder-workspace/.derivedData/Build/Intermediates.noindex/GeneratedModuleMaps-xros/DeviceKit-Swift.h
SwiftEmitModule normal arm64 Emitting\ module\ for\ Kingfisher (in target 'Kingfisher' from project 'Kingfisher')
SwiftCompile normal arm64 (in target 'Kingfisher' from project 'Kingfisher')
    cd /Users/admin/builder/spi-builder-workspace/.swiftpm/xcode

Copy /Users/admin/builder/spi-builder-workspace/.derivedData/Build/Products/Debug-xros/DeviceKit.swiftmodule/arm64-apple-xros.swiftmodule /Users/admin/builder/spi-builder-workspace/.derivedData/Build/Intermediates.noindex/DeviceKit.build/Debug-xros/DeviceKit-t.build/Objects-normal/arm64/DeviceKit.swiftmodule (in target 'DeviceKit' from project 'DeviceKit')
    cd /Users/admin/builder/spi-builder-workspace/.dependencies/checkouts/DeviceKit
    builtin-copy -exclude .DS_Store -exclude CVS -exclude .svn -exclude .git -exclude .hg -resolve-src-symlinks -rename /Users/admin/builder/spi-builder-workspace/.derivedData/Build/Intermediates.noindex/DeviceKit.build/Debug-xros/DeviceKit-t.build/Objects-normal/arm64/DeviceKit.swiftmodule /Users/admin/builder/spi-builder-workspace/.derivedData/Build/Products/Debug-xros/DeviceKit.swiftmodule/arm64-apple-xros.swiftmodule
SwiftEmitModule normal arm64 Emitting\ module\ for\ SwiftUIBackports (in target 'SwiftUIBackports' from project 'SwiftUIBackports')
SwiftCompile normal arm64 (in target 'SwiftUIBackports' from project 'SwiftUIBackports')
    cd /Users/admin/builder/spi-builder-workspace/.swiftpm/xcode

Copy /Users/admin/builder/spi-builder-workspace/.derivedData/Build/Products/Debug-xros/DeviceKit.swiftmodule/arm64-apple-xros.swiftdoc /Users/admin/builder/spi-builder-workspace/.derivedData/Build/Intermediates.noindex/DeviceKit.build/Debug-xros/DeviceKit-t.build/Objects-normal/arm64/DeviceKit.swiftdoc (in target 'DeviceKit' from project 'DeviceKit')
    cd /Users/admin/builder/spi-builder-workspace/.dependencies/checkouts/DeviceKit
    builtin-copy -exclude .DS_Store -exclude CVS -exclude .svn -exclude .git -exclude .hg -resolve-src-symlinks -rename /Users/admin/builder/spi-builder-workspace/.derivedData/Build/Intermediates.noindex/DeviceKit.build/Debug-xros/DeviceKit-t.build/Objects-normal/arm64/DeviceKit.swiftdoc /Users/admin/builder/spi-builder-workspace/.derivedData/Build/Products/Debug-xros/DeviceKit.swiftmodule/arm64-apple-xros.swiftdoc
Copy /Users/admin/builder/spi-builder-workspace/.derivedData/Build/Products/Debug-xros/DeviceKit.swiftmodule/arm64-apple-xros.abi.json /Users/admin/builder/spi-builder-workspace/.derivedData/Build/Intermediates.noindex/DeviceKit.build/Debug-xros/DeviceKit-t.build/Objects-normal/arm64/DeviceKit.abi.json (in target 'DeviceKit' from project 'DeviceKit')
    cd /Users/admin/builder/spi-builder-workspace/.dependencies/checkouts/DeviceKit
    builtin-copy -exclude .DS_Store -exclude CVS -exclude .svn -exclude .git -exclude .hg -resolve-src-symlinks -rename /Users/admin/builder/spi-builder-workspace/.derivedData/Build/Intermediates.noindex/DeviceKit.build/Debug-xros/DeviceKit-t.build/Objects-normal/arm64/DeviceKit.abi.json /Users/admin/builder/spi-builder-workspace/.derivedData/Build/Products/Debug-xros/DeviceKit.swiftmodule/arm64-apple-xros.abi.json
Copy /Users/admin/builder/spi-builder-workspace/.derivedData/Build/Products/Debug-xros/DeviceKit.swiftmodule/Project/arm64-apple-xros.swiftsourceinfo /Users/admin/builder/spi-builder-workspace/.derivedData/Build/Intermediates.noindex/DeviceKit.build/Debug-xros/DeviceKit-t.build/Objects-normal/arm64/DeviceKit.swiftsourceinfo (in target 'DeviceKit' from project 'DeviceKit')
    cd /Users/admin/builder/spi-builder-workspace/.dependencies/checkouts/DeviceKit
    builtin-copy -exclude .DS_Store -exclude CVS -exclude .svn -exclude .git -exclude .hg -resolve-src-symlinks -rename /Users/admin/builder/spi-builder-workspace/.derivedData/Build/Intermediates.noindex/DeviceKit.build/Debug-xros/DeviceKit-t.build/Objects-normal/arm64/DeviceKit.swiftsourceinfo /Users/admin/builder/spi-builder-workspace/.derivedData/Build/Products/Debug-xros/DeviceKit.swiftmodule/Project/arm64-apple-xros.swiftsourceinfo
SwiftExplicitDependencyGeneratePcm arm64 /Users/admin/builder/spi-builder-workspace/.derivedData/Build/Intermediates.noindex/SwiftExplicitPrecompiledModules/CYaml-DDPM52ZYA19WMWKRO480LKCKS.pcm
PruneExplicitPrecompiledModules /Users/admin/builder/spi-builder-workspace/.derivedData/Build/Intermediates.noindex/ExplicitPrecompiledModules
PruneExplicitPrecompiledModules /Users/admin/builder/spi-builder-workspace/.derivedData/SDKExplicitPrecompiledModules
PruneExplicitPrecompiledModules /Users/admin/builder/spi-builder-workspace/.derivedData/Build/Intermediates.noindex/SwiftExplicitPrecompiledModules
2026-09-19 04:03:46.472 xcodebuild[1127:6304] [MT] IDERunDestination: Supported platforms for the buildables in the current scheme is empty.
** BUILD FAILED **
The following build commands failed:
	SwiftEmitModule normal arm64 Emitting\ module\ for\ Introspect (in target 'Introspect' from project 'swiftui-introspect')
	SwiftCompile normal arm64 (in target 'Introspect' from project 'swiftui-introspect')
	Building workspace Mcrich23-Toolkit with scheme Mcrich23-Toolkit
(3 failures)
Command line invocation:
    /Applications/Xcode-27.0.0-Release.Candidate.app/Contents/Developer/usr/bin/xcodebuild -IDEClonedSourcePackagesDirPathOverride=/Users/admin/builder/spi-builder-workspace/.dependencies -resolvePackageDependencies
Resolve Package Graph
Resolved source packages:
  SwiftUIMap: https://github.com/Mcrich23/SwiftUIMap @ 1.5.10
  WrappingHStack: https://github.com/dkk/WrappingHStack @ 2.2.11
  swiftui-introspect: https://github.com/siteline/SwiftUI-Introspect @ 0.12.0
  SwiftUIX: https://github.com/SwiftUIX/SwiftUIX @ 0.3.2
  SwiftUIBackports: https://github.com/shaps80/SwiftUIBackports @ 1.7.0 (0098109)
  URLImage: https://github.com/dmytro-anokhin/url-image @ 3.1.1
  StepperView: https://github.com/badrinathvm/StepperView @ master (957ef8c)
  Kingfisher: https://github.com/onevcat/Kingfisher @ 7.12.0
  Yams: https://github.com/jpsim/Yams.git @ 5.4.0
  SFSafeSymbols: https://github.com/SFSafeSymbols/SFSafeSymbols @ 4.1.1
  LoaderUI: https://github.com/Mcrich23/LoaderUI @ master (af1151c)
  SwiftUIAlert: https://github.com/Mcrich23/SwiftUIAlert @ 1.0.4
  Mcrich23-Toolkit: /Users/admin/builder/spi-builder-workspace
  DeviceKit: https://github.com/devicekit/DeviceKit @ 4.9.0
resolved source packages: SwiftUIMap, WrappingHStack, swiftui-introspect, SwiftUIX, SwiftUIBackports, URLImage, StepperView, Kingfisher, Yams, SFSafeSymbols, LoaderUI, SwiftUIAlert, Mcrich23-Toolkit, DeviceKit
2026-09-19 04:03:59.122 xcodebuild[1559:8796] [MT] IDERunDestination: Supported platforms for the buildables in the current scheme is empty.
{
  "dependencies" : [
    {
      "identity" : "swiftuix",
      "requirement" : {
        "range" : [
          {
            "lower_bound" : "0.1.1",
            "upper_bound" : "1.0.0"
          }
        ]
      },
      "type" : "sourceControl",
      "url" : "https://github.com/SwiftUIX/SwiftUIX"
    },
    {
      "identity" : "url-image",
      "requirement" : {
        "range" : [
          {
            "lower_bound" : "3.1.0",
            "upper_bound" : "4.0.0"
          }
        ]
      },
      "type" : "sourceControl",
      "url" : "https://github.com/dmytro-anokhin/url-image"
    },
    {
      "identity" : "kingfisher",
      "requirement" : {
        "range" : [
          {
            "lower_bound" : "7.6.2",
            "upper_bound" : "8.0.0"
          }
        ]
      },
      "type" : "sourceControl",
      "url" : "https://github.com/onevcat/Kingfisher"
    },
    {
      "identity" : "swiftui-introspect",
      "requirement" : {
        "range" : [
          {
            "lower_bound" : "0.1.3",
            "upper_bound" : "1.0.0"
          }
        ]
      },
      "type" : "sourceControl",
      "url" : "https://github.com/siteline/SwiftUI-Introspect"
    },
    {
      "identity" : "loaderui",
      "requirement" : {
        "branch" : [
          "master"
        ]
      },
      "type" : "sourceControl",
      "url" : "https://github.com/Mcrich23/LoaderUI"
    },
    {
      "identity" : "swiftuimap",
      "requirement" : {
        "range" : [
          {
            "lower_bound" : "1.1.0",
            "upper_bound" : "2.0.0"
          }
        ]
      },
      "type" : "sourceControl",
      "url" : "https://github.com/Mcrich23/SwiftUIMap"
    },
    {
      "identity" : "swiftuialert",
      "requirement" : {
        "range" : [
          {
            "lower_bound" : "1.0.0",
            "upper_bound" : "2.0.0"
          }
        ]
      },
      "type" : "sourceControl",
      "url" : "https://github.com/Mcrich23/SwiftUIAlert"
    },
    {
      "identity" : "wrappinghstack",
      "requirement" : {
        "range" : [
          {
            "lower_bound" : "2.2.9",
            "upper_bound" : "3.0.0"
          }
        ]
      },
      "type" : "sourceControl",
      "url" : "https://github.com/dkk/WrappingHStack"
    },
    {
      "identity" : "stepperview",
      "requirement" : {
        "branch" : [
          "master"
        ]
      },
      "type" : "sourceControl",
      "url" : "https://github.com/badrinathvm/StepperView"
    },
    {
      "identity" : "swiftuibackports",
      "requirement" : {
        "revision" : [
          "1.7.0"
        ]
      },
      "type" : "sourceControl",
      "url" : "https://github.com/shaps80/SwiftUIBackports"
    },
    {
      "identity" : "devicekit",
      "requirement" : {
        "range" : [
          {
            "lower_bound" : "4.7.0",
            "upper_bound" : "5.0.0"
          }
        ]
      },
      "type" : "sourceControl",
      "url" : "https://github.com/devicekit/DeviceKit"
    },
    {
      "identity" : "sfsafesymbols",
      "requirement" : {
        "range" : [
          {
            "lower_bound" : "4.0.0",
            "upper_bound" : "5.0.0"
          }
        ]
      },
      "type" : "sourceControl",
      "url" : "https://github.com/SFSafeSymbols/SFSafeSymbols"
    }
  ],
  "manifest_display_name" : "Mcrich23-Toolkit",
  "name" : "Mcrich23-Toolkit",
  "path" : "/Users/admin/builder/spi-builder-workspace",
  "platforms" : [
    {
      "name" : "ios",
      "version" : "14.0"
    },
    {
      "name" : "macos",
      "version" : "11.0"
    },
    {
      "name" : "watchos",
      "version" : "7.0"
    },
    {
      "name" : "tvos",
      "version" : "14.0"
    }
  ],
  "products" : [
    {
      "name" : "Mcrich23-Toolkit",
      "targets" : [
        "Mcrich23-Toolkit"
      ],
      "type" : {
        "library" : [
          "automatic"
        ]
      }
    }
  ],
  "targets" : [
    {
      "c99name" : "Mcrich23_Toolkit",
      "module_type" : "SwiftTarget",
      "name" : "Mcrich23-Toolkit",
      "path" : "Sources/Mcrich23-Toolkit",
      "product_dependencies" : [
        "SwiftUIX",
        "Kingfisher",
        "URLImage",
        "Introspect",
        "LoaderUI",
        "SwiftUIMap",
        "SwiftUIAlert",
        "WrappingHStack",
        "StepperView",
        "SwiftUIBackports",
        "DeviceKit",
        "SFSafeSymbols"
      ],
      "product_memberships" : [
        "Mcrich23-Toolkit"
      ],
      "sources" : [
        "Data Structs.swift",
        "NetworkMonitor.swift",
        "SwiftUI/App Store Cards/Card/ExpandableCardView.swift",
        "SwiftUI/App Store Cards/HomeView.swift",
        "SwiftUI/App Store Cards/ShowActionButton.swift",
        "SwiftUI/App Store Cards/StatusProgressBar/StatusCircle.swift",
        "SwiftUI/App Store Cards/StatusProgressBar/TicketStatusProgressView.swift",
        "SwiftUI/App Store Cards/SystemMaterialView.swift",
        "SwiftUI/ContextMenu/ContextMenu.swift",
        "SwiftUI/DeviceRotationViewModifier/DeviceRotationViewModifier.swift",
        "SwiftUI/Filters/Adaptive Filter View.swift",
        "SwiftUI/Filters/Scrolling Filter View.swift",
        "SwiftUI/Filters/String Filter View.swift",
        "SwiftUI/GetTopVC.swift",
        "SwiftUI/Onboarding/FeatureCell.swift",
        "SwiftUI/Onboarding/OnboardingScreen.swift",
        "SwiftUI/Onboarding/StepperViewOnboarding.swift",
        "SwiftUI/ShareSheet/ShareSheet.swift",
        "SwiftUI/WillDissapear/WillDissapear.swift",
        "UIKit/InteractiveLinkLabel.swift",
        "UIKit/InteractiveLinkTextView.swift"
      ],
      "type" : "library"
    }
  ],
  "tools_version" : "5.5"
}
{
  "workspace" : {
    "name" : "Mcrich23-Toolkit",
    "schemes" : [
      "Backports",
      "Mcrich23-Toolkit",
      "StepperView"
    ]
  }
}
2026-09-19 04:04:00.796 xcodebuild[1567:8868] [MT] IDERunDestination: Supported platforms for the buildables in the current scheme is empty.
{
  "workspace" : {
    "name" : "Mcrich23-Toolkit",
    "schemes" : [
      "Backports",
      "Mcrich23-Toolkit",
      "StepperView"
    ]
  }
}
2026-09-19 04:04:02.259 xcodebuild[1569:8904] [MT] IDERunDestination: Supported platforms for the buildables in the current scheme is empty.
Running build ...
env DEVELOPER_DIR=/Applications/Xcode-27.0.0-Release.Candidate.app xcrun xcodebuild -IDEClonedSourcePackagesDirPathOverride=$PWD/.dependencies -skipMacroValidation -skipPackagePluginValidation -derivedDataPath $PWD/.derivedData build -scheme Mcrich23-Toolkit -destination generic/platform=xrOS
Command line invocation:
    /Applications/Xcode-27.0.0-Release.Candidate.app/Contents/Developer/usr/bin/xcodebuild -IDEClonedSourcePackagesDirPathOverride=/Users/admin/builder/spi-builder-workspace/.dependencies -skipMacroValidation -skipPackagePluginValidation -derivedDataPath /Users/admin/builder/spi-builder-workspace/.derivedData build -scheme Mcrich23-Toolkit -destination generic/platform=xrOS
Resolve Package Graph
Resolved source packages:
  Yams: https://github.com/jpsim/Yams.git @ 5.4.0
  StepperView: https://github.com/badrinathvm/StepperView @ master (957ef8c)
  WrappingHStack: https://github.com/dkk/WrappingHStack @ 2.2.11
  DeviceKit: https://github.com/devicekit/DeviceKit @ 4.9.0
  swiftui-introspect: https://github.com/siteline/SwiftUI-Introspect @ 0.12.0
  Mcrich23-Toolkit: /Users/admin/builder/spi-builder-workspace
  SwiftUIBackports: https://github.com/shaps80/SwiftUIBackports @ 1.7.0 (0098109)
  SwiftUIAlert: https://github.com/Mcrich23/SwiftUIAlert @ 1.0.4
  SwiftUIMap: https://github.com/Mcrich23/SwiftUIMap @ 1.5.10
  SwiftUIX: https://github.com/SwiftUIX/SwiftUIX @ 0.3.2
  SFSafeSymbols: https://github.com/SFSafeSymbols/SFSafeSymbols @ 4.1.1
  URLImage: https://github.com/dmytro-anokhin/url-image @ 3.1.1
  Kingfisher: https://github.com/onevcat/Kingfisher @ 7.12.0
  LoaderUI: https://github.com/Mcrich23/LoaderUI @ master (af1151c)
ComputePackagePrebuildTargetDependencyGraph
Prepare packages
CreateBuildRequest
SendProjectDescription
CreateBuildOperation
ComputeTargetDependencyGraph
note: Building targets in dependency order
note: Target dependency graph (38 targets)
    Target 'Mcrich23-Toolkit-product' in project 'Mcrich23-Toolkit'
        ➜ Explicit dependency on target 'Mcrich23-Toolkit' in project 'Mcrich23-Toolkit'
        ➜ Explicit dependency on target 'SwiftUIX-product' in project 'SwiftUIX'
        ➜ Explicit dependency on target 'Kingfisher-product' in project 'Kingfisher'
        ➜ Explicit dependency on target 'URLImage-product' in project 'URLImage'
        ➜ Explicit dependency on target 'Introspect-product' in project 'swiftui-introspect'
        ➜ Explicit dependency on target 'LoaderUI-product' in project 'LoaderUI'
        ➜ Explicit dependency on target 'SwiftUIMap-product' in project 'SwiftUIMap'
        ➜ Explicit dependency on target 'SwiftUIAlert-product' in project 'SwiftUIAlert'
        ➜ Explicit dependency on target 'WrappingHStack-product' in project 'WrappingHStack'
        ➜ Explicit dependency on target 'StepperView-product' in project 'StepperView'
        ➜ Explicit dependency on target 'SwiftUIBackports-product' in project 'SwiftUIBackports'
        ➜ Explicit dependency on target 'DeviceKit-product' in project 'DeviceKit'
        ➜ Explicit dependency on target 'SFSafeSymbols-product' in project 'SFSafeSymbols'
    Target 'Mcrich23-Toolkit' in project 'Mcrich23-Toolkit'
        ➜ Explicit dependency on target 'SwiftUIX-product' in project 'SwiftUIX'
        ➜ Explicit dependency on target 'Kingfisher-product' in project 'Kingfisher'
        ➜ Explicit dependency on target 'URLImage-product' in project 'URLImage'
        ➜ Explicit dependency on target 'Introspect-product' in project 'swiftui-introspect'
        ➜ Explicit dependency on target 'LoaderUI-product' in project 'LoaderUI'
        ➜ Explicit dependency on target 'SwiftUIMap-product' in project 'SwiftUIMap'
        ➜ Explicit dependency on target 'SwiftUIAlert-product' in project 'SwiftUIAlert'
        ➜ Explicit dependency on target 'WrappingHStack-product' in project 'WrappingHStack'
        ➜ Explicit dependency on target 'StepperView-product' in project 'StepperView'
        ➜ Explicit dependency on target 'SwiftUIBackports-product' in project 'SwiftUIBackports'
        ➜ Explicit dependency on target 'DeviceKit-product' in project 'DeviceKit'
        ➜ Explicit dependency on target 'SFSafeSymbols-product' in project 'SFSafeSymbols'
    Target 'SFSafeSymbols-product' in project 'SFSafeSymbols'
        ➜ Explicit dependency on target 'SFSafeSymbols' in project 'SFSafeSymbols'
    Target 'SFSafeSymbols' in project 'SFSafeSymbols' (no dependencies)
    Target 'DeviceKit-product' in project 'DeviceKit'
        ➜ Explicit dependency on target 'DeviceKit' in project 'DeviceKit'
    Target 'DeviceKit' in project 'DeviceKit' (no dependencies)
    Target 'SwiftUIBackports-product' in project 'SwiftUIBackports'
        ➜ Explicit dependency on target 'SwiftUIBackports' in project 'SwiftUIBackports'
    Target 'SwiftUIBackports' in project 'SwiftUIBackports' (no dependencies)
    Target 'StepperView-product' in project 'StepperView'
        ➜ Explicit dependency on target 'StepperView' in project 'StepperView'
        ➜ Explicit dependency on target 'StepperView_StepperView' in project 'StepperView'
        ➜ Explicit dependency on target 'Yams-product' in project 'Yams'
    Target 'StepperView' in project 'StepperView'
        ➜ Explicit dependency on target 'StepperView_StepperView' in project 'StepperView'
        ➜ Explicit dependency on target 'Yams-product' in project 'Yams'
    Target 'Yams-product' in project 'Yams'
        ➜ Explicit dependency on target 'Yams' in project 'Yams'
        ➜ Explicit dependency on target 'CYaml' in project 'Yams'
    Target 'Yams' in project 'Yams'
        ➜ Explicit dependency on target 'CYaml' in project 'Yams'
    Target 'CYaml' in project 'Yams' (no dependencies)
    Target 'StepperView_StepperView' in project 'StepperView' (no dependencies)
    Target 'WrappingHStack-product' in project 'WrappingHStack'
        ➜ Explicit dependency on target 'WrappingHStack' in project 'WrappingHStack'
    Target 'WrappingHStack' in project 'WrappingHStack' (no dependencies)
    Target 'SwiftUIAlert-product' in project 'SwiftUIAlert'
        ➜ Explicit dependency on target 'SwiftUIAlert' in project 'SwiftUIAlert'
        ➜ Explicit dependency on target 'SwiftUIX-product' in project 'SwiftUIX'
    Target 'SwiftUIAlert' in project 'SwiftUIAlert'
        ➜ Explicit dependency on target 'SwiftUIX-product' in project 'SwiftUIX'
    Target 'SwiftUIMap-product' in project 'SwiftUIMap'
        ➜ Explicit dependency on target 'SwiftUIMap' in project 'SwiftUIMap'
    Target 'SwiftUIMap' in project 'SwiftUIMap' (no dependencies)
    Target 'LoaderUI-product' in project 'LoaderUI'
        ➜ Explicit dependency on target 'LoaderUI' in project 'LoaderUI'
    Target 'LoaderUI' in project 'LoaderUI' (no dependencies)
    Target 'Introspect-product' in project 'swiftui-introspect'
        ➜ Explicit dependency on target 'Introspect' in project 'swiftui-introspect'
    Target 'Introspect' in project 'swiftui-introspect' (no dependencies)
    Target 'URLImage-product' in project 'URLImage'
        ➜ Explicit dependency on target 'URLImage' in project 'URLImage'
        ➜ Explicit dependency on target 'Log' in project 'URLImage'
        ➜ Explicit dependency on target 'DownloadManager' in project 'URLImage'
        ➜ Explicit dependency on target 'ImageDecoder' in project 'URLImage'
        ➜ Explicit dependency on target 'PlainDatabase' in project 'URLImage'
        ➜ Explicit dependency on target 'Model' in project 'URLImage'
        ➜ Explicit dependency on target 'FileIndex' in project 'URLImage'
    Target 'URLImage' in project 'URLImage'
        ➜ Explicit dependency on target 'Log' in project 'URLImage'
        ➜ Explicit dependency on target 'DownloadManager' in project 'URLImage'
        ➜ Explicit dependency on target 'ImageDecoder' in project 'URLImage'
        ➜ Explicit dependency on target 'PlainDatabase' in project 'URLImage'
        ➜ Explicit dependency on target 'Model' in project 'URLImage'
        ➜ Explicit dependency on target 'FileIndex' in project 'URLImage'
    Target 'FileIndex' in project 'URLImage'
        ➜ Explicit dependency on target 'PlainDatabase' in project 'URLImage'
        ➜ Explicit dependency on target 'Log' in project 'URLImage'
        ➜ Explicit dependency on target 'ImageDecoder' in project 'URLImage'
        ➜ Explicit dependency on target 'Model' in project 'URLImage'
    Target 'Model' in project 'URLImage'
        ➜ Explicit dependency on target 'ImageDecoder' in project 'URLImage'
    Target 'PlainDatabase' in project 'URLImage' (no dependencies)
    Target 'ImageDecoder' in project 'URLImage' (no dependencies)
    Target 'DownloadManager' in project 'URLImage'
        ➜ Explicit dependency on target 'Log' in project 'URLImage'
    Target 'Log' in project 'URLImage' (no dependencies)
    Target 'Kingfisher-product' in project 'Kingfisher'
        ➜ Explicit dependency on target 'Kingfisher' in project 'Kingfisher'
        ➜ Explicit dependency on target 'Kingfisher_Kingfisher' in project 'Kingfisher'
    Target 'Kingfisher' in project 'Kingfisher'
        ➜ Explicit dependency on target 'Kingfisher_Kingfisher' in project 'Kingfisher'
    Target 'Kingfisher_Kingfisher' in project 'Kingfisher' (no dependencies)
    Target 'SwiftUIX-product' in project 'SwiftUIX'
        ➜ Explicit dependency on target '_SwiftUIX' in project 'SwiftUIX'
        ➜ Explicit dependency on target 'SwiftUIX' in project 'SwiftUIX'
    Target 'SwiftUIX' in project 'SwiftUIX'
        ➜ Explicit dependency on target '_SwiftUIX' in project 'SwiftUIX'
    Target '_SwiftUIX' in project 'SwiftUIX' (no dependencies)
GatherProvisioningInputs
CreateBuildDescription
ClangStatCache /Applications/Xcode-27.0.0-Release.Candidate.app/Contents/Developer/Toolchains/XcodeDefault.xctoolchain/usr/bin/clang-stat-cache /Applications/Xcode-27.0.0-Release.Candidate.app/Contents/Developer/Platforms/XROS.platform/Developer/SDKs/XROS27.0.sdk /Users/admin/builder/spi-builder-workspace/.derivedData/SDKStatCaches.noindex/xros27.0-24M361-e829b21a6f8c9b70876ba0858053c044735bd543db762f57723cac368afd1ce4.sdkstatcache
    cd /Users/admin/builder/spi-builder-workspace/.swiftpm/xcode
    /Applications/Xcode-27.0.0-Release.Candidate.app/Contents/Developer/Toolchains/XcodeDefault.xctoolchain/usr/bin/clang-stat-cache /Applications/Xcode-27.0.0-Release.Candidate.app/Contents/Developer/Platforms/XROS.platform/Developer/SDKs/XROS27.0.sdk -o /Users/admin/builder/spi-builder-workspace/.derivedData/SDKStatCaches.noindex/xros27.0-24M361-e829b21a6f8c9b70876ba0858053c044735bd543db762f57723cac368afd1ce4.sdkstatcache
SwiftDriver _SwiftUIX normal arm64 com.apple.xcode.tools.swift.compiler (in target '_SwiftUIX' from project 'SwiftUIX')
    cd /Users/admin/builder/spi-builder-workspace/.swiftpm/xcode
    builtin-SwiftDriver -- /Applications/Xcode-27.0.0-Release.Candidate.app/Contents/Developer/Toolchains/XcodeDefault.xctoolchain/usr/bin/swiftc -parse-as-library -module-name _SwiftUIX -Onone @/Users/admin/builder/spi-builder-workspace/.derivedData/Build/Intermediates.noindex/SwiftUIX.build/Debug-xros/_SwiftUIX-t.build/Objects-normal/arm64/_SwiftUIX.SwiftFileList -DSWIFT_PACKAGE -DDEBUG -DSWIFT_MODULE_RESOURCE_BUNDLE_UNAVAILABLE -DXcode -plugin-path /Applications/Xcode-27.0.0-Release.Candidate.app/Contents/Developer/Toolchains/XcodeDefault.xctoolchain/usr/lib/swift/host/plugins/testing -enable-experimental-feature DebugDescriptionMacro -sdk /Applications/Xcode-27.0.0-Release.Candidate.app/Contents/Developer/Platforms/XROS.platform/Developer/SDKs/XROS27.0.sdk -target arm64-apple-xros1.0 -g -module-cache-path /Users/admin/builder/spi-builder-workspace/.derivedData/ModuleCache.noindex -Xfrontend -serialize-debugging-options -enable-testing -suppress-warnings -index-store-path /Users/admin/builder/spi-builder-workspace/.derivedData/Index.noindex/DataStore -Xcc -D_LIBCPP_HARDENING_MODE\=_LIBCPP_HARDENING_MODE_DEBUG -swift-version 5 -I /Users/admin/builder/spi-builder-workspace/.derivedData/Build/Products/Debug-xros -Isystem /Applications/Xcode-27.0.0-Release.Candidate.app/Contents/Developer/Platforms/XROS.platform/Developer/usr/lib -F /Users/admin/builder/spi-builder-workspace/.derivedData/Build/Products/Debug-xros -F /Applications/Xcode-27.0.0-Release.Candidate.app/Contents/Developer/Platforms/XROS.platform/Developer/Library/Frameworks -F /Applications/Xcode-27.0.0-Release.Candidate.app/Contents/Developer/Platforms/XROS.platform/Developer/SDKs/XROS27.0.sdk/Developer/Library/Frameworks -c -j10 -enable-batch-mode -incremental -Xcc -ivfsstatcache -Xcc /Users/admin/builder/spi-builder-workspace/.derivedData/SDKStatCaches.noindex/xros27.0-24M361-e829b21a6f8c9b70876ba0858053c044735bd543db762f57723cac368afd1ce4.sdkstatcache -output-file-map /Users/admin/builder/spi-builder-workspace/.derivedData/Build/Intermediates.noindex/SwiftUIX.build/Debug-xros/_SwiftUIX-t.build/Objects-normal/arm64/_SwiftUIX-OutputFileMap.json -save-temps -no-color-diagnostics -explicit-module-build -module-cache-path /Users/admin/builder/spi-builder-workspace/.derivedData/Build/Intermediates.noindex/SwiftExplicitPrecompiledModules -clang-scanner-module-cache-path /Users/admin/builder/spi-builder-workspace/.derivedData/ModuleCache.noindex -sdk-module-cache-path /Users/admin/builder/spi-builder-workspace/.derivedData/SDKExplicitPrecompiledModules -emit-dependencies -emit-module -emit-module-path /Users/admin/builder/spi-builder-workspace/.derivedData/Build/Intermediates.noindex/SwiftUIX.build/Debug-xros/_SwiftUIX-t.build/Objects-normal/arm64/_SwiftUIX.swiftmodule -serialize-diagnostics -dependency-scan-serialize-diagnostics-path /Users/admin/builder/spi-builder-workspace/.derivedData/Build/Intermediates.noindex/SwiftUIX.build/Debug-xros/_SwiftUIX-t.build/Objects-normal/arm64/_SwiftUIX-dependency-scan.dia -validate-clang-modules-once -clang-build-session-file /Users/admin/builder/spi-builder-workspace/.derivedData/ModuleCache.noindex/Session.modulevalidation -Xcc -fmodules-prune-interval\=86400 -Xcc -fmodules-prune-after\=345600 -package-name swiftuix -emit-const-values -const-gather-protocols-list /Users/admin/builder/spi-builder-workspace/.derivedData/Build/Intermediates.noindex/SwiftUIX.build/Debug-xros/_SwiftUIX-t.build/Objects-normal/arm64/_SwiftUIX_const_extract_protocols.json -Xcc -I/Users/admin/builder/spi-builder-workspace/.derivedData/Build/Products/Debug-xros/include -Xcc -I/Users/admin/builder/spi-builder-workspace/.derivedData/Build/Intermediates.noindex/SwiftUIX.build/Debug-xros/_SwiftUIX-t.build/DerivedSources-normal/arm64 -Xcc -I/Users/admin/builder/spi-builder-workspace/.derivedData/Build/Intermediates.noindex/SwiftUIX.build/Debug-xros/_SwiftUIX-t.build/DerivedSources/arm64 -Xcc -I/Users/admin/builder/spi-builder-workspace/.derivedData/Build/Intermediates.noindex/SwiftUIX.build/Debug-xros/_SwiftUIX-t.build/DerivedSources -Xcc -DSWIFT_PACKAGE -Xcc -DDEBUG\=1 -emit-objc-header -emit-objc-header-path /Users/admin/builder/spi-builder-workspace/.derivedData/Build/Intermediates.noindex/SwiftUIX.build/Debug-xros/_SwiftUIX-t.build/Objects-normal/arm64/_SwiftUIX-Swift.h -working-directory /Users/admin/builder/spi-builder-workspace/.swiftpm/xcode -experimental-emit-module-separately -disable-cmo
SwiftDriver WrappingHStack normal arm64 com.apple.xcode.tools.swift.compiler (in target 'WrappingHStack' from project 'WrappingHStack')
    cd /Users/admin/builder/spi-builder-workspace/.swiftpm/xcode
    builtin-SwiftDriver -- /Applications/Xcode-27.0.0-Release.Candidate.app/Contents/Developer/Toolchains/XcodeDefault.xctoolchain/usr/bin/swiftc -parse-as-library -module-name WrappingHStack -Onone @/Users/admin/builder/spi-builder-workspace/.derivedData/Build/Intermediates.noindex/WrappingHStack.build/Debug-xros/WrappingHStack-t.build/Objects-normal/arm64/WrappingHStack.SwiftFileList -DSWIFT_PACKAGE -DDEBUG -DSWIFT_MODULE_RESOURCE_BUNDLE_UNAVAILABLE -DXcode -plugin-path /Applications/Xcode-27.0.0-Release.Candidate.app/Contents/Developer/Toolchains/XcodeDefault.xctoolchain/usr/lib/swift/host/plugins/testing -enable-experimental-feature DebugDescriptionMacro -sdk /Applications/Xcode-27.0.0-Release.Candidate.app/Contents/Developer/Platforms/XROS.platform/Developer/SDKs/XROS27.0.sdk -target arm64-apple-xros1.0 -g -module-cache-path /Users/admin/builder/spi-builder-workspace/.derivedData/ModuleCache.noindex -Xfrontend -serialize-debugging-options -enable-testing -suppress-warnings -index-store-path /Users/admin/builder/spi-builder-workspace/.derivedData/Index.noindex/DataStore -Xcc -D_LIBCPP_HARDENING_MODE\=_LIBCPP_HARDENING_MODE_DEBUG -swift-version 5 -I /Users/admin/builder/spi-builder-workspace/.derivedData/Build/Products/Debug-xros -Isystem /Applications/Xcode-27.0.0-Release.Candidate.app/Contents/Developer/Platforms/XROS.platform/Developer/usr/lib -F /Users/admin/builder/spi-builder-workspace/.derivedData/Build/Products/Debug-xros -F /Applications/Xcode-27.0.0-Release.Candidate.app/Contents/Developer/Platforms/XROS.platform/Developer/Library/Frameworks -F /Applications/Xcode-27.0.0-Release.Candidate.app/Contents/Developer/Platforms/XROS.platform/Developer/SDKs/XROS27.0.sdk/Developer/Library/Frameworks -c -j10 -enable-batch-mode -incremental -Xcc -ivfsstatcache -Xcc /Users/admin/builder/spi-builder-workspace/.derivedData/SDKStatCaches.noindex/xros27.0-24M361-e829b21a6f8c9b70876ba0858053c044735bd543db762f57723cac368afd1ce4.sdkstatcache -output-file-map /Users/admin/builder/spi-builder-workspace/.derivedData/Build/Intermediates.noindex/WrappingHStack.build/Debug-xros/WrappingHStack-t.build/Objects-normal/arm64/WrappingHStack-OutputFileMap.json -save-temps -no-color-diagnostics -explicit-module-build -module-cache-path /Users/admin/builder/spi-builder-workspace/.derivedData/Build/Intermediates.noindex/SwiftExplicitPrecompiledModules -clang-scanner-module-cache-path /Users/admin/builder/spi-builder-workspace/.derivedData/ModuleCache.noindex -sdk-module-cache-path /Users/admin/builder/spi-builder-workspace/.derivedData/SDKExplicitPrecompiledModules -emit-dependencies -emit-module -emit-module-path /Users/admin/builder/spi-builder-workspace/.derivedData/Build/Intermediates.noindex/WrappingHStack.build/Debug-xros/WrappingHStack-t.build/Objects-normal/arm64/WrappingHStack.swiftmodule -serialize-diagnostics -dependency-scan-serialize-diagnostics-path /Users/admin/builder/spi-builder-workspace/.derivedData/Build/Intermediates.noindex/WrappingHStack.build/Debug-xros/WrappingHStack-t.build/Objects-normal/arm64/WrappingHStack-dependency-scan.dia -validate-clang-modules-once -clang-build-session-file /Users/admin/builder/spi-builder-workspace/.derivedData/ModuleCache.noindex/Session.modulevalidation -Xcc -fmodules-prune-interval\=86400 -Xcc -fmodules-prune-after\=345600 -emit-const-values -const-gather-protocols-list /Users/admin/builder/spi-builder-workspace/.derivedData/Build/Intermediates.noindex/WrappingHStack.build/Debug-xros/WrappingHStack-t.build/Objects-normal/arm64/WrappingHStack_const_extract_protocols.json -Xcc -I/Users/admin/builder/spi-builder-workspace/.derivedData/Build/Products/Debug-xros/include -Xcc -I/Users/admin/builder/spi-builder-workspace/.derivedData/Build/Intermediates.noindex/WrappingHStack.build/Debug-xros/WrappingHStack-t.build/DerivedSources-normal/arm64 -Xcc -I/Users/admin/builder/spi-builder-workspace/.derivedData/Build/Intermediates.noindex/WrappingHStack.build/Debug-xros/WrappingHStack-t.build/DerivedSources/arm64 -Xcc -I/Users/admin/builder/spi-builder-workspace/.derivedData/Build/Intermediates.noindex/WrappingHStack.build/Debug-xros/WrappingHStack-t.build/DerivedSources -Xcc -DSWIFT_PACKAGE -Xcc -DDEBUG\=1 -emit-objc-header -emit-objc-header-path /Users/admin/builder/spi-builder-workspace/.derivedData/Build/Intermediates.noindex/WrappingHStack.build/Debug-xros/WrappingHStack-t.build/Objects-normal/arm64/WrappingHStack-Swift.h -working-directory /Users/admin/builder/spi-builder-workspace/.swiftpm/xcode -experimental-emit-module-separately -disable-cmo
SwiftDriver SwiftUIMap normal arm64 com.apple.xcode.tools.swift.compiler (in target 'SwiftUIMap' from project 'SwiftUIMap')
    cd /Users/admin/builder/spi-builder-workspace/.swiftpm/xcode
    builtin-SwiftDriver -- /Applications/Xcode-27.0.0-Release.Candidate.app/Contents/Developer/Toolchains/XcodeDefault.xctoolchain/usr/bin/swiftc -parse-as-library -module-name SwiftUIMap -Onone @/Users/admin/builder/spi-builder-workspace/.derivedData/Build/Intermediates.noindex/SwiftUIMap.build/Debug-xros/SwiftUIMap-t.build/Objects-normal/arm64/SwiftUIMap.SwiftFileList -DSWIFT_PACKAGE -DDEBUG -DSWIFT_MODULE_RESOURCE_BUNDLE_UNAVAILABLE -DXcode -plugin-path /Applications/Xcode-27.0.0-Release.Candidate.app/Contents/Developer/Toolchains/XcodeDefault.xctoolchain/usr/lib/swift/host/plugins/testing -enable-experimental-feature DebugDescriptionMacro -sdk /Applications/Xcode-27.0.0-Release.Candidate.app/Contents/Developer/Platforms/XROS.platform/Developer/SDKs/XROS27.0.sdk -target arm64-apple-xros1.0 -g -module-cache-path /Users/admin/builder/spi-builder-workspace/.derivedData/ModuleCache.noindex -Xfrontend -serialize-debugging-options -enable-testing -suppress-warnings -index-store-path /Users/admin/builder/spi-builder-workspace/.derivedData/Index.noindex/DataStore -Xcc -D_LIBCPP_HARDENING_MODE\=_LIBCPP_HARDENING_MODE_DEBUG -swift-version 5 -I /Users/admin/builder/spi-builder-workspace/.derivedData/Build/Products/Debug-xros -Isystem /Applications/Xcode-27.0.0-Release.Candidate.app/Contents/Developer/Platforms/XROS.platform/Developer/usr/lib -F /Users/admin/builder/spi-builder-workspace/.derivedData/Build/Products/Debug-xros -F /Applications/Xcode-27.0.0-Release.Candidate.app/Contents/Developer/Platforms/XROS.platform/Developer/Library/Frameworks -F /Applications/Xcode-27.0.0-Release.Candidate.app/Contents/Developer/Platforms/XROS.platform/Developer/SDKs/XROS27.0.sdk/Developer/Library/Frameworks -c -j10 -enable-batch-mode -incremental -Xcc -ivfsstatcache -Xcc /Users/admin/builder/spi-builder-workspace/.derivedData/SDKStatCaches.noindex/xros27.0-24M361-e829b21a6f8c9b70876ba0858053c044735bd543db762f57723cac368afd1ce4.sdkstatcache -output-file-map /Users/admin/builder/spi-builder-workspace/.derivedData/Build/Intermediates.noindex/SwiftUIMap.build/Debug-xros/SwiftUIMap-t.build/Objects-normal/arm64/SwiftUIMap-OutputFileMap.json -save-temps -no-color-diagnostics -explicit-module-build -module-cache-path /Users/admin/builder/spi-builder-workspace/.derivedData/Build/Intermediates.noindex/SwiftExplicitPrecompiledModules -clang-scanner-module-cache-path /Users/admin/builder/spi-builder-workspace/.derivedData/ModuleCache.noindex -sdk-module-cache-path /Users/admin/builder/spi-builder-workspace/.derivedData/SDKExplicitPrecompiledModules -emit-dependencies -emit-module -emit-module-path /Users/admin/builder/spi-builder-workspace/.derivedData/Build/Intermediates.noindex/SwiftUIMap.build/Debug-xros/SwiftUIMap-t.build/Objects-normal/arm64/SwiftUIMap.swiftmodule -serialize-diagnostics -dependency-scan-serialize-diagnostics-path /Users/admin/builder/spi-builder-workspace/.derivedData/Build/Intermediates.noindex/SwiftUIMap.build/Debug-xros/SwiftUIMap-t.build/Objects-normal/arm64/SwiftUIMap-dependency-scan.dia -validate-clang-modules-once -clang-build-session-file /Users/admin/builder/spi-builder-workspace/.derivedData/ModuleCache.noindex/Session.modulevalidation -Xcc -fmodules-prune-interval\=86400 -Xcc -fmodules-prune-after\=345600 -emit-const-values -const-gather-protocols-list /Users/admin/builder/spi-builder-workspace/.derivedData/Build/Intermediates.noindex/SwiftUIMap.build/Debug-xros/SwiftUIMap-t.build/Objects-normal/arm64/SwiftUIMap_const_extract_protocols.json -Xcc -I/Users/admin/builder/spi-builder-workspace/.derivedData/Build/Products/Debug-xros/include -Xcc -I/Users/admin/builder/spi-builder-workspace/.derivedData/Build/Intermediates.noindex/SwiftUIMap.build/Debug-xros/SwiftUIMap-t.build/DerivedSources-normal/arm64 -Xcc -I/Users/admin/builder/spi-builder-workspace/.derivedData/Build/Intermediates.noindex/SwiftUIMap.build/Debug-xros/SwiftUIMap-t.build/DerivedSources/arm64 -Xcc -I/Users/admin/builder/spi-builder-workspace/.derivedData/Build/Intermediates.noindex/SwiftUIMap.build/Debug-xros/SwiftUIMap-t.build/DerivedSources -Xcc -DSWIFT_PACKAGE -Xcc -DDEBUG\=1 -emit-objc-header -emit-objc-header-path /Users/admin/builder/spi-builder-workspace/.derivedData/Build/Intermediates.noindex/SwiftUIMap.build/Debug-xros/SwiftUIMap-t.build/Objects-normal/arm64/SwiftUIMap-Swift.h -working-directory /Users/admin/builder/spi-builder-workspace/.swiftpm/xcode -experimental-emit-module-separately -disable-cmo
SwiftDriver SwiftUIBackports normal arm64 com.apple.xcode.tools.swift.compiler (in target 'SwiftUIBackports' from project 'SwiftUIBackports')
    cd /Users/admin/builder/spi-builder-workspace/.swiftpm/xcode
    builtin-SwiftDriver -- /Applications/Xcode-27.0.0-Release.Candidate.app/Contents/Developer/Toolchains/XcodeDefault.xctoolchain/usr/bin/swiftc -parse-as-library -module-name SwiftUIBackports -Onone @/Users/admin/builder/spi-builder-workspace/.derivedData/Build/Intermediates.noindex/SwiftUIBackports.build/Debug-xros/SwiftUIBackports-t.build/Objects-normal/arm64/SwiftUIBackports.SwiftFileList -DSWIFT_PACKAGE -DDEBUG -DSWIFT_MODULE_RESOURCE_BUNDLE_UNAVAILABLE -DXcode -plugin-path /Applications/Xcode-27.0.0-Release.Candidate.app/Contents/Developer/Toolchains/XcodeDefault.xctoolchain/usr/lib/swift/host/plugins/testing -enable-experimental-feature DebugDescriptionMacro -sdk /Applications/Xcode-27.0.0-Release.Candidate.app/Contents/Developer/Platforms/XROS.platform/Developer/SDKs/XROS27.0.sdk -target arm64-apple-xros1.0 -g -module-cache-path /Users/admin/builder/spi-builder-workspace/.derivedData/ModuleCache.noindex -Xfrontend -serialize-debugging-options -enable-testing -suppress-warnings -index-store-path /Users/admin/builder/spi-builder-workspace/.derivedData/Index.noindex/DataStore -Xcc -D_LIBCPP_HARDENING_MODE\=_LIBCPP_HARDENING_MODE_DEBUG -swift-version 5 -I /Users/admin/builder/spi-builder-workspace/.derivedData/Build/Products/Debug-xros -Isystem /Applications/Xcode-27.0.0-Release.Candidate.app/Contents/Developer/Platforms/XROS.platform/Developer/usr/lib -F /Users/admin/builder/spi-builder-workspace/.derivedData/Build/Products/Debug-xros -F /Applications/Xcode-27.0.0-Release.Candidate.app/Contents/Developer/Platforms/XROS.platform/Developer/Library/Frameworks -F /Applications/Xcode-27.0.0-Release.Candidate.app/Contents/Developer/Platforms/XROS.platform/Developer/SDKs/XROS27.0.sdk/Developer/Library/Frameworks -c -j10 -enable-batch-mode -incremental -Xcc -ivfsstatcache -Xcc /Users/admin/builder/spi-builder-workspace/.derivedData/SDKStatCaches.noindex/xros27.0-24M361-e829b21a6f8c9b70876ba0858053c044735bd543db762f57723cac368afd1ce4.sdkstatcache -output-file-map /Users/admin/builder/spi-builder-workspace/.derivedData/Build/Intermediates.noindex/SwiftUIBackports.build/Debug-xros/SwiftUIBackports-t.build/Objects-normal/arm64/SwiftUIBackports-OutputFileMap.json -save-temps -no-color-diagnostics -explicit-module-build -module-cache-path /Users/admin/builder/spi-builder-workspace/.derivedData/Build/Intermediates.noindex/SwiftExplicitPrecompiledModules -clang-scanner-module-cache-path /Users/admin/builder/spi-builder-workspace/.derivedData/ModuleCache.noindex -sdk-module-cache-path /Users/admin/builder/spi-builder-workspace/.derivedData/SDKExplicitPrecompiledModules -emit-dependencies -emit-module -emit-module-path /Users/admin/builder/spi-builder-workspace/.derivedData/Build/Intermediates.noindex/SwiftUIBackports.build/Debug-xros/SwiftUIBackports-t.build/Objects-normal/arm64/SwiftUIBackports.swiftmodule -serialize-diagnostics -dependency-scan-serialize-diagnostics-path /Users/admin/builder/spi-builder-workspace/.derivedData/Build/Intermediates.noindex/SwiftUIBackports.build/Debug-xros/SwiftUIBackports-t.build/Objects-normal/arm64/SwiftUIBackports-dependency-scan.dia -validate-clang-modules-once -clang-build-session-file /Users/admin/builder/spi-builder-workspace/.derivedData/ModuleCache.noindex/Session.modulevalidation -Xcc -fmodules-prune-interval\=86400 -Xcc -fmodules-prune-after\=345600 -emit-const-values -const-gather-protocols-list /Users/admin/builder/spi-builder-workspace/.derivedData/Build/Intermediates.noindex/SwiftUIBackports.build/Debug-xros/SwiftUIBackports-t.build/Objects-normal/arm64/SwiftUIBackports_const_extract_protocols.json -Xcc -I/Users/admin/builder/spi-builder-workspace/.derivedData/Build/Products/Debug-xros/include -Xcc -I/Users/admin/builder/spi-builder-workspace/.derivedData/Build/Intermediates.noindex/SwiftUIBackports.build/Debug-xros/SwiftUIBackports-t.build/DerivedSources-normal/arm64 -Xcc -I/Users/admin/builder/spi-builder-workspace/.derivedData/Build/Intermediates.noindex/SwiftUIBackports.build/Debug-xros/SwiftUIBackports-t.build/DerivedSources/arm64 -Xcc -I/Users/admin/builder/spi-builder-workspace/.derivedData/Build/Intermediates.noindex/SwiftUIBackports.build/Debug-xros/SwiftUIBackports-t.build/DerivedSources -Xcc -DSWIFT_PACKAGE -Xcc -DDEBUG\=1 -emit-objc-header -emit-objc-header-path /Users/admin/builder/spi-builder-workspace/.derivedData/Build/Intermediates.noindex/SwiftUIBackports.build/Debug-xros/SwiftUIBackports-t.build/Objects-normal/arm64/SwiftUIBackports-Swift.h -working-directory /Users/admin/builder/spi-builder-workspace/.swiftpm/xcode -experimental-emit-module-separately -disable-cmo
SwiftDriver StepperView normal arm64 com.apple.xcode.tools.swift.compiler (in target 'StepperView' from project 'StepperView')
    cd /Users/admin/builder/spi-builder-workspace/.swiftpm/xcode
    builtin-SwiftDriver -- /Applications/Xcode-27.0.0-Release.Candidate.app/Contents/Developer/Toolchains/XcodeDefault.xctoolchain/usr/bin/swiftc -parse-as-library -module-name StepperView -Onone @/Users/admin/builder/spi-builder-workspace/.derivedData/Build/Intermediates.noindex/StepperView.build/Debug-xros/StepperView-t.build/Objects-normal/arm64/StepperView.SwiftFileList -DSWIFT_PACKAGE -DDEBUG -DSWIFT_MODULE_RESOURCE_BUNDLE_AVAILABLE -Xcc -fmodule-map-file\=/Users/admin/builder/spi-builder-workspace/.dependencies/checkouts/Yams/Sources/CYaml/include/module.modulemap -DXcode -plugin-path /Applications/Xcode-27.0.0-Release.Candidate.app/Contents/Developer/Toolchains/XcodeDefault.xctoolchain/usr/lib/swift/host/plugins/testing -enable-experimental-feature DebugDescriptionMacro -sdk /Applications/Xcode-27.0.0-Release.Candidate.app/Contents/Developer/Platforms/XROS.platform/Developer/SDKs/XROS27.0.sdk -target arm64-apple-xros1.0 -g -module-cache-path /Users/admin/builder/spi-builder-workspace/.derivedData/ModuleCache.noindex -Xfrontend -serialize-debugging-options -enable-testing -suppress-warnings -index-store-path /Users/admin/builder/spi-builder-workspace/.derivedData/Index.noindex/DataStore -Xcc -D_LIBCPP_HARDENING_MODE\=_LIBCPP_HARDENING_MODE_DEBUG -swift-version 5 -I /Users/admin/builder/spi-builder-workspace/.derivedData/Build/Products/Debug-xros -Isystem /Applications/Xcode-27.0.0-Release.Candidate.app/Contents/Developer/Platforms/XROS.platform/Developer/usr/lib -F /Users/admin/builder/spi-builder-workspace/.derivedData/Build/Products/Debug-xros/PackageFrameworks -F /Users/admin/builder/spi-builder-workspace/.derivedData/Build/Products/Debug-xros -F /Applications/Xcode-27.0.0-Release.Candidate.app/Contents/Developer/Platforms/XROS.platform/Developer/Library/Frameworks -F /Applications/Xcode-27.0.0-Release.Candidate.app/Contents/Developer/Platforms/XROS.platform/Developer/SDKs/XROS27.0.sdk/Developer/Library/Frameworks -c -j10 -enable-batch-mode -incremental -Xcc -ivfsstatcache -Xcc /Users/admin/builder/spi-builder-workspace/.derivedData/SDKStatCaches.noindex/xros27.0-24M361-e829b21a6f8c9b70876ba0858053c044735bd543db762f57723cac368afd1ce4.sdkstatcache -output-file-map /Users/admin/builder/spi-builder-workspace/.derivedData/Build/Intermediates.noindex/StepperView.build/Debug-xros/StepperView-t.build/Objects-normal/arm64/StepperView-OutputFileMap.json -save-temps -no-color-diagnostics -explicit-module-build -module-cache-path /Users/admin/builder/spi-builder-workspace/.derivedData/Build/Intermediates.noindex/SwiftExplicitPrecompiledModules -clang-scanner-module-cache-path /Users/admin/builder/spi-builder-workspace/.derivedData/ModuleCache.noindex -sdk-module-cache-path /Users/admin/builder/spi-builder-workspace/.derivedData/SDKExplicitPrecompiledModules -emit-dependencies -emit-module -emit-module-path /Users/admin/builder/spi-builder-workspace/.derivedData/Build/Intermediates.noindex/StepperView.build/Debug-xros/StepperView-t.build/Objects-normal/arm64/StepperView.swiftmodule -serialize-diagnostics -dependency-scan-serialize-diagnostics-path /Users/admin/builder/spi-builder-workspace/.derivedData/Build/Intermediates.noindex/StepperView.build/Debug-xros/StepperView-t.build/Objects-normal/arm64/StepperView-dependency-scan.dia -validate-clang-modules-once -clang-build-session-file /Users/admin/builder/spi-builder-workspace/.derivedData/ModuleCache.noindex/Session.modulevalidation -Xcc -fmodules-prune-interval\=86400 -Xcc -fmodules-prune-after\=345600 -package-name stepperview -emit-const-values -const-gather-protocols-list /Users/admin/builder/spi-builder-workspace/.derivedData/Build/Intermediates.noindex/StepperView.build/Debug-xros/StepperView-t.build/Objects-normal/arm64/StepperView_const_extract_protocols.json -Xcc -I/Users/admin/builder/spi-builder-workspace/.dependencies/checkouts/Yams/Sources/CYaml/include -Xcc -I/Users/admin/builder/spi-builder-workspace/.derivedData/Build/Products/Debug-xros/include -Xcc -I/Users/admin/builder/spi-builder-workspace/.derivedData/Build/Intermediates.noindex/StepperView.build/Debug-xros/StepperView-t.build/DerivedSources-normal/arm64 -Xcc -I/Users/admin/builder/spi-builder-workspace/.derivedData/Build/Intermediates.noindex/StepperView.build/Debug-xros/StepperView-t.build/DerivedSources/arm64 -Xcc -I/Users/admin/builder/spi-builder-workspace/.derivedData/Build/Intermediates.noindex/StepperView.build/Debug-xros/StepperView-t.build/DerivedSources -Xcc -DSWIFT_PACKAGE -Xcc -DDEBUG\=1 -emit-objc-header -emit-objc-header-path /Users/admin/builder/spi-builder-workspace/.derivedData/Build/Intermediates.noindex/StepperView.build/Debug-xros/StepperView-t.build/Objects-normal/arm64/StepperView-Swift.h -working-directory /Users/admin/builder/spi-builder-workspace/.swiftpm/xcode -experimental-emit-module-separately -disable-cmo
SwiftDriver SFSafeSymbols normal arm64 com.apple.xcode.tools.swift.compiler (in target 'SFSafeSymbols' from project 'SFSafeSymbols')
    cd /Users/admin/builder/spi-builder-workspace/.swiftpm/xcode
    builtin-SwiftDriver -- /Applications/Xcode-27.0.0-Release.Candidate.app/Contents/Developer/Toolchains/XcodeDefault.xctoolchain/usr/bin/swiftc -parse-as-library -module-name SFSafeSymbols -Onone @/Users/admin/builder/spi-builder-workspace/.derivedData/Build/Intermediates.noindex/SFSafeSymbols.build/Debug-xros/SFSafeSymbols-t.build/Objects-normal/arm64/SFSafeSymbols.SwiftFileList -DSWIFT_PACKAGE -DDEBUG -DSWIFT_MODULE_RESOURCE_BUNDLE_UNAVAILABLE -DXcode -plugin-path /Applications/Xcode-27.0.0-Release.Candidate.app/Contents/Developer/Toolchains/XcodeDefault.xctoolchain/usr/lib/swift/host/plugins/testing -enable-experimental-feature DebugDescriptionMacro -sdk /Applications/Xcode-27.0.0-Release.Candidate.app/Contents/Developer/Platforms/XROS.platform/Developer/SDKs/XROS27.0.sdk -target arm64-apple-xros1.0 -g -module-cache-path /Users/admin/builder/spi-builder-workspace/.derivedData/ModuleCache.noindex -Xfrontend -serialize-debugging-options -enable-testing -suppress-warnings -index-store-path /Users/admin/builder/spi-builder-workspace/.derivedData/Index.noindex/DataStore -Xcc -D_LIBCPP_HARDENING_MODE\=_LIBCPP_HARDENING_MODE_DEBUG -swift-version 5 -I /Users/admin/builder/spi-builder-workspace/.derivedData/Build/Products/Debug-xros -Isystem /Applications/Xcode-27.0.0-Release.Candidate.app/Contents/Developer/Platforms/XROS.platform/Developer/usr/lib -F /Users/admin/builder/spi-builder-workspace/.derivedData/Build/Products/Debug-xros -F /Applications/Xcode-27.0.0-Release.Candidate.app/Contents/Developer/Platforms/XROS.platform/Developer/Library/Frameworks -F /Applications/Xcode-27.0.0-Release.Candidate.app/Contents/Developer/Platforms/XROS.platform/Developer/SDKs/XROS27.0.sdk/Developer/Library/Frameworks -c -j10 -enable-batch-mode -incremental -Xcc -ivfsstatcache -Xcc /Users/admin/builder/spi-builder-workspace/.derivedData/SDKStatCaches.noindex/xros27.0-24M361-e829b21a6f8c9b70876ba0858053c044735bd543db762f57723cac368afd1ce4.sdkstatcache -output-file-map /Users/admin/builder/spi-builder-workspace/.derivedData/Build/Intermediates.noindex/SFSafeSymbols.build/Debug-xros/SFSafeSymbols-t.build/Objects-normal/arm64/SFSafeSymbols-OutputFileMap.json -save-temps -no-color-diagnostics -explicit-module-build -module-cache-path /Users/admin/builder/spi-builder-workspace/.derivedData/Build/Intermediates.noindex/SwiftExplicitPrecompiledModules -clang-scanner-module-cache-path /Users/admin/builder/spi-builder-workspace/.derivedData/ModuleCache.noindex -sdk-module-cache-path /Users/admin/builder/spi-builder-workspace/.derivedData/SDKExplicitPrecompiledModules -emit-dependencies -emit-module -emit-module-path /Users/admin/builder/spi-builder-workspace/.derivedData/Build/Intermediates.noindex/SFSafeSymbols.build/Debug-xros/SFSafeSymbols-t.build/Objects-normal/arm64/SFSafeSymbols.swiftmodule -serialize-diagnostics -dependency-scan-serialize-diagnostics-path /Users/admin/builder/spi-builder-workspace/.derivedData/Build/Intermediates.noindex/SFSafeSymbols.build/Debug-xros/SFSafeSymbols-t.build/Objects-normal/arm64/SFSafeSymbols-dependency-scan.dia -validate-clang-modules-once -clang-build-session-file /Users/admin/builder/spi-builder-workspace/.derivedData/ModuleCache.noindex/Session.modulevalidation -Xcc -fmodules-prune-interval\=86400 -Xcc -fmodules-prune-after\=345600 -emit-const-values -const-gather-protocols-list /Users/admin/builder/spi-builder-workspace/.derivedData/Build/Intermediates.noindex/SFSafeSymbols.build/Debug-xros/SFSafeSymbols-t.build/Objects-normal/arm64/SFSafeSymbols_const_extract_protocols.json -Xcc -I/Users/admin/builder/spi-builder-workspace/.derivedData/Build/Products/Debug-xros/include -Xcc -I/Users/admin/builder/spi-builder-workspace/.derivedData/Build/Intermediates.noindex/SFSafeSymbols.build/Debug-xros/SFSafeSymbols-t.build/DerivedSources-normal/arm64 -Xcc -I/Users/admin/builder/spi-builder-workspace/.derivedData/Build/Intermediates.noindex/SFSafeSymbols.build/Debug-xros/SFSafeSymbols-t.build/DerivedSources/arm64 -Xcc -I/Users/admin/builder/spi-builder-workspace/.derivedData/Build/Intermediates.noindex/SFSafeSymbols.build/Debug-xros/SFSafeSymbols-t.build/DerivedSources -Xcc -DSWIFT_PACKAGE -Xcc -DDEBUG\=1 -emit-objc-header -emit-objc-header-path /Users/admin/builder/spi-builder-workspace/.derivedData/Build/Intermediates.noindex/SFSafeSymbols.build/Debug-xros/SFSafeSymbols-t.build/Objects-normal/arm64/SFSafeSymbols-Swift.h -working-directory /Users/admin/builder/spi-builder-workspace/.swiftpm/xcode -experimental-emit-module-separately -disable-cmo
SwiftDriver Log normal arm64 com.apple.xcode.tools.swift.compiler (in target 'Log' from project 'URLImage')
    cd /Users/admin/builder/spi-builder-workspace/.swiftpm/xcode
    builtin-SwiftDriver -- /Applications/Xcode-27.0.0-Release.Candidate.app/Contents/Developer/Toolchains/XcodeDefault.xctoolchain/usr/bin/swiftc -parse-as-library -module-name Log -Onone @/Users/admin/builder/spi-builder-workspace/.derivedData/Build/Intermediates.noindex/URLImage.build/Debug-xros/Log-t.build/Objects-normal/arm64/Log.SwiftFileList -DSWIFT_PACKAGE -DDEBUG -DSWIFT_MODULE_RESOURCE_BUNDLE_UNAVAILABLE -DXcode -plugin-path /Applications/Xcode-27.0.0-Release.Candidate.app/Contents/Developer/Toolchains/XcodeDefault.xctoolchain/usr/lib/swift/host/plugins/testing -enable-experimental-feature DebugDescriptionMacro -sdk /Applications/Xcode-27.0.0-Release.Candidate.app/Contents/Developer/Platforms/XROS.platform/Developer/SDKs/XROS27.0.sdk -target arm64-apple-xros1.0 -g -module-cache-path /Users/admin/builder/spi-builder-workspace/.derivedData/ModuleCache.noindex -Xfrontend -serialize-debugging-options -enable-testing -suppress-warnings -index-store-path /Users/admin/builder/spi-builder-workspace/.derivedData/Index.noindex/DataStore -Xcc -D_LIBCPP_HARDENING_MODE\=_LIBCPP_HARDENING_MODE_DEBUG -swift-version 5 -I /Users/admin/builder/spi-builder-workspace/.derivedData/Build/Products/Debug-xros -Isystem /Applications/Xcode-27.0.0-Release.Candidate.app/Contents/Developer/Platforms/XROS.platform/Developer/usr/lib -F /Users/admin/builder/spi-builder-workspace/.derivedData/Build/Products/Debug-xros -F /Applications/Xcode-27.0.0-Release.Candidate.app/Contents/Developer/Platforms/XROS.platform/Developer/Library/Frameworks -F /Applications/Xcode-27.0.0-Release.Candidate.app/Contents/Developer/Platforms/XROS.platform/Developer/SDKs/XROS27.0.sdk/Developer/Library/Frameworks -c -j10 -enable-batch-mode -incremental -Xcc -ivfsstatcache -Xcc /Users/admin/builder/spi-builder-workspace/.derivedData/SDKStatCaches.noindex/xros27.0-24M361-e829b21a6f8c9b70876ba0858053c044735bd543db762f57723cac368afd1ce4.sdkstatcache -output-file-map /Users/admin/builder/spi-builder-workspace/.derivedData/Build/Intermediates.noindex/URLImage.build/Debug-xros/Log-t.build/Objects-normal/arm64/Log-OutputFileMap.json -save-temps -no-color-diagnostics -explicit-module-build -module-cache-path /Users/admin/builder/spi-builder-workspace/.derivedData/Build/Intermediates.noindex/SwiftExplicitPrecompiledModules -clang-scanner-module-cache-path /Users/admin/builder/spi-builder-workspace/.derivedData/ModuleCache.noindex -sdk-module-cache-path /Users/admin/builder/spi-builder-workspace/.derivedData/SDKExplicitPrecompiledModules -emit-dependencies -emit-module -emit-module-path /Users/admin/builder/spi-builder-workspace/.derivedData/Build/Intermediates.noindex/URLImage.build/Debug-xros/Log-t.build/Objects-normal/arm64/Log.swiftmodule -serialize-diagnostics -dependency-scan-serialize-diagnostics-path /Users/admin/builder/spi-builder-workspace/.derivedData/Build/Intermediates.noindex/URLImage.build/Debug-xros/Log-t.build/Objects-normal/arm64/Log-dependency-scan.dia -validate-clang-modules-once -clang-build-session-file /Users/admin/builder/spi-builder-workspace/.derivedData/ModuleCache.noindex/Session.modulevalidation -Xcc -fmodules-prune-interval\=86400 -Xcc -fmodules-prune-after\=345600 -emit-const-values -const-gather-protocols-list /Users/admin/builder/spi-builder-workspace/.derivedData/Build/Intermediates.noindex/URLImage.build/Debug-xros/Log-t.build/Objects-normal/arm64/Log_const_extract_protocols.json -Xcc -I/Users/admin/builder/spi-builder-workspace/.derivedData/Build/Products/Debug-xros/include -Xcc -I/Users/admin/builder/spi-builder-workspace/.derivedData/Build/Intermediates.noindex/URLImage.build/Debug-xros/Log-t.build/DerivedSources-normal/arm64 -Xcc -I/Users/admin/builder/spi-builder-workspace/.derivedData/Build/Intermediates.noindex/URLImage.build/Debug-xros/Log-t.build/DerivedSources/arm64 -Xcc -I/Users/admin/builder/spi-builder-workspace/.derivedData/Build/Intermediates.noindex/URLImage.build/Debug-xros/Log-t.build/DerivedSources -Xcc -DSWIFT_PACKAGE -Xcc -DDEBUG\=1 -emit-objc-header -emit-objc-header-path /Users/admin/builder/spi-builder-workspace/.derivedData/Build/Intermediates.noindex/URLImage.build/Debug-xros/Log-t.build/Objects-normal/arm64/Log-Swift.h -working-directory /Users/admin/builder/spi-builder-workspace/.swiftpm/xcode -experimental-emit-module-separately -disable-cmo
SwiftDriver LoaderUI normal arm64 com.apple.xcode.tools.swift.compiler (in target 'LoaderUI' from project 'LoaderUI')
    cd /Users/admin/builder/spi-builder-workspace/.swiftpm/xcode
    builtin-SwiftDriver -- /Applications/Xcode-27.0.0-Release.Candidate.app/Contents/Developer/Toolchains/XcodeDefault.xctoolchain/usr/bin/swiftc -parse-as-library -module-name LoaderUI -Onone @/Users/admin/builder/spi-builder-workspace/.derivedData/Build/Intermediates.noindex/LoaderUI.build/Debug-xros/LoaderUI-t.build/Objects-normal/arm64/LoaderUI.SwiftFileList -DSWIFT_PACKAGE -DDEBUG -DSWIFT_MODULE_RESOURCE_BUNDLE_UNAVAILABLE -DXcode -plugin-path /Applications/Xcode-27.0.0-Release.Candidate.app/Contents/Developer/Toolchains/XcodeDefault.xctoolchain/usr/lib/swift/host/plugins/testing -enable-experimental-feature DebugDescriptionMacro -sdk /Applications/Xcode-27.0.0-Release.Candidate.app/Contents/Developer/Platforms/XROS.platform/Developer/SDKs/XROS27.0.sdk -target arm64-apple-xros1.0 -g -module-cache-path /Users/admin/builder/spi-builder-workspace/.derivedData/ModuleCache.noindex -Xfrontend -serialize-debugging-options -enable-testing -suppress-warnings -index-store-path /Users/admin/builder/spi-builder-workspace/.derivedData/Index.noindex/DataStore -Xcc -D_LIBCPP_HARDENING_MODE\=_LIBCPP_HARDENING_MODE_DEBUG -swift-version 5 -I /Users/admin/builder/spi-builder-workspace/.derivedData/Build/Products/Debug-xros -Isystem /Applications/Xcode-27.0.0-Release.Candidate.app/Contents/Developer/Platforms/XROS.platform/Developer/usr/lib -F /Users/admin/builder/spi-builder-workspace/.derivedData/Build/Products/Debug-xros -F /Applications/Xcode-27.0.0-Release.Candidate.app/Contents/Developer/Platforms/XROS.platform/Developer/Library/Frameworks -F /Applications/Xcode-27.0.0-Release.Candidate.app/Contents/Developer/Platforms/XROS.platform/Developer/SDKs/XROS27.0.sdk/Developer/Library/Frameworks -c -j10 -enable-batch-mode -incremental -Xcc -ivfsstatcache -Xcc /Users/admin/builder/spi-builder-workspace/.derivedData/SDKStatCaches.noindex/xros27.0-24M361-e829b21a6f8c9b70876ba0858053c044735bd543db762f57723cac368afd1ce4.sdkstatcache -output-file-map /Users/admin/builder/spi-builder-workspace/.derivedData/Build/Intermediates.noindex/LoaderUI.build/Debug-xros/LoaderUI-t.build/Objects-normal/arm64/LoaderUI-OutputFileMap.json -save-temps -no-color-diagnostics -explicit-module-build -module-cache-path /Users/admin/builder/spi-builder-workspace/.derivedData/Build/Intermediates.noindex/SwiftExplicitPrecompiledModules -clang-scanner-module-cache-path /Users/admin/builder/spi-builder-workspace/.derivedData/ModuleCache.noindex -sdk-module-cache-path /Users/admin/builder/spi-builder-workspace/.derivedData/SDKExplicitPrecompiledModules -emit-dependencies -emit-module -emit-module-path /Users/admin/builder/spi-builder-workspace/.derivedData/Build/Intermediates.noindex/LoaderUI.build/Debug-xros/LoaderUI-t.build/Objects-normal/arm64/LoaderUI.swiftmodule -serialize-diagnostics -dependency-scan-serialize-diagnostics-path /Users/admin/builder/spi-builder-workspace/.derivedData/Build/Intermediates.noindex/LoaderUI.build/Debug-xros/LoaderUI-t.build/Objects-normal/arm64/LoaderUI-dependency-scan.dia -validate-clang-modules-once -clang-build-session-file /Users/admin/builder/spi-builder-workspace/.derivedData/ModuleCache.noindex/Session.modulevalidation -Xcc -fmodules-prune-interval\=86400 -Xcc -fmodules-prune-after\=345600 -emit-const-values -const-gather-protocols-list /Users/admin/builder/spi-builder-workspace/.derivedData/Build/Intermediates.noindex/LoaderUI.build/Debug-xros/LoaderUI-t.build/Objects-normal/arm64/LoaderUI_const_extract_protocols.json -Xcc -I/Users/admin/builder/spi-builder-workspace/.derivedData/Build/Products/Debug-xros/include -Xcc -I/Users/admin/builder/spi-builder-workspace/.derivedData/Build/Intermediates.noindex/LoaderUI.build/Debug-xros/LoaderUI-t.build/DerivedSources-normal/arm64 -Xcc -I/Users/admin/builder/spi-builder-workspace/.derivedData/Build/Intermediates.noindex/LoaderUI.build/Debug-xros/LoaderUI-t.build/DerivedSources/arm64 -Xcc -I/Users/admin/builder/spi-builder-workspace/.derivedData/Build/Intermediates.noindex/LoaderUI.build/Debug-xros/LoaderUI-t.build/DerivedSources -Xcc -DSWIFT_PACKAGE -Xcc -DDEBUG\=1 -emit-objc-header -emit-objc-header-path /Users/admin/builder/spi-builder-workspace/.derivedData/Build/Intermediates.noindex/LoaderUI.build/Debug-xros/LoaderUI-t.build/Objects-normal/arm64/LoaderUI-Swift.h -working-directory /Users/admin/builder/spi-builder-workspace/.swiftpm/xcode -experimental-emit-module-separately -disable-cmo
SwiftDriver Kingfisher normal arm64 com.apple.xcode.tools.swift.compiler (in target 'Kingfisher' from project 'Kingfisher')
    cd /Users/admin/builder/spi-builder-workspace/.swiftpm/xcode
    builtin-SwiftDriver -- /Applications/Xcode-27.0.0-Release.Candidate.app/Contents/Developer/Toolchains/XcodeDefault.xctoolchain/usr/bin/swiftc -parse-as-library -module-name Kingfisher -Onone @/Users/admin/builder/spi-builder-workspace/.derivedData/Build/Intermediates.noindex/Kingfisher.build/Debug-xros/Kingfisher-t.build/Objects-normal/arm64/Kingfisher.SwiftFileList -DSWIFT_PACKAGE -DDEBUG -DSWIFT_MODULE_RESOURCE_BUNDLE_AVAILABLE -DXcode -plugin-path /Applications/Xcode-27.0.0-Release.Candidate.app/Contents/Developer/Toolchains/XcodeDefault.xctoolchain/usr/lib/swift/host/plugins/testing -enable-experimental-feature DebugDescriptionMacro -sdk /Applications/Xcode-27.0.0-Release.Candidate.app/Contents/Developer/Platforms/XROS.platform/Developer/SDKs/XROS27.0.sdk -target arm64-apple-xros1.0 -g -module-cache-path /Users/admin/builder/spi-builder-workspace/.derivedData/ModuleCache.noindex -Xfrontend -serialize-debugging-options -enable-testing -suppress-warnings -index-store-path /Users/admin/builder/spi-builder-workspace/.derivedData/Index.noindex/DataStore -Xcc -D_LIBCPP_HARDENING_MODE\=_LIBCPP_HARDENING_MODE_DEBUG -swift-version 5 -I /Users/admin/builder/spi-builder-workspace/.derivedData/Build/Products/Debug-xros -Isystem /Applications/Xcode-27.0.0-Release.Candidate.app/Contents/Developer/Platforms/XROS.platform/Developer/usr/lib -F /Users/admin/builder/spi-builder-workspace/.derivedData/Build/Products/Debug-xros -F /Applications/Xcode-27.0.0-Release.Candidate.app/Contents/Developer/Platforms/XROS.platform/Developer/Library/Frameworks -F /Applications/Xcode-27.0.0-Release.Candidate.app/Contents/Developer/Platforms/XROS.platform/Developer/SDKs/XROS27.0.sdk/Developer/Library/Frameworks -c -j10 -enable-batch-mode -incremental -Xcc -ivfsstatcache -Xcc /Users/admin/builder/spi-builder-workspace/.derivedData/SDKStatCaches.noindex/xros27.0-24M361-e829b21a6f8c9b70876ba0858053c044735bd543db762f57723cac368afd1ce4.sdkstatcache -output-file-map /Users/admin/builder/spi-builder-workspace/.derivedData/Build/Intermediates.noindex/Kingfisher.build/Debug-xros/Kingfisher-t.build/Objects-normal/arm64/Kingfisher-OutputFileMap.json -save-temps -no-color-diagnostics -explicit-module-build -module-cache-path /Users/admin/builder/spi-builder-workspace/.derivedData/Build/Intermediates.noindex/SwiftExplicitPrecompiledModules -clang-scanner-module-cache-path /Users/admin/builder/spi-builder-workspace/.derivedData/ModuleCache.noindex -sdk-module-cache-path /Users/admin/builder/spi-builder-workspace/.derivedData/SDKExplicitPrecompiledModules -emit-dependencies -emit-module -emit-module-path /Users/admin/builder/spi-builder-workspace/.derivedData/Build/Intermediates.noindex/Kingfisher.build/Debug-xros/Kingfisher-t.build/Objects-normal/arm64/Kingfisher.swiftmodule -serialize-diagnostics -dependency-scan-serialize-diagnostics-path /Users/admin/builder/spi-builder-workspace/.derivedData/Build/Intermediates.noindex/Kingfisher.build/Debug-xros/Kingfisher-t.build/Objects-normal/arm64/Kingfisher-dependency-scan.dia -validate-clang-modules-once -clang-build-session-file /Users/admin/builder/spi-builder-workspace/.derivedData/ModuleCache.noindex/Session.modulevalidation -Xcc -fmodules-prune-interval\=86400 -Xcc -fmodules-prune-after\=345600 -package-name kingfisher -emit-const-values -const-gather-protocols-list /Users/admin/builder/spi-builder-workspace/.derivedData/Build/Intermediates.noindex/Kingfisher.build/Debug-xros/Kingfisher-t.build/Objects-normal/arm64/Kingfisher_const_extract_protocols.json -Xcc -I/Users/admin/builder/spi-builder-workspace/.derivedData/Build/Products/Debug-xros/include -Xcc -I/Users/admin/builder/spi-builder-workspace/.derivedData/Build/Intermediates.noindex/Kingfisher.build/Debug-xros/Kingfisher-t.build/DerivedSources-normal/arm64 -Xcc -I/Users/admin/builder/spi-builder-workspace/.derivedData/Build/Intermediates.noindex/Kingfisher.build/Debug-xros/Kingfisher-t.build/DerivedSources/arm64 -Xcc -I/Users/admin/builder/spi-builder-workspace/.derivedData/Build/Intermediates.noindex/Kingfisher.build/Debug-xros/Kingfisher-t.build/DerivedSources -Xcc -DSWIFT_PACKAGE -Xcc -DDEBUG\=1 -emit-objc-header -emit-objc-header-path /Users/admin/builder/spi-builder-workspace/.derivedData/Build/Intermediates.noindex/Kingfisher.build/Debug-xros/Kingfisher-t.build/Objects-normal/arm64/Kingfisher-Swift.h -working-directory /Users/admin/builder/spi-builder-workspace/.swiftpm/xcode -experimental-emit-module-separately -disable-cmo
SwiftDriver Introspect normal arm64 com.apple.xcode.tools.swift.compiler (in target 'Introspect' from project 'swiftui-introspect')
    cd /Users/admin/builder/spi-builder-workspace/.swiftpm/xcode
    builtin-SwiftDriver -- /Applications/Xcode-27.0.0-Release.Candidate.app/Contents/Developer/Toolchains/XcodeDefault.xctoolchain/usr/bin/swiftc -parse-as-library -module-name Introspect -Onone @/Users/admin/builder/spi-builder-workspace/.derivedData/Build/Intermediates.noindex/swiftui-introspect.build/Debug-xros/Introspect-t.build/Objects-normal/arm64/Introspect.SwiftFileList -DSWIFT_PACKAGE -DDEBUG -DSWIFT_MODULE_RESOURCE_BUNDLE_UNAVAILABLE -DXcode -plugin-path /Applications/Xcode-27.0.0-Release.Candidate.app/Contents/Developer/Toolchains/XcodeDefault.xctoolchain/usr/lib/swift/host/plugins/testing -enable-experimental-feature DebugDescriptionMacro -sdk /Applications/Xcode-27.0.0-Release.Candidate.app/Contents/Developer/Platforms/XROS.platform/Developer/SDKs/XROS27.0.sdk -target arm64-apple-xros1.0 -g -module-cache-path /Users/admin/builder/spi-builder-workspace/.derivedData/ModuleCache.noindex -Xfrontend -serialize-debugging-options -enable-testing -suppress-warnings -index-store-path /Users/admin/builder/spi-builder-workspace/.derivedData/Index.noindex/DataStore -Xcc -D_LIBCPP_HARDENING_MODE\=_LIBCPP_HARDENING_MODE_DEBUG -swift-version 5 -I /Users/admin/builder/spi-builder-workspace/.derivedData/Build/Products/Debug-xros -Isystem /Applications/Xcode-27.0.0-Release.Candidate.app/Contents/Developer/Platforms/XROS.platform/Developer/usr/lib -F /Users/admin/builder/spi-builder-workspace/.derivedData/Build/Products/Debug-xros -F /Applications/Xcode-27.0.0-Release.Candidate.app/Contents/Developer/Platforms/XROS.platform/Developer/Library/Frameworks -F /Applications/Xcode-27.0.0-Release.Candidate.app/Contents/Developer/Platforms/XROS.platform/Developer/SDKs/XROS27.0.sdk/Developer/Library/Frameworks -c -j10 -enable-batch-mode -incremental -Xcc -ivfsstatcache -Xcc /Users/admin/builder/spi-builder-workspace/.derivedData/SDKStatCaches.noindex/xros27.0-24M361-e829b21a6f8c9b70876ba0858053c044735bd543db762f57723cac368afd1ce4.sdkstatcache -output-file-map /Users/admin/builder/spi-builder-workspace/.derivedData/Build/Intermediates.noindex/swiftui-introspect.build/Debug-xros/Introspect-t.build/Objects-normal/arm64/Introspect-OutputFileMap.json -save-temps -no-color-diagnostics -explicit-module-build -module-cache-path /Users/admin/builder/spi-builder-workspace/.derivedData/Build/Intermediates.noindex/SwiftExplicitPrecompiledModules -clang-scanner-module-cache-path /Users/admin/builder/spi-builder-workspace/.derivedData/ModuleCache.noindex -sdk-module-cache-path /Users/admin/builder/spi-builder-workspace/.derivedData/SDKExplicitPrecompiledModules -emit-dependencies -emit-module -emit-module-path /Users/admin/builder/spi-builder-workspace/.derivedData/Build/Intermediates.noindex/swiftui-introspect.build/Debug-xros/Introspect-t.build/Objects-normal/arm64/Introspect.swiftmodule -serialize-diagnostics -dependency-scan-serialize-diagnostics-path /Users/admin/builder/spi-builder-workspace/.derivedData/Build/Intermediates.noindex/swiftui-introspect.build/Debug-xros/Introspect-t.build/Objects-normal/arm64/Introspect-dependency-scan.dia -validate-clang-modules-once -clang-build-session-file /Users/admin/builder/spi-builder-workspace/.derivedData/ModuleCache.noindex/Session.modulevalidation -Xcc -fmodules-prune-interval\=86400 -Xcc -fmodules-prune-after\=345600 -emit-const-values -const-gather-protocols-list /Users/admin/builder/spi-builder-workspace/.derivedData/Build/Intermediates.noindex/swiftui-introspect.build/Debug-xros/Introspect-t.build/Objects-normal/arm64/Introspect_const_extract_protocols.json -Xcc -I/Users/admin/builder/spi-builder-workspace/.derivedData/Build/Products/Debug-xros/include -Xcc -I/Users/admin/builder/spi-builder-workspace/.derivedData/Build/Intermediates.noindex/swiftui-introspect.build/Debug-xros/Introspect-t.build/DerivedSources-normal/arm64 -Xcc -I/Users/admin/builder/spi-builder-workspace/.derivedData/Build/Intermediates.noindex/swiftui-introspect.build/Debug-xros/Introspect-t.build/DerivedSources/arm64 -Xcc -I/Users/admin/builder/spi-builder-workspace/.derivedData/Build/Intermediates.noindex/swiftui-introspect.build/Debug-xros/Introspect-t.build/DerivedSources -Xcc -DSWIFT_PACKAGE -Xcc -DDEBUG\=1 -emit-objc-header -emit-objc-header-path /Users/admin/builder/spi-builder-workspace/.derivedData/Build/Intermediates.noindex/swiftui-introspect.build/Debug-xros/Introspect-t.build/Objects-normal/arm64/Introspect-Swift.h -working-directory /Users/admin/builder/spi-builder-workspace/.swiftpm/xcode -experimental-emit-module-separately -disable-cmo
SwiftDriver ImageDecoder normal arm64 com.apple.xcode.tools.swift.compiler (in target 'ImageDecoder' from project 'URLImage')
    cd /Users/admin/builder/spi-builder-workspace/.swiftpm/xcode
    builtin-SwiftDriver -- /Applications/Xcode-27.0.0-Release.Candidate.app/Contents/Developer/Toolchains/XcodeDefault.xctoolchain/usr/bin/swiftc -parse-as-library -module-name ImageDecoder -Onone @/Users/admin/builder/spi-builder-workspace/.derivedData/Build/Intermediates.noindex/URLImage.build/Debug-xros/ImageDecoder-t.build/Objects-normal/arm64/ImageDecoder.SwiftFileList -DSWIFT_PACKAGE -DDEBUG -DSWIFT_MODULE_RESOURCE_BUNDLE_UNAVAILABLE -DXcode -plugin-path /Applications/Xcode-27.0.0-Release.Candidate.app/Contents/Developer/Toolchains/XcodeDefault.xctoolchain/usr/lib/swift/host/plugins/testing -enable-experimental-feature DebugDescriptionMacro -sdk /Applications/Xcode-27.0.0-Release.Candidate.app/Contents/Developer/Platforms/XROS.platform/Developer/SDKs/XROS27.0.sdk -target arm64-apple-xros1.0 -g -module-cache-path /Users/admin/builder/spi-builder-workspace/.derivedData/ModuleCache.noindex -Xfrontend -serialize-debugging-options -enable-testing -suppress-warnings -index-store-path /Users/admin/builder/spi-builder-workspace/.derivedData/Index.noindex/DataStore -Xcc -D_LIBCPP_HARDENING_MODE\=_LIBCPP_HARDENING_MODE_DEBUG -swift-version 5 -I /Users/admin/builder/spi-builder-workspace/.derivedData/Build/Products/Debug-xros -Isystem /Applications/Xcode-27.0.0-Release.Candidate.app/Contents/Developer/Platforms/XROS.platform/Developer/usr/lib -F /Users/admin/builder/spi-builder-workspace/.derivedData/Build/Products/Debug-xros -F /Applications/Xcode-27.0.0-Release.Candidate.app/Contents/Developer/Platforms/XROS.platform/Developer/Library/Frameworks -F /Applications/Xcode-27.0.0-Release.Candidate.app/Contents/Developer/Platforms/XROS.platform/Developer/SDKs/XROS27.0.sdk/Developer/Library/Frameworks -c -j10 -enable-batch-mode -incremental -Xcc -ivfsstatcache -Xcc /Users/admin/builder/spi-builder-workspace/.derivedData/SDKStatCaches.noindex/xros27.0-24M361-e829b21a6f8c9b70876ba0858053c044735bd543db762f57723cac368afd1ce4.sdkstatcache -output-file-map /Users/admin/builder/spi-builder-workspace/.derivedData/Build/Intermediates.noindex/URLImage.build/Debug-xros/ImageDecoder-t.build/Objects-normal/arm64/ImageDecoder-OutputFileMap.json -save-temps -no-color-diagnostics -explicit-module-build -module-cache-path /Users/admin/builder/spi-builder-workspace/.derivedData/Build/Intermediates.noindex/SwiftExplicitPrecompiledModules -clang-scanner-module-cache-path /Users/admin/builder/spi-builder-workspace/.derivedData/ModuleCache.noindex -sdk-module-cache-path /Users/admin/builder/spi-builder-workspace/.derivedData/SDKExplicitPrecompiledModules -emit-dependencies -emit-module -emit-module-path /Users/admin/builder/spi-builder-workspace/.derivedData/Build/Intermediates.noindex/URLImage.build/Debug-xros/ImageDecoder-t.build/Objects-normal/arm64/ImageDecoder.swiftmodule -serialize-diagnostics -dependency-scan-serialize-diagnostics-path /Users/admin/builder/spi-builder-workspace/.derivedData/Build/Intermediates.noindex/URLImage.build/Debug-xros/ImageDecoder-t.build/Objects-normal/arm64/ImageDecoder-dependency-scan.dia -validate-clang-modules-once -clang-build-session-file /Users/admin/builder/spi-builder-workspace/.derivedData/ModuleCache.noindex/Session.modulevalidation -Xcc -fmodules-prune-interval\=86400 -Xcc -fmodules-prune-after\=345600 -emit-const-values -const-gather-protocols-list /Users/admin/builder/spi-builder-workspace/.derivedData/Build/Intermediates.noindex/URLImage.build/Debug-xros/ImageDecoder-t.build/Objects-normal/arm64/ImageDecoder_const_extract_protocols.json -Xcc -I/Users/admin/builder/spi-builder-workspace/.derivedData/Build/Products/Debug-xros/include -Xcc -I/Users/admin/builder/spi-builder-workspace/.derivedData/Build/Intermediates.noindex/URLImage.build/Debug-xros/ImageDecoder-t.build/DerivedSources-normal/arm64 -Xcc -I/Users/admin/builder/spi-builder-workspace/.derivedData/Build/Intermediates.noindex/URLImage.build/Debug-xros/ImageDecoder-t.build/DerivedSources/arm64 -Xcc -I/Users/admin/builder/spi-builder-workspace/.derivedData/Build/Intermediates.noindex/URLImage.build/Debug-xros/ImageDecoder-t.build/DerivedSources -Xcc -DSWIFT_PACKAGE -Xcc -DDEBUG\=1 -emit-objc-header -emit-objc-header-path /Users/admin/builder/spi-builder-workspace/.derivedData/Build/Intermediates.noindex/URLImage.build/Debug-xros/ImageDecoder-t.build/Objects-normal/arm64/ImageDecoder-Swift.h -working-directory /Users/admin/builder/spi-builder-workspace/.swiftpm/xcode -experimental-emit-module-separately -disable-cmo
SwiftDriver DeviceKit normal arm64 com.apple.xcode.tools.swift.compiler (in target 'DeviceKit' from project 'DeviceKit')
    cd /Users/admin/builder/spi-builder-workspace/.swiftpm/xcode
    builtin-SwiftDriver -- /Applications/Xcode-27.0.0-Release.Candidate.app/Contents/Developer/Toolchains/XcodeDefault.xctoolchain/usr/bin/swiftc -parse-as-library -module-name DeviceKit -Onone @/Users/admin/builder/spi-builder-workspace/.derivedData/Build/Intermediates.noindex/DeviceKit.build/Debug-xros/DeviceKit-t.build/Objects-normal/arm64/DeviceKit.SwiftFileList -DSWIFT_PACKAGE -DDEBUG -DSWIFT_MODULE_RESOURCE_BUNDLE_UNAVAILABLE -DXcode -plugin-path /Applications/Xcode-27.0.0-Release.Candidate.app/Contents/Developer/Toolchains/XcodeDefault.xctoolchain/usr/lib/swift/host/plugins/testing -enable-experimental-feature DebugDescriptionMacro -sdk /Applications/Xcode-27.0.0-Release.Candidate.app/Contents/Developer/Platforms/XROS.platform/Developer/SDKs/XROS27.0.sdk -target arm64-apple-xros1.0 -g -module-cache-path /Users/admin/builder/spi-builder-workspace/.derivedData/ModuleCache.noindex -Xfrontend -serialize-debugging-options -enable-testing -suppress-warnings -index-store-path /Users/admin/builder/spi-builder-workspace/.derivedData/Index.noindex/DataStore -Xcc -D_LIBCPP_HARDENING_MODE\=_LIBCPP_HARDENING_MODE_DEBUG -swift-version 5 -I /Users/admin/builder/spi-builder-workspace/.derivedData/Build/Products/Debug-xros -Isystem /Applications/Xcode-27.0.0-Release.Candidate.app/Contents/Developer/Platforms/XROS.platform/Developer/usr/lib -F /Users/admin/builder/spi-builder-workspace/.derivedData/Build/Products/Debug-xros -F /Applications/Xcode-27.0.0-Release.Candidate.app/Contents/Developer/Platforms/XROS.platform/Developer/Library/Frameworks -F /Applications/Xcode-27.0.0-Release.Candidate.app/Contents/Developer/Platforms/XROS.platform/Developer/SDKs/XROS27.0.sdk/Developer/Library/Frameworks -c -j10 -enable-batch-mode -incremental -Xcc -ivfsstatcache -Xcc /Users/admin/builder/spi-builder-workspace/.derivedData/SDKStatCaches.noindex/xros27.0-24M361-e829b21a6f8c9b70876ba0858053c044735bd543db762f57723cac368afd1ce4.sdkstatcache -output-file-map /Users/admin/builder/spi-builder-workspace/.derivedData/Build/Intermediates.noindex/DeviceKit.build/Debug-xros/DeviceKit-t.build/Objects-normal/arm64/DeviceKit-OutputFileMap.json -save-temps -no-color-diagnostics -explicit-module-build -module-cache-path /Users/admin/builder/spi-builder-workspace/.derivedData/Build/Intermediates.noindex/SwiftExplicitPrecompiledModules -clang-scanner-module-cache-path /Users/admin/builder/spi-builder-workspace/.derivedData/ModuleCache.noindex -sdk-module-cache-path /Users/admin/builder/spi-builder-workspace/.derivedData/SDKExplicitPrecompiledModules -emit-dependencies -emit-module -emit-module-path /Users/admin/builder/spi-builder-workspace/.derivedData/Build/Intermediates.noindex/DeviceKit.build/Debug-xros/DeviceKit-t.build/Objects-normal/arm64/DeviceKit.swiftmodule -serialize-diagnostics -dependency-scan-serialize-diagnostics-path /Users/admin/builder/spi-builder-workspace/.derivedData/Build/Intermediates.noindex/DeviceKit.build/Debug-xros/DeviceKit-t.build/Objects-normal/arm64/DeviceKit-dependency-scan.dia -validate-clang-modules-once -clang-build-session-file /Users/admin/builder/spi-builder-workspace/.derivedData/ModuleCache.noindex/Session.modulevalidation -Xcc -fmodules-prune-interval\=86400 -Xcc -fmodules-prune-after\=345600 -emit-const-values -const-gather-protocols-list /Users/admin/builder/spi-builder-workspace/.derivedData/Build/Intermediates.noindex/DeviceKit.build/Debug-xros/DeviceKit-t.build/Objects-normal/arm64/DeviceKit_const_extract_protocols.json -Xcc -I/Users/admin/builder/spi-builder-workspace/.derivedData/Build/Products/Debug-xros/include -Xcc -I/Users/admin/builder/spi-builder-workspace/.derivedData/Build/Intermediates.noindex/DeviceKit.build/Debug-xros/DeviceKit-t.build/DerivedSources-normal/arm64 -Xcc -I/Users/admin/builder/spi-builder-workspace/.derivedData/Build/Intermediates.noindex/DeviceKit.build/Debug-xros/DeviceKit-t.build/DerivedSources/arm64 -Xcc -I/Users/admin/builder/spi-builder-workspace/.derivedData/Build/Intermediates.noindex/DeviceKit.build/Debug-xros/DeviceKit-t.build/DerivedSources -Xcc -DSWIFT_PACKAGE -Xcc -DDEBUG\=1 -emit-objc-header -emit-objc-header-path /Users/admin/builder/spi-builder-workspace/.derivedData/Build/Intermediates.noindex/DeviceKit.build/Debug-xros/DeviceKit-t.build/Objects-normal/arm64/DeviceKit-Swift.h -working-directory /Users/admin/builder/spi-builder-workspace/.swiftpm/xcode -experimental-emit-module-separately -disable-cmo
SwiftEmitModule normal arm64 Emitting\ module\ for\ ImageDecoder (in target 'ImageDecoder' from project 'URLImage')
SwiftCompile normal arm64 (in target 'ImageDecoder' from project 'URLImage')
    cd /Users/admin/builder/spi-builder-workspace/.swiftpm/xcode

SwiftEmitModule normal arm64 Emitting\ module\ for\ WrappingHStack (in target 'WrappingHStack' from project 'WrappingHStack')
SwiftCompile normal arm64 (in target 'WrappingHStack' from project 'WrappingHStack')
    cd /Users/admin/builder/spi-builder-workspace/.swiftpm/xcode

SwiftCompile normal arm64 Compiling\ ViewType.swift /Users/admin/builder/spi-builder-workspace/.dependencies/checkouts/WrappingHStack/Sources/WrappingHStack/ViewType.swift (in target 'WrappingHStack' from project 'WrappingHStack')
SwiftCompile normal arm64 /Users/admin/builder/spi-builder-workspace/.dependencies/checkouts/WrappingHStack/Sources/WrappingHStack/ViewType.swift (in target 'WrappingHStack' from project 'WrappingHStack')
    cd /Users/admin/builder/spi-builder-workspace/.swiftpm/xcode
    builtin-SwiftPerFileCompile ViewType.swift
SwiftEmitModule normal arm64 Emitting\ module\ for\ SwiftUIMap (in target 'SwiftUIMap' from project 'SwiftUIMap')
/Users/admin/builder/spi-builder-workspace/.dependencies/checkouts/SwiftUIMap/Sources/SwiftUIMap/Existing Annotation Map/Public View.swift:62:38: error: cannot find type 'LocationCoordinate' in scope
 60 |     }
 61 |     @Binding public var address: String
 62 |     @Binding public var coordinates: LocationCoordinate
    |                                      `- error: cannot find type 'LocationCoordinate' in scope
 63 |     @Binding var isUserLocationVisible: Bool
 64 |     @State var refresh = false {
/Users/admin/builder/spi-builder-workspace/.dependencies/checkouts/SwiftUIMap/Sources/SwiftUIMap/Existing Annotation Map/Public View.swift:73:34: error: cannot find type 'Annotations' in scope
 71 |         }
 72 |     }
 73 |     @Binding public var points: [Annotations]
    |                                  `- error: cannot find type 'Annotations' in scope
 74 |     @State private var region: LocationRegion
 75 |     @State public var modifierMap: MKMapView
/Users/admin/builder/spi-builder-workspace/.dependencies/checkouts/SwiftUIMap/Sources/SwiftUIMap/Existing Annotation Map/Public View.swift:74:32: error: cannot find type 'LocationRegion' in scope
 72 |     }
 73 |     @Binding public var points: [Annotations]
 74 |     @State private var region: LocationRegion
    |                                `- error: cannot find type 'LocationRegion' in scope
 75 |     @State public var modifierMap: MKMapView
 76 |     @State public var selected: (_ Title: String, _ Subtitle: String, _ Location: Location, _ Cluster: Bool) -> Void
macro expansion @State:1:40: error: cannot find type 'LocationRegion' in scope
`- /Users/admin/builder/spi-builder-workspace/.dependencies/checkouts/SwiftUIMap/Sources/SwiftUIMap/Existing Annotation Map/Public View.swift:74:46: note: expanded code originates here
 72 |     }
 73 |     @Binding public var points: [Annotations]
 74 |     @State private var region: LocationRegion
    |     `- note: in expansion of macro 'State' on property 'region' here
    +--- macro expansion @State ----------------------------------------
    |1 | private var _region: SwiftUICore.State<LocationRegion>
    |  |                                        `- error: cannot find type 'LocationRegion' in scope
    |2 |
    |3 | private var $region: SwiftUICore.Binding<LocationRegion> {
    +-------------------------------------------------------------------
 75 |     @State public var modifierMap: MKMapView
 76 |     @State public var selected: (_ Title: String, _ Subtitle: String, _ Location: Location, _ Cluster: Bool) -> Void
macro expansion @State:3:42: error: cannot find type 'LocationRegion' in scope
`- /Users/admin/builder/spi-builder-workspace/.dependencies/checkouts/SwiftUIMap/Sources/SwiftUIMap/Existing Annotation Map/Public View.swift:74:46: note: expanded code originates here
 72 |     }
 73 |     @Binding public var points: [Annotations]
 74 |     @State private var region: LocationRegion
    |     `- note: in expansion of macro 'State' on property 'region' here
    +--- macro expansion @State ----------------------------------------
    |1 | private var _region: SwiftUICore.State<LocationRegion>
    |2 |
    |3 | private var $region: SwiftUICore.Binding<LocationRegion> {
    |  |                                          `- error: cannot find type 'LocationRegion' in scope
    |4 |     _region.projectedValue
    |5 | }
    +-------------------------------------------------------------------
 75 |     @State public var modifierMap: MKMapView
 76 |     @State public var selected: (_ Title: String, _ Subtitle: String, _ Location: Location, _ Cluster: Bool) -> Void
/Users/admin/builder/spi-builder-workspace/.dependencies/checkouts/SwiftUIMap/Sources/SwiftUIMap/Existing Annotation Map/Public View.swift:76:83: error: cannot find type 'Location' in scope
 74 |     @State private var region: LocationRegion
 75 |     @State public var modifierMap: MKMapView
 76 |     @State public var selected: (_ Title: String, _ Subtitle: String, _ Location: Location, _ Cluster: Bool) -> Void
    |                                                                                   `- error: cannot find type 'Location' in scope
 77 |     @State public var deselected: () -> Void
 78 |     public init(zoom: Binding<Double>, address: Binding<String>, points: Binding<[Annotations]>, selected: @escaping (_ Title: String, _ Subtitle: String, _ Location: Location, _ Cluster: Bool) -> Void, deselected: @escaping () -> Void) {
macro expansion @State:1:92: error: cannot find type 'Location' in scope
`- /Users/admin/builder/spi-builder-workspace/.dependencies/checkouts/SwiftUIMap/Sources/SwiftUIMap/Existing Annotation Map/Public View.swift:76:117: note: expanded code originates here
 74 |     @State private var region: LocationRegion
 75 |     @State public var modifierMap: MKMapView
 76 |     @State public var selected: (_ Title: String, _ Subtitle: String, _ Location: Location, _ Cluster: Bool) -> Void
    |     `- note: in expansion of macro 'State' on property 'selected' here
    +--- macro expansion @State ----------------------------------------
    |1 | private var _selected: SwiftUICore.State<(_ Title: String, _ Subtitle: String, _ Location: Location, _ Cluster: Bool) -> Void>
    |  |                                                                                            `- error: cannot find type 'Location' in scope
    |2 |
    |3 | public var $selected: SwiftUICore.Binding<(_ Title: String, _ Subtitle: String, _ Location: Location, _ Cluster: Bool) -> Void> {
    +-------------------------------------------------------------------
 77 |     @State public var deselected: () -> Void
 78 |     public init(zoom: Binding<Double>, address: Binding<String>, points: Binding<[Annotations]>, selected: @escaping (_ Title: String, _ Subtitle: String, _ Location: Location, _ Cluster: Bool) -> Void, deselected: @escaping () -> Void) {
macro expansion @State:3:93: error: cannot find type 'Location' in scope
`- /Users/admin/builder/spi-builder-workspace/.dependencies/checkouts/SwiftUIMap/Sources/SwiftUIMap/Existing Annotation Map/Public View.swift:76:117: note: expanded code originates here
 74 |     @State private var region: LocationRegion
 75 |     @State public var modifierMap: MKMapView
 76 |     @State public var selected: (_ Title: String, _ Subtitle: String, _ Location: Location, _ Cluster: Bool) -> Void
    |     `- note: in expansion of macro 'State' on property 'selected' here
    +--- macro expansion @State ----------------------------------------
    |1 | private var _selected: SwiftUICore.State<(_ Title: String, _ Subtitle: String, _ Location: Location, _ Cluster: Bool) -> Void>
    |2 |
    |3 | public var $selected: SwiftUICore.Binding<(_ Title: String, _ Subtitle: String, _ Location: Location, _ Cluster: Bool) -> Void> {
    |  |                                                                                             `- error: cannot find type 'Location' in scope
    |4 |     _selected.projectedValue
    |5 | }
    +-------------------------------------------------------------------
 77 |     @State public var deselected: () -> Void
 78 |     public init(zoom: Binding<Double>, address: Binding<String>, points: Binding<[Annotations]>, selected: @escaping (_ Title: String, _ Subtitle: String, _ Location: Location, _ Cluster: Bool) -> Void, deselected: @escaping () -> Void) {
/Users/admin/builder/spi-builder-workspace/.dependencies/checkouts/SwiftUIMap/Sources/SwiftUIMap/Existing Annotation Map/Public View.swift:78:83: error: cannot find type 'Annotations' in scope
 76 |     @State public var selected: (_ Title: String, _ Subtitle: String, _ Location: Location, _ Cluster: Bool) -> Void
 77 |     @State public var deselected: () -> Void
 78 |     public init(zoom: Binding<Double>, address: Binding<String>, points: Binding<[Annotations]>, selected: @escaping (_ Title: String, _ Subtitle: String, _ Location: Location, _ Cluster: Bool) -> Void, deselected: @escaping () -> Void) {
    |                                                                                   `- error: cannot find type 'Annotations' in scope
 79 |         self._zoom = zoom
 80 |         self._address = address
/Users/admin/builder/spi-builder-workspace/.dependencies/checkouts/SwiftUIMap/Sources/SwiftUIMap/Existing Annotation Map/Public View.swift:78:168: error: cannot find type 'Location' in scope
 76 |     @State public var selected: (_ Title: String, _ Subtitle: String, _ Location: Location, _ Cluster: Bool) -> Void
 77 |     @State public var deselected: () -> Void
 78 |     public init(zoom: Binding<Double>, address: Binding<String>, points: Binding<[Annotations]>, selected: @escaping (_ Title: String, _ Subtitle: String, _ Location: Location, _ Cluster: Bool) -> Void, deselected: @escaping () -> Void) {
    |                                                                                                                                                                        `- error: cannot find type 'Location' in scope
 79 |         self._zoom = zoom
 80 |         self._address = address
/Users/admin/builder/spi-builder-workspace/.dependencies/checkouts/SwiftUIMap/Sources/SwiftUIMap/Existing Annotation Map/Public View.swift:95:83: error: cannot find type 'Annotations' in scope
 93 |         setCoordinatesFromAddress()
 94 |     }
 95 |     public init(zoom: Binding<Double>, address: Binding<String>, points: Binding<[Annotations]>) {
    |                                                                                   `- error: cannot find type 'Annotations' in scope
 96 |         self._zoom = zoom
 97 |         self._address = address
/Users/admin/builder/spi-builder-workspace/.dependencies/checkouts/SwiftUIMap/Sources/SwiftUIMap/Existing Annotation Map/Public View.swift:112:83: error: cannot find type 'Annotations' in scope
110 |         setCoordinatesFromAddress()
111 |     }
112 |     public init(zoom: Binding<Double>, address: Binding<String>, points: Binding<[Annotations]>, selected: @escaping (_ Title: String, _ Subtitle: String, _ Location: Location, _ isCluster: Bool) -> Void, deselected: @escaping () -> Void, advancedModifiers: @escaping (_ map: MKMapView) -> Void) {
    |                                                                                   `- error: cannot find type 'Annotations' in scope
113 |         self._zoom = zoom
114 |         self._address = address
/Users/admin/builder/spi-builder-workspace/.dependencies/checkouts/SwiftUIMap/Sources/SwiftUIMap/Existing Annotation Map/Public View.swift:112:168: error: cannot find type 'Location' in scope
110 |         setCoordinatesFromAddress()
111 |     }
112 |     public init(zoom: Binding<Double>, address: Binding<String>, points: Binding<[Annotations]>, selected: @escaping (_ Title: String, _ Subtitle: String, _ Location: Location, _ isCluster: Bool) -> Void, deselected: @escaping () -> Void, advancedModifiers: @escaping (_ map: MKMapView) -> Void) {
    |                                                                                                                                                                        `- error: cannot find type 'Location' in scope
113 |         self._zoom = zoom
114 |         self._address = address
/Users/admin/builder/spi-builder-workspace/.dependencies/checkouts/SwiftUIMap/Sources/SwiftUIMap/Existing Annotation Map/Public View.swift:134:83: error: cannot find type 'Annotations' in scope
132 |         self.setCoordinatesFromAddress()
133 |     }
134 |     public init(zoom: Binding<Double>, address: Binding<String>, points: Binding<[Annotations]>, isUserLocationVisible: Binding<Bool>, selected: @escaping (_ Title: String, _ Subtitle: String, _ Location: Location, _ isCluster: Bool) -> Void, deselected: @escaping () -> Void) {
    |                                                                                   `- error: cannot find type 'Annotations' in scope
135 |         self._zoom = zoom
136 |         self._address = address
/Users/admin/builder/spi-builder-workspace/.dependencies/checkouts/SwiftUIMap/Sources/SwiftUIMap/Existing Annotation Map/Public View.swift:134:206: error: cannot find type 'Location' in scope
132 |         self.setCoordinatesFromAddress()
133 |     }
134 |     public init(zoom: Binding<Double>, address: Binding<String>, points: Binding<[Annotations]>, isUserLocationVisible: Binding<Bool>, selected: @escaping (_ Title: String, _ Subtitle: String, _ Location: Location, _ isCluster: Bool) -> Void, deselected: @escaping () -> Void) {
    |                                                                                                                                                                                                              `- error: cannot find type 'Location' in scope
135 |         self._zoom = zoom
136 |         self._address = address
/Users/admin/builder/spi-builder-workspace/.dependencies/checkouts/SwiftUIMap/Sources/SwiftUIMap/Existing Annotation Map/Public View.swift:151:83: error: cannot find type 'Annotations' in scope
149 |         self.setCoordinatesFromAddress()
150 |     }
151 |     public init(zoom: Binding<Double>, address: Binding<String>, points: Binding<[Annotations]>, isUserLocationVisible: Binding<Bool>, isFirstResponder: Binding<Bool>, selected: @escaping (_ Title: String, _ Subtitle: String, _ Location: Location, _ isCluster: Bool) -> Void, deselected: @escaping () -> Void, advancedModifiers: @escaping (_ map: MKMapView) -> Void) {
    |                                                                                   `- error: cannot find type 'Annotations' in scope
152 |         self._zoom = zoom
153 |         self._address = address
/Users/admin/builder/spi-builder-workspace/.dependencies/checkouts/SwiftUIMap/Sources/SwiftUIMap/Existing Annotation Map/Public View.swift:151:239: error: cannot find type 'Location' in scope
149 |         self.setCoordinatesFromAddress()
150 |     }
151 |     public init(zoom: Binding<Double>, address: Binding<String>, points: Binding<[Annotations]>, isUserLocationVisible: Binding<Bool>, isFirstResponder: Binding<Bool>, selected: @escaping (_ Title: String, _ Subtitle: String, _ Location: Location, _ isCluster: Bool) -> Void, deselected: @escaping () -> Void, advancedModifiers: @escaping (_ map: MKMapView) -> Void) {
    |                                                                                                                                                                                                                                               `- error: cannot find type 'Location' in scope
152 |         self._zoom = zoom
153 |         self._address = address
/Users/admin/builder/spi-builder-workspace/.dependencies/checkouts/SwiftUIMap/Sources/SwiftUIMap/Existing Annotation Map/Public View.swift:173:61: error: cannot find type 'LocationCoordinate' in scope
171 |         self.setCoordinatesFromAddress()
172 |     }
173 |     public init(zoom: Binding<Double>, coordinates: Binding<LocationCoordinate>, points: Binding<[Annotations]>, selected: @escaping (_ Title: String, _ Subtitle: String, _ Location: Location, _ Cluster: Bool) -> Void, deselected: @escaping () -> Void) {
    |                                                             `- error: cannot find type 'LocationCoordinate' in scope
174 |         self._zoom = zoom
175 |         self._coordinates = coordinates
/Users/admin/builder/spi-builder-workspace/.dependencies/checkouts/SwiftUIMap/Sources/SwiftUIMap/Existing Annotation Map/Public View.swift:173:99: error: cannot find type 'Annotations' in scope
171 |         self.setCoordinatesFromAddress()
172 |     }
173 |     public init(zoom: Binding<Double>, coordinates: Binding<LocationCoordinate>, points: Binding<[Annotations]>, selected: @escaping (_ Title: String, _ Subtitle: String, _ Location: Location, _ Cluster: Bool) -> Void, deselected: @escaping () -> Void) {
    |                                                                                                   `- error: cannot find type 'Annotations' in scope
174 |         self._zoom = zoom
175 |         self._coordinates = coordinates
/Users/admin/builder/spi-builder-workspace/.dependencies/checkouts/SwiftUIMap/Sources/SwiftUIMap/Existing Annotation Map/Public View.swift:173:184: error: cannot find type 'Location' in scope
171 |         self.setCoordinatesFromAddress()
172 |     }
173 |     public init(zoom: Binding<Double>, coordinates: Binding<LocationCoordinate>, points: Binding<[Annotations]>, selected: @escaping (_ Title: String, _ Subtitle: String, _ Location: Location, _ Cluster: Bool) -> Void, deselected: @escaping () -> Void) {
    |                                                                                                                                                                                        `- error: cannot find type 'Location' in scope
174 |         self._zoom = zoom
175 |         self._coordinates = coordinates
/Users/admin/builder/spi-builder-workspace/.dependencies/checkouts/SwiftUIMap/Sources/SwiftUIMap/Existing Annotation Map/Public View.swift:189:61: error: cannot find type 'LocationCoordinate' in scope
187 |         setDefaultCamera(self.modifierMap)
188 |     }
189 |     public init(zoom: Binding<Double>, coordinates: Binding<LocationCoordinate>, points: Binding<[Annotations]>) {
    |                                                             `- error: cannot find type 'LocationCoordinate' in scope
190 |         self._zoom = zoom
191 |         self._coordinates = coordinates
/Users/admin/builder/spi-builder-workspace/.dependencies/checkouts/SwiftUIMap/Sources/SwiftUIMap/Existing Annotation Map/Public View.swift:189:99: error: cannot find type 'Annotations' in scope
187 |         setDefaultCamera(self.modifierMap)
188 |     }
189 |     public init(zoom: Binding<Double>, coordinates: Binding<LocationCoordinate>, points: Binding<[Annotations]>) {
    |                                                                                                   `- error: cannot find type 'Annotations' in scope
190 |         self._zoom = zoom
191 |         self._coordinates = coordinates
/Users/admin/builder/spi-builder-workspace/.dependencies/checkouts/SwiftUIMap/Sources/SwiftUIMap/Existing Annotation Map/Public View.swift:205:61: error: cannot find type 'LocationCoordinate' in scope
203 |         setDefaultCamera(self.modifierMap)
204 |     }
205 |     public init(zoom: Binding<Double>, coordinates: Binding<LocationCoordinate>, points: Binding<[Annotations]>, selected: @escaping (_ Title: String, _ Subtitle: String, _ Location: Location, _ isCluster: Bool) -> Void, deselected: @escaping () -> Void, advancedModifiers: @escaping (_ map: MKMapView) -> Void) {
    |                                                             `- error: cannot find type 'LocationCoordinate' in scope
206 |         self._zoom = zoom
207 |         self._coordinates = coordinates
/Users/admin/builder/spi-builder-workspace/.dependencies/checkouts/SwiftUIMap/Sources/SwiftUIMap/Existing Annotation Map/Public View.swift:205:99: error: cannot find type 'Annotations' in scope
203 |         setDefaultCamera(self.modifierMap)
204 |     }
205 |     public init(zoom: Binding<Double>, coordinates: Binding<LocationCoordinate>, points: Binding<[Annotations]>, selected: @escaping (_ Title: String, _ Subtitle: String, _ Location: Location, _ isCluster: Bool) -> Void, deselected: @escaping () -> Void, advancedModifiers: @escaping (_ map: MKMapView) -> Void) {
    |                                                                                                   `- error: cannot find type 'Annotations' in scope
206 |         self._zoom = zoom
207 |         self._coordinates = coordinates
/Users/admin/builder/spi-builder-workspace/.dependencies/checkouts/SwiftUIMap/Sources/SwiftUIMap/Existing Annotation Map/Public View.swift:205:184: error: cannot find type 'Location' in scope
203 |         setDefaultCamera(self.modifierMap)
204 |     }
205 |     public init(zoom: Binding<Double>, coordinates: Binding<LocationCoordinate>, points: Binding<[Annotations]>, selected: @escaping (_ Title: String, _ Subtitle: String, _ Location: Location, _ isCluster: Bool) -> Void, deselected: @escaping () -> Void, advancedModifiers: @escaping (_ map: MKMapView) -> Void) {
    |                                                                                                                                                                                        `- error: cannot find type 'Location' in scope
206 |         self._zoom = zoom
207 |         self._coordinates = coordinates
/Users/admin/builder/spi-builder-workspace/.dependencies/checkouts/SwiftUIMap/Sources/SwiftUIMap/Existing Annotation Map/Public View.swift:226:61: error: cannot find type 'LocationCoordinate' in scope
224 |         self.setDefaultCamera(self.modifierMap)
225 |     }
226 |     public init(zoom: Binding<Double>, coordinates: Binding<LocationCoordinate>, points: Binding<[Annotations]>, isUserLocationVisible: Binding<Bool>, selected: @escaping (_ Title: String, _ Subtitle: String, _ Location: Location, _ isCluster: Bool) -> Void, deselected: @escaping () -> Void) {
    |                                                             `- error: cannot find type 'LocationCoordinate' in scope
227 |         self._zoom = zoom
228 |         self._coordinates = coordinates
/Users/admin/builder/spi-builder-workspace/.dependencies/checkouts/SwiftUIMap/Sources/SwiftUIMap/Existing Annotation Map/Public View.swift:226:99: error: cannot find type 'Annotations' in scope
224 |         self.setDefaultCamera(self.modifierMap)
225 |     }
226 |     public init(zoom: Binding<Double>, coordinates: Binding<LocationCoordinate>, points: Binding<[Annotations]>, isUserLocationVisible: Binding<Bool>, selected: @escaping (_ Title: String, _ Subtitle: String, _ Location: Location, _ isCluster: Bool) -> Void, deselected: @escaping () -> Void) {
    |                                                                                                   `- error: cannot find type 'Annotations' in scope
227 |         self._zoom = zoom
228 |         self._coordinates = coordinates
/Users/admin/builder/spi-builder-workspace/.dependencies/checkouts/SwiftUIMap/Sources/SwiftUIMap/Existing Annotation Map/Public View.swift:226:222: error: cannot find type 'Location' in scope
224 |         self.setDefaultCamera(self.modifierMap)
225 |     }
226 |     public init(zoom: Binding<Double>, coordinates: Binding<LocationCoordinate>, points: Binding<[Annotations]>, isUserLocationVisible: Binding<Bool>, selected: @escaping (_ Title: String, _ Subtitle: String, _ Location: Location, _ isCluster: Bool) -> Void, deselected: @escaping () -> Void) {
    |                                                                                                                                                                                                                              `- error: cannot find type 'Location' in scope
227 |         self._zoom = zoom
228 |         self._coordinates = coordinates
/Users/admin/builder/spi-builder-workspace/.dependencies/checkouts/SwiftUIMap/Sources/SwiftUIMap/Existing Annotation Map/Public View.swift:242:61: error: cannot find type 'LocationCoordinate' in scope
240 |         self.setDefaultCamera(self.modifierMap)
241 |     }
242 |     public init(zoom: Binding<Double>, coordinates: Binding<LocationCoordinate>, points: Binding<[Annotations]>, isUserLocationVisible: Binding<Bool>, isFirstResponder: Binding<Bool>, selected: @escaping (_ Title: String, _ Subtitle: String, _ Location: Location, _ isCluster: Bool) -> Void, deselected: @escaping () -> Void, advancedModifiers: @escaping (_ map: MKMapView) -> Void) {
    |                                                             `- error: cannot find type 'LocationCoordinate' in scope
243 |         self._zoom = zoom
244 |         self._coordinates = coordinates
/Users/admin/builder/spi-builder-workspace/.dependencies/checkouts/SwiftUIMap/Sources/SwiftUIMap/Existing Annotation Map/Public View.swift:242:99: error: cannot find type 'Annotations' in scope
240 |         self.setDefaultCamera(self.modifierMap)
241 |     }
242 |     public init(zoom: Binding<Double>, coordinates: Binding<LocationCoordinate>, points: Binding<[Annotations]>, isUserLocationVisible: Binding<Bool>, isFirstResponder: Binding<Bool>, selected: @escaping (_ Title: String, _ Subtitle: String, _ Location: Location, _ isCluster: Bool) -> Void, deselected: @escaping () -> Void, advancedModifiers: @escaping (_ map: MKMapView) -> Void) {
    |                                                                                                   `- error: cannot find type 'Annotations' in scope
243 |         self._zoom = zoom
244 |         self._coordinates = coordinates
/Users/admin/builder/spi-builder-workspace/.dependencies/checkouts/SwiftUIMap/Sources/SwiftUIMap/Existing Annotation Map/Public View.swift:242:255: error: cannot find type 'Location' in scope
240 |         self.setDefaultCamera(self.modifierMap)
241 |     }
242 |     public init(zoom: Binding<Double>, coordinates: Binding<LocationCoordinate>, points: Binding<[Annotations]>, isUserLocationVisible: Binding<Bool>, isFirstResponder: Binding<Bool>, selected: @escaping (_ Title: String, _ Subtitle: String, _ Location: Location, _ isCluster: Bool) -> Void, deselected: @escaping () -> Void, advancedModifiers: @escaping (_ map: MKMapView) -> Void) {
    |                                                                                                                                                                                                                                                               `- error: cannot find type 'Location' in scope
243 |         self._zoom = zoom
244 |         self._coordinates = coordinates
SwiftCompile normal arm64 (in target 'SwiftUIMap' from project 'SwiftUIMap')
    cd /Users/admin/builder/spi-builder-workspace/.swiftpm/xcode

SwiftDriverJobDiscovery normal arm64 Emitting module for WrappingHStack (in target 'WrappingHStack' from project 'WrappingHStack')
SwiftDriver\ Compilation\ Requirements WrappingHStack normal arm64 com.apple.xcode.tools.swift.compiler (in target 'WrappingHStack' from project 'WrappingHStack')
    cd /Users/admin/builder/spi-builder-workspace/.swiftpm/xcode
    builtin-Swift-Compilation-Requirements -- /Applications/Xcode-27.0.0-Release.Candidate.app/Contents/Developer/Toolchains/XcodeDefault.xctoolchain/usr/bin/swiftc -parse-as-library -module-name WrappingHStack -Onone @/Users/admin/builder/spi-builder-workspace/.derivedData/Build/Intermediates.noindex/WrappingHStack.build/Debug-xros/WrappingHStack-t.build/Objects-normal/arm64/WrappingHStack.SwiftFileList -DSWIFT_PACKAGE -DDEBUG -DSWIFT_MODULE_RESOURCE_BUNDLE_UNAVAILABLE -DXcode -plugin-path /Applications/Xcode-27.0.0-Release.Candidate.app/Contents/Developer/Toolchains/XcodeDefault.xctoolchain/usr/lib/swift/host/plugins/testing -enable-experimental-feature DebugDescriptionMacro -sdk /Applications/Xcode-27.0.0-Release.Candidate.app/Contents/Developer/Platforms/XROS.platform/Developer/SDKs/XROS27.0.sdk -target arm64-apple-xros1.0 -g -module-cache-path /Users/admin/builder/spi-builder-workspace/.derivedData/ModuleCache.noindex -Xfrontend -serialize-debugging-options -enable-testing -suppress-warnings -index-store-path /Users/admin/builder/spi-builder-workspace/.derivedData/Index.noindex/DataStore -Xcc -D_LIBCPP_HARDENING_MODE\=_LIBCPP_HARDENING_MODE_DEBUG -swift-version 5 -I /Users/admin/builder/spi-builder-workspace/.derivedData/Build/Products/Debug-xros -Isystem /Applications/Xcode-27.0.0-Release.Candidate.app/Contents/Developer/Platforms/XROS.platform/Developer/usr/lib -F /Users/admin/builder/spi-builder-workspace/.derivedData/Build/Products/Debug-xros -F /Applications/Xcode-27.0.0-Release.Candidate.app/Contents/Developer/Platforms/XROS.platform/Developer/Library/Frameworks -F /Applications/Xcode-27.0.0-Release.Candidate.app/Contents/Developer/Platforms/XROS.platform/Developer/SDKs/XROS27.0.sdk/Developer/Library/Frameworks -c -j10 -enable-batch-mode -incremental -Xcc -ivfsstatcache -Xcc /Users/admin/builder/spi-builder-workspace/.derivedData/SDKStatCaches.noindex/xros27.0-24M361-e829b21a6f8c9b70876ba0858053c044735bd543db762f57723cac368afd1ce4.sdkstatcache -output-file-map /Users/admin/builder/spi-builder-workspace/.derivedData/Build/Intermediates.noindex/WrappingHStack.build/Debug-xros/WrappingHStack-t.build/Objects-normal/arm64/WrappingHStack-OutputFileMap.json -save-temps -no-color-diagnostics -explicit-module-build -module-cache-path /Users/admin/builder/spi-builder-workspace/.derivedData/Build/Intermediates.noindex/SwiftExplicitPrecompiledModules -clang-scanner-module-cache-path /Users/admin/builder/spi-builder-workspace/.derivedData/ModuleCache.noindex -sdk-module-cache-path /Users/admin/builder/spi-builder-workspace/.derivedData/SDKExplicitPrecompiledModules -emit-dependencies -emit-module -emit-module-path /Users/admin/builder/spi-builder-workspace/.derivedData/Build/Intermediates.noindex/WrappingHStack.build/Debug-xros/WrappingHStack-t.build/Objects-normal/arm64/WrappingHStack.swiftmodule -serialize-diagnostics -dependency-scan-serialize-diagnostics-path /Users/admin/builder/spi-builder-workspace/.derivedData/Build/Intermediates.noindex/WrappingHStack.build/Debug-xros/WrappingHStack-t.build/Objects-normal/arm64/WrappingHStack-dependency-scan.dia -validate-clang-modules-once -clang-build-session-file /Users/admin/builder/spi-builder-workspace/.derivedData/ModuleCache.noindex/Session.modulevalidation -Xcc -fmodules-prune-interval\=86400 -Xcc -fmodules-prune-after\=345600 -emit-const-values -const-gather-protocols-list /Users/admin/builder/spi-builder-workspace/.derivedData/Build/Intermediates.noindex/WrappingHStack.build/Debug-xros/WrappingHStack-t.build/Objects-normal/arm64/WrappingHStack_const_extract_protocols.json -Xcc -I/Users/admin/builder/spi-builder-workspace/.derivedData/Build/Products/Debug-xros/include -Xcc -I/Users/admin/builder/spi-builder-workspace/.derivedData/Build/Intermediates.noindex/WrappingHStack.build/Debug-xros/WrappingHStack-t.build/DerivedSources-normal/arm64 -Xcc -I/Users/admin/builder/spi-builder-workspace/.derivedData/Build/Intermediates.noindex/WrappingHStack.build/Debug-xros/WrappingHStack-t.build/DerivedSources/arm64 -Xcc -I/Users/admin/builder/spi-builder-workspace/.derivedData/Build/Intermediates.noindex/WrappingHStack.build/Debug-xros/WrappingHStack-t.build/DerivedSources -Xcc -DSWIFT_PACKAGE -Xcc -DDEBUG\=1 -emit-objc-header -emit-objc-header-path /Users/admin/builder/spi-builder-workspace/.derivedData/Build/Intermediates.noindex/WrappingHStack.build/Debug-xros/WrappingHStack-t.build/Objects-normal/arm64/WrappingHStack-Swift.h -working-directory /Users/admin/builder/spi-builder-workspace/.swiftpm/xcode -experimental-emit-module-separately -disable-cmo
SwiftEmitModule normal arm64 Emitting\ module\ for\ Introspect (in target 'Introspect' from project 'swiftui-introspect')
/Users/admin/builder/spi-builder-workspace/.dependencies/checkouts/SwiftUI-Introspect/Introspect/Introspect.swift:25:18: error: cannot find type 'PlatformView' in scope
 23 |     public static func findChild<AnyViewType: PlatformView>(
 24 |         ofType type: AnyViewType.Type,
 25 |         in root: PlatformView
    |                  `- error: cannot find type 'PlatformView' in scope
 26 |     ) -> AnyViewType? {
 27 |         for subview in root.subviews {
/Users/admin/builder/spi-builder-workspace/.dependencies/checkouts/SwiftUI-Introspect/Introspect/Introspect.swift:23:47: error: cannot find type 'PlatformView' in scope
 21 |     /// This method will recursively look for this view.
 22 |     /// Returns nil if it can't find a view of the specified type.
 23 |     public static func findChild<AnyViewType: PlatformView>(
    |                                               `- error: cannot find type 'PlatformView' in scope
 24 |         ofType type: AnyViewType.Type,
 25 |         in root: PlatformView
/Users/admin/builder/spi-builder-workspace/.dependencies/checkouts/SwiftUI-Introspect/Introspect/Introspect.swift:42:18: error: cannot find type 'PlatformViewController' in scope
 40 |     public static func findChild<AnyViewControllerType: PlatformViewController>(
 41 |         ofType type: AnyViewControllerType.Type,
 42 |         in root: PlatformViewController
    |                  `- error: cannot find type 'PlatformViewController' in scope
 43 |     ) -> AnyViewControllerType? {
 44 |         for child in root.children {
/Users/admin/builder/spi-builder-workspace/.dependencies/checkouts/SwiftUI-Introspect/Introspect/Introspect.swift:40:57: error: cannot find type 'PlatformViewController' in scope
 38 |     /// This method will recursively look for this child.
 39 |     /// Returns nil if it can't find a view of the specified type.
 40 |     public static func findChild<AnyViewControllerType: PlatformViewController>(
    |                                                         `- error: cannot find type 'PlatformViewController' in scope
 41 |         ofType type: AnyViewControllerType.Type,
 42 |         in root: PlatformViewController
/Users/admin/builder/spi-builder-workspace/.dependencies/checkouts/SwiftUI-Introspect/Introspect/Introspect.swift:59:18: error: cannot find type 'PlatformView' in scope
 57 |     public static func findChildUsingFrame<AnyViewType: PlatformView>(
 58 |         ofType type: AnyViewType.Type,
 59 |         in root: PlatformView,
    |                  `- error: cannot find type 'PlatformView' in scope
 60 |         from originalEntry: PlatformView
 61 |     ) -> AnyViewType? {
/Users/admin/builder/spi-builder-workspace/.dependencies/checkouts/SwiftUI-Introspect/Introspect/Introspect.swift:60:29: error: cannot find type 'PlatformView' in scope
 58 |         ofType type: AnyViewType.Type,
 59 |         in root: PlatformView,
 60 |         from originalEntry: PlatformView
    |                             `- error: cannot find type 'PlatformView' in scope
 61 |     ) -> AnyViewType? {
 62 |         var children: [AnyViewType] = []
/Users/admin/builder/spi-builder-workspace/.dependencies/checkouts/SwiftUI-Introspect/Introspect/Introspect.swift:57:57: error: cannot find type 'PlatformView' in scope
 55 |     /// This method will recursively look for this view.
 56 |     /// Returns nil if it can't find a view of the specified type.
 57 |     public static func findChildUsingFrame<AnyViewType: PlatformView>(
    |                                                         `- error: cannot find type 'PlatformView' in scope
 58 |         ofType type: AnyViewType.Type,
 59 |         in root: PlatformView,
/Users/admin/builder/spi-builder-workspace/.dependencies/checkouts/SwiftUI-Introspect/Introspect/Introspect.swift:92:21: error: cannot find type 'PlatformView' in scope
 90 |     public static func previousSibling<AnyViewType: PlatformView>(
 91 |         containing type: AnyViewType.Type,
 92 |         from entry: PlatformView
    |                     `- error: cannot find type 'PlatformView' in scope
 93 |     ) -> AnyViewType? {
 94 |
/Users/admin/builder/spi-builder-workspace/.dependencies/checkouts/SwiftUI-Introspect/Introspect/Introspect.swift:90:53: error: cannot find type 'PlatformView' in scope
 88 |     /// This method inspects siblings recursively.
 89 |     /// Returns nil if no sibling contains the specified type.
 90 |     public static func previousSibling<AnyViewType: PlatformView>(
    |                                                     `- error: cannot find type 'PlatformView' in scope
 91 |         containing type: AnyViewType.Type,
 92 |         from entry: PlatformView
/Users/admin/builder/spi-builder-workspace/.dependencies/checkouts/SwiftUI-Introspect/Introspect/Introspect.swift:116:21: error: cannot find type 'PlatformView' in scope
114 |     public static func previousSibling<AnyViewType: PlatformView>(
115 |         ofType type: AnyViewType.Type,
116 |         from entry: PlatformView
    |                     `- error: cannot find type 'PlatformView' in scope
117 |     ) -> AnyViewType? {
118 |
/Users/admin/builder/spi-builder-workspace/.dependencies/checkouts/SwiftUI-Introspect/Introspect/Introspect.swift:114:53: error: cannot find type 'PlatformView' in scope
112 |     /// This method inspects siblings recursively.
113 |     /// Returns nil if no sibling contains the specified type.
114 |     public static func previousSibling<AnyViewType: PlatformView>(
    |                                                     `- error: cannot find type 'PlatformView' in scope
115 |         ofType type: AnyViewType.Type,
116 |         from entry: PlatformView
/Users/admin/builder/spi-builder-workspace/.dependencies/checkouts/SwiftUI-Introspect/Introspect/Introspect.swift:141:21: error: cannot find type 'PlatformViewController' in scope
139 |     public static func previousSibling<AnyViewControllerType: PlatformViewController>(
140 |         containing type: AnyViewControllerType.Type,
141 |         from entry: PlatformViewController
    |                     `- error: cannot find type 'PlatformViewController' in scope
142 |     ) -> AnyViewControllerType? {
143 |
/Users/admin/builder/spi-builder-workspace/.dependencies/checkouts/SwiftUI-Introspect/Introspect/Introspect.swift:139:63: error: cannot find type 'PlatformViewController' in scope
137 |     /// Returns nil if no sibling contains the specified type.
138 |     @available(macOS, unavailable)
139 |     public static func previousSibling<AnyViewControllerType: PlatformViewController>(
    |                                                               `- error: cannot find type 'PlatformViewController' in scope
140 |         containing type: AnyViewControllerType.Type,
141 |         from entry: PlatformViewController
/Users/admin/builder/spi-builder-workspace/.dependencies/checkouts/SwiftUI-Introspect/Introspect/Introspect.swift:165:21: error: cannot find type 'PlatformViewController' in scope
163 |     public static func previousSibling<AnyViewControllerType: PlatformViewController>(
164 |         ofType type: AnyViewControllerType.Type,
165 |         from entry: PlatformViewController
    |                     `- error: cannot find type 'PlatformViewController' in scope
166 |     ) -> AnyViewControllerType? {
167 |
/Users/admin/builder/spi-builder-workspace/.dependencies/checkouts/SwiftUI-Introspect/Introspect/Introspect.swift:163:63: error: cannot find type 'PlatformViewController' in scope
161 |     /// This method does not inspect siblings recursively.
162 |     /// Returns nil if no sibling is of the specified type.
163 |     public static func previousSibling<AnyViewControllerType: PlatformViewController>(
    |                                                               `- error: cannot find type 'PlatformViewController' in scope
164 |         ofType type: AnyViewControllerType.Type,
165 |         from entry: PlatformViewController
/Users/admin/builder/spi-builder-workspace/.dependencies/checkouts/SwiftUI-Introspect/Introspect/Introspect.swift:189:21: error: cannot find type 'PlatformView' in scope
187 |     public static func nextSibling<AnyViewType: PlatformView>(
188 |         containing type: AnyViewType.Type,
189 |         from entry: PlatformView
    |                     `- error: cannot find type 'PlatformView' in scope
190 |     ) -> AnyViewType? {
191 |
/Users/admin/builder/spi-builder-workspace/.dependencies/checkouts/SwiftUI-Introspect/Introspect/Introspect.swift:187:49: error: cannot find type 'PlatformView' in scope
185 |     /// This method inspects siblings recursively.
186 |     /// Returns nil if no sibling contains the specified type.
187 |     public static func nextSibling<AnyViewType: PlatformView>(
    |                                                 `- error: cannot find type 'PlatformView' in scope
188 |         containing type: AnyViewType.Type,
189 |         from entry: PlatformView
/Users/admin/builder/spi-builder-workspace/.dependencies/checkouts/SwiftUI-Introspect/Introspect/Introspect.swift:212:21: error: cannot find type 'PlatformView' in scope
210 |     public static func nextSibling<AnyViewType: PlatformView>(
211 |         ofType type: AnyViewType.Type,
212 |         from entry: PlatformView
    |                     `- error: cannot find type 'PlatformView' in scope
213 |     ) -> AnyViewType? {
214 |
/Users/admin/builder/spi-builder-workspace/.dependencies/checkouts/SwiftUI-Introspect/Introspect/Introspect.swift:210:49: error: cannot find type 'PlatformView' in scope
208 |     /// This method inspects siblings recursively.
209 |     /// Returns nil if no sibling contains the specified type.
210 |     public static func nextSibling<AnyViewType: PlatformView>(
    |                                                 `- error: cannot find type 'PlatformView' in scope
211 |         ofType type: AnyViewType.Type,
212 |         from entry: PlatformView
/Users/admin/builder/spi-builder-workspace/.dependencies/checkouts/SwiftUI-Introspect/Introspect/Introspect.swift:232:107: error: cannot find type 'PlatformView' in scope
230 |     /// Finds an ancestor of the specified type.
231 |     /// If it reaches the top of the view without finding the specified view type, it returns nil.
232 |     public static func findAncestor<AnyViewType: PlatformView>(ofType type: AnyViewType.Type, from entry: PlatformView) -> AnyViewType? {
    |                                                                                                           `- error: cannot find type 'PlatformView' in scope
233 |         var superview = entry.superview
234 |         while let s = superview {
/Users/admin/builder/spi-builder-workspace/.dependencies/checkouts/SwiftUI-Introspect/Introspect/Introspect.swift:232:50: error: cannot find type 'PlatformView' in scope
230 |     /// Finds an ancestor of the specified type.
231 |     /// If it reaches the top of the view without finding the specified view type, it returns nil.
232 |     public static func findAncestor<AnyViewType: PlatformView>(ofType type: AnyViewType.Type, from entry: PlatformView) -> AnyViewType? {
    |                                                  `- error: cannot find type 'PlatformView' in scope
233 |         var superview = entry.superview
234 |         while let s = superview {
/Users/admin/builder/spi-builder-workspace/.dependencies/checkouts/SwiftUI-Introspect/Introspect/Introspect.swift:245:122: error: cannot find type 'PlatformView' in scope
243 |     /// Finds an ancestor of the specified type.
244 |     /// If it reaches the top of the view without finding the specified view type, it returns nil.
245 |     public static func findAncestorOrAncestorChild<AnyViewType: PlatformView>(ofType type: AnyViewType.Type, from entry: PlatformView) -> AnyViewType? {
    |                                                                                                                          `- error: cannot find type 'PlatformView' in scope
246 |         var superview = entry.superview
247 |         while let s = superview {
/Users/admin/builder/spi-builder-workspace/.dependencies/checkouts/SwiftUI-Introspect/Introspect/Introspect.swift:245:65: error: cannot find type 'PlatformView' in scope
243 |     /// Finds an ancestor of the specified type.
244 |     /// If it reaches the top of the view without finding the specified view type, it returns nil.
245 |     public static func findAncestorOrAncestorChild<AnyViewType: PlatformView>(ofType type: AnyViewType.Type, from entry: PlatformView) -> AnyViewType? {
    |                                                                 `- error: cannot find type 'PlatformView' in scope
246 |         var superview = entry.superview
247 |         while let s = superview {
/Users/admin/builder/spi-builder-workspace/.dependencies/checkouts/SwiftUI-Introspect/Introspect/Introspect.swift:260:69: error: cannot find type 'PlatformView' in scope
258 |     /// For instance, if there are multiple text fields in a VStack, the hosting view will contain those text fields (and their host views, see below).
259 |     /// Returns nil if it couldn't find a hosting view. This should never happen when called with an IntrospectionView.
260 |     public static func findHostingView(from entry: PlatformView) -> PlatformView? {
    |                                                                     `- error: cannot find type 'PlatformView' in scope
261 |         var superview = entry.superview
262 |         while let s = superview {
/Users/admin/builder/spi-builder-workspace/.dependencies/checkouts/SwiftUI-Introspect/Introspect/Introspect.swift:260:52: error: cannot find type 'PlatformView' in scope
258 |     /// For instance, if there are multiple text fields in a VStack, the hosting view will contain those text fields (and their host views, see below).
259 |     /// Returns nil if it couldn't find a hosting view. This should never happen when called with an IntrospectionView.
260 |     public static func findHostingView(from entry: PlatformView) -> PlatformView? {
    |                                                    `- error: cannot find type 'PlatformView' in scope
261 |         var superview = entry.superview
262 |         while let s = superview {
/Users/admin/builder/spi-builder-workspace/.dependencies/checkouts/SwiftUI-Introspect/Introspect/Introspect.swift:274:66: error: cannot find type 'PlatformView' in scope
272 |     /// SwiftUI wraps each UIView within a ViewHost, then within a HostingView.
273 |     /// Returns nil if it couldn't find a view host. This should never happen when called with an IntrospectionView.
274 |     public static func findViewHost(from entry: PlatformView) -> PlatformView? {
    |                                                                  `- error: cannot find type 'PlatformView' in scope
275 |         var superview = entry.superview
276 |         while let s = superview {
/Users/admin/builder/spi-builder-workspace/.dependencies/checkouts/SwiftUI-Introspect/Introspect/Introspect.swift:274:49: error: cannot find type 'PlatformView' in scope
272 |     /// SwiftUI wraps each UIView within a ViewHost, then within a HostingView.
273 |     /// Returns nil if it couldn't find a view host. This should never happen when called with an IntrospectionView.
274 |     public static func findViewHost(from entry: PlatformView) -> PlatformView? {
    |                                                 `- error: cannot find type 'PlatformView' in scope
275 |         var superview = entry.superview
276 |         while let s = superview {
/Users/admin/builder/spi-builder-workspace/.dependencies/checkouts/SwiftUI-Introspect/Introspect/Introspect.swift:287:80: error: cannot find type 'PlatformView' in scope
285 |
286 | public enum TargetViewSelector {
287 |     public static func siblingContaining<TargetView: PlatformView>(from entry: PlatformView) -> TargetView? {
    |                                                                                `- error: cannot find type 'PlatformView' in scope
288 |         guard let viewHost = Introspect.findViewHost(from: entry) else {
289 |             return nil
/Users/admin/builder/spi-builder-workspace/.dependencies/checkouts/SwiftUI-Introspect/Introspect/Introspect.swift:287:54: error: cannot find type 'PlatformView' in scope
285 |
286 | public enum TargetViewSelector {
287 |     public static func siblingContaining<TargetView: PlatformView>(from entry: PlatformView) -> TargetView? {
    |                                                      `- error: cannot find type 'PlatformView' in scope
288 |         guard let viewHost = Introspect.findViewHost(from: entry) else {
289 |             return nil
/Users/admin/builder/spi-builder-workspace/.dependencies/checkouts/SwiftUI-Introspect/Introspect/Introspect.swift:294:90: error: cannot find type 'PlatformView' in scope
292 |     }
293 |
294 |     public static func siblingContainingOrAncestor<TargetView: PlatformView>(from entry: PlatformView) -> TargetView? {
    |                                                                                          `- error: cannot find type 'PlatformView' in scope
295 |         if let sibling: TargetView = siblingContaining(from: entry) {
296 |             return sibling
/Users/admin/builder/spi-builder-workspace/.dependencies/checkouts/SwiftUI-Introspect/Introspect/Introspect.swift:294:64: error: cannot find type 'PlatformView' in scope
292 |     }
293 |
294 |     public static func siblingContainingOrAncestor<TargetView: PlatformView>(from entry: PlatformView) -> TargetView? {
    |                                                                `- error: cannot find type 'PlatformView' in scope
295 |         if let sibling: TargetView = siblingContaining(from: entry) {
296 |             return sibling
/Users/admin/builder/spi-builder-workspace/.dependencies/checkouts/SwiftUI-Introspect/Introspect/Introspect.swift:301:105: error: cannot find type 'PlatformView' in scope
299 |     }
300 |
301 |     public static func siblingContainingOrAncestorOrAncestorChild<TargetView: PlatformView>(from entry: PlatformView) -> TargetView? {
    |                                                                                                         `- error: cannot find type 'PlatformView' in scope
302 |         if let sibling: TargetView = siblingContaining(from: entry) {
303 |             return sibling
/Users/admin/builder/spi-builder-workspace/.dependencies/checkouts/SwiftUI-Introspect/Introspect/Introspect.swift:301:79: error: cannot find type 'PlatformView' in scope
299 |     }
300 |
301 |     public static func siblingContainingOrAncestorOrAncestorChild<TargetView: PlatformView>(from entry: PlatformView) -> TargetView? {
    |                                                                               `- error: cannot find type 'PlatformView' in scope
302 |         if let sibling: TargetView = siblingContaining(from: entry) {
303 |             return sibling
/Users/admin/builder/spi-builder-workspace/.dependencies/checkouts/SwiftUI-Introspect/Introspect/Introspect.swift:308:76: error: cannot find type 'PlatformView' in scope
306 |     }
307 |
308 |     public static func siblingOfType<TargetView: PlatformView>(from entry: PlatformView) -> TargetView? {
    |                                                                            `- error: cannot find type 'PlatformView' in scope
309 |         guard let viewHost = Introspect.findViewHost(from: entry) else {
310 |             return nil
/Users/admin/builder/spi-builder-workspace/.dependencies/checkouts/SwiftUI-Introspect/Introspect/Introspect.swift:308:50: error: cannot find type 'PlatformView' in scope
306 |     }
307 |
308 |     public static func siblingOfType<TargetView: PlatformView>(from entry: PlatformView) -> TargetView? {
    |                                                  `- error: cannot find type 'PlatformView' in scope
309 |         guard let viewHost = Introspect.findViewHost(from: entry) else {
310 |             return nil
/Users/admin/builder/spi-builder-workspace/.dependencies/checkouts/SwiftUI-Introspect/Introspect/Introspect.swift:315:86: error: cannot find type 'PlatformView' in scope
313 |     }
314 |
315 |     public static func siblingOfTypeOrAncestor<TargetView: PlatformView>(from entry: PlatformView) -> TargetView? {
    |                                                                                      `- error: cannot find type 'PlatformView' in scope
316 |         if let sibling: TargetView = siblingOfType(from: entry) {
317 |             return sibling
/Users/admin/builder/spi-builder-workspace/.dependencies/checkouts/SwiftUI-Introspect/Introspect/Introspect.swift:315:60: error: cannot find type 'PlatformView' in scope
313 |     }
314 |
315 |     public static func siblingOfTypeOrAncestor<TargetView: PlatformView>(from entry: PlatformView) -> TargetView? {
    |                                                            `- error: cannot find type 'PlatformView' in scope
316 |         if let sibling: TargetView = siblingOfType(from: entry) {
317 |             return sibling
/Users/admin/builder/spi-builder-workspace/.dependencies/checkouts/SwiftUI-Introspect/Introspect/Introspect.swift:322:114: error: cannot find type 'PlatformView' in scope
320 |     }
321 |
322 |     public static func siblingOrAncestorOrSiblingContainingOrAncestorChild<TargetView: PlatformView>(from entry: PlatformView) -> TargetView? {
    |                                                                                                                  `- error: cannot find type 'PlatformView' in scope
323 |         if let sibling: TargetView = siblingOfType(from: entry) {
324 |             return sibling
/Users/admin/builder/spi-builder-workspace/.dependencies/checkouts/SwiftUI-Introspect/Introspect/Introspect.swift:322:88: error: cannot find type 'PlatformView' in scope
320 |     }
321 |
322 |     public static func siblingOrAncestorOrSiblingContainingOrAncestorChild<TargetView: PlatformView>(from entry: PlatformView) -> TargetView? {
    |                                                                                        `- error: cannot find type 'PlatformView' in scope
323 |         if let sibling: TargetView = siblingOfType(from: entry) {
324 |             return sibling
/Users/admin/builder/spi-builder-workspace/.dependencies/checkouts/SwiftUI-Introspect/Introspect/Introspect.swift:332:90: error: cannot find type 'PlatformView' in scope
330 |     }
331 |
332 |     public static func ancestorOrSiblingContaining<TargetView: PlatformView>(from entry: PlatformView) -> TargetView? {
    |                                                                                          `- error: cannot find type 'PlatformView' in scope
333 |         if let tableView = Introspect.findAncestor(ofType: TargetView.self, from: entry) {
334 |             return tableView
/Users/admin/builder/spi-builder-workspace/.dependencies/checkouts/SwiftUI-Introspect/Introspect/Introspect.swift:332:64: error: cannot find type 'PlatformView' in scope
330 |     }
331 |
332 |     public static func ancestorOrSiblingContaining<TargetView: PlatformView>(from entry: PlatformView) -> TargetView? {
    |                                                                `- error: cannot find type 'PlatformView' in scope
333 |         if let tableView = Introspect.findAncestor(ofType: TargetView.self, from: entry) {
334 |             return tableView
/Users/admin/builder/spi-builder-workspace/.dependencies/checkouts/SwiftUI-Introspect/Introspect/Introspect.swift:339:86: error: cannot find type 'PlatformView' in scope
337 |     }
338 |
339 |     public static func ancestorOrSiblingOfType<TargetView: PlatformView>(from entry: PlatformView) -> TargetView? {
    |                                                                                      `- error: cannot find type 'PlatformView' in scope
340 |         if let tableView = Introspect.findAncestor(ofType: TargetView.self, from: entry) {
341 |             return tableView
/Users/admin/builder/spi-builder-workspace/.dependencies/checkouts/SwiftUI-Introspect/Introspect/Introspect.swift:339:60: error: cannot find type 'PlatformView' in scope
337 |     }
338 |
339 |     public static func ancestorOrSiblingOfType<TargetView: PlatformView>(from entry: PlatformView) -> TargetView? {
    |                                                            `- error: cannot find type 'PlatformView' in scope
340 |         if let tableView = Introspect.findAncestor(ofType: TargetView.self, from: entry) {
341 |             return tableView
Failed frontend command:
/Applications/Xcode-27.0.0-Release.Candidate.app/Contents/Developer/Toolchains/XcodeDefault.xctoolchain/usr/bin/swift-frontend -frontend -emit-module -experimental-skip-non-inlinable-function-bodies-without-types /Users/admin/builder/spi-builder-workspace/.dependencies/checkouts/SwiftUI-Introspect/Introspect/AppKitIntrospectionView.swift /Users/admin/builder/spi-builder-workspace/.dependencies/checkouts/SwiftUI-Introspect/Introspect/Introspect.swift /Users/admin/builder/spi-builder-workspace/.dependencies/checkouts/SwiftUI-Introspect/Introspect/UIKitIntrospectionView.swift /Users/admin/builder/spi-builder-workspace/.dependencies/checkouts/SwiftUI-Introspect/Introspect/UIKitIntrospectionViewController.swift /Users/admin/builder/spi-builder-workspace/.dependencies/checkouts/SwiftUI-Introspect/Introspect/ViewExtensions.swift -target arm64-apple-xros1.0 -module-can-import-version MapKit 2552.60.6.12 14.0.0 -module-can-import-version UIKit 9127.0.84.1 9127.0.84 -disable-cross-import-overlay-search -swift-module-cross-import MapKit /Applications/Xcode-27.0.0-Release.Candidate.app/Contents/Developer/Platforms/XROS.platform/Developer/SDKs/XROS.sdk/System/Library/Frameworks/MapKit.framework/Modules/MapKit.swiftcrossimport/SwiftUI.swiftoverlay -swift-module-cross-import MapKit /Applications/Xcode-27.0.0-Release.Candidate.app/Contents/Developer/Platforms/XROS.platform/Developer/SDKs/XROS27.0.sdk/System/Library/Frameworks/MapKit.framework/Modules/MapKit.swiftcrossimport/SwiftUI.swiftoverlay -load-resolved-plugin /Applications/Xcode-27.0.0-Release.Candidate.app/Contents/Developer/Platforms/XROS.platform/Developer/usr/lib/swift/host/plugins/libFoundationMacros.dylib\#/Applications/Xcode-27.0.0-Release.Candidate.app/Contents/Developer/Platforms/XROS.platform/Developer/usr/bin/swift-plugin-server\#FoundationMacros -load-resolved-plugin /Applications/Xcode-27.0.0-Release.Candidate.app/Contents/Developer/Platforms/XROS.platform/Developer/usr/lib/swift/host/plugins/libObservationMacros.dylib\#/Applications/Xcode-27.0.0-Release.Candidate.app/Contents/Developer/Platforms/XROS.platform/Developer/usr/bin/swift-plugin-server\#ObservationMacros -load-resolved-plugin /Applications/Xcode-27.0.0-Release.Candidate.app/Contents/Developer/Platforms/XROS.platform/Developer/usr/lib/swift/host/plugins/libPreviewsMacros.dylib\#/Applications/Xcode-27.0.0-Release.Candidate.app/Contents/Developer/Platforms/XROS.platform/Developer/usr/bin/swift-plugin-server\#PreviewsMacros -load-resolved-plugin /Applications/Xcode-27.0.0-Release.Candidate.app/Contents/Developer/Platforms/XROS.platform/Developer/usr/lib/swift/host/plugins/libSwiftMacros.dylib\#/Applications/Xcode-27.0.0-Release.Candidate.app/Contents/Developer/Platforms/XROS.platform/Developer/usr/bin/swift-plugin-server\#SwiftMacros -load-resolved-plugin /Applications/Xcode-27.0.0-Release.Candidate.app/Contents/Developer/Platforms/XROS.platform/Developer/usr/lib/swift/host/plugins/libSwiftUIMacros.dylib\#/Applications/Xcode-27.0.0-Release.Candidate.app/Contents/Developer/Platforms/XROS.platform/Developer/usr/bin/swift-plugin-server\#SwiftUIMacros -disable-implicit-swift-modules -Xcc -fno-implicit-modules -Xcc -fno-implicit-module-maps -explicit-swift-module-map-file /Users/admin/builder/spi-builder-workspace/.derivedData/Build/Intermediates.noindex/swiftui-introspect.build/Debug-xros/Introspect-t.build/Objects-normal/arm64/Introspect-dependencies-1.json -Xllvm -aarch64-use-tbi -enable-objc-interop -stack-check -sdk /Applications/Xcode-27.0.0-Release.Candidate.app/Contents/Developer/Platforms/XROS.platform/Developer/SDKs/XROS27.0.sdk -I /Users/admin/builder/spi-builder-workspace/.derivedData/Build/Products/Debug-xros -Isystem /Applications/Xcode-27.0.0-Release.Candidate.app/Contents/Developer/Platforms/XROS.platform/Developer/usr/lib -F /Users/admin/builder/spi-builder-workspace/.derivedData/Build/Products/Debug-xros -F /Applications/Xcode-27.0.0-Release.Candidate.app/Contents/Developer/Platforms/XROS.platform/Developer/Library/Frameworks -F /Applications/Xcode-27.0.0-Release.Candidate.app/Contents/Developer/Platforms/XROS.platform/Developer/SDKs/XROS27.0.sdk/Developer/Library/Frameworks -module-cache-path /Users/admin/builder/spi-builder-workspace/.derivedData/Build/Intermediates.noindex/SwiftExplicitPrecompiledModules -no-color-diagnostics -Xcc -fno-color-diagnostics -enable-testing -g -debug-info-format\=dwarf -dwarf-version\=4 -suppress-warnings -swift-version 5 -Onone -D SWIFT_PACKAGE -D DEBUG -D SWIFT_MODULE_RESOURCE_BUNDLE_UNAVAILABLE -D Xcode -serialize-debugging-options -enable-experimental-feature DebugDescriptionMacro -empty-abi-descriptor -validate-clang-modules-once -clang-build-session-file /Users/admin/builder/spi-builder-workspace/.derivedData/ModuleCache.noindex/Session.modulevalidation -Xcc -working-directory -Xcc /Users/admin/builder/spi-builder-workspace/.swiftpm/xcode -enable-anonymous-context-mangled-names -file-compilation-dir /Users/admin/builder/spi-builder-workspace/.swiftpm/xcode -Xcc -D_LIBCPP_HARDENING_MODE\=_LIBCPP_HARDENING_MODE_DEBUG -Xcc -ivfsstatcache -Xcc /Users/admin/builder/spi-builder-workspace/.derivedData/SDKStatCaches.noindex/xros27.0-24M361-e829b21a6f8c9b70876ba0858053c044735bd543db762f57723cac368afd1ce4.sdkstatcache -Xcc -fmodules-prune-interval\=86400 -Xcc -fmodules-prune-after\=345600 -Xcc -I/Users/admin/builder/spi-builder-workspace/.derivedData/Build/Products/Debug-xros/include -Xcc -I/Users/admin/builder/spi-builder-workspace/.derivedData/Build/Intermediates.noindex/swiftui-introspect.build/Debug-xros/Introspect-t.build/DerivedSources-normal/arm64 -Xcc -I/Users/admin/builder/spi-builder-workspace/.derivedData/Build/Intermediates.noindex/swiftui-introspect.build/Debug-xros/Introspect-t.build/DerivedSources/arm64 -Xcc -I/Users/admin/builder/spi-builder-workspace/.derivedData/Build/Intermediates.noindex/swiftui-introspect.build/Debug-xros/Introspect-t.build/DerivedSources -Xcc -DSWIFT_PACKAGE -Xcc -DDEBUG\=1 -no-auto-bridging-header-chaining -module-name Introspect -const-gather-protocols-file /Users/admin/builder/spi-builder-workspace/.derivedData/Build/Intermediates.noindex/swiftui-introspect.build/Debug-xros/Introspect-t.build/Objects-normal/arm64/Introspect_const_extract_protocols.json -disable-clang-spi -clang-target arm64-apple-xros27.0 -target-sdk-version 27.0 -target-sdk-name xros27.0 -in-process-plugin-server-path /Applications/Xcode-27.0.0-Release.Candidate.app/Contents/Developer/Toolchains/XcodeDefault.xctoolchain/usr/lib/swift/host/libSwiftInProcPluginServer.dylib -emit-module-doc-path /Users/admin/builder/spi-builder-workspace/.derivedData/Build/Intermediates.noindex/swiftui-introspect.build/Debug-xros/Introspect-t.build/Objects-normal/arm64/Introspect.swiftdoc -emit-module-source-info-path /Users/admin/builder/spi-builder-workspace/.derivedData/Build/Intermediates.noindex/swiftui-introspect.build/Debug-xros/Introspect-t.build/Objects-normal/arm64/Introspect.swiftsourceinfo -emit-objc-header-path /Users/admin/builder/spi-builder-workspace/.derivedData/Build/Intermediates.noindex/swiftui-introspect.build/Debug-xros/Introspect-t.build/Objects-normal/arm64/Introspect-Swift.h -serialize-diagnostics-path /Users/admin/builder/spi-builder-workspace/.derivedData/Build/Intermediates.noindex/swiftui-introspect.build/Debug-xros/Introspect-t.build/Objects-normal/arm64/Introspect-primary-emit-module.dia -emit-dependencies-path /Users/admin/builder/spi-builder-workspace/.derivedData/Build/Intermediates.noindex/swiftui-introspect.build/Debug-xros/Introspect-t.build/Objects-normal/arm64/Introspect-primary-emit-module.d -parse-as-library -o /Users/admin/builder/spi-builder-workspace/.derivedData/Build/Intermediates.noindex/swiftui-introspect.build/Debug-xros/Introspect-t.build/Objects-normal/arm64/Introspect.swiftmodule -emit-abi-descriptor-path /Users/admin/builder/spi-builder-workspace/.derivedData/Build/Intermediates.noindex/swiftui-introspect.build/Debug-xros/Introspect-t.build/Objects-normal/arm64/Introspect.abi.json
SwiftCompile normal arm64 (in target 'Introspect' from project 'swiftui-introspect')
    cd /Users/admin/builder/spi-builder-workspace/.swiftpm/xcode

SwiftMergeGeneratedHeaders /Users/admin/builder/spi-builder-workspace/.derivedData/Build/Intermediates.noindex/GeneratedModuleMaps-xros/WrappingHStack-Swift.h /Users/admin/builder/spi-builder-workspace/.derivedData/Build/Intermediates.noindex/WrappingHStack.build/Debug-xros/WrappingHStack-t.build/Objects-normal/arm64/WrappingHStack-Swift.h (in target 'WrappingHStack' from project 'WrappingHStack')
    cd /Users/admin/builder/spi-builder-workspace/.dependencies/checkouts/WrappingHStack
    builtin-swiftHeaderTool -arch arm64 /Users/admin/builder/spi-builder-workspace/.derivedData/Build/Intermediates.noindex/WrappingHStack.build/Debug-xros/WrappingHStack-t.build/Objects-normal/arm64/WrappingHStack-Swift.h -o /Users/admin/builder/spi-builder-workspace/.derivedData/Build/Intermediates.noindex/GeneratedModuleMaps-xros/WrappingHStack-Swift.h
Copy /Users/admin/builder/spi-builder-workspace/.derivedData/Build/Products/Debug-xros/WrappingHStack.swiftmodule/arm64-apple-xros.swiftmodule /Users/admin/builder/spi-builder-workspace/.derivedData/Build/Intermediates.noindex/WrappingHStack.build/Debug-xros/WrappingHStack-t.build/Objects-normal/arm64/WrappingHStack.swiftmodule (in target 'WrappingHStack' from project 'WrappingHStack')
    cd /Users/admin/builder/spi-builder-workspace/.dependencies/checkouts/WrappingHStack
    builtin-copy -exclude .DS_Store -exclude CVS -exclude .svn -exclude .git -exclude .hg -resolve-src-symlinks -rename /Users/admin/builder/spi-builder-workspace/.derivedData/Build/Intermediates.noindex/WrappingHStack.build/Debug-xros/WrappingHStack-t.build/Objects-normal/arm64/WrappingHStack.swiftmodule /Users/admin/builder/spi-builder-workspace/.derivedData/Build/Products/Debug-xros/WrappingHStack.swiftmodule/arm64-apple-xros.swiftmodule
Copy /Users/admin/builder/spi-builder-workspace/.derivedData/Build/Products/Debug-xros/WrappingHStack.swiftmodule/arm64-apple-xros.swiftdoc /Users/admin/builder/spi-builder-workspace/.derivedData/Build/Intermediates.noindex/WrappingHStack.build/Debug-xros/WrappingHStack-t.build/Objects-normal/arm64/WrappingHStack.swiftdoc (in target 'WrappingHStack' from project 'WrappingHStack')
    cd /Users/admin/builder/spi-builder-workspace/.dependencies/checkouts/WrappingHStack
    builtin-copy -exclude .DS_Store -exclude CVS -exclude .svn -exclude .git -exclude .hg -resolve-src-symlinks -rename /Users/admin/builder/spi-builder-workspace/.derivedData/Build/Intermediates.noindex/WrappingHStack.build/Debug-xros/WrappingHStack-t.build/Objects-normal/arm64/WrappingHStack.swiftdoc /Users/admin/builder/spi-builder-workspace/.derivedData/Build/Products/Debug-xros/WrappingHStack.swiftmodule/arm64-apple-xros.swiftdoc
Copy /Users/admin/builder/spi-builder-workspace/.derivedData/Build/Products/Debug-xros/WrappingHStack.swiftmodule/arm64-apple-xros.abi.json /Users/admin/builder/spi-builder-workspace/.derivedData/Build/Intermediates.noindex/WrappingHStack.build/Debug-xros/WrappingHStack-t.build/Objects-normal/arm64/WrappingHStack.abi.json (in target 'WrappingHStack' from project 'WrappingHStack')
    cd /Users/admin/builder/spi-builder-workspace/.dependencies/checkouts/WrappingHStack
    builtin-copy -exclude .DS_Store -exclude CVS -exclude .svn -exclude .git -exclude .hg -resolve-src-symlinks -rename /Users/admin/builder/spi-builder-workspace/.derivedData/Build/Intermediates.noindex/WrappingHStack.build/Debug-xros/WrappingHStack-t.build/Objects-normal/arm64/WrappingHStack.abi.json /Users/admin/builder/spi-builder-workspace/.derivedData/Build/Products/Debug-xros/WrappingHStack.swiftmodule/arm64-apple-xros.abi.json
Copy /Users/admin/builder/spi-builder-workspace/.derivedData/Build/Products/Debug-xros/WrappingHStack.swiftmodule/Project/arm64-apple-xros.swiftsourceinfo /Users/admin/builder/spi-builder-workspace/.derivedData/Build/Intermediates.noindex/WrappingHStack.build/Debug-xros/WrappingHStack-t.build/Objects-normal/arm64/WrappingHStack.swiftsourceinfo (in target 'WrappingHStack' from project 'WrappingHStack')
    cd /Users/admin/builder/spi-builder-workspace/.dependencies/checkouts/WrappingHStack
    builtin-copy -exclude .DS_Store -exclude CVS -exclude .svn -exclude .git -exclude .hg -resolve-src-symlinks -rename /Users/admin/builder/spi-builder-workspace/.derivedData/Build/Intermediates.noindex/WrappingHStack.build/Debug-xros/WrappingHStack-t.build/Objects-normal/arm64/WrappingHStack.swiftsourceinfo /Users/admin/builder/spi-builder-workspace/.derivedData/Build/Products/Debug-xros/WrappingHStack.swiftmodule/Project/arm64-apple-xros.swiftsourceinfo
SwiftEmitModule normal arm64 Emitting\ module\ for\ DeviceKit (in target 'DeviceKit' from project 'DeviceKit')
SwiftCompile normal arm64 (in target 'DeviceKit' from project 'DeviceKit')
    cd /Users/admin/builder/spi-builder-workspace/.swiftpm/xcode

SwiftCompile normal arm64 Compiling\ WrappingHStack.swift /Users/admin/builder/spi-builder-workspace/.dependencies/checkouts/WrappingHStack/Sources/WrappingHStack/WrappingHStack.swift (in target 'WrappingHStack' from project 'WrappingHStack')
SwiftCompile normal arm64 /Users/admin/builder/spi-builder-workspace/.dependencies/checkouts/WrappingHStack/Sources/WrappingHStack/WrappingHStack.swift (in target 'WrappingHStack' from project 'WrappingHStack')
    cd /Users/admin/builder/spi-builder-workspace/.swiftpm/xcode
    builtin-SwiftPerFileCompile WrappingHStack.swift
SwiftCompile normal arm64 Compiling\ InternalWrappingHStack.swift /Users/admin/builder/spi-builder-workspace/.dependencies/checkouts/WrappingHStack/Sources/WrappingHStack/InternalWrappingHStack.swift (in target 'WrappingHStack' from project 'WrappingHStack')
SwiftCompile normal arm64 /Users/admin/builder/spi-builder-workspace/.dependencies/checkouts/WrappingHStack/Sources/WrappingHStack/InternalWrappingHStack.swift (in target 'WrappingHStack' from project 'WrappingHStack')
    cd /Users/admin/builder/spi-builder-workspace/.swiftpm/xcode
    builtin-SwiftPerFileCompile InternalWrappingHStack.swift
SwiftEmitModule normal arm64 Emitting\ module\ for\ LoaderUI (in target 'LoaderUI' from project 'LoaderUI')
SwiftCompile normal arm64 (in target 'LoaderUI' from project 'LoaderUI')
    cd /Users/admin/builder/spi-builder-workspace/.swiftpm/xcode

SwiftEmitModule normal arm64 Emitting\ module\ for\ SFSafeSymbols (in target 'SFSafeSymbols' from project 'SFSafeSymbols')
SwiftCompile normal arm64 (in target 'SFSafeSymbols' from project 'SFSafeSymbols')
    cd /Users/admin/builder/spi-builder-workspace/.swiftpm/xcode

PruneExplicitPrecompiledModules /Users/admin/builder/spi-builder-workspace/.derivedData/Build/Intermediates.noindex/ExplicitPrecompiledModules
PruneExplicitPrecompiledModules /Users/admin/builder/spi-builder-workspace/.derivedData/Build/Intermediates.noindex/SwiftExplicitPrecompiledModules
PruneExplicitPrecompiledModules /Users/admin/builder/spi-builder-workspace/.derivedData/SDKExplicitPrecompiledModules
2026-09-19 04:04:03.584 xcodebuild[1570:8931] [MT] IDERunDestination: Supported platforms for the buildables in the current scheme is empty.
** BUILD FAILED **
The following build commands failed:
	SwiftEmitModule normal arm64 Emitting\ module\ for\ Introspect (in target 'Introspect' from project 'swiftui-introspect')
	SwiftCompile normal arm64 (in target 'Introspect' from project 'swiftui-introspect')
	Building workspace Mcrich23-Toolkit with scheme Mcrich23-Toolkit
(3 failures)
BUILD FAILURE 6.4 visionOS