The Swift Package Index logo.Swift Package Index

Build Information

Failed to build MijickCamera, reference main (0f0234), with Swift 6.4 for macOS (SPM) on 23 Sep 2026 03:17:07 UTC.

Build Command

env DEVELOPER_DIR=/Applications/Xcode-27.0.0-Release.Candidate.app xcrun swift build --arch arm64

Build Log

========================================
RunAll
========================================
Builder version: 5.1.0
Interrupt handler set up.
========================================
Checkout
========================================
Clone URL: https://github.com/Mijick/Camera.git
Reference: main
Initialized empty Git repository in /Users/admin/builder/spi-builder-workspace/.git/
From https://github.com/Mijick/Camera
 * branch            main       -> FETCH_HEAD
 * [new branch]      main       -> origin/main
HEAD is now at 0f02348 Patch 3.0.3
Cloned https://github.com/Mijick/Camera.git
Revision (git rev-parse @):
0f02348fcc8fbbc9224c7fbf444f182dc25d0b40
SUCCESS checkout https://github.com/Mijick/Camera.git at main
========================================
Build
========================================
Selected platform:         macosSpm
Swift version:             6.4
Building package at path:  $PWD
https://github.com/Mijick/Camera.git
Running build ...
env DEVELOPER_DIR=/Applications/Xcode-27.0.0-Release.Candidate.app xcrun swift build --arch arm64
Building for debugging...
[Pre-planning 1 / 125]
[Planning deferred tasks]
[37 / 61] MijickCamera_MijickCamera
[42 / 61]
[43 / 62] MijickTimer
[53 / 139]
[56 / 139]
[64 / 139]
[66 / 139]
[67 / 139]
[72 / 139]
[74 / 139]
[76 / 139]
[79 / 139]
[84 / 139]
[87 / 139]
[89 / 139]
[90 / 139]
[100 / 139]
[102 / 139]
[103 / 139]
[106 / 139]
[108 / 139]
[120 / 139] MijickTimer
[121 / 139] MijickTimer
[128 / 140] MijickCamera
[131 / 165]
[133 / 165]
[135 / 165]
[137 / 165]
[138 / 165]
[140 / 165]
[141 / 165] MijickTimer
[141 / 165]
[142 / 165]
Fetching https://github.com/Mijick/Timer
[1/924] Fetching timer
Fetched https://github.com/Mijick/Timer (1.00s)
Computing version for https://github.com/Mijick/Timer
Computed https://github.com/Mijick/Timer at 2.0.0 (1.56s)
Creating working copy for https://github.com/Mijick/Timer
Working copy of https://github.com/Mijick/Timer resolved at 2.0.0
error: SwiftCompile normal arm64 failed with a nonzero exit code. Command line:     cd /Users/admin/builder

/Users/admin/builder/spi-builder-workspace/Sources/Internal/Extensions/AVCaptureVideoOrientation++.swift:28:34: error: cannot find type 'UIImage' in scope
26 | // MARK: To UIImageOrientation
27 | extension AVCaptureVideoOrientation {
28 |     func toImageOrientation() -> UIImage.Orientation { switch self {
   |                                  `- error: cannot find type 'UIImage' in scope
29 |         case .portrait: .downMirrored
30 |         case .landscapeLeft: .leftMirrored
/Users/admin/builder/spi-builder-workspace/Sources/Internal/Extensions/AVCaptureVideoOrientation++.swift:39:35: error: cannot find type 'UIDeviceOrientation' in scope
37 | // MARK: To UIDeviceOrientation
38 | extension AVCaptureVideoOrientation {
39 |     func toDeviceOrientation() -> UIDeviceOrientation { switch self {
   |                                   `- error: cannot find type 'UIDeviceOrientation' in scope
40 |         case .portrait: .portrait
41 |         case .portraitUpsideDown: .portraitUpsideDown
/Users/admin/builder/spi-builder-workspace/Sources/Internal/Extensions/UIImage.Orientation++.swift:15:11: error: cannot find type 'UIImage' in scope
13 |
14 | // MARK: From CGImagePropertyOrientation
15 | extension UIImage.Orientation {
   |           `- error: cannot find type 'UIImage' in scope
16 |     init(_ orientation: CGImagePropertyOrientation) { switch orientation {
17 |         case .down: self = .down
/Users/admin/builder/spi-builder-workspace/Sources/Internal/Extensions/UIView++.swift:15:11: error: cannot find type 'UIView' in scope
13 |
14 | // MARK: Add to Parent
15 | extension UIView {
   |           `- error: cannot find type 'UIView' in scope
16 |     func addToParent(_ view: UIView) {
17 |         view.addSubview(self)
/Users/admin/builder/spi-builder-workspace/Sources/Internal/Extensions/UIView++.swift:28:11: error: cannot find type 'UIView' in scope
26 |
27 | // MARK: Apply Blur Effect
28 | extension UIView {
   |           `- error: cannot find type 'UIView' in scope
29 |     func applyBlurEffect(style: UIBlurEffect.Style) {
30 |         let blurEffectView = UIVisualEffectView()
/Users/admin/builder/spi-builder-workspace/Sources/Internal/Models/MCameraMedia.swift:15:16: error: cannot find type 'UIImage' in scope
13 |
14 | public struct MCameraMedia: Sendable {
15 |     let image: UIImage?
   |                `- error: cannot find type 'UIImage' in scope
16 |     let video: URL?
17 |
/Users/admin/builder/spi-builder-workspace/Sources/Internal/Manager/CameraManager+MotionManager.swift:17:31: error: 'CMMotionManager' is unavailable in macOS
 15 | @MainActor class CameraManagerMotionManager {
 16 |     private(set) var parent: CameraManager!
 17 |     private(set) var manager: CMMotionManager = .init()
    |                               `- error: 'CMMotionManager' is unavailable in macOS
 18 | }
 19 |
/Applications/Xcode-27.0.0-Release.Candidate.app/Contents/Developer/Platforms/MacOSX.platform/Developer/SDKs/MacOSX27.0.sdk/System/Library/Frameworks/CoreMotion.framework/Headers/CMMotionManager.h:87:12: note: 'CMMotionManager' has been explicitly marked unavailable here
 85 |  */
 86 | COREMOTION_EXPORT API_AVAILABLE(ios(4.0)) API_UNAVAILABLE(macos)
 87 | @interface CMMotionManager : NSObject
    |            `- note: 'CMMotionManager' has been explicitly marked unavailable here
 88 | {
 89 | @private
/Users/admin/builder/spi-builder-workspace/Sources/Internal/Manager/CameraManager+MotionManager.swift:67:48: error: cannot find type 'UIDeviceOrientation' in scope
 65 |         case false: !parent.attributes.orientationLocked
 66 |     }}
 67 |     func getNewFrameOrientation(_ orientation: UIDeviceOrientation) -> CGImagePropertyOrientation { switch parent.attributes.cameraPosition {
    |                                                `- error: cannot find type 'UIDeviceOrientation' in scope
 68 |         case .back: getNewFrameOrientationForBackCamera(orientation)
 69 |         case .front: getNewFrameOrientationForFrontCamera(orientation)
/Users/admin/builder/spi-builder-workspace/Sources/Internal/Manager/CameraManager+MotionManager.swift:77:61: error: cannot find type 'UIDeviceOrientation' in scope
 75 | }
 76 | private extension CameraManagerMotionManager {
 77 |     func getNewFrameOrientationForBackCamera(_ orientation: UIDeviceOrientation) -> CGImagePropertyOrientation { switch orientation {
    |                                                             `- error: cannot find type 'UIDeviceOrientation' in scope
 78 |         case .portrait: parent.attributes.mirrorOutput ? .leftMirrored : .right
 79 |         case .landscapeLeft: parent.attributes.mirrorOutput ? .upMirrored : .up
/Users/admin/builder/spi-builder-workspace/Sources/Internal/Manager/CameraManager+MotionManager.swift:83:62: error: cannot find type 'UIDeviceOrientation' in scope
 81 |         default: parent.attributes.mirrorOutput ? .leftMirrored : .right
 82 |     }}
 83 |     func getNewFrameOrientationForFrontCamera(_ orientation: UIDeviceOrientation) -> CGImagePropertyOrientation { switch orientation {
    |                                                              `- error: cannot find type 'UIDeviceOrientation' in scope
 84 |         case .portrait: parent.attributes.mirrorOutput ? .right : .leftMirrored
 85 |         case .landscapeLeft: parent.attributes.mirrorOutput ? .down : .downMirrored
/Users/admin/builder/spi-builder-workspace/Sources/Internal/Manager/CameraManager+PhotoOutput.swift:78:49: error: cannot find type 'UIImage' in scope
 76 |         CIContext().createCGImage(ciImage, from: ciImage.extent)
 77 |     }
 78 |     func prepareUIImage(_ cgImage: CGImage?) -> UIImage? {
    |                                                 `- error: cannot find type 'UIImage' in scope
 79 |         guard let cgImage else { return nil }
 80 |
/Users/admin/builder/spi-builder-workspace/Sources/Internal/Manager/CameraManager+VideoOutput.swift:21:42: error: cannot find type 'UIImage' in scope
 19 |     private(set) var timer: MTimer = .init(.camera)
 20 |     private(set) var recordingTime: MTime = .zero
 21 |     private(set) var firstRecordedFrame: UIImage?
    |                                          `- error: cannot find type 'UIImage' in scope
 22 | }
 23 |
/Users/admin/builder/spi-builder-workspace/Sources/Internal/Manager/CameraManager.swift:28:34: error: cannot find type 'UIView' in scope
 26 |
 27 |     // MARK: UI Elements
 28 |     private(set) var cameraView: UIView!
    |                                  `- error: cannot find type 'UIView' in scope
 29 |     private(set) var cameraLayer: AVCaptureVideoPreviewLayer = .init()
 30 |     private(set) var cameraMetalView: CameraMetalView = .init()
/Users/admin/builder/spi-builder-workspace/Sources/Internal/Manager/CameraManager.swift:48:30: error: cannot find type 'UIView' in scope
 46 | // MARK: Initialize
 47 | extension CameraManager {
 48 |     func initialize(in view: UIView) {
    |                              `- error: cannot find type 'UIView' in scope
 49 |         cameraView = view
 50 |     }
/Users/admin/builder/spi-builder-workspace/Sources/Internal/Manager/Helpers/Capture Device/CaptureDevice+AVCaptureDevice.swift:15:1: error: type 'AVCaptureDevice' does not conform to protocol 'CaptureDevice'
13 |
14 | // MARK: Getters
15 | extension AVCaptureDevice: CaptureDevice {
   | `- error: type 'AVCaptureDevice' does not conform to protocol 'CaptureDevice'
16 |     var minExposureDuration: CMTime { activeFormat.minExposureDuration }
17 |     var maxExposureDuration: CMTime { activeFormat.maxExposureDuration }
/Users/admin/builder/spi-builder-workspace/Sources/Internal/Manager/Helpers/Capture Device/CaptureDevice+AVCaptureDevice.swift:15:1: error: unavailable property 'exposureDuration' was used to satisfy a requirement of protocol 'CaptureDevice'
13 |
14 | // MARK: Getters
15 | extension AVCaptureDevice: CaptureDevice {
   | `- error: unavailable property 'exposureDuration' was used to satisfy a requirement of protocol 'CaptureDevice'
16 |     var minExposureDuration: CMTime { activeFormat.minExposureDuration }
17 |     var maxExposureDuration: CMTime { activeFormat.maxExposureDuration }
/Applications/Xcode-27.0.0-Release.Candidate.app/Contents/Developer/Platforms/MacOSX.platform/Developer/SDKs/MacOSX27.0.sdk/System/Library/Frameworks/AVFoundation.framework/Headers/AVCaptureDevice.h:1558:39: note: 'exposureDuration' declared here
1556 | ///
1557 | /// Lower values increases the sharpness of objects in motion, but darkens the image unless the aperture is opened or ISO is increased. Exposure duration may be less than the frame duration, providing an anagolue to the shutter angle of film video cameras. This property is key-value observable. It can be read at any time, regardless of exposure mode, but can only be set by either ``AVCaptureDevice/setExposureModeCustomWithDuration:ISO:completionHandler:`` or ``AVCaptureDevice/setExposureModeCustomWithLensAperture:duration:ISO:completionHandler:``.
1558 | @property(nonatomic, readonly) CMTime exposureDuration API_AVAILABLE(ios(8.0), macCatalyst(14.0), tvos(17.0)) API_UNAVAILABLE(macos, visionos);
     |                                       `- note: 'exposureDuration' declared here
1559 |
1560 | /// The current exposure ISO value.
/Users/admin/builder/spi-builder-workspace/Sources/Internal/Manager/Helpers/Capture Device/CaptureDevice.swift:17:9: note: requirement 'exposureDuration' declared here
 15 |     // MARK: Getters
 16 |     var uniqueID: String { get }
 17 |     var exposureDuration: CMTime { get }
    |         `- note: requirement 'exposureDuration' declared here
 18 |     var exposureTargetBias: Float { get }
 19 |     var iso: Float { get }
/Users/admin/builder/spi-builder-workspace/Sources/Internal/Manager/Helpers/Capture Device/CaptureDevice+AVCaptureDevice.swift:15:1: error: unavailable property 'exposureTargetBias' was used to satisfy a requirement of protocol 'CaptureDevice'
13 |
14 | // MARK: Getters
15 | extension AVCaptureDevice: CaptureDevice {
   | `- error: unavailable property 'exposureTargetBias' was used to satisfy a requirement of protocol 'CaptureDevice'
16 |     var minExposureDuration: CMTime { activeFormat.minExposureDuration }
17 |     var maxExposureDuration: CMTime { activeFormat.maxExposureDuration }
/Applications/Xcode-27.0.0-Release.Candidate.app/Contents/Developer/Platforms/MacOSX.platform/Developer/SDKs/MacOSX27.0.sdk/System/Library/Frameworks/AVFoundation.framework/Headers/AVCaptureDevice.h:1668:38: note: 'exposureTargetBias' declared here
1666 | /// When the exposure mode is AVCaptureExposureModeCustom and none of the custom parameters are "Auto", bias is disabled and will only affect metering.  In custom modes with "Auto" parameters, those parameters will be adjusted to apply the requested bias.
1667 | /// This property is key-value observable. It can be read at any time, but can only be set via setExposureTargetBias:completionHandler:.
1668 | @property(nonatomic, readonly) float exposureTargetBias API_AVAILABLE(ios(8.0), macCatalyst(14.0), tvos(17.0)) API_UNAVAILABLE(macos, visionos);
     |                                      `- note: 'exposureTargetBias' declared here
1669 |
1670 | /*!
/Users/admin/builder/spi-builder-workspace/Sources/Internal/Manager/Helpers/Capture Device/CaptureDevice.swift:18:9: note: requirement 'exposureTargetBias' declared here
 16 |     var uniqueID: String { get }
 17 |     var exposureDuration: CMTime { get }
 18 |     var exposureTargetBias: Float { get }
    |         `- note: requirement 'exposureTargetBias' declared here
 19 |     var iso: Float { get }
 20 |     var minAvailableVideoZoomFactor: CGFloat { get }
/Users/admin/builder/spi-builder-workspace/Sources/Internal/Manager/Helpers/Capture Device/CaptureDevice+AVCaptureDevice.swift:15:1: error: unavailable property 'iso' was used to satisfy a requirement of protocol 'CaptureDevice'
13 |
14 | // MARK: Getters
15 | extension AVCaptureDevice: CaptureDevice {
   | `- error: unavailable property 'iso' was used to satisfy a requirement of protocol 'CaptureDevice'
16 |     var minExposureDuration: CMTime { activeFormat.minExposureDuration }
17 |     var maxExposureDuration: CMTime { activeFormat.maxExposureDuration }
/Applications/Xcode-27.0.0-Release.Candidate.app/Contents/Developer/Platforms/MacOSX.platform/Developer/SDKs/MacOSX27.0.sdk/System/Library/Frameworks/AVFoundation.framework/Headers/AVCaptureDevice.h:1563:38: note: 'iso' declared here
1561 | ///
1562 | /// This property indicates the sensor's sensitivity to light by means of a gain value applied to the signal.  Higher values correspond to brighter but noisier images. This property is key-value observable. It can be read at any time, regardless of exposure mode, but can only be set by either ``AVCaptureDevice/setExposureModeCustomWithDuration:ISO:completionHandler:`` or ``AVCaptureDevice/setExposureModeCustomWithLensAperture:duration:ISO:completionHandler:``.
1563 | @property(nonatomic, readonly) float ISO API_AVAILABLE(ios(8.0), macCatalyst(14.0), tvos(17.0)) API_UNAVAILABLE(macos, visionos);
     |                                      `- note: 'iso' declared here
1564 |
1565 | /// Specifies a rate limit for aperture motion, whenever auto-exposure is active.
/Users/admin/builder/spi-builder-workspace/Sources/Internal/Manager/Helpers/Capture Device/CaptureDevice.swift:19:9: note: requirement 'iso' declared here
 17 |     var exposureDuration: CMTime { get }
 18 |     var exposureTargetBias: Float { get }
 19 |     var iso: Float { get }
    |         `- note: requirement 'iso' declared here
 20 |     var minAvailableVideoZoomFactor: CGFloat { get }
 21 |     var maxAvailableVideoZoomFactor: CGFloat { get }
/Users/admin/builder/spi-builder-workspace/Sources/Internal/Manager/Helpers/Capture Device/CaptureDevice+AVCaptureDevice.swift:15:1: error: unavailable property 'minAvailableVideoZoomFactor' was used to satisfy a requirement of protocol 'CaptureDevice'
13 |
14 | // MARK: Getters
15 | extension AVCaptureDevice: CaptureDevice {
   | `- error: unavailable property 'minAvailableVideoZoomFactor' was used to satisfy a requirement of protocol 'CaptureDevice'
16 |     var minExposureDuration: CMTime { activeFormat.minExposureDuration }
17 |     var maxExposureDuration: CMTime { activeFormat.maxExposureDuration }
/Applications/Xcode-27.0.0-Release.Candidate.app/Contents/Developer/Platforms/MacOSX.platform/Developer/SDKs/MacOSX27.0.sdk/System/Library/Frameworks/AVFoundation.framework/Headers/AVCaptureDevice.h:2380:40: note: 'minAvailableVideoZoomFactor' declared here
2378 |     Setting the videoZoomFactor to a value greater than or equal to 1.0, but lower than minAvailableVideoZoomFactor results in the value being clamped to the minAvailableVideoZoomFactor. Clients can key value observe the value of this property.
2379 |  */
2380 | @property(nonatomic, readonly) CGFloat minAvailableVideoZoomFactor API_AVAILABLE(ios(11.0), macCatalyst(14.0), tvos(17.0)) API_UNAVAILABLE(macos, visionos);
     |                                        `- note: 'minAvailableVideoZoomFactor' declared here
2381 |
2382 | /*!
/Users/admin/builder/spi-builder-workspace/Sources/Internal/Manager/Helpers/Capture Device/CaptureDevice.swift:20:9: note: requirement 'minAvailableVideoZoomFactor' declared here
 18 |     var exposureTargetBias: Float { get }
 19 |     var iso: Float { get }
 20 |     var minAvailableVideoZoomFactor: CGFloat { get }
    |         `- note: requirement 'minAvailableVideoZoomFactor' declared here
 21 |     var maxAvailableVideoZoomFactor: CGFloat { get }
 22 |     var minExposureDuration: CMTime { get }
/Users/admin/builder/spi-builder-workspace/Sources/Internal/Manager/Helpers/Capture Device/CaptureDevice+AVCaptureDevice.swift:15:1: error: unavailable property 'maxAvailableVideoZoomFactor' was used to satisfy a requirement of protocol 'CaptureDevice'
13 |
14 | // MARK: Getters
15 | extension AVCaptureDevice: CaptureDevice {
   | `- error: unavailable property 'maxAvailableVideoZoomFactor' was used to satisfy a requirement of protocol 'CaptureDevice'
16 |     var minExposureDuration: CMTime { activeFormat.minExposureDuration }
17 |     var maxExposureDuration: CMTime { activeFormat.maxExposureDuration }
/Applications/Xcode-27.0.0-Release.Candidate.app/Contents/Developer/Platforms/MacOSX.platform/Developer/SDKs/MacOSX27.0.sdk/System/Library/Frameworks/AVFoundation.framework/Headers/AVCaptureDevice.h:2392:40: note: 'maxAvailableVideoZoomFactor' declared here
2390 |     Setting the videoZoomFactor to a value less than or equal to activeFormat.videoMaxZoomFactor, but greater than maxAvailableVideoZoomFactor results in the value being clamped to the maxAvailableVideoZoomFactor. Clients can key value observe the value of this property.
2391 |  */
2392 | @property(nonatomic, readonly) CGFloat maxAvailableVideoZoomFactor API_AVAILABLE(ios(11.0), macCatalyst(14.0), tvos(17.0)) API_UNAVAILABLE(macos, visionos);
     |                                        `- note: 'maxAvailableVideoZoomFactor' declared here
2393 |
2394 | @end
/Users/admin/builder/spi-builder-workspace/Sources/Internal/Manager/Helpers/Capture Device/CaptureDevice.swift:21:9: note: requirement 'maxAvailableVideoZoomFactor' declared here
 19 |     var iso: Float { get }
 20 |     var minAvailableVideoZoomFactor: CGFloat { get }
 21 |     var maxAvailableVideoZoomFactor: CGFloat { get }
    |         `- note: requirement 'maxAvailableVideoZoomFactor' declared here
 22 |     var minExposureDuration: CMTime { get }
 23 |     var maxExposureDuration: CMTime { get }
/Users/admin/builder/spi-builder-workspace/Sources/Internal/Manager/Helpers/Capture Device/CaptureDevice+AVCaptureDevice.swift:15:1: error: unavailable property 'minExposureTargetBias' was used to satisfy a requirement of protocol 'CaptureDevice'
13 |
14 | // MARK: Getters
15 | extension AVCaptureDevice: CaptureDevice {
   | `- error: unavailable property 'minExposureTargetBias' was used to satisfy a requirement of protocol 'CaptureDevice'
16 |     var minExposureDuration: CMTime { activeFormat.minExposureDuration }
17 |     var maxExposureDuration: CMTime { activeFormat.maxExposureDuration }
/Applications/Xcode-27.0.0-Release.Candidate.app/Contents/Developer/Platforms/MacOSX.platform/Developer/SDKs/MacOSX27.0.sdk/System/Library/Frameworks/AVFoundation.framework/Headers/AVCaptureDevice.h:1678:38: note: 'minExposureTargetBias' declared here
1676 |     This read-only property indicates the minimum supported exposure bias.
1677 |  */
1678 | @property(nonatomic, readonly) float minExposureTargetBias API_AVAILABLE(ios(8.0), macCatalyst(14.0), tvos(17.0)) API_UNAVAILABLE(macos, visionos);
     |                                      `- note: 'minExposureTargetBias' declared here
1679 |
1680 | /*!
/Users/admin/builder/spi-builder-workspace/Sources/Internal/Manager/Helpers/Capture Device/CaptureDevice.swift:26:9: note: requirement 'minExposureTargetBias' declared here
 24 |     var minISO: Float { get }
 25 |     var maxISO: Float { get }
 26 |     var minExposureTargetBias: Float { get }
    |         `- note: requirement 'minExposureTargetBias' declared here
 27 |     var maxExposureTargetBias: Float { get }
 28 |     var minFrameRate: Float64? { get }
/Users/admin/builder/spi-builder-workspace/Sources/Internal/Manager/Helpers/Capture Device/CaptureDevice+AVCaptureDevice.swift:15:1: error: unavailable property 'maxExposureTargetBias' was used to satisfy a requirement of protocol 'CaptureDevice'
13 |
14 | // MARK: Getters
15 | extension AVCaptureDevice: CaptureDevice {
   | `- error: unavailable property 'maxExposureTargetBias' was used to satisfy a requirement of protocol 'CaptureDevice'
16 |     var minExposureDuration: CMTime { activeFormat.minExposureDuration }
17 |     var maxExposureDuration: CMTime { activeFormat.maxExposureDuration }
/Applications/Xcode-27.0.0-Release.Candidate.app/Contents/Developer/Platforms/MacOSX.platform/Developer/SDKs/MacOSX27.0.sdk/System/Library/Frameworks/AVFoundation.framework/Headers/AVCaptureDevice.h:1688:38: note: 'maxExposureTargetBias' declared here
1686 |     This read-only property indicates the maximum supported exposure bias.
1687 |  */
1688 | @property(nonatomic, readonly) float maxExposureTargetBias API_AVAILABLE(ios(8.0), macCatalyst(14.0), tvos(17.0)) API_UNAVAILABLE(macos, visionos);
     |                                      `- note: 'maxExposureTargetBias' declared here
1689 |
1690 | /*!
/Users/admin/builder/spi-builder-workspace/Sources/Internal/Manager/Helpers/Capture Device/CaptureDevice.swift:27:9: note: requirement 'maxExposureTargetBias' declared here
 25 |     var maxISO: Float { get }
 26 |     var minExposureTargetBias: Float { get }
 27 |     var maxExposureTargetBias: Float { get }
    |         `- note: requirement 'maxExposureTargetBias' declared here
 28 |     var minFrameRate: Float64? { get }
 29 |     var maxFrameRate: Float64? { get }
/Users/admin/builder/spi-builder-workspace/Sources/Internal/Manager/Helpers/Capture Device/CaptureDevice+AVCaptureDevice.swift:15:1: error: unavailable property 'videoZoomFactor' was used to satisfy a requirement of protocol 'CaptureDevice'
13 |
14 | // MARK: Getters
15 | extension AVCaptureDevice: CaptureDevice {
   | `- error: unavailable property 'videoZoomFactor' was used to satisfy a requirement of protocol 'CaptureDevice'
16 |     var minExposureDuration: CMTime { activeFormat.minExposureDuration }
17 |     var maxExposureDuration: CMTime { activeFormat.maxExposureDuration }
/Applications/Xcode-27.0.0-Release.Candidate.app/Contents/Developer/Platforms/MacOSX.platform/Developer/SDKs/MacOSX27.0.sdk/System/Library/Frameworks/AVFoundation.framework/Headers/AVCaptureDevice.h:2068:30: note: 'videoZoomFactor' declared here
2066 |  @seealso -[AVCaptureDeviceFormat videoMaxZoomFactor], -[AVCaptureDeviceFormat videoZoomFactorUpscaleThreshold], -[AVCaptureDevice minAvailableVideoZoomFactor], -[AVCaptureDevice maxAvailableVideoZoomFactor],  -[AVCaptureDeviceFormat supportedVideoZoomFactorsForDepthDataDelivery], -[AVCaptureDeviceFormat videoMinZoomFactorForCenterStage] and -[AVCaptureDeviceFormat videoMaxZoomFactorForCenterStage]
2067 |  */
2068 | @property(nonatomic) CGFloat videoZoomFactor API_AVAILABLE(ios(7.0), macCatalyst(14.0), tvos(17.0)) API_UNAVAILABLE(macos, visionos);
     |                              `- note: 'videoZoomFactor' declared here
2069 |
2070 | /*!
/Users/admin/builder/spi-builder-workspace/Sources/Internal/Manager/Helpers/Capture Device/CaptureDevice.swift:36:9: note: requirement 'videoZoomFactor' declared here
 34 |
 35 |     // MARK: Getters & Setters
 36 |     var videoZoomFactor: CGFloat { get set }
    |         `- note: requirement 'videoZoomFactor' declared here
 37 |     var focusMode: AVCaptureDevice.FocusMode { get set }
 38 |     var focusPointOfInterest: CGPoint { get set }
/Users/admin/builder/spi-builder-workspace/Sources/Internal/Manager/Helpers/Capture Device/CaptureDevice+AVCaptureDevice.swift:15:1: error: unavailable instance method 'setExposureModeCustom(duration:iso:completionHandler:)' was used to satisfy a requirement of protocol 'CaptureDevice'
13 |
14 | // MARK: Getters
15 | extension AVCaptureDevice: CaptureDevice {
   | `- error: unavailable instance method 'setExposureModeCustom(duration:iso:completionHandler:)' was used to satisfy a requirement of protocol 'CaptureDevice'
16 |     var minExposureDuration: CMTime { activeFormat.minExposureDuration }
17 |     var maxExposureDuration: CMTime { activeFormat.maxExposureDuration }
/Applications/Xcode-27.0.0-Release.Candidate.app/Contents/Developer/Platforms/MacOSX.platform/Developer/SDKs/MacOSX27.0.sdk/System/Library/Frameworks/AVFoundation.framework/Headers/AVCaptureDevice.h:1608:1: note: 'setExposureModeCustom(duration:iso:completionHandler:)' declared here
1606 |  - Throws: `NSGenericException` if called without first obtaining exclusive access to the receiver using ``lockForConfiguration:``.
1607 |  */
1608 | - (void)setExposureModeCustomWithDuration:(CMTime)duration ISO:(float)ISO completionHandler:(nullable void (^)(CMTime syncTime))handler API_AVAILABLE(ios(8.0), macCatalyst(14.0), tvos(17.0)) API_UNAVAILABLE(macos, visionos);
     | `- note: 'setExposureModeCustom(duration:iso:completionHandler:)' declared here
1609 |
1610 | /** Sets a custom exposure mode with the specified lens aperture, exposure duration, and ISO values.
/Users/admin/builder/spi-builder-workspace/Sources/Internal/Manager/Helpers/Capture Device/CaptureDevice.swift:50:10: note: requirement 'setExposureModeCustom(duration:iso:completionHandler:)' declared here
 48 |     func unlockForConfiguration()
 49 |     func isExposureModeSupported(_ exposureMode: AVCaptureDevice.ExposureMode) -> Bool
 50 |     func setExposureModeCustom(duration: CMTime, iso: Float, completionHandler: (@Sendable (CMTime) -> Void)?)
    |          `- note: requirement 'setExposureModeCustom(duration:iso:completionHandler:)' declared here
 51 |     func setExposureTargetBias(_ bias: Float, completionHandler handler: (@Sendable (CMTime) -> ())?)
 52 | }
/Users/admin/builder/spi-builder-workspace/Sources/Internal/Manager/Helpers/Capture Device/CaptureDevice+AVCaptureDevice.swift:15:1: error: unavailable instance method 'setExposureTargetBias(_:completionHandler:)' was used to satisfy a requirement of protocol 'CaptureDevice'
13 |
14 | // MARK: Getters
15 | extension AVCaptureDevice: CaptureDevice {
   | `- error: unavailable instance method 'setExposureTargetBias(_:completionHandler:)' was used to satisfy a requirement of protocol 'CaptureDevice'
16 |     var minExposureDuration: CMTime { activeFormat.minExposureDuration }
17 |     var maxExposureDuration: CMTime { activeFormat.maxExposureDuration }
/Applications/Xcode-27.0.0-Release.Candidate.app/Contents/Developer/Platforms/MacOSX.platform/Developer/SDKs/MacOSX27.0.sdk/System/Library/Frameworks/AVFoundation.framework/Headers/AVCaptureDevice.h:1709:1: note: 'setExposureTargetBias(_:completionHandler:)' declared here
1707 |     This is the only way of setting exposureTargetBias. This method throws an NSRangeException if exposureTargetBias is set to an unsupported level. This method throws an NSGenericException if called without first obtaining exclusive access to the receiver using lockForConfiguration:.
1708 |  */
1709 | - (void)setExposureTargetBias:(float)bias completionHandler:(nullable void (^)(CMTime syncTime))handler API_AVAILABLE(ios(8.0), macCatalyst(14.0), tvos(17.0)) API_UNAVAILABLE(macos, visionos);
     | `- note: 'setExposureTargetBias(_:completionHandler:)' declared here
1710 |
1711 | /// Reports which characteristics the auto exposure system associates with the current scene. Auto exposure may adjust properties such as lens aperture size based on these factors. This property is key-value observable.
/Users/admin/builder/spi-builder-workspace/Sources/Internal/Manager/Helpers/Capture Device/CaptureDevice.swift:51:10: note: requirement 'setExposureTargetBias(_:completionHandler:)' declared here
 49 |     func isExposureModeSupported(_ exposureMode: AVCaptureDevice.ExposureMode) -> Bool
 50 |     func setExposureModeCustom(duration: CMTime, iso: Float, completionHandler: (@Sendable (CMTime) -> Void)?)
 51 |     func setExposureTargetBias(_ bias: Float, completionHandler handler: (@Sendable (CMTime) -> ())?)
    |          `- note: requirement 'setExposureTargetBias(_:completionHandler:)' declared here
 52 | }
 53 |
/Users/admin/builder/spi-builder-workspace/Sources/Internal/UI/Camera View/CameraView+Bridge.swift:16:20: error: cannot find type 'UIView' in scope
14 | struct CameraBridgeView: UIViewRepresentable {
15 |     let cameraManager: CameraManager
16 |     let inputView: UIView = .init()
   |                    `- error: cannot find type 'UIView' in scope
17 | }
18 | extension CameraBridgeView {
/Users/admin/builder/spi-builder-workspace/Sources/Internal/UI/Camera View/CameraView+Bridge.swift:14:26: error: cannot find type 'UIViewRepresentable' in scope
12 | import SwiftUI
13 |
14 | struct CameraBridgeView: UIViewRepresentable {
   |                          `- error: cannot find type 'UIViewRepresentable' in scope
15 |     let cameraManager: CameraManager
16 |     let inputView: UIView = .init()
/Users/admin/builder/spi-builder-workspace/Sources/Internal/UI/Camera View/CameraView+Bridge.swift:19:47: error: cannot find type 'UIView' in scope
17 | }
18 | extension CameraBridgeView {
19 |     func makeUIView(context: Context) -> some UIView {
   |                                               `- error: cannot find type 'UIView' in scope
20 |         cameraManager.initialize(in: inputView)
21 |         setupTapGesture(context)
/Users/admin/builder/spi-builder-workspace/Sources/Internal/UI/Camera View/CameraView+Bridge.swift:19:30: error: cannot find type 'Context' in scope
17 | }
18 | extension CameraBridgeView {
19 |     func makeUIView(context: Context) -> some UIView {
   |                              `- error: cannot find type 'Context' in scope
20 |         cameraManager.initialize(in: inputView)
21 |         setupTapGesture(context)
/Users/admin/builder/spi-builder-workspace/Sources/Internal/UI/Camera View/CameraView+Bridge.swift:25:33: error: cannot find type 'UIViewType' in scope
23 |         return inputView
24 |     }
25 |     func updateUIView(_ uiView: UIViewType, context: Context) {}
   |                                 `- error: cannot find type 'UIViewType' in scope
26 |     func makeCoordinator() -> Coordinator { .init(self) }
27 | }
/Users/admin/builder/spi-builder-workspace/Sources/Internal/UI/Camera View/CameraView+Bridge.swift:25:54: error: cannot find type 'Context' in scope
23 |         return inputView
24 |     }
25 |     func updateUIView(_ uiView: UIViewType, context: Context) {}
   |                                                      `- error: cannot find type 'Context' in scope
26 |     func makeCoordinator() -> Coordinator { .init(self) }
27 | }
/Users/admin/builder/spi-builder-workspace/Sources/Internal/UI/Camera View/CameraView+Bridge.swift:29:37: error: cannot find type 'Context' in scope
27 | }
28 | private extension CameraBridgeView {
29 |     func setupTapGesture(_ context: Context) {
   |                                     `- error: cannot find type 'Context' in scope
30 |         let tapRecognizer = UITapGestureRecognizer(target: context.coordinator, action: #selector(context.coordinator.onTapGesture))
31 |         inputView.addGestureRecognizer(tapRecognizer)
/Users/admin/builder/spi-builder-workspace/Sources/Internal/UI/Camera View/CameraView+Bridge.swift:33:39: error: cannot find type 'Context' in scope
31 |         inputView.addGestureRecognizer(tapRecognizer)
32 |     }
33 |     func setupPinchGesture(_ context: Context) {
   |                                       `- error: cannot find type 'Context' in scope
34 |         let pinchRecognizer = UIPinchGestureRecognizer(target: context.coordinator, action: #selector(context.coordinator.onPinchGesture))
35 |         inputView.addGestureRecognizer(pinchRecognizer)
/Users/admin/builder/spi-builder-workspace/Sources/Internal/UI/Camera View/CameraView+Bridge.swift:52:47: error: cannot find type 'UITapGestureRecognizer' in scope
50 | // MARK: On Tap
51 | extension CameraBridgeView.Coordinator {
52 |     @MainActor @objc func onTapGesture(_ tap: UITapGestureRecognizer) {
   |                                               `- error: cannot find type 'UITapGestureRecognizer' in scope
53 |         do {
54 |             let touchPoint = tap.location(in: parent.inputView)
/Users/admin/builder/spi-builder-workspace/Sources/Internal/UI/Camera View/CameraView+Bridge.swift:62:51: error: cannot find type 'UIPinchGestureRecognizer' in scope
60 | // MARK: On Pinch
61 | extension CameraBridgeView.Coordinator {
62 |     @MainActor @objc func onPinchGesture(_ pinch: UIPinchGestureRecognizer) { if pinch.state == .changed {
   |                                                   `- error: cannot find type 'UIPinchGestureRecognizer' in scope
63 |         do {
64 |             let desiredZoomFactor = parent.cameraManager.attributes.zoomFactor + atan2(pinch.velocity, 33)
/Users/admin/builder/spi-builder-workspace/Sources/Internal/UI/Camera View/CameraView+FocusIndicator.swift:15:16: error: cannot find type 'UIImage' in scope
13 |
14 | @MainActor class CameraFocusIndicatorView {
15 |     var image: UIImage = .init(resource: .mijickIconCrosshair)
   |                `- error: cannot find type 'UIImage' in scope
16 |     var tintColor: UIColor = .init(resource: .mijickBackgroundYellow)
17 |     var size: CGFloat = 96
/Users/admin/builder/spi-builder-workspace/Sources/Internal/UI/Camera View/CameraView+FocusIndicator.swift:16:20: error: cannot find type 'UIColor' in scope
14 | @MainActor class CameraFocusIndicatorView {
15 |     var image: UIImage = .init(resource: .mijickIconCrosshair)
16 |     var tintColor: UIColor = .init(resource: .mijickBackgroundYellow)
   |                    `- error: cannot find type 'UIColor' in scope
17 |     var size: CGFloat = 96
18 | }
/Users/admin/builder/spi-builder-workspace/Sources/Internal/UI/Camera View/CameraView+FocusIndicator.swift:22:44: error: cannot find type 'UIImageView' in scope
20 | // MARK: Create
21 | extension CameraFocusIndicatorView {
22 |     func create(at touchPoint: CGPoint) -> UIImageView {
   |                                            `- error: cannot find type 'UIImageView' in scope
23 |         let focusIndicator = UIImageView(image: image)
24 |         focusIndicator.contentMode = .scaleAspectFit
/Users/admin/builder/spi-builder-workspace/Sources/Internal/UI/Camera View/CameraView+Grid.swift:14:23: error: cannot find type 'UIView' in scope
12 | import SwiftUI
13 |
14 | class CameraGridView: UIView {
   |                       `- error: cannot find type 'UIView' in scope
15 |     var parent: CameraManager!
16 | }
/Users/admin/builder/spi-builder-workspace/Sources/Internal/UI/Camera View/CameraView+Grid.swift:37:19: error: method does not override any method from its superclass
35 | // MARK: Draw
36 | extension CameraGridView {
37 |     override func draw(_ rect: CGRect) {
   |                   `- error: method does not override any method from its superclass
38 |         clearOldLayersBeforeDraw()
39 |
/Users/admin/builder/spi-builder-workspace/Sources/Internal/UI/Camera View/CameraView+Metal.swift:77:32: error: cannot find type 'UIView' in scope
 75 | }
 76 | private extension CameraMetalView {
 77 |     func createBlackMatte() -> UIView {
    |                                `- error: cannot find type 'UIView' in scope
 78 |         let view = UIView()
 79 |         view.frame = parent.cameraView.frame
/Users/admin/builder/spi-builder-workspace/Sources/Internal/UI/Camera View/CameraView+Metal.swift:84:36: error: cannot find type 'UIView' in scope
 82 |         return view
 83 |     }
 84 |     func animateBlackMatte(_ view: UIView) {
    |                                    `- error: cannot find type 'UIView' in scope
 85 |         UIView.animate(withDuration: 0.16, animations: { view.alpha = 1 }) { _ in
 86 |             UIView.animate(withDuration: 0.16, animations: { view.alpha = 0 }) { _ in
/Users/admin/builder/spi-builder-workspace/Sources/Internal/UI/Camera View/CameraView+Metal.swift:114:30: error: cannot find type 'UIImage' in scope
112 | }
113 | private extension CameraMetalView {
114 |     func createSnapshot() -> UIImage? {
    |                              `- error: cannot find type 'UIImage' in scope
115 |         guard let currentFrame else { return nil }
116 |
/Users/admin/builder/spi-builder-workspace/Sources/Internal/UI/Camera View/CameraView+Metal.swift:120:37: error: cannot find type 'UIImage' in scope
118 |         return image
119 |     }
120 |     func insertBlurView(_ snapshot: UIImage?) {
    |                                     `- error: cannot find type 'UIImage' in scope
121 |         let blurView = UIImageView(frame: parent.cameraView.frame)
122 |         blurView.image = snapshot
/Users/admin/builder/spi-builder-workspace/Sources/Internal/UI/Camera View/CameraView+Metal.swift:135:40: error: cannot find type 'UIView' in scope
133 | }
134 | private extension CameraMetalView {
135 |     var cameraFlipAnimationTransition: UIView.AnimationOptions { parent.attributes.cameraPosition == .back ? .transitionFlipFromLeft : .transitionFlipFromRight }
    |                                        `- error: cannot find type 'UIView' in scope
136 | }
137 |
/Users/admin/builder/spi-builder-workspace/Sources/Internal/UI/Camera View/CameraView+Metal.swift:152:50: error: cannot find type 'UIImageView' in scope
150 |         view.removeFromSuperview()
151 |     }}
152 |     func animateFocusIndicator(_ focusIndicator: UIImageView) {
    |                                                  `- error: cannot find type 'UIImageView' in scope
153 |         UIView.animate(withDuration: 0.44, delay: 0, usingSpringWithDamping: 0.6, initialSpringVelocity: 0, animations: { focusIndicator.transform = .init(scaleX: 1, y: 1) }) { _ in
154 |             UIView.animate(withDuration: 0.44, delay: 1.44, animations: { focusIndicator.alpha = 0.2 }) { _ in
/Users/admin/builder/spi-builder-workspace/Sources/Internal/UI/Default Screens/Captured Media/DefaultCapturedMediaScreen.swift:52:35: error: cannot find type 'UIImage' in scope
50 | }
51 | private extension DefaultCapturedMediaScreen {
52 |     func createImageView(_ image: UIImage) -> some View {
   |                                   `- error: cannot find type 'UIImage' in scope
53 |         Image(uiImage: image)
54 |             .resizable()
/Users/admin/builder/spi-builder-workspace/Sources/Internal/UI/MCamera/MCamera+Config.swift:21:31: error: cannot find type 'UIImage' in scope
19 |
20 |     // MARK: Actions
21 |     var imageCapturedAction: (UIImage, MCamera.Controller) -> () = { _,_ in }
   |                               `- error: cannot find type 'UIImage' in scope
22 |     var videoCapturedAction: (URL, MCamera.Controller) -> () = { _,_ in }
23 |     var closeMCameraAction: () -> () = {}
/Users/admin/builder/spi-builder-workspace/Sources/Public/Camera Settings/Public+CameraSettings+MApplicationDelegate.swift:49:39: error: cannot find type 'UIApplicationDelegate' in scope
47 |  ```
48 |  */
49 | public protocol MApplicationDelegate: UIApplicationDelegate {
   |                                       `- error: cannot find type 'UIApplicationDelegate' in scope
50 |     static var orientationLock: UIInterfaceOrientationMask { get set }
51 |
/Users/admin/builder/spi-builder-workspace/Sources/Public/Camera Settings/Public+CameraSettings+MApplicationDelegate.swift:50:33: error: cannot find type 'UIInterfaceOrientationMask' in scope
48 |  */
49 | public protocol MApplicationDelegate: UIApplicationDelegate {
50 |     static var orientationLock: UIInterfaceOrientationMask { get set }
   |                                 `- error: cannot find type 'UIInterfaceOrientationMask' in scope
51 |
52 |     func application(_ application: UIApplication, supportedInterfaceOrientationsFor window: UIWindow?) -> UIInterfaceOrientationMask
/Users/admin/builder/spi-builder-workspace/Sources/Public/Camera Settings/Public+CameraSettings+MApplicationDelegate.swift:52:108: error: cannot find type 'UIInterfaceOrientationMask' in scope
50 |     static var orientationLock: UIInterfaceOrientationMask { get set }
51 |
52 |     func application(_ application: UIApplication, supportedInterfaceOrientationsFor window: UIWindow?) -> UIInterfaceOrientationMask
   |                                                                                                            `- error: cannot find type 'UIInterfaceOrientationMask' in scope
53 | }
54 |
/Users/admin/builder/spi-builder-workspace/Sources/Public/Camera Settings/Public+CameraSettings+MApplicationDelegate.swift:52:37: error: cannot find type 'UIApplication' in scope
50 |     static var orientationLock: UIInterfaceOrientationMask { get set }
51 |
52 |     func application(_ application: UIApplication, supportedInterfaceOrientationsFor window: UIWindow?) -> UIInterfaceOrientationMask
   |                                     `- error: cannot find type 'UIApplication' in scope
53 | }
54 |
/Users/admin/builder/spi-builder-workspace/Sources/Public/Camera Settings/Public+CameraSettings+MApplicationDelegate.swift:52:94: error: cannot find type 'UIWindow' in scope
50 |     static var orientationLock: UIInterfaceOrientationMask { get set }
51 |
52 |     func application(_ application: UIApplication, supportedInterfaceOrientationsFor window: UIWindow?) -> UIInterfaceOrientationMask
   |                                                                                              `- error: cannot find type 'UIWindow' in scope
53 | }
54 |
/Users/admin/builder/spi-builder-workspace/Sources/Internal/UI/MCamera/MCamera.swift:146:47: error: cannot find type 'UIInterfaceOrientationMask' in scope
144 | }
145 | private extension MCamera {
146 |     func lockScreenOrientation(_ orientation: UIInterfaceOrientationMask?) {
    |                                               `- error: cannot find type 'UIInterfaceOrientationMask' in scope
147 |         config.appDelegate?.orientationLock = orientation ?? .all
148 |         UINavigationController.attemptRotationToDeviceOrientation()
/Users/admin/builder/spi-builder-workspace/Sources/Public/Camera Settings/Public+CameraSettings+MCamera.swift:253:33: error: cannot find type 'UIImage' in scope
251 |      Changes the shape of the focus indicator visible when touching anywhere on the camera screen.
252 |      */
253 |     func setFocusImage(_ image: UIImage) -> Self { manager.cameraMetalView.focusIndicator.image = image; return self }
    |                                 `- error: cannot find type 'UIImage' in scope
254 |
255 |     /**
/Users/admin/builder/spi-builder-workspace/Sources/Public/Camera Settings/Public+CameraSettings+MCamera.swift:258:38: error: cannot find type 'UIColor' in scope
256 |      Changes the color of the focus indicator visible when touching anywhere on the camera screen.
257 |      */
258 |     func setFocusImageColor(_ color: UIColor) -> Self { manager.cameraMetalView.focusIndicator.tintColor = color; return self }
    |                                      `- error: cannot find type 'UIColor' in scope
259 |
260 |     /**
/Users/admin/builder/spi-builder-workspace/Sources/Public/Camera Settings/Public+CameraSettings+MCamera.swift:320:47: error: cannot find type 'UIImage' in scope
318 |      ```
319 |      */
320 |     func onImageCaptured(_ action: @escaping (UIImage, MCamera.Controller) -> ()) -> Self { config.imageCapturedAction = action; return self }
    |                                               `- error: cannot find type 'UIImage' in scope
321 |
322 |     /**
/Users/admin/builder/spi-builder-workspace/Sources/Public/Models/Public+Model+MCameraMedia.swift:19:24: error: cannot find type 'UIImage' in scope
17 |      Gets the image from the media object.
18 |      */
19 |     func getImage() -> UIImage? { image }
   |                        `- error: cannot find type 'UIImage' in scope
20 |
21 |     /**
Failed frontend command:
/Applications/Xcode-27.0.0-Release.Candidate.app/Contents/Developer/Toolchains/XcodeDefault.xctoolchain/usr/bin/swift-frontend -frontend -emit-module -experimental-skip-non-inlinable-function-bodies-without-types /Users/admin/builder/spi-builder-workspace/.build/out/Intermediates.noindex/MijickCamera.build/Debug/MijickCamera-t.build/DerivedSources/resource_bundle_accessor.swift /Users/admin/builder/spi-builder-workspace/Sources/Internal/Extensions/AVCaptureVideoOrientation++.swift /Users/admin/builder/spi-builder-workspace/Sources/Internal/Extensions/AVVideoComposition++.swift /Users/admin/builder/spi-builder-workspace/Sources/Internal/Extensions/Animation++.swift /Users/admin/builder/spi-builder-workspace/Sources/Internal/Extensions/CIFilter++.swift /Users/admin/builder/spi-builder-workspace/Sources/Internal/Extensions/CIImage++.swift /Users/admin/builder/spi-builder-workspace/Sources/Internal/Extensions/CameraUtilities++.swift /Users/admin/builder/spi-builder-workspace/Sources/Internal/Extensions/CaseIterable++.swift /Users/admin/builder/spi-builder-workspace/Sources/Internal/Extensions/FileManager++.swift /Users/admin/builder/spi-builder-workspace/Sources/Internal/Extensions/Task++.swift /Users/admin/builder/spi-builder-workspace/Sources/Internal/Extensions/UIImage.Orientation++.swift /Users/admin/builder/spi-builder-workspace/Sources/Internal/Extensions/UIView++.swift /Users/admin/builder/spi-builder-workspace/Sources/Internal/Extensions/View++.swift /Users/admin/builder/spi-builder-workspace/Sources/Internal/Manager/CameraManager+Attributes.swift /Users/admin/builder/spi-builder-workspace/Sources/Internal/Manager/CameraManager+MotionManager.swift /Users/admin/builder/spi-builder-workspace/Sources/Internal/Manager/CameraManager+NotificationCenter.swift /Users/admin/builder/spi-builder-workspace/Sources/Internal/Manager/CameraManager+PermissionsManager.swift /Users/admin/builder/spi-builder-workspace/Sources/Internal/Manager/CameraManager+PhotoOutput.swift /Users/admin/builder/spi-builder-workspace/Sources/Internal/Manager/CameraManager+VideoOutput.swift /Users/admin/builder/spi-builder-workspace/Sources/Internal/Manager/CameraManager.swift /Users/admin/builder/spi-builder-workspace/Sources/Internal/Manager/Helpers/Capture\ Device\ Input/CaptureDeviceInput+AVCaptureDeviceInput.swift /Users/admin/builder/spi-builder-workspace/Sources/Internal/Manager/Helpers/Capture\ Device\ Input/CaptureDeviceInput+MockDeviceInput.swift /Users/admin/builder/spi-builder-workspace/Sources/Internal/Manager/Helpers/Capture\ Device\ Input/CaptureDeviceInput.swift /Users/admin/builder/spi-builder-workspace/Sources/Internal/Manager/Helpers/Capture\ Device/CaptureDevice+AVCaptureDevice.swift /Users/admin/builder/spi-builder-workspace/Sources/Internal/Manager/Helpers/Capture\ Device/CaptureDevice+MockCaptureDevice.swift /Users/admin/builder/spi-builder-workspace/Sources/Internal/Manager/Helpers/Capture\ Device/CaptureDevice.swift /Users/admin/builder/spi-builder-workspace/Sources/Internal/Manager/Helpers/Capture\ Session/CaptureSession+AVCaptureSession.swift /Users/admin/builder/spi-builder-workspace/Sources/Internal/Manager/Helpers/Capture\ Session/CaptureSession+MockCaptureSession.swift /Users/admin/builder/spi-builder-workspace/Sources/Internal/Manager/Helpers/Capture\ Session/CaptureSession.swift /Users/admin/builder/spi-builder-workspace/Sources/Internal/Miscellaneous/Typealiases.swift /Users/admin/builder/spi-builder-workspace/Sources/Internal/Models/CameraExposure.swift /Users/admin/builder/spi-builder-workspace/Sources/Internal/Models/MCameraMedia.swift /Users/admin/builder/spi-builder-workspace/Sources/Internal/UI/Camera\ View/CameraView+Bridge.swift /Users/admin/builder/spi-builder-workspace/Sources/Internal/UI/Camera\ View/CameraView+FocusIndicator.swift /Users/admin/builder/spi-builder-workspace/Sources/Internal/UI/Camera\ View/CameraView+Grid.swift /Users/admin/builder/spi-builder-workspace/Sources/Internal/UI/Camera\ View/CameraView+Metal.swift /Users/admin/builder/spi-builder-workspace/Sources/Internal/UI/Default\ Screens/Camera/DefaultCameraScreen+BottomBar.swift /Users/admin/builder/spi-builder-workspace/Sources/Internal/UI/Default\ Screens/Camera/DefaultCameraScreen+ButtonScaleStyle.swift /Users/admin/builder/spi-builder-workspace/Sources/Internal/UI/Default\ Screens/Camera/DefaultCameraScreen+CameraOutputSwitch.swift /Users/admin/builder/spi-builder-workspace/Sources/Internal/UI/Default\ Screens/Camera/DefaultCameraScreen+CaptureButton.swift /Users/admin/builder/spi-builder-workspace/Sources/Internal/UI/Default\ Screens/Camera/DefaultCameraScreen+Config.swift /Users/admin/builder/spi-builder-workspace/Sources/Internal/UI/Default\ Screens/Camera/DefaultCameraScreen+TopBar.swift /Users/admin/builder/spi-builder-workspace/Sources/Internal/UI/Default\ Screens/Camera/DefaultCameraScreen+TopButton.swift /Users/admin/builder/spi-builder-workspace/Sources/Internal/UI/Default\ Screens/Camera/DefaultCameraScreen.swift /Users/admin/builder/spi-builder-workspace/Sources/Internal/UI/Default\ Screens/Captured\ Media/DefaultCapturedMediaScreen.swift /Users/admin/builder/spi-builder-workspace/Sources/Internal/UI/Default\ Screens/Common\ Components/DefaultScreen+BottomButton.swift /Users/admin/builder/spi-builder-workspace/Sources/Internal/UI/Default\ Screens/Common\ Components/DefaultScreen+CloseButton.swift /Users/admin/builder/spi-builder-workspace/Sources/Internal/UI/Default\ Screens/Error/DefaultCameraErrorScreen.swift /Users/admin/builder/spi-builder-workspace/Sources/Internal/UI/MCamera/MCamera+Config.swift /Users/admin/builder/spi-builder-workspace/Sources/Internal/UI/MCamera/MCamera+Controller.swift /Users/admin/builder/spi-builder-workspace/Sources/Internal/UI/MCamera/MCamera.swift /Users/admin/builder/spi-builder-workspace/Sources/Public/Camera\ Settings/Public+CameraSettings+MApplicationDelegate.swift /Users/admin/builder/spi-builder-workspace/Sources/Public/Camera\ Settings/Public+CameraSettings+MCamera.swift /Users/admin/builder/spi-builder-workspace/Sources/Public/Camera\ Settings/Public+CameraSettings+MCameraController.swift /Users/admin/builder/spi-builder-workspace/Sources/Public/Models/Public+Model+CameraUtilities.swift /Users/admin/builder/spi-builder-workspace/Sources/Public/Models/Public+Model+MCameraError.swift /Users/admin/builder/spi-builder-workspace/Sources/Public/Models/Public+Model+MCameraMedia.swift /Users/admin/builder/spi-builder-workspace/Sources/Public/UI/Public+UI+DefaultCameraScreen.swift /Users/admin/builder/spi-builder-workspace/Sources/Public/UI/Public+UI+MCameraErrorScreen.swift /Users/admin/builder/spi-builder-workspace/Sources/Public/UI/Public+UI+MCameraScreen.swift /Users/admin/builder/spi-builder-workspace/Sources/Public/UI/Public+UI+MCapturedMediaScreen.swift /Users/admin/builder/spi-builder-workspace/.build/out/Intermediates.noindex/MijickCamera.build/Debug/MijickCamera-t.build/DerivedSources/GeneratedAssetSymbols.swift -target arm64-apple-macos12.0 -module-can-import-version AppKit 2775.10.103.1 2775.10.103 -module-can-import-version DeveloperToolsSupport 24.0.24 24.0.24 -module-can-import-version SwiftUI 8.0.84.1 8.0.84 -disable-cross-import-overlay-search -swift-module-cross-import AVKit /Applications/Xcode-27.0.0-Release.Candidate.app/Contents/Developer/Platforms/MacOSX.platform/Developer/SDKs/MacOSX.sdk/System/Library/Frameworks/AVKit.framework/Modules/AVKit.swiftcrossimport/SwiftUI.swiftoverlay -swift-module-cross-import AVKit /Applications/Xcode-27.0.0-Release.Candidate.app/Contents/Developer/Platforms/MacOSX.platform/Developer/SDKs/MacOSX27.0.sdk/System/Library/Frameworks/AVKit.framework/Modules/AVKit.swiftcrossimport/SwiftUI.swiftoverlay -load-resolved-plugin /Applications/Xcode-27.0.0-Release.Candidate.app/Contents/Developer/Platforms/MacOSX.platform/Developer/usr/lib/swift/host/plugins/libFoundationMacros.dylib\#/Applications/Xcode-27.0.0-Release.Candidate.app/Contents/Developer/Platforms/MacOSX.platform/Developer/usr/bin/swift-plugin-server\#FoundationMacros -load-resolved-plugin /Applications/Xcode-27.0.0-Release.Candidate.app/Contents/Developer/Platforms/MacOSX.platform/Developer/usr/lib/swift/host/plugins/libObservationMacros.dylib\#/Applications/Xcode-27.0.0-Release.Candidate.app/Contents/Developer/Platforms/MacOSX.platform/Developer/usr/bin/swift-plugin-server\#ObservationMacros -load-resolved-plugin /Applications/Xcode-27.0.0-Release.Candidate.app/Contents/Developer/Platforms/MacOSX.platform/Developer/usr/lib/swift/host/plugins/libPreviewsMacros.dylib\#/Applications/Xcode-27.0.0-Release.Candidate.app/Contents/Developer/Platforms/MacOSX.platform/Developer/usr/bin/swift-plugin-server\#PreviewsMacros -load-resolved-plugin /Applications/Xcode-27.0.0-Release.Candidate.app/Contents/Developer/Platforms/MacOSX.platform/Developer/usr/lib/swift/host/plugins/libSwiftMacros.dylib\#/Applications/Xcode-27.0.0-Release.Candidate.app/Contents/Developer/Platforms/MacOSX.platform/Developer/usr/bin/swift-plugin-server\#SwiftMacros -load-resolved-plugin /Applications/Xcode-27.0.0-Release.Candidate.app/Contents/Developer/Platforms/MacOSX.platform/Developer/usr/lib/swift/host/plugins/libSwiftUIMacros.dylib\#/Applications/Xcode-27.0.0-Release.Candidate.app/Contents/Developer/Platforms/MacOSX.platform/Developer/usr/bin/swift-plugin-server\#SwiftUIMacros -disable-implicit-swift-modules -Xcc -fno-implicit-modules -Xcc -fno-implicit-module-maps -explicit-swift-module-map-file /Users/admin/builder/spi-builder-workspace/.build/out/Intermediates.noindex/MijickCamera.build/Debug/MijickCamera-t.build/Objects-normal/arm64/MijickCamera-dependencies-1.json -Xllvm -aarch64-use-tbi -enable-objc-interop -stack-check -sdk /Applications/Xcode-27.0.0-Release.Candidate.app/Contents/Developer/Platforms/MacOSX.platform/Developer/SDKs/MacOSX27.0.sdk -I /Users/admin/builder/spi-builder-workspace/.build/out/Products/Debug -Isystem /Applications/Xcode-27.0.0-Release.Candidate.app/Contents/Developer/Platforms/MacOSX.platform/Developer/usr/lib -F /Users/admin/builder/spi-builder-workspace/.build/out/Products/Debug/PackageFrameworks -F /Users/admin/builder/spi-builder-workspace/.build/out/Products/Debug -F /Applications/Xcode-27.0.0-Release.Candidate.app/Contents/Developer/Platforms/MacOSX.platform/Developer/Library/Frameworks -module-cache-path /Users/admin/builder/spi-builder-workspace/.build/out/Intermediates.noindex/SwiftExplicitPrecompiledModules -color-diagnostics -Xcc -fcolor-diagnostics -enable-testing -g -debug-info-format\=dwarf -dwarf-version\=4 -swift-version 6 -Onone -D SWIFT_PACKAGE -D DEBUG -D SWIFT_MODULE_RESOURCE_BUNDLE_AVAILABLE -D Xcode -serialize-debugging-options -enable-experimental-feature DebugDescriptionMacro -empty-abi-descriptor -validate-clang-modules-once -clang-build-session-file /Users/admin/builder/spi-builder-workspace/.build/out/ModuleCache.noindex/Session.modulevalidation -Xcc -working-directory -Xcc /Users/admin/builder -enable-anonymous-context-mangled-names -file-compilation-dir /Users/admin/builder -Xcc -D_LIBCPP_HARDENING_MODE\=_LIBCPP_HARDENING_MODE_DEBUG -Xcc -ivfsstatcache -Xcc /Users/admin/builder/spi-builder-workspace/.build/out/SDKStatCaches.noindex/macosx27.0-26A425-80c5bbf1d171475443272936d42f90a36a22442a12e9d48fe1a705f55a1adfc4.sdkstatcache -Xcc -fmodules-prune-interval\=86400 -Xcc -fmodules-prune-after\=345600 -Xcc -I/Users/admin/builder/spi-builder-workspace/.build/out/Products/Debug/include -Xcc -I/Users/admin/builder/spi-builder-workspace/.build/out/Intermediates.noindex/MijickCamera.build/Debug/MijickCamera-t.build/DerivedSources-normal/arm64 -Xcc -I/Users/admin/builder/spi-builder-workspace/.build/out/Intermediates.noindex/MijickCamera.build/Debug/MijickCamera-t.build/DerivedSources/arm64 -Xcc -I/Users/admin/builder/spi-builder-workspace/.build/out/Intermediates.noindex/MijickCamera.build/Debug/MijickCamera-t.build/DerivedSources -Xcc -DSWIFT_PACKAGE -Xcc -DDEBUG\=1 -no-auto-bridging-header-chaining -module-name MijickCamera -package-name spi_builder_workspace -const-gather-protocols-file /Users/admin/builder/spi-builder-workspace/.build/out/Intermediates.noindex/MijickCamera.build/Debug/MijickCamera-t.build/Objects-normal/arm64/MijickCamera_const_extract_protocols.json -disable-clang-spi -clang-target arm64-apple-macos27.0 -target-sdk-version 27.0 -target-sdk-name macosx27.0 -in-process-plugin-server-path /Applications/Xcode-27.0.0-Release.Candidate.app/Contents/Developer/Toolchains/XcodeDefault.xctoolchain/usr/lib/swift/host/libSwiftInProcPluginServer.dylib -emit-module-doc-path /Users/admin/builder/spi-builder-workspace/.build/out/Intermediates.noindex/MijickCamera.build/Debug/MijickCamera-t.build/Objects-normal/arm64/MijickCamera.swiftdoc -emit-module-source-info-path /Users/admin/builder/spi-builder-workspace/.build/out/Intermediates.noindex/MijickCamera.build/Debug/MijickCamera-t.build/Objects-normal/arm64/MijickCamera.swiftsourceinfo -emit-objc-header-path /Users/admin/builder/spi-builder-workspace/.build/out/Intermediates.noindex/MijickCamera.build/Debug/MijickCamera-t.build/Objects-normal/arm64/MijickCamera-Swift.h -serialize-diagnostics-path /Users/admin/builder/spi-builder-workspace/.build/out/Intermediates.noindex/MijickCamera.build/Debug/MijickCamera-t.build/Objects-normal/arm64/MijickCamera-primary-emit-module.dia -emit-dependencies-path /Users/admin/builder/spi-builder-workspace/.build/out/Intermediates.noindex/MijickCamera.build/Debug/MijickCamera-t.build/Objects-normal/arm64/MijickCamera-primary-emit-module.d -parse-as-library -o /Users/admin/builder/spi-builder-workspace/.build/out/Intermediates.noindex/MijickCamera.build/Debug/MijickCamera-t.build/Objects-normal/arm64/MijickCamera.swiftmodule -emit-abi-descriptor-path /Users/admin/builder/spi-builder-workspace/.build/out/Intermediates.noindex/MijickCamera.build/Debug/MijickCamera-t.build/Objects-normal/arm64/MijickCamera.abi.json
error: Build failed
BUILD FAILURE 6.4 macosSpm