The Swift Package Index logo.Swift Package Index

Build Information

Failed to build LispKit, reference master (bcee91), with Swift 6.1 for Linux on 9 Oct 2026 13:25:36 UTC.

Build Command

bash -c docker run --pull=always --rm -v "checkouts-54344845-0":/host -w "$PWD" -e JAVA_HOME="/root/.sdkman/candidates/java/current" -e SPI_BUILD="1" -e SPI_PROCESSING="1" registry.gitlab.com/saguaro1/spi-images:basic-6.1-latest swift build --triple x86_64-unknown-linux-gnu 2>&1

Build Log

========================================
RunAll
========================================
Builder version: 5.1.1
Interrupt handler set up.
========================================
Checkout
========================================
Clone URL: https://github.com/objecthub/swift-lispkit.git
Reference: master
Initialized empty Git repository in /host/spi-builder-workspace/.git/
hint: Using 'master' as the name for the initial branch. This default branch name
hint: is subject to change. To configure the initial branch name to use in all
hint: of your new repositories, which will suppress this warning, call:
hint:
hint: 	git config --global init.defaultBranch <name>
hint:
hint: Names commonly chosen instead of 'master' are 'main', 'trunk' and
hint: 'development'. The just-created branch can be renamed via this command:
hint:
hint: 	git branch -m <name>
From https://github.com/objecthub/swift-lispkit
 * branch            master     -> FETCH_HEAD
 * [new branch]      master     -> origin/master
HEAD is now at bcee91e Link new version of NumberKit.
Cloned https://github.com/objecthub/swift-lispkit.git
Revision (git rev-parse @):
bcee91e10f349b570209221c8a069dd0aeed3133
SUCCESS checkout https://github.com/objecthub/swift-lispkit.git at master
========================================
Build
========================================
Selected platform:         linux
Swift version:             6.1
Building package at path:  $PWD
https://github.com/objecthub/swift-lispkit.git
https://github.com/objecthub/swift-lispkit.git
WARNING: environment variable SUPPRESS_SWIFT_6_FLAGS is not set
Running build ...
bash -c docker run --pull=always --rm -v "checkouts-54344845-0":/host -w "$PWD" -e JAVA_HOME="/root/.sdkman/candidates/java/current" -e SPI_BUILD="1" -e SPI_PROCESSING="1" registry.gitlab.com/saguaro1/spi-images:basic-6.1-latest swift build --triple x86_64-unknown-linux-gnu -Xswiftc -Xfrontend -Xswiftc -stats-output-dir -Xswiftc -Xfrontend -Xswiftc .stats -Xswiftc -strict-concurrency=complete -Xswiftc -enable-upcoming-feature -Xswiftc StrictConcurrency -Xswiftc -enable-upcoming-feature -Xswiftc DisableOutwardActorInference -Xswiftc -enable-upcoming-feature -Xswiftc GlobalActorIsolatedTypesUsability -Xswiftc -enable-upcoming-feature -Xswiftc InferSendableFromCaptures 2>&1
basic-6.1-latest: Pulling from saguaro1/spi-images
Digest: sha256:13a529f31207afe6597b18f20995fc2db944100da935819188c653038756cb1b
Status: Image is up to date for registry.gitlab.com/saguaro1/spi-images:basic-6.1-latest
Fetching https://github.com/objecthub/swift-markdownkit.git
[1/1459] Fetching swift-markdownkit
Fetched https://github.com/objecthub/swift-markdownkit.git from cache (0.71s)
Fetching https://github.com/objecthub/swift-dynamicjson.git
[1/1158] Fetching swift-dynamicjson
Fetched https://github.com/objecthub/swift-dynamicjson.git from cache (0.52s)
Fetching https://github.com/kishikawakatsumi/KeychainAccess.git
[1/4388] Fetching keychainaccess
Fetched https://github.com/kishikawakatsumi/KeychainAccess.git from cache (0.62s)
Fetching https://github.com/p2/OAuth2.git
Fetching https://github.com/apple/swift-atomics.git
Fetching https://github.com/objecthub/swift-commandlinekit.git
Fetching https://github.com/tsolomko/SWCompression.git
Fetching https://github.com/SomeRandomiOSDev/CBORCoding.git
Fetching https://github.com/weichsel/ZIPFoundation.git
[1/578] Fetching swift-commandlinekit
[579/2463] Fetching swift-commandlinekit, swift-atomics
[1013/3915] Fetching swift-commandlinekit, swift-atomics, cborcoding
[1873/10386] Fetching swift-commandlinekit, swift-atomics, cborcoding, zipfoundation
[3162/28464] Fetching swift-commandlinekit, swift-atomics, cborcoding, zipfoundation, swcompression
[5365/34696] Fetching swift-commandlinekit, swift-atomics, cborcoding, zipfoundation, swcompression, oauth2
Fetched https://github.com/p2/OAuth2.git from cache (1.03s)
Fetching https://github.com/objecthub/swift-nanohttp.git
[23403/28464] Fetching swift-commandlinekit, swift-atomics, cborcoding, zipfoundation, swcompression
Fetched https://github.com/SomeRandomiOSDev/CBORCoding.git from cache (1.32s)
Fetched https://github.com/objecthub/swift-commandlinekit.git from cache (1.32s)
Fetched https://github.com/apple/swift-atomics.git from cache (1.32s)
Fetching https://github.com/objecthub/swift-numberkit.git
Fetching https://github.com/objecthub/swift-clformat.git
Fetching https://github.com/objecthub/swift-sqliteexpress.git
Fetched https://github.com/weichsel/ZIPFoundation.git from cache (1.32s)
Fetched https://github.com/tsolomko/SWCompression.git from cache (1.33s)
[1/253] Fetching swift-nanohttp
Fetched https://github.com/objecthub/swift-nanohttp.git from cache (0.45s)
[1/550] Fetching swift-clformat
[210/1692] Fetching swift-clformat, swift-numberkit
[1191/1791] Fetching swift-clformat, swift-numberkit, swift-sqliteexpress
Fetched https://github.com/objecthub/swift-sqliteexpress.git from cache (0.37s)
Fetched https://github.com/objecthub/swift-clformat.git from cache (0.37s)
[709/1142] Fetching swift-numberkit
Fetched https://github.com/objecthub/swift-numberkit.git from cache (0.41s)
Computing version for https://github.com/objecthub/swift-commandlinekit.git
Computed https://github.com/objecthub/swift-commandlinekit.git at 1.1.2 (1.98s)
Computing version for https://github.com/SomeRandomiOSDev/CBORCoding.git
Computed https://github.com/SomeRandomiOSDev/CBORCoding.git at 1.4.0 (0.27s)
Fetching https://github.com/SomeRandomiOSDev/Half
[1/630] Fetching half
Fetched https://github.com/SomeRandomiOSDev/Half from cache (0.40s)
Computing version for https://github.com/p2/OAuth2.git
Computed https://github.com/p2/OAuth2.git at 5.3.5 (0.66s)
Computing version for https://github.com/weichsel/ZIPFoundation.git
Computed https://github.com/weichsel/ZIPFoundation.git at 0.9.20 (0.22s)
Computing version for https://github.com/objecthub/swift-nanohttp.git
Computed https://github.com/objecthub/swift-nanohttp.git at 1.0.1 (0.24s)
Computing version for https://github.com/objecthub/swift-clformat.git
Computed https://github.com/objecthub/swift-clformat.git at 1.2.1 (0.25s)
Computing version for https://github.com/objecthub/swift-sqliteexpress.git
Computed https://github.com/objecthub/swift-sqliteexpress.git at 1.0.3 (0.24s)
Computing version for https://github.com/objecthub/swift-numberkit.git
Computed https://github.com/objecthub/swift-numberkit.git at 3.0.0 (0.21s)
Computing version for https://github.com/apple/swift-atomics.git
Computed https://github.com/apple/swift-atomics.git at 1.3.1 (0.22s)
Computing version for https://github.com/SomeRandomiOSDev/Half
Computed https://github.com/SomeRandomiOSDev/Half at 1.4.2 (0.22s)
Computing version for https://github.com/tsolomko/SWCompression.git
Computed https://github.com/tsolomko/SWCompression.git at 4.9.1 (0.21s)
Fetching https://github.com/tsolomko/BitByteData
[1/3281] Fetching bitbytedata
Fetched https://github.com/tsolomko/BitByteData from cache (0.45s)
Computing version for https://github.com/tsolomko/BitByteData
Computed https://github.com/tsolomko/BitByteData at 2.1.0 (0.67s)
Creating working copy for https://github.com/objecthub/swift-dynamicjson.git
Working copy of https://github.com/objecthub/swift-dynamicjson.git resolved at main (2ff3fe1)
Creating working copy for https://github.com/apple/swift-atomics.git
Working copy of https://github.com/apple/swift-atomics.git resolved at 1.3.1
Creating working copy for https://github.com/weichsel/ZIPFoundation.git
Working copy of https://github.com/weichsel/ZIPFoundation.git resolved at 0.9.20
Creating working copy for https://github.com/SomeRandomiOSDev/Half
Working copy of https://github.com/SomeRandomiOSDev/Half resolved at 1.4.2
Creating working copy for https://github.com/p2/OAuth2.git
Working copy of https://github.com/p2/OAuth2.git resolved at 5.3.5
Creating working copy for https://github.com/tsolomko/BitByteData
Working copy of https://github.com/tsolomko/BitByteData resolved at 2.1.0
Creating working copy for https://github.com/objecthub/swift-numberkit.git
Working copy of https://github.com/objecthub/swift-numberkit.git resolved at 3.0.0
Creating working copy for https://github.com/SomeRandomiOSDev/CBORCoding.git
Working copy of https://github.com/SomeRandomiOSDev/CBORCoding.git resolved at 1.4.0
Creating working copy for https://github.com/objecthub/swift-commandlinekit.git
Working copy of https://github.com/objecthub/swift-commandlinekit.git resolved at 1.1.2
Creating working copy for https://github.com/objecthub/swift-clformat.git
Working copy of https://github.com/objecthub/swift-clformat.git resolved at 1.2.1
Creating working copy for https://github.com/tsolomko/SWCompression.git
Working copy of https://github.com/tsolomko/SWCompression.git resolved at 4.9.1
Creating working copy for https://github.com/objecthub/swift-markdownkit.git
Working copy of https://github.com/objecthub/swift-markdownkit.git resolved at master (a7205e6)
Creating working copy for https://github.com/objecthub/swift-nanohttp.git
Working copy of https://github.com/objecthub/swift-nanohttp.git resolved at 1.0.1
Creating working copy for https://github.com/objecthub/swift-sqliteexpress.git
Working copy of https://github.com/objecthub/swift-sqliteexpress.git resolved at 1.0.3
Creating working copy for https://github.com/kishikawakatsumi/KeychainAccess.git
Working copy of https://github.com/kishikawakatsumi/KeychainAccess.git resolved at master (e0c7eeb)
warning: 'zipfoundation': found 1 file(s) which are unhandled; explicitly declare them as resources or exclude from the target
    /host/spi-builder-workspace/.build/checkouts/ZIPFoundation/Sources/ZIPFoundation/Resources/PrivacyInfo.xcprivacy
Building for debugging...
[0/165] Write sources
[0/165] Copying PrivacyInfo.xcprivacy
[0/165] Copying xt256.css
[0/165] Copying zenburn.css
[0/165] Copying xcode.css
[0/165] Copying xcode-dusk.css
[0/165] Copying vulcan.css
[0/165] Copying vs2015.css
[0/165] Copying vs.css
[0/165] Copying tomorrow.css
[0/165] Copying tomorrow-night.css
[0/165] Copying tomorrow-night-eighties.css
[0/165] Copying tomorrow-night-bright.css
[24/165] Copying tomorrow-night-blue.css
[26/165] Copying stackoverflow-dark.css
[27/165] Copying sunburst.css
[28/165] Copying srcery.css
[29/165] Copying stackoverflow-light.css
[29/165] Copying silk-dark.css
[31/165] Copying solarized-dark.css
[31/165] Copying shades-of-purple.css
[31/165] Copying snazzy.css
[31/165] Copying silk-light.css
[31/165] Copying routeros.css
[31/165] Copying qtcreator_light.css
[31/165] Copying rainbow.css
[31/165] Copying qtcreator_dark.css
[31/165] Copying purebasic.css
[31/165] Copying paraiso-light.css
[31/165] Copying paraiso-dark.css
[31/165] Copying ocean.css
[31/165] Copying solarized-light.css
[31/165] Copying obsidian.css
[31/165] Copying nord.css
[31/165] Copying nnfx-dark.css
[31/165] Copying nnfx-light.css
[31/165] Copying night-owl.css
[31/165] Copying monokai.css
[31/165] Copying mono-blue.css
[31/165] Copying monokai-sublime.css
[31/165] Copying markdownkit.css
[31/165] Copying markdownkit-dark.css
[31/165] Copying magula.css
[31/165] Copying lightfair.css
[31/165] Copying kimbie-light.css
[31/165] Copying railscasts.css
[31/165] Copying isbl-editor-light.css
[31/165] Copying isbl-editor-dark.css
[31/165] Copying idea.css
[31/165] Copying pojoaque.css
[31/165] Copying hybrid.css
[31/165] Copying hopscotch.css
[31/165] Copying gruvbox-light.css
[31/165] Copying gruvbox-dark.css
[31/165] Copying highlight.min.js
[31/165] Copying grayscale.css
[31/165] Copying gradient-light.css
[31/165] Copying gradient-dark.css
[31/165] Copying googlecode.css
[31/165] Copying gml.css
[31/165] Copying github.css
[31/165] Copying github-gist.css
[31/165] Copying github-dark.css
[31/165] Copying foundation.css
[31/165] Copying far.css
[31/165] Copying dracula.css
[31/165] Copying docco.css
[31/165] Copying default.css
[31/165] Copying dark.css
[31/165] Copying darcula.css
[31/165] Copying codepen-embed.css
[31/165] Copying brown-paper.css
[31/165] Copying atom-one-light.css
[31/165] Copying atom-one-dark.css
[31/165] Copying atom-one-dark-reasonable.css
[31/165] Copying atelier-sulphurpool-light.css
[31/165] Copying atelier-sulphurpool-dark.css
[31/165] Copying atelier-seaside-light.css
[31/165] Copying atelier-seaside-dark.css
[31/165] Copying atelier-savanna-light.css
[31/165] Copying school-book.css
[31/165] Copying ir-black.css
[32/165] Copying atelier-plateau-dark.css
[44/165] Copying atelier-lakeside-light.css
[60/165] Copying atelier-lakeside-dark.css
[76/165] Copying atelier-heath-light.css
[90/165] Copying atelier-heath-dark.css
[99/165] Copying atelier-forest-light.css
[99/165] Copying atelier-forest-dark.css
[100/165] Copying atelier-estuary-light.css
[101/165] Copying atelier-estuary-dark.css
[103/165] Copying atelier-dune-light.css
[104/165] Copying atelier-dune-dark.css
[105/165] Copying atelier-cave-light.css
[106/165] Copying atelier-cave-dark.css
[107/165] Copying ascetic.css
[108/165] Copying arta.css
[109/165] Copying arduino-light.css
[110/165] Copying androidstudio.css
[111/165] Copying an-old-hope.css
[112/165] Copying agate.css
[113/165] Copying a11y-light.css
[114/165] Copying a11y-dark.css
[115/165] Write sources
[125/165] Copying lioshi.css
[126/165] Copying atelier-savanna-dark.css
[126/165] Copying atelier-plateau-light.css
[128/165] Copying PrivacyInfo.xcprivacy
[129/165] Write sources
[131/165] Copying kimbie-dark.css
[132/165] Copying color-brewer.css
[133/165] Compiling _AtomicsShims.c
[134/165] Compiling fp_trunc.cpp
[135/165] Compiling fp_extend.cpp
[136/165] Compiling half.c
[137/165] Write swift-version-24593BA9C3E375BF.txt
[139/244] Emitting module Half
error: emit-module command failed with exit code 1 (use -v to see invocation)
[140/244] Emitting module SwiftKeychain
/host/spi-builder-workspace/.build/checkouts/OAuth2/Sources/SwiftKeychain/Keychain.swift:120:52: error: cannot find type 'OSStatus' in scope
118 |     public init() {}
119 |
120 |     internal func errorForStatusCode(_ statusCode: OSStatus) -> NSError {
    |                                                    `- error: cannot find type 'OSStatus' in scope
121 |
122 |         return NSError(domain: "swift.keychain.error", code: Int(statusCode), userInfo: nil)
error: emit-module command failed with exit code 1 (use -v to see invocation)
[141/244] Emitting module SQLiteExpress
/host/spi-builder-workspace/.build/checkouts/swift-sqliteexpress/Sources/SQLiteExpress/SQLiteDatabase.swift:22:8: error: no such module 'SQLite3'
 20 |
 21 | import Foundation
 22 | import SQLite3
    |        `- error: no such module 'SQLite3'
 23 |
 24 |
error: emit-module command failed with exit code 1 (use -v to see invocation)
[142/244] Emitting module NanoHTTP
/host/spi-builder-workspace/.build/checkouts/swift-nanohttp/Sources/NanoHTTP/String+Extensions.swift:35:8: error: no such module 'CryptoKit'
33 |
34 | import Foundation
35 | import CryptoKit
   |        `- error: no such module 'CryptoKit'
36 | import UniformTypeIdentifiers
37 |
[143/246] Compiling BitByteData SignedNumberRepresentation.swift
[144/247] Compiling Half Half+Coding.swift
[145/247] Compiling Half Half.swift
[146/247] Compiling Half Functions.swift
[147/248] Compiling BitByteData Extensions.swift
/host/spi-builder-workspace/.build/checkouts/swift-nanohttp/Sources/NanoHTTP/String+Extensions.swift:35:8: error: no such module 'CryptoKit'
33 |
34 | import Foundation
35 | import CryptoKit
   |        `- error: no such module 'CryptoKit'
36 | import UniformTypeIdentifiers
37 |
[148/248] Compiling BitByteData LittleEndianByteReader.swift
/host/spi-builder-workspace/.build/checkouts/swift-nanohttp/Sources/NanoHTTP/String+Extensions.swift:35:8: error: no such module 'CryptoKit'
33 |
34 | import Foundation
35 | import CryptoKit
   |        `- error: no such module 'CryptoKit'
36 | import UniformTypeIdentifiers
37 |
[149/248] Compiling BitByteData resource_bundle_accessor.swift
[152/248] Compiling NanoHTTP String+Extensions.swift
/host/spi-builder-workspace/.build/checkouts/swift-nanohttp/Sources/NanoHTTP/String+Extensions.swift:35:8: error: no such module 'CryptoKit'
33 |
34 | import Foundation
35 | import CryptoKit
   |        `- error: no such module 'CryptoKit'
36 | import UniformTypeIdentifiers
37 |
[153/248] Compiling NanoHTTP String+File.swift
/host/spi-builder-workspace/.build/checkouts/swift-nanohttp/Sources/NanoHTTP/String+Extensions.swift:35:8: error: no such module 'CryptoKit'
33 |
34 | import Foundation
35 | import CryptoKit
   |        `- error: no such module 'CryptoKit'
36 | import UniformTypeIdentifiers
37 |
[154/248] Compiling BitByteData BitWriter.swift
[155/248] Compiling BitByteData ByteReader.swift
[157/248] Compiling BitByteData MsbBitReader.swift
[158/248] Compiling BitByteData MsbBitWriter.swift
[159/248] Compiling BitByteData BigEndianByteReader.swift
/host/spi-builder-workspace/.build/checkouts/swift-nanohttp/Sources/NanoHTTP/String+Extensions.swift:35:8: error: no such module 'CryptoKit'
33 |
34 | import Foundation
35 | import CryptoKit
   |        `- error: no such module 'CryptoKit'
36 | import UniformTypeIdentifiers
37 |
[160/248] Compiling BitByteData BitReader.swift
/host/spi-builder-workspace/.build/checkouts/swift-nanohttp/Sources/NanoHTTP/String+Extensions.swift:35:8: error: no such module 'CryptoKit'
33 |
34 | import Foundation
35 | import CryptoKit
   |        `- error: no such module 'CryptoKit'
36 | import UniformTypeIdentifiers
37 |
/host/spi-builder-workspace/.build/checkouts/swift-nanohttp/Sources/NanoHTTP/String+Extensions.swift:35:8: error: no such module 'CryptoKit'
33 |
34 | import Foundation
35 | import CryptoKit
   |        `- error: no such module 'CryptoKit'
36 | import UniformTypeIdentifiers
37 |
/host/spi-builder-workspace/.build/checkouts/swift-nanohttp/Sources/NanoHTTP/String+Extensions.swift:35:8: error: no such module 'CryptoKit'
33 |
34 | import Foundation
35 | import CryptoKit
   |        `- error: no such module 'CryptoKit'
36 | import UniformTypeIdentifiers
37 |
[163/248] Compiling ZIPFoundation Archive+ZIP64.swift
/host/spi-builder-workspace/.build/checkouts/swift-nanohttp/Sources/NanoHTTP/String+Extensions.swift:35:8: error: no such module 'CryptoKit'
33 |
34 | import Foundation
35 | import CryptoKit
   |        `- error: no such module 'CryptoKit'
36 | import UniformTypeIdentifiers
37 |
[164/248] Compiling ZIPFoundation Archive.swift
/host/spi-builder-workspace/.build/checkouts/swift-nanohttp/Sources/NanoHTTP/String+Extensions.swift:35:8: error: no such module 'CryptoKit'
33 |
34 | import Foundation
35 | import CryptoKit
   |        `- error: no such module 'CryptoKit'
36 | import UniformTypeIdentifiers
37 |
[165/248] Compiling BitByteData LsbBitReader.swift
/host/spi-builder-workspace/.build/checkouts/swift-nanohttp/Sources/NanoHTTP/String+Extensions.swift:35:8: error: no such module 'CryptoKit'
33 |
34 | import Foundation
35 | import CryptoKit
   |        `- error: no such module 'CryptoKit'
36 | import UniformTypeIdentifiers
37 |
[166/248] Compiling BitByteData LsbBitWriter.swift
/host/spi-builder-workspace/.build/checkouts/swift-nanohttp/Sources/NanoHTTP/String+Extensions.swift:35:8: error: no such module 'CryptoKit'
33 |
34 | import Foundation
35 | import CryptoKit
   |        `- error: no such module 'CryptoKit'
36 | import UniformTypeIdentifiers
37 |
[167/248] Compiling ZIPFoundation Archive+Helpers.swift
/host/spi-builder-workspace/.build/checkouts/swift-nanohttp/Sources/NanoHTTP/String+Extensions.swift:35:8: error: no such module 'CryptoKit'
33 |
34 | import Foundation
35 | import CryptoKit
   |        `- error: no such module 'CryptoKit'
36 | import UniformTypeIdentifiers
37 |
error: emit-module command failed with exit code 1 (use -v to see invocation)
[168/248] Emitting module KeychainAccess
/host/spi-builder-workspace/.build/checkouts/KeychainAccess/Lib/KeychainAccess/Keychain.swift:27:8: error: no such module 'Security'
  25 |
  26 | import Foundation
  27 | import Security
     |        `- error: no such module 'Security'
  28 | #if os(iOS) || os(macOS)
  29 | import LocalAuthentication
[169/248] Compiling KeychainAccess Keychain.swift
/host/spi-builder-workspace/.build/checkouts/KeychainAccess/Lib/KeychainAccess/Keychain.swift:27:8: error: no such module 'Security'
  25 |
  26 | import Foundation
  27 | import Security
     |        `- error: no such module 'Security'
  28 | #if os(iOS) || os(macOS)
  29 | import LocalAuthentication
[170/248] Compiling ZIPFoundation Data+Compression.swift
/host/spi-builder-workspace/.build/checkouts/swift-nanohttp/Sources/NanoHTTP/String+Extensions.swift:35:8: error: no such module 'CryptoKit'
33 |
34 | import Foundation
35 | import CryptoKit
   |        `- error: no such module 'CryptoKit'
36 | import UniformTypeIdentifiers
37 |
[171/248] Compiling ZIPFoundation Entry+Serialization.swift
/host/spi-builder-workspace/.build/checkouts/swift-nanohttp/Sources/NanoHTTP/String+Extensions.swift:35:8: error: no such module 'CryptoKit'
33 |
34 | import Foundation
35 | import CryptoKit
   |        `- error: no such module 'CryptoKit'
36 | import UniformTypeIdentifiers
37 |
[172/248] Compiling SQLiteExpress SQLiteDatabase.swift
/host/spi-builder-workspace/.build/checkouts/swift-sqliteexpress/Sources/SQLiteExpress/SQLiteDatabase.swift:22:8: error: no such module 'SQLite3'
 20 |
 21 | import Foundation
 22 | import SQLite3
    |        `- error: no such module 'SQLite3'
 23 |
 24 |
[173/248] Compiling SQLiteExpress SQLiteError.swift
/host/spi-builder-workspace/.build/checkouts/swift-sqliteexpress/Sources/SQLiteExpress/SQLiteDatabase.swift:22:8: error: no such module 'SQLite3'
 20 |
 21 | import Foundation
 22 | import SQLite3
    |        `- error: no such module 'SQLite3'
 23 |
 24 |
[174/248] Emitting module CommandLineKit
/host/spi-builder-workspace/.build/checkouts/OAuth2/Sources/SwiftKeychain/Keychain.swift:120:52: error: cannot find type 'OSStatus' in scope
118 |     public init() {}
119 |
120 |     internal func errorForStatusCode(_ statusCode: OSStatus) -> NSError {
    |                                                    `- error: cannot find type 'OSStatus' in scope
121 |
122 |         return NSError(domain: "swift.keychain.error", code: Int(statusCode), userInfo: nil)
/host/spi-builder-workspace/.build/checkouts/OAuth2/Sources/SwiftKeychain/Keychain.swift:35:23: error: cannot find 'kSecAttrAccessibleWhenUnlocked' in scope
 33 |     public var accessMode: String {
 34 |
 35 |         return String(kSecAttrAccessibleWhenUnlocked)
    |                       `- error: cannot find 'kSecAttrAccessibleWhenUnlocked' in scope
 36 |     }
 37 |
/host/spi-builder-workspace/.build/checkouts/OAuth2/Sources/SwiftKeychain/Keychain.swift:51:31: error: cannot find 'kSecValueData' in scope
 49 |         let archivedData = NSKeyedArchiver.archivedData(withRootObject: dataToStore)
 50 |
 51 |         itemAttributes[String(kSecValueData)] = archivedData
    |                               `- error: cannot find 'kSecValueData' in scope
 52 |
 53 |         if let group = accessGroup {
/host/spi-builder-workspace/.build/checkouts/OAuth2/Sources/SwiftKeychain/Keychain.swift:55:35: error: cannot find 'kSecAttrAccessGroup' in scope
 53 |         if let group = accessGroup {
 54 |
 55 |             itemAttributes[String(kSecAttrAccessGroup)] = group
    |                                   `- error: cannot find 'kSecAttrAccessGroup' in scope
 56 |         }
 57 |
/host/spi-builder-workspace/.build/checkouts/OAuth2/Sources/SwiftKeychain/Keychain.swift:63:49: error: cannot find 'kSecValueData' in scope
 61 |     internal func dataFromAttributes(_ attributes: [String: Any]) -> [String: Any]? {
 62 |
 63 |         guard let valueData = attributes[String(kSecValueData)] as? Data else { return nil }
    |                                                 `- error: cannot find 'kSecValueData' in scope
 64 |
 65 |         return NSKeyedUnarchiver.unarchiveObject(with: valueData) as? [String: Any] ?? nil
/host/spi-builder-workspace/.build/checkouts/OAuth2/Sources/SwiftKeychain/Keychain.swift:72:31: error: cannot find 'kSecReturnData' in scope
 70 |         var itemAttributes = attributes
 71 |
 72 |         itemAttributes[String(kSecReturnData)] = kCFBooleanTrue
    |                               `- error: cannot find 'kSecReturnData' in scope
 73 |         itemAttributes[String(kSecReturnAttributes)] = kCFBooleanTrue
 74 |
/host/spi-builder-workspace/.build/checkouts/OAuth2/Sources/SwiftKeychain/Keychain.swift:72:50: error: cannot find 'kCFBooleanTrue' in scope
 70 |         var itemAttributes = attributes
 71 |
 72 |         itemAttributes[String(kSecReturnData)] = kCFBooleanTrue
    |                                                  `- error: cannot find 'kCFBooleanTrue' in scope
 73 |         itemAttributes[String(kSecReturnAttributes)] = kCFBooleanTrue
 74 |
/host/spi-builder-workspace/.build/checkouts/OAuth2/Sources/SwiftKeychain/Keychain.swift:73:31: error: cannot find 'kSecReturnAttributes' in scope
 71 |
 72 |         itemAttributes[String(kSecReturnData)] = kCFBooleanTrue
 73 |         itemAttributes[String(kSecReturnAttributes)] = kCFBooleanTrue
    |                               `- error: cannot find 'kSecReturnAttributes' in scope
 74 |
 75 |         if let group = accessGroup {
/host/spi-builder-workspace/.build/checkouts/OAuth2/Sources/SwiftKeychain/Keychain.swift:73:56: error: cannot find 'kCFBooleanTrue' in scope
 71 |
 72 |         itemAttributes[String(kSecReturnData)] = kCFBooleanTrue
 73 |         itemAttributes[String(kSecReturnAttributes)] = kCFBooleanTrue
    |                                                        `- error: cannot find 'kCFBooleanTrue' in scope
 74 |
 75 |         if let group = accessGroup {
/host/spi-builder-workspace/.build/checkouts/OAuth2/Sources/SwiftKeychain/Keychain.swift:77:35: error: cannot find 'kSecAttrAccessGroup' in scope
 75 |         if let group = accessGroup {
 76 |
 77 |             itemAttributes[String(kSecAttrAccessGroup)] = group
    |                                   `- error: cannot find 'kSecAttrAccessGroup' in scope
 78 |         }
 79 |
/host/spi-builder-workspace/.build/checkouts/OAuth2/Sources/SwiftKeychain/Keychain.swift:103:27: error: cannot find 'kSecClass' in scope
101 |         var attributes = [String: Any]()
102 |
103 |         attributes[String(kSecClass)] = kSecClassGenericPassword
    |                           `- error: cannot find 'kSecClass' in scope
104 |         attributes[String(kSecAttrAccessible)] = accessMode
105 |         attributes[String(kSecAttrService)] = serviceName
/host/spi-builder-workspace/.build/checkouts/OAuth2/Sources/SwiftKeychain/Keychain.swift:103:41: error: cannot find 'kSecClassGenericPassword' in scope
101 |         var attributes = [String: Any]()
102 |
103 |         attributes[String(kSecClass)] = kSecClassGenericPassword
    |                                         `- error: cannot find 'kSecClassGenericPassword' in scope
104 |         attributes[String(kSecAttrAccessible)] = accessMode
105 |         attributes[String(kSecAttrService)] = serviceName
/host/spi-builder-workspace/.build/checkouts/OAuth2/Sources/SwiftKeychain/Keychain.swift:104:27: error: cannot find 'kSecAttrAccessible' in scope
102 |
103 |         attributes[String(kSecClass)] = kSecClassGenericPassword
104 |         attributes[String(kSecAttrAccessible)] = accessMode
    |                           `- error: cannot find 'kSecAttrAccessible' in scope
105 |         attributes[String(kSecAttrService)] = serviceName
106 |         attributes[String(kSecAttrAccount)] = accountName
/host/spi-builder-workspace/.build/checkouts/OAuth2/Sources/SwiftKeychain/Keychain.swift:105:27: error: cannot find 'kSecAttrService' in scope
103 |         attributes[String(kSecClass)] = kSecClassGenericPassword
104 |         attributes[String(kSecAttrAccessible)] = accessMode
105 |         attributes[String(kSecAttrService)] = serviceName
    |                           `- error: cannot find 'kSecAttrService' in scope
106 |         attributes[String(kSecAttrAccount)] = accountName
107 |
/host/spi-builder-workspace/.build/checkouts/OAuth2/Sources/SwiftKeychain/Keychain.swift:106:27: error: cannot find 'kSecAttrAccount' in scope
104 |         attributes[String(kSecAttrAccessible)] = accessMode
105 |         attributes[String(kSecAttrService)] = serviceName
106 |         attributes[String(kSecAttrAccount)] = accountName
    |                           `- error: cannot find 'kSecAttrAccount' in scope
107 |
108 |         return attributes
/host/spi-builder-workspace/.build/checkouts/OAuth2/Sources/SwiftKeychain/Keychain.swift:129:26: error: cannot find 'SecItemAdd' in scope
127 |     public func insertItemWithAttributes(_ attributes: [String: Any]) throws {
128 |
129 |         var statusCode = SecItemAdd(attributes as CFDictionary, nil)
    |                          `- error: cannot find 'SecItemAdd' in scope
130 |
131 |         if statusCode == errSecDuplicateItem {
/host/spi-builder-workspace/.build/checkouts/OAuth2/Sources/SwiftKeychain/Keychain.swift:129:51: error: cannot find type 'CFDictionary' in scope
127 |     public func insertItemWithAttributes(_ attributes: [String: Any]) throws {
128 |
129 |         var statusCode = SecItemAdd(attributes as CFDictionary, nil)
    |                                                   `- error: cannot find type 'CFDictionary' in scope
130 |
131 |         if statusCode == errSecDuplicateItem {
/host/spi-builder-workspace/.build/checkouts/OAuth2/Sources/SwiftKeychain/Keychain.swift:129:65: error: 'nil' requires a contextual type
127 |     public func insertItemWithAttributes(_ attributes: [String: Any]) throws {
128 |
129 |         var statusCode = SecItemAdd(attributes as CFDictionary, nil)
    |                                                                 `- error: 'nil' requires a contextual type
130 |
131 |         if statusCode == errSecDuplicateItem {
/host/spi-builder-workspace/.build/checkouts/OAuth2/Sources/SwiftKeychain/Keychain.swift:131:26: error: cannot find 'errSecDuplicateItem' in scope
129 |         var statusCode = SecItemAdd(attributes as CFDictionary, nil)
130 |
131 |         if statusCode == errSecDuplicateItem {
    |                          `- error: cannot find 'errSecDuplicateItem' in scope
132 |
133 |             SecItemDelete(attributes as CFDictionary)
/host/spi-builder-workspace/.build/checkouts/OAuth2/Sources/SwiftKeychain/Keychain.swift:133:13: error: cannot find 'SecItemDelete' in scope
131 |         if statusCode == errSecDuplicateItem {
132 |
133 |             SecItemDelete(attributes as CFDictionary)
    |             `- error: cannot find 'SecItemDelete' in scope
134 |             statusCode = SecItemAdd(attributes as CFDictionary, nil)
135 |         }
/host/spi-builder-workspace/.build/checkouts/OAuth2/Sources/SwiftKeychain/Keychain.swift:133:41: error: cannot find type 'CFDictionary' in scope
131 |         if statusCode == errSecDuplicateItem {
132 |
133 |             SecItemDelete(attributes as CFDictionary)
    |                                         `- error: cannot find type 'CFDictionary' in scope
134 |             statusCode = SecItemAdd(attributes as CFDictionary, nil)
135 |         }
/host/spi-builder-workspace/.build/checkouts/OAuth2/Sources/SwiftKeychain/Keychain.swift:134:26: error: cannot find 'SecItemAdd' in scope
132 |
133 |             SecItemDelete(attributes as CFDictionary)
134 |             statusCode = SecItemAdd(attributes as CFDictionary, nil)
    |                          `- error: cannot find 'SecItemAdd' in scope
135 |         }
136 |
/host/spi-builder-workspace/.build/checkouts/OAuth2/Sources/SwiftKeychain/Keychain.swift:134:51: error: cannot find type 'CFDictionary' in scope
132 |
133 |             SecItemDelete(attributes as CFDictionary)
134 |             statusCode = SecItemAdd(attributes as CFDictionary, nil)
    |                                                   `- error: cannot find type 'CFDictionary' in scope
135 |         }
136 |
/host/spi-builder-workspace/.build/checkouts/OAuth2/Sources/SwiftKeychain/Keychain.swift:134:65: error: 'nil' requires a contextual type
132 |
133 |             SecItemDelete(attributes as CFDictionary)
134 |             statusCode = SecItemAdd(attributes as CFDictionary, nil)
    |                                                                 `- error: 'nil' requires a contextual type
135 |         }
136 |
/host/spi-builder-workspace/.build/checkouts/OAuth2/Sources/SwiftKeychain/Keychain.swift:137:26: error: cannot find 'errSecSuccess' in scope
135 |         }
136 |
137 |         if statusCode != errSecSuccess {
    |                          `- error: cannot find 'errSecSuccess' in scope
138 |
139 |             throw errorForStatusCode(statusCode)
/host/spi-builder-workspace/.build/checkouts/OAuth2/Sources/SwiftKeychain/Keychain.swift:145:26: error: cannot find 'SecItemDelete' in scope
143 |     public func removeItemWithAttributes(_ attributes: [String: Any]) throws {
144 |
145 |         let statusCode = SecItemDelete(attributes as CFDictionary)
    |                          `- error: cannot find 'SecItemDelete' in scope
146 |
147 |         if statusCode != errSecSuccess {
/host/spi-builder-workspace/.build/checkouts/OAuth2/Sources/SwiftKeychain/Keychain.swift:145:54: error: cannot find type 'CFDictionary' in scope
143 |     public func removeItemWithAttributes(_ attributes: [String: Any]) throws {
144 |
145 |         let statusCode = SecItemDelete(attributes as CFDictionary)
    |                                                      `- error: cannot find type 'CFDictionary' in scope
146 |
147 |         if statusCode != errSecSuccess {
/host/spi-builder-workspace/.build/checkouts/OAuth2/Sources/SwiftKeychain/Keychain.swift:147:26: error: cannot find 'errSecSuccess' in scope
145 |         let statusCode = SecItemDelete(attributes as CFDictionary)
146 |
147 |         if statusCode != errSecSuccess {
    |                          `- error: cannot find 'errSecSuccess' in scope
148 |
149 |             throw errorForStatusCode(statusCode)
/host/spi-builder-workspace/.build/checkouts/OAuth2/Sources/SwiftKeychain/Keychain.swift:157:26: error: cannot find 'SecItemCopyMatching' in scope
155 |         var result: AnyObject?
156 |
157 |         let statusCode = SecItemCopyMatching(attributes as CFDictionary, &result)
    |                          `- error: cannot find 'SecItemCopyMatching' in scope
158 |
159 |         if statusCode != errSecSuccess {
/host/spi-builder-workspace/.build/checkouts/OAuth2/Sources/SwiftKeychain/Keychain.swift:157:60: error: cannot find type 'CFDictionary' in scope
155 |         var result: AnyObject?
156 |
157 |         let statusCode = SecItemCopyMatching(attributes as CFDictionary, &result)
    |                                                            `- error: cannot find type 'CFDictionary' in scope
158 |
159 |         if statusCode != errSecSuccess {
/host/spi-builder-workspace/.build/checkouts/OAuth2/Sources/SwiftKeychain/Keychain.swift:159:26: error: cannot find 'errSecSuccess' in scope
157 |         let statusCode = SecItemCopyMatching(attributes as CFDictionary, &result)
158 |
159 |         if statusCode != errSecSuccess {
    |                          `- error: cannot find 'errSecSuccess' in scope
160 |
161 |             throw errorForStatusCode(statusCode)
[180/248] Compiling SQLiteExpress SQLiteStatement.swift
/host/spi-builder-workspace/.build/checkouts/swift-sqliteexpress/Sources/SQLiteExpress/SQLiteDatabase.swift:22:8: error: no such module 'SQLite3'
 20 |
 21 | import Foundation
 22 | import SQLite3
    |        `- error: no such module 'SQLite3'
 23 |
 24 |
/host/spi-builder-workspace/.build/checkouts/swift-sqliteexpress/Sources/SQLiteExpress/SQLiteDatabase.swift:22:8: error: no such module 'SQLite3'
 20 |
 21 | import Foundation
 22 | import SQLite3
    |        `- error: no such module 'SQLite3'
 23 |
 24 |
Running build ...
bash -c docker run --pull=always --rm -v "checkouts-54344845-0":/host -w "$PWD" -e JAVA_HOME="/root/.sdkman/candidates/java/current" -e SPI_BUILD="1" -e SPI_PROCESSING="1" registry.gitlab.com/saguaro1/spi-images:basic-6.1-latest swift build --triple x86_64-unknown-linux-gnu 2>&1
basic-6.1-latest: Pulling from saguaro1/spi-images
Digest: sha256:13a529f31207afe6597b18f20995fc2db944100da935819188c653038756cb1b
Status: Image is up to date for registry.gitlab.com/saguaro1/spi-images:basic-6.1-latest
warning: 'zipfoundation': found 1 file(s) which are unhandled; explicitly declare them as resources or exclude from the target
    /host/spi-builder-workspace/.build/checkouts/ZIPFoundation/Sources/ZIPFoundation/Resources/PrivacyInfo.xcprivacy
[0/1] Planning build
Building for debugging...
[0/28] Write swift-version-24593BA9C3E375BF.txt
error: emit-module command failed with exit code 1 (use -v to see invocation)
[2/121] Emitting module SwiftKeychain
/host/spi-builder-workspace/.build/checkouts/OAuth2/Sources/SwiftKeychain/Keychain.swift:120:52: error: cannot find type 'OSStatus' in scope
118 |     public init() {}
119 |
120 |     internal func errorForStatusCode(_ statusCode: OSStatus) -> NSError {
    |                                                    `- error: cannot find type 'OSStatus' in scope
121 |
122 |         return NSError(domain: "swift.keychain.error", code: Int(statusCode), userInfo: nil)
[3/121] Compiling SQLiteExpress SQLiteType.swift
/host/spi-builder-workspace/.build/checkouts/swift-sqliteexpress/Sources/SQLiteExpress/SQLiteDatabase.swift:22:8: error: no such module 'SQLite3'
 20 |
 21 | import Foundation
 22 | import SQLite3
    |        `- error: no such module 'SQLite3'
 23 |
 24 |
[4/121] Compiling SwiftKeychain Keychain.swift
/host/spi-builder-workspace/.build/checkouts/OAuth2/Sources/SwiftKeychain/Keychain.swift:120:52: error: cannot find type 'OSStatus' in scope
118 |     public init() {}
119 |
120 |     internal func errorForStatusCode(_ statusCode: OSStatus) -> NSError {
    |                                                    `- error: cannot find type 'OSStatus' in scope
121 |
122 |         return NSError(domain: "swift.keychain.error", code: Int(statusCode), userInfo: nil)
/host/spi-builder-workspace/.build/checkouts/OAuth2/Sources/SwiftKeychain/Keychain.swift:35:23: error: cannot find 'kSecAttrAccessibleWhenUnlocked' in scope
 33 |     public var accessMode: String {
 34 |
 35 |         return String(kSecAttrAccessibleWhenUnlocked)
    |                       `- error: cannot find 'kSecAttrAccessibleWhenUnlocked' in scope
 36 |     }
 37 |
/host/spi-builder-workspace/.build/checkouts/OAuth2/Sources/SwiftKeychain/Keychain.swift:51:31: error: cannot find 'kSecValueData' in scope
 49 |         let archivedData = NSKeyedArchiver.archivedData(withRootObject: dataToStore)
 50 |
 51 |         itemAttributes[String(kSecValueData)] = archivedData
    |                               `- error: cannot find 'kSecValueData' in scope
 52 |
 53 |         if let group = accessGroup {
/host/spi-builder-workspace/.build/checkouts/OAuth2/Sources/SwiftKeychain/Keychain.swift:55:35: error: cannot find 'kSecAttrAccessGroup' in scope
 53 |         if let group = accessGroup {
 54 |
 55 |             itemAttributes[String(kSecAttrAccessGroup)] = group
    |                                   `- error: cannot find 'kSecAttrAccessGroup' in scope
 56 |         }
 57 |
/host/spi-builder-workspace/.build/checkouts/OAuth2/Sources/SwiftKeychain/Keychain.swift:63:49: error: cannot find 'kSecValueData' in scope
 61 |     internal func dataFromAttributes(_ attributes: [String: Any]) -> [String: Any]? {
 62 |
 63 |         guard let valueData = attributes[String(kSecValueData)] as? Data else { return nil }
    |                                                 `- error: cannot find 'kSecValueData' in scope
 64 |
 65 |         return NSKeyedUnarchiver.unarchiveObject(with: valueData) as? [String: Any] ?? nil
/host/spi-builder-workspace/.build/checkouts/OAuth2/Sources/SwiftKeychain/Keychain.swift:72:31: error: cannot find 'kSecReturnData' in scope
 70 |         var itemAttributes = attributes
 71 |
 72 |         itemAttributes[String(kSecReturnData)] = kCFBooleanTrue
    |                               `- error: cannot find 'kSecReturnData' in scope
 73 |         itemAttributes[String(kSecReturnAttributes)] = kCFBooleanTrue
 74 |
/host/spi-builder-workspace/.build/checkouts/OAuth2/Sources/SwiftKeychain/Keychain.swift:72:50: error: cannot find 'kCFBooleanTrue' in scope
 70 |         var itemAttributes = attributes
 71 |
 72 |         itemAttributes[String(kSecReturnData)] = kCFBooleanTrue
    |                                                  `- error: cannot find 'kCFBooleanTrue' in scope
 73 |         itemAttributes[String(kSecReturnAttributes)] = kCFBooleanTrue
 74 |
/host/spi-builder-workspace/.build/checkouts/OAuth2/Sources/SwiftKeychain/Keychain.swift:73:31: error: cannot find 'kSecReturnAttributes' in scope
 71 |
 72 |         itemAttributes[String(kSecReturnData)] = kCFBooleanTrue
 73 |         itemAttributes[String(kSecReturnAttributes)] = kCFBooleanTrue
    |                               `- error: cannot find 'kSecReturnAttributes' in scope
 74 |
 75 |         if let group = accessGroup {
/host/spi-builder-workspace/.build/checkouts/OAuth2/Sources/SwiftKeychain/Keychain.swift:73:56: error: cannot find 'kCFBooleanTrue' in scope
 71 |
 72 |         itemAttributes[String(kSecReturnData)] = kCFBooleanTrue
 73 |         itemAttributes[String(kSecReturnAttributes)] = kCFBooleanTrue
    |                                                        `- error: cannot find 'kCFBooleanTrue' in scope
 74 |
 75 |         if let group = accessGroup {
/host/spi-builder-workspace/.build/checkouts/OAuth2/Sources/SwiftKeychain/Keychain.swift:77:35: error: cannot find 'kSecAttrAccessGroup' in scope
 75 |         if let group = accessGroup {
 76 |
 77 |             itemAttributes[String(kSecAttrAccessGroup)] = group
    |                                   `- error: cannot find 'kSecAttrAccessGroup' in scope
 78 |         }
 79 |
/host/spi-builder-workspace/.build/checkouts/OAuth2/Sources/SwiftKeychain/Keychain.swift:103:27: error: cannot find 'kSecClass' in scope
101 |         var attributes = [String: Any]()
102 |
103 |         attributes[String(kSecClass)] = kSecClassGenericPassword
    |                           `- error: cannot find 'kSecClass' in scope
104 |         attributes[String(kSecAttrAccessible)] = accessMode
105 |         attributes[String(kSecAttrService)] = serviceName
/host/spi-builder-workspace/.build/checkouts/OAuth2/Sources/SwiftKeychain/Keychain.swift:103:41: error: cannot find 'kSecClassGenericPassword' in scope
101 |         var attributes = [String: Any]()
102 |
103 |         attributes[String(kSecClass)] = kSecClassGenericPassword
    |                                         `- error: cannot find 'kSecClassGenericPassword' in scope
104 |         attributes[String(kSecAttrAccessible)] = accessMode
105 |         attributes[String(kSecAttrService)] = serviceName
/host/spi-builder-workspace/.build/checkouts/OAuth2/Sources/SwiftKeychain/Keychain.swift:104:27: error: cannot find 'kSecAttrAccessible' in scope
102 |
103 |         attributes[String(kSecClass)] = kSecClassGenericPassword
104 |         attributes[String(kSecAttrAccessible)] = accessMode
    |                           `- error: cannot find 'kSecAttrAccessible' in scope
105 |         attributes[String(kSecAttrService)] = serviceName
106 |         attributes[String(kSecAttrAccount)] = accountName
/host/spi-builder-workspace/.build/checkouts/OAuth2/Sources/SwiftKeychain/Keychain.swift:105:27: error: cannot find 'kSecAttrService' in scope
103 |         attributes[String(kSecClass)] = kSecClassGenericPassword
104 |         attributes[String(kSecAttrAccessible)] = accessMode
105 |         attributes[String(kSecAttrService)] = serviceName
    |                           `- error: cannot find 'kSecAttrService' in scope
106 |         attributes[String(kSecAttrAccount)] = accountName
107 |
/host/spi-builder-workspace/.build/checkouts/OAuth2/Sources/SwiftKeychain/Keychain.swift:106:27: error: cannot find 'kSecAttrAccount' in scope
104 |         attributes[String(kSecAttrAccessible)] = accessMode
105 |         attributes[String(kSecAttrService)] = serviceName
106 |         attributes[String(kSecAttrAccount)] = accountName
    |                           `- error: cannot find 'kSecAttrAccount' in scope
107 |
108 |         return attributes
/host/spi-builder-workspace/.build/checkouts/OAuth2/Sources/SwiftKeychain/Keychain.swift:129:26: error: cannot find 'SecItemAdd' in scope
127 |     public func insertItemWithAttributes(_ attributes: [String: Any]) throws {
128 |
129 |         var statusCode = SecItemAdd(attributes as CFDictionary, nil)
    |                          `- error: cannot find 'SecItemAdd' in scope
130 |
131 |         if statusCode == errSecDuplicateItem {
/host/spi-builder-workspace/.build/checkouts/OAuth2/Sources/SwiftKeychain/Keychain.swift:129:51: error: cannot find type 'CFDictionary' in scope
127 |     public func insertItemWithAttributes(_ attributes: [String: Any]) throws {
128 |
129 |         var statusCode = SecItemAdd(attributes as CFDictionary, nil)
    |                                                   `- error: cannot find type 'CFDictionary' in scope
130 |
131 |         if statusCode == errSecDuplicateItem {
/host/spi-builder-workspace/.build/checkouts/OAuth2/Sources/SwiftKeychain/Keychain.swift:129:65: error: 'nil' requires a contextual type
127 |     public func insertItemWithAttributes(_ attributes: [String: Any]) throws {
128 |
129 |         var statusCode = SecItemAdd(attributes as CFDictionary, nil)
    |                                                                 `- error: 'nil' requires a contextual type
130 |
131 |         if statusCode == errSecDuplicateItem {
/host/spi-builder-workspace/.build/checkouts/OAuth2/Sources/SwiftKeychain/Keychain.swift:131:26: error: cannot find 'errSecDuplicateItem' in scope
129 |         var statusCode = SecItemAdd(attributes as CFDictionary, nil)
130 |
131 |         if statusCode == errSecDuplicateItem {
    |                          `- error: cannot find 'errSecDuplicateItem' in scope
132 |
133 |             SecItemDelete(attributes as CFDictionary)
/host/spi-builder-workspace/.build/checkouts/OAuth2/Sources/SwiftKeychain/Keychain.swift:133:13: error: cannot find 'SecItemDelete' in scope
131 |         if statusCode == errSecDuplicateItem {
132 |
133 |             SecItemDelete(attributes as CFDictionary)
    |             `- error: cannot find 'SecItemDelete' in scope
134 |             statusCode = SecItemAdd(attributes as CFDictionary, nil)
135 |         }
/host/spi-builder-workspace/.build/checkouts/OAuth2/Sources/SwiftKeychain/Keychain.swift:133:41: error: cannot find type 'CFDictionary' in scope
131 |         if statusCode == errSecDuplicateItem {
132 |
133 |             SecItemDelete(attributes as CFDictionary)
    |                                         `- error: cannot find type 'CFDictionary' in scope
134 |             statusCode = SecItemAdd(attributes as CFDictionary, nil)
135 |         }
/host/spi-builder-workspace/.build/checkouts/OAuth2/Sources/SwiftKeychain/Keychain.swift:134:26: error: cannot find 'SecItemAdd' in scope
132 |
133 |             SecItemDelete(attributes as CFDictionary)
134 |             statusCode = SecItemAdd(attributes as CFDictionary, nil)
    |                          `- error: cannot find 'SecItemAdd' in scope
135 |         }
136 |
/host/spi-builder-workspace/.build/checkouts/OAuth2/Sources/SwiftKeychain/Keychain.swift:134:51: error: cannot find type 'CFDictionary' in scope
132 |
133 |             SecItemDelete(attributes as CFDictionary)
134 |             statusCode = SecItemAdd(attributes as CFDictionary, nil)
    |                                                   `- error: cannot find type 'CFDictionary' in scope
135 |         }
136 |
/host/spi-builder-workspace/.build/checkouts/OAuth2/Sources/SwiftKeychain/Keychain.swift:134:65: error: 'nil' requires a contextual type
132 |
133 |             SecItemDelete(attributes as CFDictionary)
134 |             statusCode = SecItemAdd(attributes as CFDictionary, nil)
    |                                                                 `- error: 'nil' requires a contextual type
135 |         }
136 |
/host/spi-builder-workspace/.build/checkouts/OAuth2/Sources/SwiftKeychain/Keychain.swift:137:26: error: cannot find 'errSecSuccess' in scope
135 |         }
136 |
137 |         if statusCode != errSecSuccess {
    |                          `- error: cannot find 'errSecSuccess' in scope
138 |
139 |             throw errorForStatusCode(statusCode)
/host/spi-builder-workspace/.build/checkouts/OAuth2/Sources/SwiftKeychain/Keychain.swift:145:26: error: cannot find 'SecItemDelete' in scope
143 |     public func removeItemWithAttributes(_ attributes: [String: Any]) throws {
144 |
145 |         let statusCode = SecItemDelete(attributes as CFDictionary)
    |                          `- error: cannot find 'SecItemDelete' in scope
146 |
147 |         if statusCode != errSecSuccess {
/host/spi-builder-workspace/.build/checkouts/OAuth2/Sources/SwiftKeychain/Keychain.swift:145:54: error: cannot find type 'CFDictionary' in scope
143 |     public func removeItemWithAttributes(_ attributes: [String: Any]) throws {
144 |
145 |         let statusCode = SecItemDelete(attributes as CFDictionary)
    |                                                      `- error: cannot find type 'CFDictionary' in scope
146 |
147 |         if statusCode != errSecSuccess {
/host/spi-builder-workspace/.build/checkouts/OAuth2/Sources/SwiftKeychain/Keychain.swift:147:26: error: cannot find 'errSecSuccess' in scope
145 |         let statusCode = SecItemDelete(attributes as CFDictionary)
146 |
147 |         if statusCode != errSecSuccess {
    |                          `- error: cannot find 'errSecSuccess' in scope
148 |
149 |             throw errorForStatusCode(statusCode)
/host/spi-builder-workspace/.build/checkouts/OAuth2/Sources/SwiftKeychain/Keychain.swift:157:26: error: cannot find 'SecItemCopyMatching' in scope
155 |         var result: AnyObject?
156 |
157 |         let statusCode = SecItemCopyMatching(attributes as CFDictionary, &result)
    |                          `- error: cannot find 'SecItemCopyMatching' in scope
158 |
159 |         if statusCode != errSecSuccess {
/host/spi-builder-workspace/.build/checkouts/OAuth2/Sources/SwiftKeychain/Keychain.swift:157:60: error: cannot find type 'CFDictionary' in scope
155 |         var result: AnyObject?
156 |
157 |         let statusCode = SecItemCopyMatching(attributes as CFDictionary, &result)
    |                                                            `- error: cannot find type 'CFDictionary' in scope
158 |
159 |         if statusCode != errSecSuccess {
/host/spi-builder-workspace/.build/checkouts/OAuth2/Sources/SwiftKeychain/Keychain.swift:159:26: error: cannot find 'errSecSuccess' in scope
157 |         let statusCode = SecItemCopyMatching(attributes as CFDictionary, &result)
158 |
159 |         if statusCode != errSecSuccess {
    |                          `- error: cannot find 'errSecSuccess' in scope
160 |
161 |             throw errorForStatusCode(statusCode)
BUILD FAILURE 6.1 linux