Build Information
Failed to build swift-parens, reference main (da114c), with Swift 6.3 for tvOS using Xcode 26.4 on 19 Aug 2026 07:01:32 UTC.
Build Command
env DEVELOPER_DIR=/Applications/Xcode-26.5.0.app xcrun xcodebuild -IDEClonedSourcePackagesDirPathOverride=$PWD/.dependencies -skipMacroValidation -skipPackagePluginValidation -derivedDataPath $PWD/.derivedData build -scheme swift-parens-Package -destination generic/platform=tvOSBuild Log
========================================
RunAll
========================================
Builder version: 5.0.2
Interrupt handler set up.
========================================
Checkout
========================================
Clone URL: https://github.com/dankogai/swift-parens.git
Reference: main
Initialized empty Git repository in /Users/admin/builder/spi-builder-workspace/.git/
From https://github.com/dankogai/swift-parens
* branch main -> FETCH_HEAD
* [new branch] main -> origin/main
HEAD is now at da114cb Merge pull request #1 from dankogai/implement-parens
Cloned https://github.com/dankogai/swift-parens.git
Revision (git rev-parse @):
da114cb1788bb0332ac23552d2ffccdd468fb997
SUCCESS checkout https://github.com/dankogai/swift-parens.git at main
========================================
Build
========================================
Selected platform: tvOS
Swift version: 6.3
Building package at path: $PWD
https://github.com/dankogai/swift-parens.git
Command line invocation:
/Applications/Xcode-26.5.0.app/Contents/Developer/usr/bin/xcodebuild -IDEClonedSourcePackagesDirPathOverride=/Users/admin/builder/spi-builder-workspace/.dependencies -resolvePackageDependencies
Resolve Package Graph
Resolve Package Graph
Resolved source packages:
swift-parens: /Users/admin/builder/spi-builder-workspace
resolved source packages: swift-parens
2026-08-19 03:01:14.997 xcodebuild[535:3055] [MT] IDERunDestination: Supported platforms for the buildables in the current scheme is empty.
{
"dependencies" : [
],
"manifest_display_name" : "swift-parens",
"name" : "swift-parens",
"path" : "/Users/admin/builder/spi-builder-workspace",
"platforms" : [
],
"products" : [
{
"name" : "Parens",
"targets" : [
"Parens"
],
"type" : {
"library" : [
"automatic"
]
}
},
{
"name" : "parens",
"targets" : [
"ParensCLI"
],
"type" : {
"executable" : null
}
}
],
"targets" : [
{
"c99name" : "ParensTests",
"module_type" : "SwiftTarget",
"name" : "ParensTests",
"path" : "Tests/ParensTests",
"sources" : [
"IotaTests.swift",
"ParserTests.swift",
"ReductionTests.swift",
"RenderingTests.swift",
"SemanticsTests.swift",
"ValueTests.swift"
],
"target_dependencies" : [
"Parens"
],
"type" : "test"
},
{
"c99name" : "ParensCLI",
"module_type" : "SwiftTarget",
"name" : "ParensCLI",
"path" : "Sources/ParensCLI",
"product_memberships" : [
"parens"
],
"sources" : [
"main.swift"
],
"target_dependencies" : [
"Parens"
],
"type" : "executable"
},
{
"c99name" : "Parens",
"module_type" : "SwiftTarget",
"name" : "Parens",
"path" : "Sources/Parens",
"product_memberships" : [
"Parens",
"parens"
],
"sources" : [
"Iota.swift",
"Parens.swift",
"ParensError.swift",
"Rendering.swift",
"Term.swift",
"Value.swift"
],
"type" : "library"
}
],
"tools_version" : "6.0"
}
{
"workspace" : {
"name" : "spi-builder-workspace",
"schemes" : [
"parens",
"Parens",
"swift-parens-Package"
]
}
}
2026-08-19 03:01:22.970 xcodebuild[654:3914] [MT] IDERunDestination: Supported platforms for the buildables in the current scheme is empty.
Running build ...
env DEVELOPER_DIR=/Applications/Xcode-26.5.0.app xcrun xcodebuild -IDEClonedSourcePackagesDirPathOverride=$PWD/.dependencies -skipMacroValidation -skipPackagePluginValidation -derivedDataPath $PWD/.derivedData build -scheme swift-parens-Package -destination generic/platform=tvOS
Command line invocation:
/Applications/Xcode-26.5.0.app/Contents/Developer/usr/bin/xcodebuild -IDEClonedSourcePackagesDirPathOverride=/Users/admin/builder/spi-builder-workspace/.dependencies -skipMacroValidation -skipPackagePluginValidation -derivedDataPath /Users/admin/builder/spi-builder-workspace/.derivedData build -scheme swift-parens-Package -destination generic/platform=tvOS
Resolve Package Graph
Resolved source packages:
swift-parens: /Users/admin/builder/spi-builder-workspace
ComputePackagePrebuildTargetDependencyGraph
Prepare packages
CreateBuildRequest
SendProjectDescription
CreateBuildOperation
ComputeTargetDependencyGraph
note: Building targets in dependency order
note: Target dependency graph (3 targets)
Target 'parens' in project 'swift-parens'
➜ Explicit dependency on target 'Parens' in project 'swift-parens'
Target 'Parens' in project 'swift-parens'
➜ Explicit dependency on target 'Parens' in project 'swift-parens'
Target 'Parens' in project 'swift-parens' (no dependencies)
GatherProvisioningInputs
CreateBuildDescription
ExecuteExternalTool /Applications/Xcode-26.5.0.app/Contents/Developer/Toolchains/XcodeDefault.xctoolchain/usr/bin/clang -v -E -dM -isysroot /Applications/Xcode-26.5.0.app/Contents/Developer/Platforms/AppleTVOS.platform/Developer/SDKs/AppleTVOS26.5.sdk -x c -c /dev/null
ExecuteExternalTool /Applications/Xcode-26.5.0.app/Contents/Developer/Toolchains/XcodeDefault.xctoolchain/usr/bin/swiftc --version
ExecuteExternalTool /Applications/Xcode-26.5.0.app/Contents/Developer/Toolchains/XcodeDefault.xctoolchain/usr/bin/ld -version_details
Build description signature: 8ad9b00db6e50355d084544ce3a5d0c0
Build description path: /Users/admin/builder/spi-builder-workspace/.derivedData/Build/Intermediates.noindex/XCBuildData/8ad9b00db6e50355d084544ce3a5d0c0.xcbuilddata
CreateBuildDirectory /Users/admin/builder/spi-builder-workspace/.derivedData/Build/Products
cd /Users/admin/builder/spi-builder-workspace/.swiftpm/xcode
builtin-create-build-directory /Users/admin/builder/spi-builder-workspace/.derivedData/Build/Products
ClangStatCache /Applications/Xcode-26.5.0.app/Contents/Developer/Toolchains/XcodeDefault.xctoolchain/usr/bin/clang-stat-cache /Applications/Xcode-26.5.0.app/Contents/Developer/Platforms/AppleTVOS.platform/Developer/SDKs/AppleTVOS26.5.sdk /Users/admin/builder/spi-builder-workspace/.derivedData/SDKStatCaches.noindex/appletvos26.5-23L470-688ef53f1462e2c8f657fdc38a81448fa2efe9286588b677106490127979b81c.sdkstatcache
cd /Users/admin/builder/spi-builder-workspace/.swiftpm/xcode
/Applications/Xcode-26.5.0.app/Contents/Developer/Toolchains/XcodeDefault.xctoolchain/usr/bin/clang-stat-cache /Applications/Xcode-26.5.0.app/Contents/Developer/Platforms/AppleTVOS.platform/Developer/SDKs/AppleTVOS26.5.sdk -o /Users/admin/builder/spi-builder-workspace/.derivedData/SDKStatCaches.noindex/appletvos26.5-23L470-688ef53f1462e2c8f657fdc38a81448fa2efe9286588b677106490127979b81c.sdkstatcache
CreateBuildDirectory /Users/admin/builder/spi-builder-workspace/.derivedData/Build/Intermediates.noindex
cd /Users/admin/builder/spi-builder-workspace/.swiftpm/xcode
builtin-create-build-directory /Users/admin/builder/spi-builder-workspace/.derivedData/Build/Intermediates.noindex
CreateBuildDirectory /Users/admin/builder/spi-builder-workspace/.derivedData/Build/Intermediates.noindex/ExplicitPrecompiledModules
cd /Users/admin/builder/spi-builder-workspace/.swiftpm/xcode
builtin-create-build-directory /Users/admin/builder/spi-builder-workspace/.derivedData/Build/Intermediates.noindex/ExplicitPrecompiledModules
CreateBuildDirectory /Users/admin/builder/spi-builder-workspace/.derivedData/Build/Intermediates.noindex/SwiftExplicitPrecompiledModules
cd /Users/admin/builder/spi-builder-workspace/.swiftpm/xcode
builtin-create-build-directory /Users/admin/builder/spi-builder-workspace/.derivedData/Build/Intermediates.noindex/SwiftExplicitPrecompiledModules
CreateBuildDirectory /Users/admin/builder/spi-builder-workspace/.derivedData/Build/Intermediates.noindex/EagerLinkingTBDs/Debug-appletvos
cd /Users/admin/builder/spi-builder-workspace/.swiftpm/xcode
builtin-create-build-directory /Users/admin/builder/spi-builder-workspace/.derivedData/Build/Intermediates.noindex/EagerLinkingTBDs/Debug-appletvos
CreateBuildDirectory /Users/admin/builder/spi-builder-workspace/.derivedData/Build/Products/Debug-appletvos
cd /Users/admin/builder/spi-builder-workspace/.swiftpm/xcode
builtin-create-build-directory /Users/admin/builder/spi-builder-workspace/.derivedData/Build/Products/Debug-appletvos
CreateBuildDirectory /Users/admin/builder/spi-builder-workspace/.derivedData/Build/Products/Debug-appletvos/PackageFrameworks
cd /Users/admin/builder/spi-builder-workspace/.swiftpm/xcode
builtin-create-build-directory /Users/admin/builder/spi-builder-workspace/.derivedData/Build/Products/Debug-appletvos/PackageFrameworks
WriteAuxiliaryFile /Users/admin/builder/spi-builder-workspace/.derivedData/Build/Intermediates.noindex/swift-parens.build/Debug-appletvos/Parens.build/Parens.modulemap (in target 'Parens' from project 'swift-parens')
cd /Users/admin/builder/spi-builder-workspace
write-file /Users/admin/builder/spi-builder-workspace/.derivedData/Build/Intermediates.noindex/swift-parens.build/Debug-appletvos/Parens.build/Parens.modulemap
WriteAuxiliaryFile /Users/admin/builder/spi-builder-workspace/.derivedData/Build/Intermediates.noindex/swift-parens.build/Debug-appletvos/parens.build/parens.DependencyStaticMetadataFileList (in target 'parens' from project 'swift-parens')
cd /Users/admin/builder/spi-builder-workspace
write-file /Users/admin/builder/spi-builder-workspace/.derivedData/Build/Intermediates.noindex/swift-parens.build/Debug-appletvos/parens.build/parens.DependencyStaticMetadataFileList
WriteAuxiliaryFile /Users/admin/builder/spi-builder-workspace/.derivedData/Build/Intermediates.noindex/swift-parens.build/Debug-appletvos/parens.build/parens.DependencyMetadataFileList (in target 'parens' from project 'swift-parens')
cd /Users/admin/builder/spi-builder-workspace
write-file /Users/admin/builder/spi-builder-workspace/.derivedData/Build/Intermediates.noindex/swift-parens.build/Debug-appletvos/parens.build/parens.DependencyMetadataFileList
WriteAuxiliaryFile /Users/admin/builder/spi-builder-workspace/.derivedData/Build/Intermediates.noindex/swift-parens.build/Debug-appletvos/parens.build/Objects-normal/arm64/parens.SwiftFileList (in target 'parens' from project 'swift-parens')
cd /Users/admin/builder/spi-builder-workspace
write-file /Users/admin/builder/spi-builder-workspace/.derivedData/Build/Intermediates.noindex/swift-parens.build/Debug-appletvos/parens.build/Objects-normal/arm64/parens.SwiftFileList
WriteAuxiliaryFile /Users/admin/builder/spi-builder-workspace/.derivedData/Build/Intermediates.noindex/swift-parens.build/Debug-appletvos/Parens.build/Objects-normal/arm64/Parens-OutputFileMap.json (in target 'Parens' from project 'swift-parens')
cd /Users/admin/builder/spi-builder-workspace
write-file /Users/admin/builder/spi-builder-workspace/.derivedData/Build/Intermediates.noindex/swift-parens.build/Debug-appletvos/Parens.build/Objects-normal/arm64/Parens-OutputFileMap.json
WriteAuxiliaryFile /Users/admin/builder/spi-builder-workspace/.derivedData/Build/Intermediates.noindex/swift-parens.build/Debug-appletvos/Parens.build/Objects-normal/arm64/Parens_const_extract_protocols.json (in target 'Parens' from project 'swift-parens')
cd /Users/admin/builder/spi-builder-workspace
write-file /Users/admin/builder/spi-builder-workspace/.derivedData/Build/Intermediates.noindex/swift-parens.build/Debug-appletvos/Parens.build/Objects-normal/arm64/Parens_const_extract_protocols.json
WriteAuxiliaryFile /Users/admin/builder/spi-builder-workspace/.derivedData/Build/Intermediates.noindex/swift-parens.build/Debug-appletvos/parens.build/Objects-normal/arm64/parens_const_extract_protocols.json (in target 'parens' from project 'swift-parens')
cd /Users/admin/builder/spi-builder-workspace
write-file /Users/admin/builder/spi-builder-workspace/.derivedData/Build/Intermediates.noindex/swift-parens.build/Debug-appletvos/parens.build/Objects-normal/arm64/parens_const_extract_protocols.json
WriteAuxiliaryFile /Users/admin/builder/spi-builder-workspace/.derivedData/Build/Intermediates.noindex/swift-parens.build/Debug-appletvos/Parens.build/Objects-normal/arm64/Parens.LinkFileList (in target 'Parens' from project 'swift-parens')
cd /Users/admin/builder/spi-builder-workspace
write-file /Users/admin/builder/spi-builder-workspace/.derivedData/Build/Intermediates.noindex/swift-parens.build/Debug-appletvos/Parens.build/Objects-normal/arm64/Parens.LinkFileList
WriteAuxiliaryFile /Users/admin/builder/spi-builder-workspace/.derivedData/Build/Intermediates.noindex/swift-parens.build/Debug-appletvos/parens.build/Objects-normal/arm64/parens.LinkFileList (in target 'parens' from project 'swift-parens')
cd /Users/admin/builder/spi-builder-workspace
write-file /Users/admin/builder/spi-builder-workspace/.derivedData/Build/Intermediates.noindex/swift-parens.build/Debug-appletvos/parens.build/Objects-normal/arm64/parens.LinkFileList
WriteAuxiliaryFile /Users/admin/builder/spi-builder-workspace/.derivedData/Build/Intermediates.noindex/swift-parens.build/Debug-appletvos/Parens.build/Parens.DependencyStaticMetadataFileList (in target 'Parens' from project 'swift-parens')
cd /Users/admin/builder/spi-builder-workspace
write-file /Users/admin/builder/spi-builder-workspace/.derivedData/Build/Intermediates.noindex/swift-parens.build/Debug-appletvos/Parens.build/Parens.DependencyStaticMetadataFileList
WriteAuxiliaryFile /Users/admin/builder/spi-builder-workspace/.derivedData/Build/Intermediates.noindex/swift-parens.build/Debug-appletvos/parens.build/Objects-normal/arm64/parens-OutputFileMap.json (in target 'parens' from project 'swift-parens')
cd /Users/admin/builder/spi-builder-workspace
write-file /Users/admin/builder/spi-builder-workspace/.derivedData/Build/Intermediates.noindex/swift-parens.build/Debug-appletvos/parens.build/Objects-normal/arm64/parens-OutputFileMap.json
WriteAuxiliaryFile /Users/admin/builder/spi-builder-workspace/.derivedData/Build/Intermediates.noindex/swift-parens.build/Debug-appletvos/Parens.build/Parens.DependencyMetadataFileList (in target 'Parens' from project 'swift-parens')
cd /Users/admin/builder/spi-builder-workspace
write-file /Users/admin/builder/spi-builder-workspace/.derivedData/Build/Intermediates.noindex/swift-parens.build/Debug-appletvos/Parens.build/Parens.DependencyMetadataFileList
WriteAuxiliaryFile /Users/admin/builder/spi-builder-workspace/.derivedData/Build/Intermediates.noindex/swift-parens.build/Debug-appletvos/Parens.build/Objects-normal/arm64/Parens.SwiftFileList (in target 'Parens' from project 'swift-parens')
cd /Users/admin/builder/spi-builder-workspace
write-file /Users/admin/builder/spi-builder-workspace/.derivedData/Build/Intermediates.noindex/swift-parens.build/Debug-appletvos/Parens.build/Objects-normal/arm64/Parens.SwiftFileList
WriteAuxiliaryFile /Users/admin/builder/spi-builder-workspace/.derivedData/Build/Intermediates.noindex/swift-parens.build/Debug-appletvos/Parens.build/Objects-normal/arm64/Parens.SwiftConstValuesFileList (in target 'Parens' from project 'swift-parens')
cd /Users/admin/builder/spi-builder-workspace
write-file /Users/admin/builder/spi-builder-workspace/.derivedData/Build/Intermediates.noindex/swift-parens.build/Debug-appletvos/Parens.build/Objects-normal/arm64/Parens.SwiftConstValuesFileList
Copy /Users/admin/builder/spi-builder-workspace/.derivedData/Build/Intermediates.noindex/GeneratedModuleMaps-appletvos/Parens.modulemap /Users/admin/builder/spi-builder-workspace/.derivedData/Build/Intermediates.noindex/swift-parens.build/Debug-appletvos/Parens.build/Parens.modulemap (in target 'Parens' from project 'swift-parens')
cd /Users/admin/builder/spi-builder-workspace
builtin-copy -exclude .DS_Store -exclude CVS -exclude .svn -exclude .git -exclude .hg -resolve-src-symlinks /Users/admin/builder/spi-builder-workspace/.derivedData/Build/Intermediates.noindex/swift-parens.build/Debug-appletvos/Parens.build/Parens.modulemap /Users/admin/builder/spi-builder-workspace/.derivedData/Build/Intermediates.noindex/GeneratedModuleMaps-appletvos
SwiftDriver Parens normal arm64 com.apple.xcode.tools.swift.compiler (in target 'Parens' from project 'swift-parens')
cd /Users/admin/builder/spi-builder-workspace/.swiftpm/xcode
builtin-SwiftDriver -- /Applications/Xcode-26.5.0.app/Contents/Developer/Toolchains/XcodeDefault.xctoolchain/usr/bin/swiftc -module-name Parens -Onone @/Users/admin/builder/spi-builder-workspace/.derivedData/Build/Intermediates.noindex/swift-parens.build/Debug-appletvos/Parens.build/Objects-normal/arm64/Parens.SwiftFileList -DSWIFT_PACKAGE -DDEBUG -DSWIFT_MODULE_RESOURCE_BUNDLE_UNAVAILABLE -DXcode -plugin-path /Applications/Xcode-26.5.0.app/Contents/Developer/Toolchains/XcodeDefault.xctoolchain/usr/lib/swift/host/plugins/testing -enable-experimental-feature DebugDescriptionMacro -sdk /Applications/Xcode-26.5.0.app/Contents/Developer/Platforms/AppleTVOS.platform/Developer/SDKs/AppleTVOS26.5.sdk -target arm64-apple-tvos12.0 -g -module-cache-path /Users/admin/builder/spi-builder-workspace/.derivedData/ModuleCache.noindex -Xfrontend -serialize-debugging-options -profile-coverage-mapping -profile-generate -enable-testing -index-store-path /Users/admin/builder/spi-builder-workspace/.derivedData/Index.noindex/DataStore -Xcc -D_LIBCPP_HARDENING_MODE\=_LIBCPP_HARDENING_MODE_DEBUG -swift-version 6 -I /Users/admin/builder/spi-builder-workspace/.derivedData/Build/Products/Debug-appletvos -Isystem /Applications/Xcode-26.5.0.app/Contents/Developer/Platforms/AppleTVOS.platform/Developer/usr/lib -F /Users/admin/builder/spi-builder-workspace/.derivedData/Build/Products/Debug-appletvos -F /Applications/Xcode-26.5.0.app/Contents/Developer/Platforms/AppleTVOS.platform/Developer/Library/Frameworks -F /Applications/Xcode-26.5.0.app/Contents/Developer/Platforms/AppleTVOS.platform/Developer/SDKs/AppleTVOS26.5.sdk/Developer/Library/Frameworks -c -j10 -enable-batch-mode -incremental -Xcc -ivfsstatcache -Xcc /Users/admin/builder/spi-builder-workspace/.derivedData/SDKStatCaches.noindex/appletvos26.5-23L470-688ef53f1462e2c8f657fdc38a81448fa2efe9286588b677106490127979b81c.sdkstatcache -output-file-map /Users/admin/builder/spi-builder-workspace/.derivedData/Build/Intermediates.noindex/swift-parens.build/Debug-appletvos/Parens.build/Objects-normal/arm64/Parens-OutputFileMap.json -use-frontend-parseable-output -save-temps -no-color-diagnostics -explicit-module-build -module-cache-path /Users/admin/builder/spi-builder-workspace/.derivedData/Build/Intermediates.noindex/SwiftExplicitPrecompiledModules -clang-scanner-module-cache-path /Users/admin/builder/spi-builder-workspace/.derivedData/ModuleCache.noindex -sdk-module-cache-path /Users/admin/builder/spi-builder-workspace/.derivedData/ModuleCache.noindex -serialize-diagnostics -emit-dependencies -emit-module -emit-module-path /Users/admin/builder/spi-builder-workspace/.derivedData/Build/Intermediates.noindex/swift-parens.build/Debug-appletvos/Parens.build/Objects-normal/arm64/Parens.swiftmodule -validate-clang-modules-once -clang-build-session-file /Users/admin/builder/spi-builder-workspace/.derivedData/ModuleCache.noindex/Session.modulevalidation -package-name spi_builder_workspace -Xcc -I/Users/admin/builder/spi-builder-workspace/.derivedData/Build/Intermediates.noindex/swift-parens.build/Debug-appletvos/Parens.build/swift-overrides.hmap -emit-const-values -Xfrontend -const-gather-protocols-file -Xfrontend /Users/admin/builder/spi-builder-workspace/.derivedData/Build/Intermediates.noindex/swift-parens.build/Debug-appletvos/Parens.build/Objects-normal/arm64/Parens_const_extract_protocols.json -Xcc -I/Users/admin/builder/spi-builder-workspace/.derivedData/Build/Products/Debug-appletvos/include -Xcc -I/Users/admin/builder/spi-builder-workspace/.derivedData/Build/Intermediates.noindex/swift-parens.build/Debug-appletvos/Parens.build/DerivedSources-normal/arm64 -Xcc -I/Users/admin/builder/spi-builder-workspace/.derivedData/Build/Intermediates.noindex/swift-parens.build/Debug-appletvos/Parens.build/DerivedSources/arm64 -Xcc -I/Users/admin/builder/spi-builder-workspace/.derivedData/Build/Intermediates.noindex/swift-parens.build/Debug-appletvos/Parens.build/DerivedSources -Xcc -DSWIFT_PACKAGE -Xcc -DDEBUG\=1 -emit-objc-header -emit-objc-header-path /Users/admin/builder/spi-builder-workspace/.derivedData/Build/Intermediates.noindex/swift-parens.build/Debug-appletvos/Parens.build/Objects-normal/arm64/Parens-Swift.h -working-directory /Users/admin/builder/spi-builder-workspace/.swiftpm/xcode -experimental-emit-module-separately -disable-cmo
SwiftExplicitDependencyGeneratePcm arm64 /Users/admin/builder/spi-builder-workspace/.derivedData/ModuleCache.noindex/_SwiftConcurrencyShims-1USEFSNO6JM2AASMKDLO0E1Y8.pcm
SwiftExplicitDependencyGeneratePcm arm64 /Users/admin/builder/spi-builder-workspace/.derivedData/ModuleCache.noindex/SwiftShims-A37IA71RG7YPKKCIKQWAUHKFH.pcm
SwiftEmitModule normal arm64 Emitting\ module\ for\ Parens (in target 'Parens' from project 'swift-parens')
EmitSwiftModule normal arm64 (in target 'Parens' from project 'swift-parens')
cd /Users/admin/builder/spi-builder-workspace/.swiftpm/xcode
SwiftCompile normal arm64 Compiling\ ParensError.swift /Users/admin/builder/spi-builder-workspace/Sources/Parens/ParensError.swift (in target 'Parens' from project 'swift-parens')
SwiftCompile normal arm64 /Users/admin/builder/spi-builder-workspace/Sources/Parens/ParensError.swift (in target 'Parens' from project 'swift-parens')
cd /Users/admin/builder/spi-builder-workspace/.swiftpm/xcode
SwiftCompile normal arm64 Compiling\ Iota.swift /Users/admin/builder/spi-builder-workspace/Sources/Parens/Iota.swift (in target 'Parens' from project 'swift-parens')
SwiftCompile normal arm64 /Users/admin/builder/spi-builder-workspace/Sources/Parens/Iota.swift (in target 'Parens' from project 'swift-parens')
cd /Users/admin/builder/spi-builder-workspace/.swiftpm/xcode
SwiftCompile normal arm64 Compiling\ Term.swift /Users/admin/builder/spi-builder-workspace/Sources/Parens/Term.swift (in target 'Parens' from project 'swift-parens')
SwiftCompile normal arm64 /Users/admin/builder/spi-builder-workspace/Sources/Parens/Term.swift (in target 'Parens' from project 'swift-parens')
cd /Users/admin/builder/spi-builder-workspace/.swiftpm/xcode
SwiftCompile normal arm64 Compiling\ Parens.swift /Users/admin/builder/spi-builder-workspace/Sources/Parens/Parens.swift (in target 'Parens' from project 'swift-parens')
SwiftCompile normal arm64 /Users/admin/builder/spi-builder-workspace/Sources/Parens/Parens.swift (in target 'Parens' from project 'swift-parens')
cd /Users/admin/builder/spi-builder-workspace/.swiftpm/xcode
SwiftCompile normal arm64 Compiling\ Value.swift /Users/admin/builder/spi-builder-workspace/Sources/Parens/Value.swift (in target 'Parens' from project 'swift-parens')
SwiftCompile normal arm64 /Users/admin/builder/spi-builder-workspace/Sources/Parens/Value.swift (in target 'Parens' from project 'swift-parens')
cd /Users/admin/builder/spi-builder-workspace/.swiftpm/xcode
SwiftCompile normal arm64 Compiling\ Rendering.swift /Users/admin/builder/spi-builder-workspace/Sources/Parens/Rendering.swift (in target 'Parens' from project 'swift-parens')
SwiftCompile normal arm64 /Users/admin/builder/spi-builder-workspace/Sources/Parens/Rendering.swift (in target 'Parens' from project 'swift-parens')
cd /Users/admin/builder/spi-builder-workspace/.swiftpm/xcode
SwiftDriverJobDiscovery normal arm64 Emitting module for Parens (in target 'Parens' from project 'swift-parens')
SwiftDriver\ Compilation\ Requirements Parens normal arm64 com.apple.xcode.tools.swift.compiler (in target 'Parens' from project 'swift-parens')
cd /Users/admin/builder/spi-builder-workspace/.swiftpm/xcode
builtin-Swift-Compilation-Requirements -- /Applications/Xcode-26.5.0.app/Contents/Developer/Toolchains/XcodeDefault.xctoolchain/usr/bin/swiftc -module-name Parens -Onone @/Users/admin/builder/spi-builder-workspace/.derivedData/Build/Intermediates.noindex/swift-parens.build/Debug-appletvos/Parens.build/Objects-normal/arm64/Parens.SwiftFileList -DSWIFT_PACKAGE -DDEBUG -DSWIFT_MODULE_RESOURCE_BUNDLE_UNAVAILABLE -DXcode -plugin-path /Applications/Xcode-26.5.0.app/Contents/Developer/Toolchains/XcodeDefault.xctoolchain/usr/lib/swift/host/plugins/testing -enable-experimental-feature DebugDescriptionMacro -sdk /Applications/Xcode-26.5.0.app/Contents/Developer/Platforms/AppleTVOS.platform/Developer/SDKs/AppleTVOS26.5.sdk -target arm64-apple-tvos12.0 -g -module-cache-path /Users/admin/builder/spi-builder-workspace/.derivedData/ModuleCache.noindex -Xfrontend -serialize-debugging-options -profile-coverage-mapping -profile-generate -enable-testing -index-store-path /Users/admin/builder/spi-builder-workspace/.derivedData/Index.noindex/DataStore -Xcc -D_LIBCPP_HARDENING_MODE\=_LIBCPP_HARDENING_MODE_DEBUG -swift-version 6 -I /Users/admin/builder/spi-builder-workspace/.derivedData/Build/Products/Debug-appletvos -Isystem /Applications/Xcode-26.5.0.app/Contents/Developer/Platforms/AppleTVOS.platform/Developer/usr/lib -F /Users/admin/builder/spi-builder-workspace/.derivedData/Build/Products/Debug-appletvos -F /Applications/Xcode-26.5.0.app/Contents/Developer/Platforms/AppleTVOS.platform/Developer/Library/Frameworks -F /Applications/Xcode-26.5.0.app/Contents/Developer/Platforms/AppleTVOS.platform/Developer/SDKs/AppleTVOS26.5.sdk/Developer/Library/Frameworks -c -j10 -enable-batch-mode -incremental -Xcc -ivfsstatcache -Xcc /Users/admin/builder/spi-builder-workspace/.derivedData/SDKStatCaches.noindex/appletvos26.5-23L470-688ef53f1462e2c8f657fdc38a81448fa2efe9286588b677106490127979b81c.sdkstatcache -output-file-map /Users/admin/builder/spi-builder-workspace/.derivedData/Build/Intermediates.noindex/swift-parens.build/Debug-appletvos/Parens.build/Objects-normal/arm64/Parens-OutputFileMap.json -use-frontend-parseable-output -save-temps -no-color-diagnostics -explicit-module-build -module-cache-path /Users/admin/builder/spi-builder-workspace/.derivedData/Build/Intermediates.noindex/SwiftExplicitPrecompiledModules -clang-scanner-module-cache-path /Users/admin/builder/spi-builder-workspace/.derivedData/ModuleCache.noindex -sdk-module-cache-path /Users/admin/builder/spi-builder-workspace/.derivedData/ModuleCache.noindex -serialize-diagnostics -emit-dependencies -emit-module -emit-module-path /Users/admin/builder/spi-builder-workspace/.derivedData/Build/Intermediates.noindex/swift-parens.build/Debug-appletvos/Parens.build/Objects-normal/arm64/Parens.swiftmodule -validate-clang-modules-once -clang-build-session-file /Users/admin/builder/spi-builder-workspace/.derivedData/ModuleCache.noindex/Session.modulevalidation -package-name spi_builder_workspace -Xcc -I/Users/admin/builder/spi-builder-workspace/.derivedData/Build/Intermediates.noindex/swift-parens.build/Debug-appletvos/Parens.build/swift-overrides.hmap -emit-const-values -Xfrontend -const-gather-protocols-file -Xfrontend /Users/admin/builder/spi-builder-workspace/.derivedData/Build/Intermediates.noindex/swift-parens.build/Debug-appletvos/Parens.build/Objects-normal/arm64/Parens_const_extract_protocols.json -Xcc -I/Users/admin/builder/spi-builder-workspace/.derivedData/Build/Products/Debug-appletvos/include -Xcc -I/Users/admin/builder/spi-builder-workspace/.derivedData/Build/Intermediates.noindex/swift-parens.build/Debug-appletvos/Parens.build/DerivedSources-normal/arm64 -Xcc -I/Users/admin/builder/spi-builder-workspace/.derivedData/Build/Intermediates.noindex/swift-parens.build/Debug-appletvos/Parens.build/DerivedSources/arm64 -Xcc -I/Users/admin/builder/spi-builder-workspace/.derivedData/Build/Intermediates.noindex/swift-parens.build/Debug-appletvos/Parens.build/DerivedSources -Xcc -DSWIFT_PACKAGE -Xcc -DDEBUG\=1 -emit-objc-header -emit-objc-header-path /Users/admin/builder/spi-builder-workspace/.derivedData/Build/Intermediates.noindex/swift-parens.build/Debug-appletvos/Parens.build/Objects-normal/arm64/Parens-Swift.h -working-directory /Users/admin/builder/spi-builder-workspace/.swiftpm/xcode -experimental-emit-module-separately -disable-cmo
SwiftMergeGeneratedHeaders /Users/admin/builder/spi-builder-workspace/.derivedData/Build/Intermediates.noindex/GeneratedModuleMaps-appletvos/Parens-Swift.h /Users/admin/builder/spi-builder-workspace/.derivedData/Build/Intermediates.noindex/swift-parens.build/Debug-appletvos/Parens.build/Objects-normal/arm64/Parens-Swift.h (in target 'Parens' from project 'swift-parens')
cd /Users/admin/builder/spi-builder-workspace
builtin-swiftHeaderTool -arch arm64 /Users/admin/builder/spi-builder-workspace/.derivedData/Build/Intermediates.noindex/swift-parens.build/Debug-appletvos/Parens.build/Objects-normal/arm64/Parens-Swift.h -o /Users/admin/builder/spi-builder-workspace/.derivedData/Build/Intermediates.noindex/GeneratedModuleMaps-appletvos/Parens-Swift.h
Copy /Users/admin/builder/spi-builder-workspace/.derivedData/Build/Products/Debug-appletvos/Parens.swiftmodule/arm64-apple-tvos.swiftmodule /Users/admin/builder/spi-builder-workspace/.derivedData/Build/Intermediates.noindex/swift-parens.build/Debug-appletvos/Parens.build/Objects-normal/arm64/Parens.swiftmodule (in target 'Parens' from project 'swift-parens')
cd /Users/admin/builder/spi-builder-workspace
builtin-copy -exclude .DS_Store -exclude CVS -exclude .svn -exclude .git -exclude .hg -resolve-src-symlinks -rename /Users/admin/builder/spi-builder-workspace/.derivedData/Build/Intermediates.noindex/swift-parens.build/Debug-appletvos/Parens.build/Objects-normal/arm64/Parens.swiftmodule /Users/admin/builder/spi-builder-workspace/.derivedData/Build/Products/Debug-appletvos/Parens.swiftmodule/arm64-apple-tvos.swiftmodule
Copy /Users/admin/builder/spi-builder-workspace/.derivedData/Build/Products/Debug-appletvos/Parens.swiftmodule/arm64-apple-tvos.abi.json /Users/admin/builder/spi-builder-workspace/.derivedData/Build/Intermediates.noindex/swift-parens.build/Debug-appletvos/Parens.build/Objects-normal/arm64/Parens.abi.json (in target 'Parens' from project 'swift-parens')
cd /Users/admin/builder/spi-builder-workspace
builtin-copy -exclude .DS_Store -exclude CVS -exclude .svn -exclude .git -exclude .hg -resolve-src-symlinks -rename /Users/admin/builder/spi-builder-workspace/.derivedData/Build/Intermediates.noindex/swift-parens.build/Debug-appletvos/Parens.build/Objects-normal/arm64/Parens.abi.json /Users/admin/builder/spi-builder-workspace/.derivedData/Build/Products/Debug-appletvos/Parens.swiftmodule/arm64-apple-tvos.abi.json
Copy /Users/admin/builder/spi-builder-workspace/.derivedData/Build/Products/Debug-appletvos/Parens.swiftmodule/arm64-apple-tvos.swiftdoc /Users/admin/builder/spi-builder-workspace/.derivedData/Build/Intermediates.noindex/swift-parens.build/Debug-appletvos/Parens.build/Objects-normal/arm64/Parens.swiftdoc (in target 'Parens' from project 'swift-parens')
cd /Users/admin/builder/spi-builder-workspace
builtin-copy -exclude .DS_Store -exclude CVS -exclude .svn -exclude .git -exclude .hg -resolve-src-symlinks -rename /Users/admin/builder/spi-builder-workspace/.derivedData/Build/Intermediates.noindex/swift-parens.build/Debug-appletvos/Parens.build/Objects-normal/arm64/Parens.swiftdoc /Users/admin/builder/spi-builder-workspace/.derivedData/Build/Products/Debug-appletvos/Parens.swiftmodule/arm64-apple-tvos.swiftdoc
Copy /Users/admin/builder/spi-builder-workspace/.derivedData/Build/Products/Debug-appletvos/Parens.swiftmodule/Project/arm64-apple-tvos.swiftsourceinfo /Users/admin/builder/spi-builder-workspace/.derivedData/Build/Intermediates.noindex/swift-parens.build/Debug-appletvos/Parens.build/Objects-normal/arm64/Parens.swiftsourceinfo (in target 'Parens' from project 'swift-parens')
cd /Users/admin/builder/spi-builder-workspace
builtin-copy -exclude .DS_Store -exclude CVS -exclude .svn -exclude .git -exclude .hg -resolve-src-symlinks -rename /Users/admin/builder/spi-builder-workspace/.derivedData/Build/Intermediates.noindex/swift-parens.build/Debug-appletvos/Parens.build/Objects-normal/arm64/Parens.swiftsourceinfo /Users/admin/builder/spi-builder-workspace/.derivedData/Build/Products/Debug-appletvos/Parens.swiftmodule/Project/arm64-apple-tvos.swiftsourceinfo
SwiftDriver parens normal arm64 com.apple.xcode.tools.swift.compiler (in target 'parens' from project 'swift-parens')
cd /Users/admin/builder/spi-builder-workspace/.swiftpm/xcode
builtin-SwiftDriver -- /Applications/Xcode-26.5.0.app/Contents/Developer/Toolchains/XcodeDefault.xctoolchain/usr/bin/swiftc -module-name parens -Onone @/Users/admin/builder/spi-builder-workspace/.derivedData/Build/Intermediates.noindex/swift-parens.build/Debug-appletvos/parens.build/Objects-normal/arm64/parens.SwiftFileList -DSWIFT_PACKAGE -DDEBUG -DXcode -plugin-path /Applications/Xcode-26.5.0.app/Contents/Developer/Toolchains/XcodeDefault.xctoolchain/usr/lib/swift/host/plugins/testing -enable-experimental-feature DebugDescriptionMacro -sdk /Applications/Xcode-26.5.0.app/Contents/Developer/Platforms/AppleTVOS.platform/Developer/SDKs/AppleTVOS26.5.sdk -target arm64-apple-tvos12.0 -g -module-cache-path /Users/admin/builder/spi-builder-workspace/.derivedData/ModuleCache.noindex -Xfrontend -serialize-debugging-options -profile-coverage-mapping -profile-generate -enable-testing -index-store-path /Users/admin/builder/spi-builder-workspace/.derivedData/Index.noindex/DataStore -Xcc -D_LIBCPP_HARDENING_MODE\=_LIBCPP_HARDENING_MODE_DEBUG -swift-version 6 -I /Users/admin/builder/spi-builder-workspace/.derivedData/Build/Products/Debug-appletvos -Isystem /Applications/Xcode-26.5.0.app/Contents/Developer/Platforms/AppleTVOS.platform/Developer/usr/lib -F /Users/admin/builder/spi-builder-workspace/.derivedData/Build/Products/Debug-appletvos/PackageFrameworks -F /Users/admin/builder/spi-builder-workspace/.derivedData/Build/Products/Debug-appletvos -F /Applications/Xcode-26.5.0.app/Contents/Developer/Platforms/AppleTVOS.platform/Developer/Library/Frameworks -F /Applications/Xcode-26.5.0.app/Contents/Developer/Platforms/AppleTVOS.platform/Developer/SDKs/AppleTVOS26.5.sdk/Developer/Library/Frameworks -c -j10 -enable-batch-mode -incremental -Xcc -ivfsstatcache -Xcc /Users/admin/builder/spi-builder-workspace/.derivedData/SDKStatCaches.noindex/appletvos26.5-23L470-688ef53f1462e2c8f657fdc38a81448fa2efe9286588b677106490127979b81c.sdkstatcache -output-file-map /Users/admin/builder/spi-builder-workspace/.derivedData/Build/Intermediates.noindex/swift-parens.build/Debug-appletvos/parens.build/Objects-normal/arm64/parens-OutputFileMap.json -use-frontend-parseable-output -save-temps -no-color-diagnostics -explicit-module-build -module-cache-path /Users/admin/builder/spi-builder-workspace/.derivedData/Build/Intermediates.noindex/SwiftExplicitPrecompiledModules -clang-scanner-module-cache-path /Users/admin/builder/spi-builder-workspace/.derivedData/ModuleCache.noindex -sdk-module-cache-path /Users/admin/builder/spi-builder-workspace/.derivedData/ModuleCache.noindex -serialize-diagnostics -emit-dependencies -emit-module -emit-module-path /Users/admin/builder/spi-builder-workspace/.derivedData/Build/Intermediates.noindex/swift-parens.build/Debug-appletvos/parens.build/Objects-normal/arm64/parens.swiftmodule -validate-clang-modules-once -clang-build-session-file /Users/admin/builder/spi-builder-workspace/.derivedData/ModuleCache.noindex/Session.modulevalidation -package-name spi_builder_workspace -emit-const-values -Xfrontend -const-gather-protocols-file -Xfrontend /Users/admin/builder/spi-builder-workspace/.derivedData/Build/Intermediates.noindex/swift-parens.build/Debug-appletvos/parens.build/Objects-normal/arm64/parens_const_extract_protocols.json -Xcc -I/Users/admin/builder/spi-builder-workspace/.derivedData/Build/Products/Debug-appletvos/include -Xcc -I/Users/admin/builder/spi-builder-workspace/.derivedData/Build/Intermediates.noindex/swift-parens.build/Debug-appletvos/parens.build/DerivedSources-normal/arm64 -Xcc -I/Users/admin/builder/spi-builder-workspace/.derivedData/Build/Intermediates.noindex/swift-parens.build/Debug-appletvos/parens.build/DerivedSources/arm64 -Xcc -I/Users/admin/builder/spi-builder-workspace/.derivedData/Build/Intermediates.noindex/swift-parens.build/Debug-appletvos/parens.build/DerivedSources -Xcc -DSWIFT_PACKAGE -Xcc -DDEBUG\=1 -working-directory /Users/admin/builder/spi-builder-workspace/.swiftpm/xcode -experimental-emit-module-separately -disable-cmo
SwiftCompile normal arm64 Compiling\ Term.swift /Users/admin/builder/spi-builder-workspace/Sources/Parens/Term.swift (in target 'parens' from project 'swift-parens')
SwiftCompile normal arm64 /Users/admin/builder/spi-builder-workspace/Sources/Parens/Term.swift (in target 'parens' from project 'swift-parens')
cd /Users/admin/builder/spi-builder-workspace/.swiftpm/xcode
SwiftEmitModule normal arm64 Emitting\ module\ for\ parens (in target 'parens' from project 'swift-parens')
EmitSwiftModule normal arm64 (in target 'parens' from project 'swift-parens')
cd /Users/admin/builder/spi-builder-workspace/.swiftpm/xcode
SwiftCompile normal arm64 Compiling\ Parens.swift /Users/admin/builder/spi-builder-workspace/Sources/Parens/Parens.swift (in target 'parens' from project 'swift-parens')
SwiftCompile normal arm64 /Users/admin/builder/spi-builder-workspace/Sources/Parens/Parens.swift (in target 'parens' from project 'swift-parens')
cd /Users/admin/builder/spi-builder-workspace/.swiftpm/xcode
SwiftCompile normal arm64 Compiling\ Value.swift /Users/admin/builder/spi-builder-workspace/Sources/Parens/Value.swift (in target 'parens' from project 'swift-parens')
SwiftCompile normal arm64 /Users/admin/builder/spi-builder-workspace/Sources/Parens/Value.swift (in target 'parens' from project 'swift-parens')
cd /Users/admin/builder/spi-builder-workspace/.swiftpm/xcode
SwiftCompile normal arm64 Compiling\ Iota.swift /Users/admin/builder/spi-builder-workspace/Sources/Parens/Iota.swift (in target 'parens' from project 'swift-parens')
SwiftCompile normal arm64 /Users/admin/builder/spi-builder-workspace/Sources/Parens/Iota.swift (in target 'parens' from project 'swift-parens')
cd /Users/admin/builder/spi-builder-workspace/.swiftpm/xcode
SwiftDriverJobDiscovery normal arm64 Emitting module for parens (in target 'parens' from project 'swift-parens')
SwiftDriver\ Compilation\ Requirements parens normal arm64 com.apple.xcode.tools.swift.compiler (in target 'parens' from project 'swift-parens')
cd /Users/admin/builder/spi-builder-workspace/.swiftpm/xcode
builtin-Swift-Compilation-Requirements -- /Applications/Xcode-26.5.0.app/Contents/Developer/Toolchains/XcodeDefault.xctoolchain/usr/bin/swiftc -module-name parens -Onone @/Users/admin/builder/spi-builder-workspace/.derivedData/Build/Intermediates.noindex/swift-parens.build/Debug-appletvos/parens.build/Objects-normal/arm64/parens.SwiftFileList -DSWIFT_PACKAGE -DDEBUG -DXcode -plugin-path /Applications/Xcode-26.5.0.app/Contents/Developer/Toolchains/XcodeDefault.xctoolchain/usr/lib/swift/host/plugins/testing -enable-experimental-feature DebugDescriptionMacro -sdk /Applications/Xcode-26.5.0.app/Contents/Developer/Platforms/AppleTVOS.platform/Developer/SDKs/AppleTVOS26.5.sdk -target arm64-apple-tvos12.0 -g -module-cache-path /Users/admin/builder/spi-builder-workspace/.derivedData/ModuleCache.noindex -Xfrontend -serialize-debugging-options -profile-coverage-mapping -profile-generate -enable-testing -index-store-path /Users/admin/builder/spi-builder-workspace/.derivedData/Index.noindex/DataStore -Xcc -D_LIBCPP_HARDENING_MODE\=_LIBCPP_HARDENING_MODE_DEBUG -swift-version 6 -I /Users/admin/builder/spi-builder-workspace/.derivedData/Build/Products/Debug-appletvos -Isystem /Applications/Xcode-26.5.0.app/Contents/Developer/Platforms/AppleTVOS.platform/Developer/usr/lib -F /Users/admin/builder/spi-builder-workspace/.derivedData/Build/Products/Debug-appletvos/PackageFrameworks -F /Users/admin/builder/spi-builder-workspace/.derivedData/Build/Products/Debug-appletvos -F /Applications/Xcode-26.5.0.app/Contents/Developer/Platforms/AppleTVOS.platform/Developer/Library/Frameworks -F /Applications/Xcode-26.5.0.app/Contents/Developer/Platforms/AppleTVOS.platform/Developer/SDKs/AppleTVOS26.5.sdk/Developer/Library/Frameworks -c -j10 -enable-batch-mode -incremental -Xcc -ivfsstatcache -Xcc /Users/admin/builder/spi-builder-workspace/.derivedData/SDKStatCaches.noindex/appletvos26.5-23L470-688ef53f1462e2c8f657fdc38a81448fa2efe9286588b677106490127979b81c.sdkstatcache -output-file-map /Users/admin/builder/spi-builder-workspace/.derivedData/Build/Intermediates.noindex/swift-parens.build/Debug-appletvos/parens.build/Objects-normal/arm64/parens-OutputFileMap.json -use-frontend-parseable-output -save-temps -no-color-diagnostics -explicit-module-build -module-cache-path /Users/admin/builder/spi-builder-workspace/.derivedData/Build/Intermediates.noindex/SwiftExplicitPrecompiledModules -clang-scanner-module-cache-path /Users/admin/builder/spi-builder-workspace/.derivedData/ModuleCache.noindex -sdk-module-cache-path /Users/admin/builder/spi-builder-workspace/.derivedData/ModuleCache.noindex -serialize-diagnostics -emit-dependencies -emit-module -emit-module-path /Users/admin/builder/spi-builder-workspace/.derivedData/Build/Intermediates.noindex/swift-parens.build/Debug-appletvos/parens.build/Objects-normal/arm64/parens.swiftmodule -validate-clang-modules-once -clang-build-session-file /Users/admin/builder/spi-builder-workspace/.derivedData/ModuleCache.noindex/Session.modulevalidation -package-name spi_builder_workspace -emit-const-values -Xfrontend -const-gather-protocols-file -Xfrontend /Users/admin/builder/spi-builder-workspace/.derivedData/Build/Intermediates.noindex/swift-parens.build/Debug-appletvos/parens.build/Objects-normal/arm64/parens_const_extract_protocols.json -Xcc -I/Users/admin/builder/spi-builder-workspace/.derivedData/Build/Products/Debug-appletvos/include -Xcc -I/Users/admin/builder/spi-builder-workspace/.derivedData/Build/Intermediates.noindex/swift-parens.build/Debug-appletvos/parens.build/DerivedSources-normal/arm64 -Xcc -I/Users/admin/builder/spi-builder-workspace/.derivedData/Build/Intermediates.noindex/swift-parens.build/Debug-appletvos/parens.build/DerivedSources/arm64 -Xcc -I/Users/admin/builder/spi-builder-workspace/.derivedData/Build/Intermediates.noindex/swift-parens.build/Debug-appletvos/parens.build/DerivedSources -Xcc -DSWIFT_PACKAGE -Xcc -DDEBUG\=1 -working-directory /Users/admin/builder/spi-builder-workspace/.swiftpm/xcode -experimental-emit-module-separately -disable-cmo
SwiftDriverJobDiscovery normal arm64 Compiling Parens.swift (in target 'Parens' from project 'swift-parens')
SwiftCompile normal arm64 Compiling\ ParensError.swift /Users/admin/builder/spi-builder-workspace/Sources/Parens/ParensError.swift (in target 'parens' from project 'swift-parens')
SwiftCompile normal arm64 Compiling\ Rendering.swift /Users/admin/builder/spi-builder-workspace/Sources/Parens/Rendering.swift (in target 'parens' from project 'swift-parens')
SwiftDriverJobDiscovery normal arm64 Compiling Rendering.swift (in target 'Parens' from project 'swift-parens')
SwiftDriverJobDiscovery normal arm64 Compiling Value.swift (in target 'Parens' from project 'swift-parens')
Copy /Users/admin/builder/spi-builder-workspace/.derivedData/Build/Products/Debug-appletvos/parens.swiftmodule/arm64-apple-tvos.swiftmodule /Users/admin/builder/spi-builder-workspace/.derivedData/Build/Intermediates.noindex/swift-parens.build/Debug-appletvos/parens.build/Objects-normal/arm64/parens.swiftmodule (in target 'parens' from project 'swift-parens')
cd /Users/admin/builder/spi-builder-workspace
builtin-copy -exclude .DS_Store -exclude CVS -exclude .svn -exclude .git -exclude .hg -resolve-src-symlinks -rename /Users/admin/builder/spi-builder-workspace/.derivedData/Build/Intermediates.noindex/swift-parens.build/Debug-appletvos/parens.build/Objects-normal/arm64/parens.swiftmodule /Users/admin/builder/spi-builder-workspace/.derivedData/Build/Products/Debug-appletvos/parens.swiftmodule/arm64-apple-tvos.swiftmodule
Copy /Users/admin/builder/spi-builder-workspace/.derivedData/Build/Products/Debug-appletvos/parens.swiftmodule/arm64-apple-tvos.swiftdoc /Users/admin/builder/spi-builder-workspace/.derivedData/Build/Intermediates.noindex/swift-parens.build/Debug-appletvos/parens.build/Objects-normal/arm64/parens.swiftdoc (in target 'parens' from project 'swift-parens')
cd /Users/admin/builder/spi-builder-workspace
builtin-copy -exclude .DS_Store -exclude CVS -exclude .svn -exclude .git -exclude .hg -resolve-src-symlinks -rename /Users/admin/builder/spi-builder-workspace/.derivedData/Build/Intermediates.noindex/swift-parens.build/Debug-appletvos/parens.build/Objects-normal/arm64/parens.swiftdoc /Users/admin/builder/spi-builder-workspace/.derivedData/Build/Products/Debug-appletvos/parens.swiftmodule/arm64-apple-tvos.swiftdoc
SwiftDriverJobDiscovery normal arm64 Compiling Iota.swift (in target 'Parens' from project 'swift-parens')
Copy /Users/admin/builder/spi-builder-workspace/.derivedData/Build/Products/Debug-appletvos/parens.swiftmodule/arm64-apple-tvos.abi.json /Users/admin/builder/spi-builder-workspace/.derivedData/Build/Intermediates.noindex/swift-parens.build/Debug-appletvos/parens.build/Objects-normal/arm64/parens.abi.json (in target 'parens' from project 'swift-parens')
cd /Users/admin/builder/spi-builder-workspace
builtin-copy -exclude .DS_Store -exclude CVS -exclude .svn -exclude .git -exclude .hg -resolve-src-symlinks -rename /Users/admin/builder/spi-builder-workspace/.derivedData/Build/Intermediates.noindex/swift-parens.build/Debug-appletvos/parens.build/Objects-normal/arm64/parens.abi.json /Users/admin/builder/spi-builder-workspace/.derivedData/Build/Products/Debug-appletvos/parens.swiftmodule/arm64-apple-tvos.abi.json
Copy /Users/admin/builder/spi-builder-workspace/.derivedData/Build/Products/Debug-appletvos/parens.swiftmodule/Project/arm64-apple-tvos.swiftsourceinfo /Users/admin/builder/spi-builder-workspace/.derivedData/Build/Intermediates.noindex/swift-parens.build/Debug-appletvos/parens.build/Objects-normal/arm64/parens.swiftsourceinfo (in target 'parens' from project 'swift-parens')
cd /Users/admin/builder/spi-builder-workspace
builtin-copy -exclude .DS_Store -exclude CVS -exclude .svn -exclude .git -exclude .hg -resolve-src-symlinks -rename /Users/admin/builder/spi-builder-workspace/.derivedData/Build/Intermediates.noindex/swift-parens.build/Debug-appletvos/parens.build/Objects-normal/arm64/parens.swiftsourceinfo /Users/admin/builder/spi-builder-workspace/.derivedData/Build/Products/Debug-appletvos/parens.swiftmodule/Project/arm64-apple-tvos.swiftsourceinfo
SwiftDriverJobDiscovery normal arm64 Compiling ParensError.swift (in target 'Parens' from project 'swift-parens')
SwiftDriverJobDiscovery normal arm64 Compiling Term.swift (in target 'Parens' from project 'swift-parens')
SwiftDriver\ Compilation Parens normal arm64 com.apple.xcode.tools.swift.compiler (in target 'Parens' from project 'swift-parens')
cd /Users/admin/builder/spi-builder-workspace/.swiftpm/xcode
builtin-Swift-Compilation -- /Applications/Xcode-26.5.0.app/Contents/Developer/Toolchains/XcodeDefault.xctoolchain/usr/bin/swiftc -module-name Parens -Onone @/Users/admin/builder/spi-builder-workspace/.derivedData/Build/Intermediates.noindex/swift-parens.build/Debug-appletvos/Parens.build/Objects-normal/arm64/Parens.SwiftFileList -DSWIFT_PACKAGE -DDEBUG -DSWIFT_MODULE_RESOURCE_BUNDLE_UNAVAILABLE -DXcode -plugin-path /Applications/Xcode-26.5.0.app/Contents/Developer/Toolchains/XcodeDefault.xctoolchain/usr/lib/swift/host/plugins/testing -enable-experimental-feature DebugDescriptionMacro -sdk /Applications/Xcode-26.5.0.app/Contents/Developer/Platforms/AppleTVOS.platform/Developer/SDKs/AppleTVOS26.5.sdk -target arm64-apple-tvos12.0 -g -module-cache-path /Users/admin/builder/spi-builder-workspace/.derivedData/ModuleCache.noindex -Xfrontend -serialize-debugging-options -profile-coverage-mapping -profile-generate -enable-testing -index-store-path /Users/admin/builder/spi-builder-workspace/.derivedData/Index.noindex/DataStore -Xcc -D_LIBCPP_HARDENING_MODE\=_LIBCPP_HARDENING_MODE_DEBUG -swift-version 6 -I /Users/admin/builder/spi-builder-workspace/.derivedData/Build/Products/Debug-appletvos -Isystem /Applications/Xcode-26.5.0.app/Contents/Developer/Platforms/AppleTVOS.platform/Developer/usr/lib -F /Users/admin/builder/spi-builder-workspace/.derivedData/Build/Products/Debug-appletvos -F /Applications/Xcode-26.5.0.app/Contents/Developer/Platforms/AppleTVOS.platform/Developer/Library/Frameworks -F /Applications/Xcode-26.5.0.app/Contents/Developer/Platforms/AppleTVOS.platform/Developer/SDKs/AppleTVOS26.5.sdk/Developer/Library/Frameworks -c -j10 -enable-batch-mode -incremental -Xcc -ivfsstatcache -Xcc /Users/admin/builder/spi-builder-workspace/.derivedData/SDKStatCaches.noindex/appletvos26.5-23L470-688ef53f1462e2c8f657fdc38a81448fa2efe9286588b677106490127979b81c.sdkstatcache -output-file-map /Users/admin/builder/spi-builder-workspace/.derivedData/Build/Intermediates.noindex/swift-parens.build/Debug-appletvos/Parens.build/Objects-normal/arm64/Parens-OutputFileMap.json -use-frontend-parseable-output -save-temps -no-color-diagnostics -explicit-module-build -module-cache-path /Users/admin/builder/spi-builder-workspace/.derivedData/Build/Intermediates.noindex/SwiftExplicitPrecompiledModules -clang-scanner-module-cache-path /Users/admin/builder/spi-builder-workspace/.derivedData/ModuleCache.noindex -sdk-module-cache-path /Users/admin/builder/spi-builder-workspace/.derivedData/ModuleCache.noindex -serialize-diagnostics -emit-dependencies -emit-module -emit-module-path /Users/admin/builder/spi-builder-workspace/.derivedData/Build/Intermediates.noindex/swift-parens.build/Debug-appletvos/Parens.build/Objects-normal/arm64/Parens.swiftmodule -validate-clang-modules-once -clang-build-session-file /Users/admin/builder/spi-builder-workspace/.derivedData/ModuleCache.noindex/Session.modulevalidation -package-name spi_builder_workspace -Xcc -I/Users/admin/builder/spi-builder-workspace/.derivedData/Build/Intermediates.noindex/swift-parens.build/Debug-appletvos/Parens.build/swift-overrides.hmap -emit-const-values -Xfrontend -const-gather-protocols-file -Xfrontend /Users/admin/builder/spi-builder-workspace/.derivedData/Build/Intermediates.noindex/swift-parens.build/Debug-appletvos/Parens.build/Objects-normal/arm64/Parens_const_extract_protocols.json -Xcc -I/Users/admin/builder/spi-builder-workspace/.derivedData/Build/Products/Debug-appletvos/include -Xcc -I/Users/admin/builder/spi-builder-workspace/.derivedData/Build/Intermediates.noindex/swift-parens.build/Debug-appletvos/Parens.build/DerivedSources-normal/arm64 -Xcc -I/Users/admin/builder/spi-builder-workspace/.derivedData/Build/Intermediates.noindex/swift-parens.build/Debug-appletvos/Parens.build/DerivedSources/arm64 -Xcc -I/Users/admin/builder/spi-builder-workspace/.derivedData/Build/Intermediates.noindex/swift-parens.build/Debug-appletvos/Parens.build/DerivedSources -Xcc -DSWIFT_PACKAGE -Xcc -DDEBUG\=1 -emit-objc-header -emit-objc-header-path /Users/admin/builder/spi-builder-workspace/.derivedData/Build/Intermediates.noindex/swift-parens.build/Debug-appletvos/Parens.build/Objects-normal/arm64/Parens-Swift.h -working-directory /Users/admin/builder/spi-builder-workspace/.swiftpm/xcode -experimental-emit-module-separately -disable-cmo
error: unable to open dependencies file (/Users/admin/builder/spi-builder-workspace/.derivedData/Build/Intermediates.noindex/swift-parens.build/Debug-appletvos/Parens.build/Objects-normal/arm64/Iota.d) (in target 'Parens' from project 'swift-parens')
2026-08-19 03:01:24.457 xcodebuild[661:3979] [MT] IDERunDestination: Supported platforms for the buildables in the current scheme is empty.
remark: Incremental compilation has been disabled: Parens.swift has no swiftDeps file
remark: Incremental compilation has been disabled: Parens.swift has no swiftDeps file
remark: Incremental compilation has been disabled: malformed dependencies file 'none?!'
remark: Incremental compilation has been disabled: Rendering.swift has no swiftDeps file
remark: Incremental compilation has been disabled: Rendering.swift has no swiftDeps file
remark: Incremental compilation has been disabled: malformed dependencies file 'none?!'
remark: Incremental compilation has been disabled: Value.swift has no swiftDeps file
remark: Incremental compilation has been disabled: Value.swift has no swiftDeps file
remark: Incremental compilation has been disabled: malformed dependencies file 'none?!'
remark: Incremental compilation has been disabled: Iota.swift has no swiftDeps file
remark: Incremental compilation has been disabled: Iota.swift has no swiftDeps file
remark: Incremental compilation has been disabled: malformed dependencies file 'none?!'
remark: Incremental compilation has been disabled: ParensError.swift has no swiftDeps file
remark: Incremental compilation has been disabled: ParensError.swift has no swiftDeps file
remark: Incremental compilation has been disabled: malformed dependencies file 'none?!'
remark: Incremental compilation has been disabled: Term.swift has no swiftDeps file
remark: Incremental compilation has been disabled: Term.swift has no swiftDeps file
remark: Incremental compilation has been disabled: malformed dependencies file 'none?!'
** BUILD FAILED **
The following build commands failed:
SwiftDriver\ Compilation Parens normal arm64 com.apple.xcode.tools.swift.compiler (in target 'Parens' from project 'swift-parens')
Building workspace spi-builder-workspace with scheme swift-parens-Package
(2 failures)
Command line invocation:
/Applications/Xcode-26.5.0.app/Contents/Developer/usr/bin/xcodebuild -IDEClonedSourcePackagesDirPathOverride=/Users/admin/builder/spi-builder-workspace/.dependencies -resolvePackageDependencies
Resolve Package Graph
Resolved source packages:
swift-parens: /Users/admin/builder/spi-builder-workspace
resolved source packages: swift-parens
2026-08-19 03:01:27.982 xcodebuild[694:4157] [MT] IDERunDestination: Supported platforms for the buildables in the current scheme is empty.
{
"dependencies" : [
],
"manifest_display_name" : "swift-parens",
"name" : "swift-parens",
"path" : "/Users/admin/builder/spi-builder-workspace",
"platforms" : [
],
"products" : [
{
"name" : "Parens",
"targets" : [
"Parens"
],
"type" : {
"library" : [
"automatic"
]
}
},
{
"name" : "parens",
"targets" : [
"ParensCLI"
],
"type" : {
"executable" : null
}
}
],
"targets" : [
{
"c99name" : "ParensTests",
"module_type" : "SwiftTarget",
"name" : "ParensTests",
"path" : "Tests/ParensTests",
"sources" : [
"IotaTests.swift",
"ParserTests.swift",
"ReductionTests.swift",
"RenderingTests.swift",
"SemanticsTests.swift",
"ValueTests.swift"
],
"target_dependencies" : [
"Parens"
],
"type" : "test"
},
{
"c99name" : "ParensCLI",
"module_type" : "SwiftTarget",
"name" : "ParensCLI",
"path" : "Sources/ParensCLI",
"product_memberships" : [
"parens"
],
"sources" : [
"main.swift"
],
"target_dependencies" : [
"Parens"
],
"type" : "executable"
},
{
"c99name" : "Parens",
"module_type" : "SwiftTarget",
"name" : "Parens",
"path" : "Sources/Parens",
"product_memberships" : [
"Parens",
"parens"
],
"sources" : [
"Iota.swift",
"Parens.swift",
"ParensError.swift",
"Rendering.swift",
"Term.swift",
"Value.swift"
],
"type" : "library"
}
],
"tools_version" : "6.0"
}
{
"workspace" : {
"name" : "spi-builder-workspace",
"schemes" : [
"parens",
"Parens",
"swift-parens-Package"
]
}
}
2026-08-19 03:01:29.029 xcodebuild[704:4226] [MT] IDERunDestination: Supported platforms for the buildables in the current scheme is empty.
Running build ...
env DEVELOPER_DIR=/Applications/Xcode-26.5.0.app xcrun xcodebuild -IDEClonedSourcePackagesDirPathOverride=$PWD/.dependencies -skipMacroValidation -skipPackagePluginValidation -derivedDataPath $PWD/.derivedData build -scheme swift-parens-Package -destination generic/platform=tvOS
Command line invocation:
/Applications/Xcode-26.5.0.app/Contents/Developer/usr/bin/xcodebuild -IDEClonedSourcePackagesDirPathOverride=/Users/admin/builder/spi-builder-workspace/.dependencies -skipMacroValidation -skipPackagePluginValidation -derivedDataPath /Users/admin/builder/spi-builder-workspace/.derivedData build -scheme swift-parens-Package -destination generic/platform=tvOS
Resolve Package Graph
Resolved source packages:
swift-parens: /Users/admin/builder/spi-builder-workspace
ComputePackagePrebuildTargetDependencyGraph
Prepare packages
CreateBuildRequest
SendProjectDescription
CreateBuildOperation
ComputeTargetDependencyGraph
note: Building targets in dependency order
note: Target dependency graph (3 targets)
Target 'parens' in project 'swift-parens'
➜ Explicit dependency on target 'Parens' in project 'swift-parens'
Target 'Parens' in project 'swift-parens'
➜ Explicit dependency on target 'Parens' in project 'swift-parens'
Target 'Parens' in project 'swift-parens' (no dependencies)
GatherProvisioningInputs
CreateBuildDescription
ClangStatCache /Applications/Xcode-26.5.0.app/Contents/Developer/Toolchains/XcodeDefault.xctoolchain/usr/bin/clang-stat-cache /Applications/Xcode-26.5.0.app/Contents/Developer/Platforms/AppleTVOS.platform/Developer/SDKs/AppleTVOS26.5.sdk /Users/admin/builder/spi-builder-workspace/.derivedData/SDKStatCaches.noindex/appletvos26.5-23L470-688ef53f1462e2c8f657fdc38a81448fa2efe9286588b677106490127979b81c.sdkstatcache
cd /Users/admin/builder/spi-builder-workspace/.swiftpm/xcode
/Applications/Xcode-26.5.0.app/Contents/Developer/Toolchains/XcodeDefault.xctoolchain/usr/bin/clang-stat-cache /Applications/Xcode-26.5.0.app/Contents/Developer/Platforms/AppleTVOS.platform/Developer/SDKs/AppleTVOS26.5.sdk -o /Users/admin/builder/spi-builder-workspace/.derivedData/SDKStatCaches.noindex/appletvos26.5-23L470-688ef53f1462e2c8f657fdc38a81448fa2efe9286588b677106490127979b81c.sdkstatcache
WriteAuxiliaryFile /Users/admin/builder/spi-builder-workspace/.derivedData/Build/Intermediates.noindex/swift-parens.build/Debug-appletvos/parens.build/Objects-normal/arm64/parens.SwiftFileList (in target 'parens' from project 'swift-parens')
cd /Users/admin/builder/spi-builder-workspace
write-file /Users/admin/builder/spi-builder-workspace/.derivedData/Build/Intermediates.noindex/swift-parens.build/Debug-appletvos/parens.build/Objects-normal/arm64/parens.SwiftFileList
WriteAuxiliaryFile /Users/admin/builder/spi-builder-workspace/.derivedData/Build/Intermediates.noindex/swift-parens.build/Debug-appletvos/parens.build/parens.DependencyStaticMetadataFileList (in target 'parens' from project 'swift-parens')
cd /Users/admin/builder/spi-builder-workspace
write-file /Users/admin/builder/spi-builder-workspace/.derivedData/Build/Intermediates.noindex/swift-parens.build/Debug-appletvos/parens.build/parens.DependencyStaticMetadataFileList
SwiftDriver Parens normal arm64 com.apple.xcode.tools.swift.compiler (in target 'Parens' from project 'swift-parens')
cd /Users/admin/builder/spi-builder-workspace/.swiftpm/xcode
builtin-SwiftDriver -- /Applications/Xcode-26.5.0.app/Contents/Developer/Toolchains/XcodeDefault.xctoolchain/usr/bin/swiftc -module-name Parens -Onone @/Users/admin/builder/spi-builder-workspace/.derivedData/Build/Intermediates.noindex/swift-parens.build/Debug-appletvos/Parens.build/Objects-normal/arm64/Parens.SwiftFileList -DSWIFT_PACKAGE -DDEBUG -DSWIFT_MODULE_RESOURCE_BUNDLE_UNAVAILABLE -DXcode -plugin-path /Applications/Xcode-26.5.0.app/Contents/Developer/Toolchains/XcodeDefault.xctoolchain/usr/lib/swift/host/plugins/testing -enable-experimental-feature DebugDescriptionMacro -sdk /Applications/Xcode-26.5.0.app/Contents/Developer/Platforms/AppleTVOS.platform/Developer/SDKs/AppleTVOS26.5.sdk -target arm64-apple-tvos12.0 -g -module-cache-path /Users/admin/builder/spi-builder-workspace/.derivedData/ModuleCache.noindex -Xfrontend -serialize-debugging-options -profile-coverage-mapping -profile-generate -enable-testing -index-store-path /Users/admin/builder/spi-builder-workspace/.derivedData/Index.noindex/DataStore -Xcc -D_LIBCPP_HARDENING_MODE\=_LIBCPP_HARDENING_MODE_DEBUG -swift-version 6 -I /Users/admin/builder/spi-builder-workspace/.derivedData/Build/Products/Debug-appletvos -Isystem /Applications/Xcode-26.5.0.app/Contents/Developer/Platforms/AppleTVOS.platform/Developer/usr/lib -F /Users/admin/builder/spi-builder-workspace/.derivedData/Build/Products/Debug-appletvos -F /Applications/Xcode-26.5.0.app/Contents/Developer/Platforms/AppleTVOS.platform/Developer/Library/Frameworks -F /Applications/Xcode-26.5.0.app/Contents/Developer/Platforms/AppleTVOS.platform/Developer/SDKs/AppleTVOS26.5.sdk/Developer/Library/Frameworks -c -j10 -enable-batch-mode -incremental -Xcc -ivfsstatcache -Xcc /Users/admin/builder/spi-builder-workspace/.derivedData/SDKStatCaches.noindex/appletvos26.5-23L470-688ef53f1462e2c8f657fdc38a81448fa2efe9286588b677106490127979b81c.sdkstatcache -output-file-map /Users/admin/builder/spi-builder-workspace/.derivedData/Build/Intermediates.noindex/swift-parens.build/Debug-appletvos/Parens.build/Objects-normal/arm64/Parens-OutputFileMap.json -use-frontend-parseable-output -save-temps -no-color-diagnostics -explicit-module-build -module-cache-path /Users/admin/builder/spi-builder-workspace/.derivedData/Build/Intermediates.noindex/SwiftExplicitPrecompiledModules -clang-scanner-module-cache-path /Users/admin/builder/spi-builder-workspace/.derivedData/ModuleCache.noindex -sdk-module-cache-path /Users/admin/builder/spi-builder-workspace/.derivedData/ModuleCache.noindex -serialize-diagnostics -emit-dependencies -emit-module -emit-module-path /Users/admin/builder/spi-builder-workspace/.derivedData/Build/Intermediates.noindex/swift-parens.build/Debug-appletvos/Parens.build/Objects-normal/arm64/Parens.swiftmodule -validate-clang-modules-once -clang-build-session-file /Users/admin/builder/spi-builder-workspace/.derivedData/ModuleCache.noindex/Session.modulevalidation -package-name spi_builder_workspace -Xcc -I/Users/admin/builder/spi-builder-workspace/.derivedData/Build/Intermediates.noindex/swift-parens.build/Debug-appletvos/Parens.build/swift-overrides.hmap -emit-const-values -Xfrontend -const-gather-protocols-file -Xfrontend /Users/admin/builder/spi-builder-workspace/.derivedData/Build/Intermediates.noindex/swift-parens.build/Debug-appletvos/Parens.build/Objects-normal/arm64/Parens_const_extract_protocols.json -Xcc -I/Users/admin/builder/spi-builder-workspace/.derivedData/Build/Products/Debug-appletvos/include -Xcc -I/Users/admin/builder/spi-builder-workspace/.derivedData/Build/Intermediates.noindex/swift-parens.build/Debug-appletvos/Parens.build/DerivedSources-normal/arm64 -Xcc -I/Users/admin/builder/spi-builder-workspace/.derivedData/Build/Intermediates.noindex/swift-parens.build/Debug-appletvos/Parens.build/DerivedSources/arm64 -Xcc -I/Users/admin/builder/spi-builder-workspace/.derivedData/Build/Intermediates.noindex/swift-parens.build/Debug-appletvos/Parens.build/DerivedSources -Xcc -DSWIFT_PACKAGE -Xcc -DDEBUG\=1 -emit-objc-header -emit-objc-header-path /Users/admin/builder/spi-builder-workspace/.derivedData/Build/Intermediates.noindex/swift-parens.build/Debug-appletvos/Parens.build/Objects-normal/arm64/Parens-Swift.h -working-directory /Users/admin/builder/spi-builder-workspace/.swiftpm/xcode -experimental-emit-module-separately -disable-cmo
/Users/admin/builder/spi-builder-workspace/Sources/ParensCLI/main.swift:2:8: warning: File 'main.swift' is part of module 'Parens'; ignoring import
import Parens
^ (in target 'Parens' from project 'swift-parens')
SwiftExplicitDependencyGeneratePcm arm64 /Users/admin/builder/spi-builder-workspace/.derivedData/ModuleCache.noindex/_AvailabilityInternal-ERG13JATPGSY6RVZ86Q4BEF5V.pcm
SwiftExplicitDependencyGeneratePcm arm64 /Users/admin/builder/spi-builder-workspace/.derivedData/ModuleCache.noindex/ptrauth-A2ZX6UBL55760UPJ4O0VGPNO0.pcm
SwiftExplicitDependencyGeneratePcm arm64 /Users/admin/builder/spi-builder-workspace/.derivedData/ModuleCache.noindex/_Builtin_stddef-AM6SVF03CIJ4GZEL97UHI3IUJ.pcm
SwiftExplicitDependencyGeneratePcm arm64 /Users/admin/builder/spi-builder-workspace/.derivedData/ModuleCache.noindex/_Builtin_stdarg-8ZUNX5GJ3MXH8UV1BEGRQ2ASA.pcm
SwiftExplicitDependencyGeneratePcm arm64 /Users/admin/builder/spi-builder-workspace/.derivedData/ModuleCache.noindex/_Builtin_float-8C811LVED4XLUXBQ1G76WRJG0.pcm
SwiftExplicitDependencyGeneratePcm arm64 /Users/admin/builder/spi-builder-workspace/.derivedData/ModuleCache.noindex/_Builtin_stdbool-CGKMEVN9EW8FHLARW0OXM8J4B.pcm
SwiftExplicitDependencyGeneratePcm arm64 /Users/admin/builder/spi-builder-workspace/.derivedData/ModuleCache.noindex/ptrcheck-3UVZ0HZWMI4GMCEST4EN81VHP.pcm
SwiftExplicitDependencyGeneratePcm arm64 /Users/admin/builder/spi-builder-workspace/.derivedData/ModuleCache.noindex/_DarwinFoundation1-5N3KZCNT6W2SVWUCV2FJN2UK8.pcm
SwiftExplicitDependencyGeneratePcm arm64 /Users/admin/builder/spi-builder-workspace/.derivedData/ModuleCache.noindex/_DarwinFoundation2-8SBVQBPG31KW5OM1QQ1IRFKFZ.pcm
SwiftExplicitDependencyGeneratePcm arm64 /Users/admin/builder/spi-builder-workspace/.derivedData/ModuleCache.noindex/_Builtin_limits-B8AK6GRD5HDXD50TCVB6LBF2K.pcm
SwiftExplicitDependencyGeneratePcm arm64 /Users/admin/builder/spi-builder-workspace/.derivedData/ModuleCache.noindex/sys_types-C1TCK7FU1PCFEEUN8ZX3DYKRU.pcm
SwiftExplicitDependencyGeneratePcm arm64 /Users/admin/builder/spi-builder-workspace/.derivedData/ModuleCache.noindex/_Builtin_stdint-DMDTUVQIKMEMTCYK24GVLTO6K.pcm
SwiftExplicitDependencyGeneratePcm arm64 /Users/admin/builder/spi-builder-workspace/.derivedData/ModuleCache.noindex/_DarwinFoundation3-E0GEIYEG5FFF4UFHO9CYEQLW0.pcm
SwiftExplicitDependencyGeneratePcm arm64 /Users/admin/builder/spi-builder-workspace/.derivedData/ModuleCache.noindex/_Builtin_inttypes-C42AKRLDLKV8CJNV35DM1DTP4.pcm
SwiftExplicitDependencyGeneratePcm arm64 /Users/admin/builder/spi-builder-workspace/.derivedData/ModuleCache.noindex/Darwin-245U0BA8KF1YTD61FCYJ0GD62.pcm
SwiftExplicitDependencyGeneratePcm arm64 /Users/admin/builder/spi-builder-workspace/.derivedData/ModuleCache.noindex/ObjectiveC-5BMAK71DGSD6LLFCJIGTWS0X2.pcm
SwiftExplicitDependencyGeneratePcm arm64 /Users/admin/builder/spi-builder-workspace/.derivedData/ModuleCache.noindex/os_object-3EX13XS9WZD3HS5R3FQI4GZ4U.pcm
SwiftExplicitDependencyGeneratePcm arm64 /Users/admin/builder/spi-builder-workspace/.derivedData/ModuleCache.noindex/os_workgroup-2R5C1QRIS9T04HHRT2ZNIJ54F.pcm
SwiftExplicitDependencyGeneratePcm arm64 /Users/admin/builder/spi-builder-workspace/.derivedData/ModuleCache.noindex/Dispatch-90E1R57KQPX526812NDGVF6C5.pcm
SwiftExplicitDependencyGeneratePcm arm64 /Users/admin/builder/spi-builder-workspace/.derivedData/ModuleCache.noindex/XPC-7Q2D96XQ8CPXGINNFUIC0RDDE.pcm
SwiftExplicitDependencyGeneratePcm arm64 /Users/admin/builder/spi-builder-workspace/.derivedData/ModuleCache.noindex/CoreFoundation-63FGOR0ID993YEADGOKCHTNF7.pcm
SwiftExplicitDependencyGeneratePcm arm64 /Users/admin/builder/spi-builder-workspace/.derivedData/ModuleCache.noindex/CFNetwork-CG7UA0Q0U14BU6A75Z1Q0D768.pcm
SwiftExplicitDependencyGeneratePcm arm64 /Users/admin/builder/spi-builder-workspace/.derivedData/ModuleCache.noindex/Security-B4G4YL559U4GL7GHN2C33F0P7.pcm
SwiftExplicitDependencyGeneratePcm arm64 /Users/admin/builder/spi-builder-workspace/.derivedData/ModuleCache.noindex/Foundation-1O0WZ59PVD3J2O4J23OGMYS5U.pcm
SwiftEmitModule normal arm64 Emitting\ module\ for\ Parens (in target 'Parens' from project 'swift-parens')
SwiftCompile normal arm64 /Users/admin/builder/spi-builder-workspace/Sources/ParensCLI/main.swift (in target 'Parens' from project 'swift-parens')
cd /Users/admin/builder/spi-builder-workspace/.swiftpm/xcode
/Users/admin/builder/spi-builder-workspace/Sources/ParensCLI/main.swift:2:8: warning: file 'main.swift' is part of module 'Parens'; ignoring import
import Parens
^
/Users/admin/builder/spi-builder-workspace/Sources/ParensCLI/main.swift:101:31: error: cannot find type 'Term' in scope
let parse: (String) throws -> Term
^~~~
/Users/admin/builder/spi-builder-workspace/Sources/ParensCLI/main.swift:104:22: error: cannot find 'Iota' in scope
case "iota": parse = Iota.parse
^~~~
/Users/admin/builder/spi-builder-workspace/Sources/ParensCLI/main.swift:129:54: error: cannot infer contextual base in reference to member 'variable'
case .variable(let name): program = program(.variable(name))
~^~~~~~~~
/Users/admin/builder/spi-builder-workspace/Sources/ParensCLI/main.swift:140:22: error: cannot find type 'ParensError' in scope
} catch let error as ParensError {
^~~~~~~~~~~
Failed frontend command:
/Applications/Xcode-26.5.0.app/Contents/Developer/Toolchains/XcodeDefault.xctoolchain/usr/bin/swift-frontend -frontend -emit-module -experimental-skip-non-inlinable-function-bodies-without-types /Users/admin/builder/spi-builder-workspace/Sources/ParensCLI/main.swift -target arm64-apple-tvos12.0 -load-resolved-plugin /Applications/Xcode-26.5.0.app/Contents/Developer/Platforms/AppleTVOS.platform/Developer/usr/lib/swift/host/plugins/libFoundationMacros.dylib\#/Applications/Xcode-26.5.0.app/Contents/Developer/Platforms/AppleTVOS.platform/Developer/usr/bin/swift-plugin-server\#FoundationMacros -load-resolved-plugin /Applications/Xcode-26.5.0.app/Contents/Developer/Platforms/AppleTVOS.platform/Developer/usr/lib/swift/host/plugins/libObservationMacros.dylib\#/Applications/Xcode-26.5.0.app/Contents/Developer/Platforms/AppleTVOS.platform/Developer/usr/bin/swift-plugin-server\#ObservationMacros -load-resolved-plugin /Applications/Xcode-26.5.0.app/Contents/Developer/Platforms/AppleTVOS.platform/Developer/usr/lib/swift/host/plugins/libSwiftMacros.dylib\#/Applications/Xcode-26.5.0.app/Contents/Developer/Platforms/AppleTVOS.platform/Developer/usr/bin/swift-plugin-server\#SwiftMacros -disable-implicit-swift-modules -Xcc -fno-implicit-modules -Xcc -fno-implicit-module-maps -explicit-swift-module-map-file /Users/admin/builder/spi-builder-workspace/.derivedData/Build/Intermediates.noindex/swift-parens.build/Debug-appletvos/Parens.build/Objects-normal/arm64/Parens-dependencies-1.json -Xllvm -aarch64-use-tbi -enable-objc-interop -sdk /Applications/Xcode-26.5.0.app/Contents/Developer/Platforms/AppleTVOS.platform/Developer/SDKs/AppleTVOS26.5.sdk -I /Users/admin/builder/spi-builder-workspace/.derivedData/Build/Products/Debug-appletvos -Isystem /Applications/Xcode-26.5.0.app/Contents/Developer/Platforms/AppleTVOS.platform/Developer/usr/lib -F /Users/admin/builder/spi-builder-workspace/.derivedData/Build/Products/Debug-appletvos -F /Applications/Xcode-26.5.0.app/Contents/Developer/Platforms/AppleTVOS.platform/Developer/Library/Frameworks -F /Applications/Xcode-26.5.0.app/Contents/Developer/Platforms/AppleTVOS.platform/Developer/SDKs/AppleTVOS26.5.sdk/Developer/Library/Frameworks -no-color-diagnostics -Xcc -fno-color-diagnostics -enable-testing -g -debug-info-format\=dwarf -dwarf-version\=4 -module-cache-path /Users/admin/builder/spi-builder-workspace/.derivedData/Build/Intermediates.noindex/SwiftExplicitPrecompiledModules -profile-generate -profile-coverage-mapping -swift-version 6 -Onone -D SWIFT_PACKAGE -D DEBUG -D SWIFT_MODULE_RESOURCE_BUNDLE_UNAVAILABLE -D Xcode -serialize-debugging-options -const-gather-protocols-file /Users/admin/builder/spi-builder-workspace/.derivedData/Build/Intermediates.noindex/swift-parens.build/Debug-appletvos/Parens.build/Objects-normal/arm64/Parens_const_extract_protocols.json -enable-experimental-feature DebugDescriptionMacro -empty-abi-descriptor -validate-clang-modules-once -clang-build-session-file /Users/admin/builder/spi-builder-workspace/.derivedData/ModuleCache.noindex/Session.modulevalidation -Xcc -working-directory -Xcc /Users/admin/builder/spi-builder-workspace/.swiftpm/xcode -enable-anonymous-context-mangled-names -file-compilation-dir /Users/admin/builder/spi-builder-workspace/.swiftpm/xcode -Xcc -D_LIBCPP_HARDENING_MODE\=_LIBCPP_HARDENING_MODE_DEBUG -Xcc -ivfsstatcache -Xcc /Users/admin/builder/spi-builder-workspace/.derivedData/SDKStatCaches.noindex/appletvos26.5-23L470-688ef53f1462e2c8f657fdc38a81448fa2efe9286588b677106490127979b81c.sdkstatcache -Xcc -I/Users/admin/builder/spi-builder-workspace/.derivedData/Build/Intermediates.noindex/swift-parens.build/Debug-appletvos/Parens.build/swift-overrides.hmap -Xcc -I/Users/admin/builder/spi-builder-workspace/.derivedData/Build/Products/Debug-appletvos/include -Xcc -I/Users/admin/builder/spi-builder-workspace/.derivedData/Build/Intermediates.noindex/swift-parens.build/Debug-appletvos/Parens.build/DerivedSources-normal/arm64 -Xcc -I/Users/admin/builder/spi-builder-workspace/.derivedData/Build/Intermediates.noindex/swift-parens.build/Debug-appletvos/Parens.build/DerivedSources/arm64 -Xcc -I/Users/admin/builder/spi-builder-workspace/.derivedData/Build/Intermediates.noindex/swift-parens.build/Debug-appletvos/Parens.build/DerivedSources -Xcc -DSWIFT_PACKAGE -Xcc -DDEBUG\=1 -no-auto-bridging-header-chaining -module-name Parens -package-name spi_builder_workspace -frontend-parseable-output -disable-clang-spi -clang-target arm64-apple-tvos26.5 -target-sdk-version 26.5 -target-sdk-name appletvos26.5 -in-process-plugin-server-path /Applications/Xcode-26.5.0.app/Contents/Developer/Toolchains/XcodeDefault.xctoolchain/usr/lib/swift/host/libSwiftInProcPluginServer.dylib -emit-module-doc-path /Users/admin/builder/spi-builder-workspace/.derivedData/Build/Intermediates.noindex/swift-parens.build/Debug-appletvos/Parens.build/Objects-normal/arm64/Parens.swiftdoc -emit-module-source-info-path /Users/admin/builder/spi-builder-workspace/.derivedData/Build/Intermediates.noindex/swift-parens.build/Debug-appletvos/Parens.build/Objects-normal/arm64/Parens.swiftsourceinfo -emit-objc-header-path /Users/admin/builder/spi-builder-workspace/.derivedData/Build/Intermediates.noindex/swift-parens.build/Debug-appletvos/Parens.build/Objects-normal/arm64/Parens-Swift.h -serialize-diagnostics-path /Users/admin/builder/spi-builder-workspace/.derivedData/Build/Intermediates.noindex/swift-parens.build/Debug-appletvos/parens.build/Objects-normal/arm64/parens-primary-emit-module.dia -emit-dependencies-path /Users/admin/builder/spi-builder-workspace/.derivedData/Build/Intermediates.noindex/swift-parens.build/Debug-appletvos/parens.build/Objects-normal/arm64/parens-primary-emit-module.d -o /Users/admin/builder/spi-builder-workspace/.derivedData/Build/Intermediates.noindex/swift-parens.build/Debug-appletvos/Parens.build/Objects-normal/arm64/Parens.swiftmodule -emit-abi-descriptor-path /Users/admin/builder/spi-builder-workspace/.derivedData/Build/Intermediates.noindex/swift-parens.build/Debug-appletvos/Parens.build/Objects-normal/arm64/Parens.abi.json
SwiftCompile normal arm64 Compiling\ main.swift /Users/admin/builder/spi-builder-workspace/Sources/ParensCLI/main.swift (in target 'Parens' from project 'swift-parens')
SwiftCompile normal arm64 /Users/admin/builder/spi-builder-workspace/Sources/ParensCLI/main.swift (in target 'Parens' from project 'swift-parens')
cd /Users/admin/builder/spi-builder-workspace/.swiftpm/xcode
2026-08-19 03:01:29.791 xcodebuild[707:4257] [MT] IDERunDestination: Supported platforms for the buildables in the current scheme is empty.
/Users/admin/builder/spi-builder-workspace/Sources/ParensCLI/main.swift:2:8: warning: file 'main.swift' is part of module 'Parens'; ignoring import
import Parens
^
** BUILD FAILED **
The following build commands failed:
SwiftCompile normal arm64 /Users/admin/builder/spi-builder-workspace/Sources/ParensCLI/main.swift (in target 'Parens' from project 'swift-parens')
SwiftEmitModule normal arm64 Emitting\ module\ for\ Parens (in target 'Parens' from project 'swift-parens')
Building workspace spi-builder-workspace with scheme swift-parens-Package
(3 failures)
BUILD FAILURE 6.3 tvOS