The Swift Package Index logo.Swift Package Index

Build Information

Failed to build SwiftUItility, reference 0.1.3 (de36f7), with Swift 6.4 for macOS (Xcode) using Xcode 27.0 on 19 Sep 2026 23:19:29 UTC.

Build Command

env DEVELOPER_DIR=/Applications/Xcode-27.0.0-Release.Candidate.app xcrun xcodebuild -IDEClonedSourcePackagesDirPathOverride=$PWD/.dependencies -skipMacroValidation -skipPackagePluginValidation -derivedDataPath $PWD/.derivedData build -scheme SwiftUItility -destination platform=macOS,arch=arm64

Build Log

========================================
RunAll
========================================
Builder version: 5.1.0
Interrupt handler set up.
========================================
Checkout
========================================
Clone URL: https://github.com/insub4067/SwiftUItility.git
Reference: 0.1.3
Initialized empty Git repository in /Users/admin/builder/spi-builder-workspace/.git/
From https://github.com/insub4067/SwiftUItility
 * tag               0.1.3      -> FETCH_HEAD
HEAD is now at de36f70 features
Cloned https://github.com/insub4067/SwiftUItility.git
Revision (git rev-parse @):
de36f704ef14d28f2ce7af022c5d83f6c0ee004b
SUCCESS checkout https://github.com/insub4067/SwiftUItility.git at 0.1.3
========================================
Build
========================================
Selected platform:         macosXcodebuild
Swift version:             6.4
Building package at path:  $PWD
https://github.com/insub4067/SwiftUItility.git
Command line invocation:
    /Applications/Xcode-27.0.0-Release.Candidate.app/Contents/Developer/usr/bin/xcodebuild -IDEClonedSourcePackagesDirPathOverride=/Users/admin/builder/spi-builder-workspace/.dependencies -resolvePackageDependencies
Resolve Package Graph
Resolve Package Graph
Resolved source packages:
  SwiftUItility: /Users/admin/builder/spi-builder-workspace
resolved source packages: SwiftUItility
2026-09-19 19:18:43.171 xcodebuild[529:3013] [MT] IDERunDestination: Supported platforms for the buildables in the current scheme is empty.
{
  "dependencies" : [
  ],
  "manifest_display_name" : "SwiftUItility",
  "name" : "SwiftUItility",
  "path" : "/Users/admin/builder/spi-builder-workspace",
  "platforms" : [
    {
      "name" : "ios",
      "version" : "15.0"
    }
  ],
  "products" : [
    {
      "name" : "SwiftUItility",
      "targets" : [
        "SwiftUItility"
      ],
      "type" : {
        "library" : [
          "automatic"
        ]
      }
    }
  ],
  "targets" : [
    {
      "c99name" : "SwiftUItilityTests",
      "module_type" : "SwiftTarget",
      "name" : "SwiftUItilityTests",
      "path" : "Tests/SwiftUItilityTests",
      "sources" : [
        "SwiftUItilityTests.swift"
      ],
      "target_dependencies" : [
        "SwiftUItility"
      ],
      "type" : "test"
    },
    {
      "c99name" : "SwiftUItility",
      "module_type" : "SwiftTarget",
      "name" : "SwiftUItility",
      "path" : "Sources/SwiftUItility",
      "product_memberships" : [
        "SwiftUItility"
      ],
      "sources" : [
        "SwiftUI/Environment/alert.swift",
        "SwiftUI/Environment/safeAreaInsets.swift",
        "SwiftUI/Environment/screenSize.swift",
        "SwiftUI/Environment/spinner.swift",
        "SwiftUI/Environment/toast.swift",
        "SwiftUI/View+/Gesture/View+didDrag.swift",
        "SwiftUI/View+/Gesture/View+onDragging.swift",
        "SwiftUI/View+/State/View+syncFocused.swift",
        "SwiftUI/View+/State/View+syncStates.swift",
        "SwiftUI/View+/View+.swift",
        "SwiftUI/View+/View+getSize.swift",
        "SwiftUI/View+/View+hideKeyboard.swift",
        "UIKit/UIApplication+.swift"
      ],
      "type" : "library"
    }
  ],
  "tools_version" : "5.9"
}
{
  "workspace" : {
    "name" : "SwiftUItility",
    "schemes" : [
      "SwiftUItility"
    ]
  }
}
2026-09-19 19:19:15.852 xcodebuild[626:3828] [MT] IDERunDestination: Supported platforms for the buildables in the current scheme is empty.
Running build ...
env DEVELOPER_DIR=/Applications/Xcode-27.0.0-Release.Candidate.app xcrun xcodebuild -IDEClonedSourcePackagesDirPathOverride=$PWD/.dependencies -skipMacroValidation -skipPackagePluginValidation -derivedDataPath $PWD/.derivedData build -scheme SwiftUItility -destination platform=macOS,arch=arm64
Command line invocation:
    /Applications/Xcode-27.0.0-Release.Candidate.app/Contents/Developer/usr/bin/xcodebuild -IDEClonedSourcePackagesDirPathOverride=/Users/admin/builder/spi-builder-workspace/.dependencies -skipMacroValidation -skipPackagePluginValidation -derivedDataPath /Users/admin/builder/spi-builder-workspace/.derivedData build -scheme SwiftUItility -destination platform=macOS,arch=arm64
Resolve Package Graph
Resolved source packages:
  SwiftUItility: /Users/admin/builder/spi-builder-workspace
ComputePackagePrebuildTargetDependencyGraph
Prepare packages
CreateBuildRequest
SendProjectDescription
CreateBuildOperation
ComputeTargetDependencyGraph
note: Building targets in dependency order
note: Target dependency graph (2 targets)
    Target 'SwiftUItility-product' in project 'SwiftUItility'
        ➜ Explicit dependency on target 'SwiftUItility' in project 'SwiftUItility'
    Target 'SwiftUItility' in project 'SwiftUItility' (no dependencies)
GatherProvisioningInputs
CreateBuildDescription
ExecuteExternalTool /Applications/Xcode-27.0.0-Release.Candidate.app/Contents/Developer/Toolchains/XcodeDefault.xctoolchain/usr/bin/clang -v -E -dM -isysroot /Applications/Xcode-27.0.0-Release.Candidate.app/Contents/Developer/Platforms/MacOSX.platform/Developer/SDKs/MacOSX27.0.sdk -x c -c /dev/null
ExecuteExternalTool /Applications/Xcode-27.0.0-Release.Candidate.app/Contents/Developer/Toolchains/XcodeDefault.xctoolchain/usr/bin/swiftc --version
ExecuteExternalTool /Applications/Xcode-27.0.0-Release.Candidate.app/Contents/Developer/Toolchains/XcodeDefault.xctoolchain/usr/bin/ld -version_details
Build description signature: 8ba93f67ec54b9dd908b925e4b36ed49
Build description path: /Users/admin/builder/spi-builder-workspace/.derivedData/Build/Intermediates.noindex/XCBuildData/8ba93f67ec54b9dd908b925e4b36ed49.xcbuilddata
CreateBuildDirectory /Users/admin/builder/spi-builder-workspace/.derivedData/ModuleCache.noindex
    cd /Users/admin/builder/spi-builder-workspace/.swiftpm/xcode
    builtin-create-build-directory /Users/admin/builder/spi-builder-workspace/.derivedData/ModuleCache.noindex
CreateBuildDirectory /Users/admin/builder/spi-builder-workspace/.derivedData/SDKExplicitPrecompiledModules
    cd /Users/admin/builder/spi-builder-workspace/.swiftpm/xcode
    builtin-create-build-directory /Users/admin/builder/spi-builder-workspace/.derivedData/SDKExplicitPrecompiledModules
CreateBuildDirectory /Users/admin/builder/spi-builder-workspace/.derivedData/CompilationCache.noindex
    cd /Users/admin/builder/spi-builder-workspace/.swiftpm/xcode
    builtin-create-build-directory /Users/admin/builder/spi-builder-workspace/.derivedData/CompilationCache.noindex
CreateBuildDirectory /Users/admin/builder/spi-builder-workspace/.derivedData/Build/Intermediates.noindex
    cd /Users/admin/builder/spi-builder-workspace/.swiftpm/xcode
    builtin-create-build-directory /Users/admin/builder/spi-builder-workspace/.derivedData/Build/Intermediates.noindex
CreateBuildDirectory /Users/admin/builder/spi-builder-workspace/.derivedData/Build/Products
    cd /Users/admin/builder/spi-builder-workspace/.swiftpm/xcode
    builtin-create-build-directory /Users/admin/builder/spi-builder-workspace/.derivedData/Build/Products
ClangStatCache /Applications/Xcode-27.0.0-Release.Candidate.app/Contents/Developer/Toolchains/XcodeDefault.xctoolchain/usr/bin/clang-stat-cache /Applications/Xcode-27.0.0-Release.Candidate.app/Contents/Developer/Platforms/MacOSX.platform/Developer/SDKs/MacOSX27.0.sdk /Users/admin/builder/spi-builder-workspace/.derivedData/SDKStatCaches.noindex/macosx27.0-26A425-e829b21a6f8c9b70876ba0858053c0446a22442a12e9d48fe1a705f55a1adfc4.sdkstatcache
    cd /Users/admin/builder/spi-builder-workspace/.swiftpm/xcode
    /Applications/Xcode-27.0.0-Release.Candidate.app/Contents/Developer/Toolchains/XcodeDefault.xctoolchain/usr/bin/clang-stat-cache /Applications/Xcode-27.0.0-Release.Candidate.app/Contents/Developer/Platforms/MacOSX.platform/Developer/SDKs/MacOSX27.0.sdk -o /Users/admin/builder/spi-builder-workspace/.derivedData/SDKStatCaches.noindex/macosx27.0-26A425-e829b21a6f8c9b70876ba0858053c0446a22442a12e9d48fe1a705f55a1adfc4.sdkstatcache
CreateBuildDirectory /Users/admin/builder/spi-builder-workspace/.derivedData/Build/Products/Debug
    cd /Users/admin/builder/spi-builder-workspace/.swiftpm/xcode
    builtin-create-build-directory /Users/admin/builder/spi-builder-workspace/.derivedData/Build/Products/Debug
CreateBuildDirectory /Users/admin/builder/spi-builder-workspace/.derivedData/Build/Intermediates.noindex/SwiftExplicitPrecompiledModules
    cd /Users/admin/builder/spi-builder-workspace/.swiftpm/xcode
    builtin-create-build-directory /Users/admin/builder/spi-builder-workspace/.derivedData/Build/Intermediates.noindex/SwiftExplicitPrecompiledModules
CreateBuildDirectory /Users/admin/builder/spi-builder-workspace/.derivedData/Build/Intermediates.noindex/PrecompiledHeaders
    cd /Users/admin/builder/spi-builder-workspace/.swiftpm/xcode
    builtin-create-build-directory /Users/admin/builder/spi-builder-workspace/.derivedData/Build/Intermediates.noindex/PrecompiledHeaders
CreateBuildDirectory /Users/admin/builder/spi-builder-workspace/.derivedData/Build/Intermediates.noindex/ExplicitPrecompiledModules
    cd /Users/admin/builder/spi-builder-workspace/.swiftpm/xcode
    builtin-create-build-directory /Users/admin/builder/spi-builder-workspace/.derivedData/Build/Intermediates.noindex/ExplicitPrecompiledModules
CreateBuildDirectory /Users/admin/builder/spi-builder-workspace/.derivedData/Build/Intermediates.noindex/EagerLinkingTBDs/Debug
    cd /Users/admin/builder/spi-builder-workspace/.swiftpm/xcode
    builtin-create-build-directory /Users/admin/builder/spi-builder-workspace/.derivedData/Build/Intermediates.noindex/EagerLinkingTBDs/Debug
CreateBuildDirectory /Users/admin/builder/spi-builder-workspace/.derivedData/Build/Products/Debug/PackageFrameworks
    cd /Users/admin/builder/spi-builder-workspace/.swiftpm/xcode
    builtin-create-build-directory /Users/admin/builder/spi-builder-workspace/.derivedData/Build/Products/Debug/PackageFrameworks
WriteAuxiliaryFile /Users/admin/builder/spi-builder-workspace/.derivedData/Build/Intermediates.noindex/SwiftUItility.build/Debug/SwiftUItility-t.build/SwiftUItility.DependencyMetadataFileList (in target 'SwiftUItility' from project 'SwiftUItility')
    cd /Users/admin/builder/spi-builder-workspace
    write-file /Users/admin/builder/spi-builder-workspace/.derivedData/Build/Intermediates.noindex/SwiftUItility.build/Debug/SwiftUItility-t.build/SwiftUItility.DependencyMetadataFileList
WriteAuxiliaryFile /Users/admin/builder/spi-builder-workspace/.derivedData/Build/Intermediates.noindex/SwiftUItility.build/Debug/SwiftUItility-t.build/SwiftUItility.modulemap (in target 'SwiftUItility' from project 'SwiftUItility')
    cd /Users/admin/builder/spi-builder-workspace
    write-file /Users/admin/builder/spi-builder-workspace/.derivedData/Build/Intermediates.noindex/SwiftUItility.build/Debug/SwiftUItility-t.build/SwiftUItility.modulemap
WriteAuxiliaryFile /Users/admin/builder/spi-builder-workspace/.derivedData/Build/Intermediates.noindex/SwiftUItility.build/Debug/SwiftUItility-t.build/SwiftUItility.DependencyStaticMetadataFileList (in target 'SwiftUItility' from project 'SwiftUItility')
    cd /Users/admin/builder/spi-builder-workspace
    write-file /Users/admin/builder/spi-builder-workspace/.derivedData/Build/Intermediates.noindex/SwiftUItility.build/Debug/SwiftUItility-t.build/SwiftUItility.DependencyStaticMetadataFileList
WriteAuxiliaryFile /Users/admin/builder/spi-builder-workspace/.derivedData/Build/Intermediates.noindex/SwiftUItility.build/Debug/SwiftUItility-t.build/Objects-normal/arm64/SwiftUItility.SwiftFileList (in target 'SwiftUItility' from project 'SwiftUItility')
    cd /Users/admin/builder/spi-builder-workspace
    write-file /Users/admin/builder/spi-builder-workspace/.derivedData/Build/Intermediates.noindex/SwiftUItility.build/Debug/SwiftUItility-t.build/Objects-normal/arm64/SwiftUItility.SwiftFileList
WriteAuxiliaryFile /Users/admin/builder/spi-builder-workspace/.derivedData/Build/Intermediates.noindex/SwiftUItility.build/Debug/SwiftUItility-t.build/Objects-normal/arm64/SwiftUItility_const_extract_protocols.json (in target 'SwiftUItility' from project 'SwiftUItility')
    cd /Users/admin/builder/spi-builder-workspace
    write-file /Users/admin/builder/spi-builder-workspace/.derivedData/Build/Intermediates.noindex/SwiftUItility.build/Debug/SwiftUItility-t.build/Objects-normal/arm64/SwiftUItility_const_extract_protocols.json
WriteAuxiliaryFile /Users/admin/builder/spi-builder-workspace/.derivedData/Build/Intermediates.noindex/SwiftUItility.build/Debug/SwiftUItility-t.build/Objects-normal/arm64/SwiftUItility-OutputFileMap.json (in target 'SwiftUItility' from project 'SwiftUItility')
    cd /Users/admin/builder/spi-builder-workspace
    write-file /Users/admin/builder/spi-builder-workspace/.derivedData/Build/Intermediates.noindex/SwiftUItility.build/Debug/SwiftUItility-t.build/Objects-normal/arm64/SwiftUItility-OutputFileMap.json
WriteAuxiliaryFile /Users/admin/builder/spi-builder-workspace/.derivedData/Build/Intermediates.noindex/SwiftUItility.build/Debug/SwiftUItility-t.build/Objects-normal/arm64/SwiftUItility.SwiftConstValuesFileList (in target 'SwiftUItility' from project 'SwiftUItility')
    cd /Users/admin/builder/spi-builder-workspace
    write-file /Users/admin/builder/spi-builder-workspace/.derivedData/Build/Intermediates.noindex/SwiftUItility.build/Debug/SwiftUItility-t.build/Objects-normal/arm64/SwiftUItility.SwiftConstValuesFileList
WriteAuxiliaryFile /Users/admin/builder/spi-builder-workspace/.derivedData/Build/Intermediates.noindex/SwiftUItility.build/Debug/SwiftUItility-t.build/Objects-normal/arm64/SwiftUItility.LinkFileList (in target 'SwiftUItility' from project 'SwiftUItility')
    cd /Users/admin/builder/spi-builder-workspace
    write-file /Users/admin/builder/spi-builder-workspace/.derivedData/Build/Intermediates.noindex/SwiftUItility.build/Debug/SwiftUItility-t.build/Objects-normal/arm64/SwiftUItility.LinkFileList
Copy /Users/admin/builder/spi-builder-workspace/.derivedData/Build/Intermediates.noindex/GeneratedModuleMaps/SwiftUItility.modulemap /Users/admin/builder/spi-builder-workspace/.derivedData/Build/Intermediates.noindex/SwiftUItility.build/Debug/SwiftUItility-t.build/SwiftUItility.modulemap (in target 'SwiftUItility' from project 'SwiftUItility')
    cd /Users/admin/builder/spi-builder-workspace
    builtin-copy -exclude .DS_Store -exclude CVS -exclude .svn -exclude .git -exclude .hg -resolve-src-symlinks /Users/admin/builder/spi-builder-workspace/.derivedData/Build/Intermediates.noindex/SwiftUItility.build/Debug/SwiftUItility-t.build/SwiftUItility.modulemap /Users/admin/builder/spi-builder-workspace/.derivedData/Build/Intermediates.noindex/GeneratedModuleMaps
SwiftDriver SwiftUItility normal arm64 com.apple.xcode.tools.swift.compiler (in target 'SwiftUItility' from project 'SwiftUItility')
    cd /Users/admin/builder/spi-builder-workspace/.swiftpm/xcode
    builtin-SwiftDriver -- /Applications/Xcode-27.0.0-Release.Candidate.app/Contents/Developer/Toolchains/XcodeDefault.xctoolchain/usr/bin/swiftc -parse-as-library -module-name SwiftUItility -Onone @/Users/admin/builder/spi-builder-workspace/.derivedData/Build/Intermediates.noindex/SwiftUItility.build/Debug/SwiftUItility-t.build/Objects-normal/arm64/SwiftUItility.SwiftFileList -DSWIFT_PACKAGE -DDEBUG -DSWIFT_MODULE_RESOURCE_BUNDLE_UNAVAILABLE -DXcode -plugin-path /Applications/Xcode-27.0.0-Release.Candidate.app/Contents/Developer/Toolchains/XcodeDefault.xctoolchain/usr/lib/swift/host/plugins/testing -enable-experimental-feature DebugDescriptionMacro -sdk /Applications/Xcode-27.0.0-Release.Candidate.app/Contents/Developer/Platforms/MacOSX.platform/Developer/SDKs/MacOSX27.0.sdk -target arm64-apple-macos12.0 -g -module-cache-path /Users/admin/builder/spi-builder-workspace/.derivedData/ModuleCache.noindex -Xfrontend -serialize-debugging-options -profile-coverage-mapping -profile-generate -enable-testing -index-store-path /Users/admin/builder/spi-builder-workspace/.derivedData/Index.noindex/DataStore -Xcc -D_LIBCPP_HARDENING_MODE\=_LIBCPP_HARDENING_MODE_DEBUG -swift-version 5 -I /Users/admin/builder/spi-builder-workspace/.derivedData/Build/Products/Debug -Isystem /Applications/Xcode-27.0.0-Release.Candidate.app/Contents/Developer/Platforms/MacOSX.platform/Developer/usr/lib -F /Users/admin/builder/spi-builder-workspace/.derivedData/Build/Products/Debug -F /Applications/Xcode-27.0.0-Release.Candidate.app/Contents/Developer/Platforms/MacOSX.platform/Developer/Library/Frameworks -c -j10 -enable-batch-mode -incremental -Xcc -ivfsstatcache -Xcc /Users/admin/builder/spi-builder-workspace/.derivedData/SDKStatCaches.noindex/macosx27.0-26A425-e829b21a6f8c9b70876ba0858053c0446a22442a12e9d48fe1a705f55a1adfc4.sdkstatcache -output-file-map /Users/admin/builder/spi-builder-workspace/.derivedData/Build/Intermediates.noindex/SwiftUItility.build/Debug/SwiftUItility-t.build/Objects-normal/arm64/SwiftUItility-OutputFileMap.json -save-temps -no-color-diagnostics -explicit-module-build -module-cache-path /Users/admin/builder/spi-builder-workspace/.derivedData/Build/Intermediates.noindex/SwiftExplicitPrecompiledModules -clang-scanner-module-cache-path /Users/admin/builder/spi-builder-workspace/.derivedData/ModuleCache.noindex -sdk-module-cache-path /Users/admin/builder/spi-builder-workspace/.derivedData/SDKExplicitPrecompiledModules -emit-dependencies -emit-module -emit-module-path /Users/admin/builder/spi-builder-workspace/.derivedData/Build/Intermediates.noindex/SwiftUItility.build/Debug/SwiftUItility-t.build/Objects-normal/arm64/SwiftUItility.swiftmodule -serialize-diagnostics -dependency-scan-serialize-diagnostics-path /Users/admin/builder/spi-builder-workspace/.derivedData/Build/Intermediates.noindex/SwiftUItility.build/Debug/SwiftUItility-t.build/Objects-normal/arm64/SwiftUItility-dependency-scan.dia -validate-clang-modules-once -clang-build-session-file /Users/admin/builder/spi-builder-workspace/.derivedData/ModuleCache.noindex/Session.modulevalidation -Xcc -fmodules-prune-interval\=86400 -Xcc -fmodules-prune-after\=345600 -package-name spi_builder_workspace -emit-const-values -const-gather-protocols-list /Users/admin/builder/spi-builder-workspace/.derivedData/Build/Intermediates.noindex/SwiftUItility.build/Debug/SwiftUItility-t.build/Objects-normal/arm64/SwiftUItility_const_extract_protocols.json -Xcc -I/Users/admin/builder/spi-builder-workspace/.derivedData/Build/Products/Debug/include -Xcc -I/Users/admin/builder/spi-builder-workspace/.derivedData/Build/Intermediates.noindex/SwiftUItility.build/Debug/SwiftUItility-t.build/DerivedSources-normal/arm64 -Xcc -I/Users/admin/builder/spi-builder-workspace/.derivedData/Build/Intermediates.noindex/SwiftUItility.build/Debug/SwiftUItility-t.build/DerivedSources/arm64 -Xcc -I/Users/admin/builder/spi-builder-workspace/.derivedData/Build/Intermediates.noindex/SwiftUItility.build/Debug/SwiftUItility-t.build/DerivedSources -Xcc -DSWIFT_PACKAGE -Xcc -DDEBUG\=1 -emit-objc-header -emit-objc-header-path /Users/admin/builder/spi-builder-workspace/.derivedData/Build/Intermediates.noindex/SwiftUItility.build/Debug/SwiftUItility-t.build/Objects-normal/arm64/SwiftUItility-Swift.h -working-directory /Users/admin/builder/spi-builder-workspace/.swiftpm/xcode -experimental-emit-module-separately -disable-cmo
SwiftExplicitDependencyGeneratePcm arm64 /Users/admin/builder/spi-builder-workspace/.derivedData/SDKExplicitPrecompiledModules/_Builtin_stdbool-KYV2HKP8IKLKMKQS9DGA2GUQ.pcm
SwiftExplicitDependencyGeneratePcm arm64 /Users/admin/builder/spi-builder-workspace/.derivedData/SDKExplicitPrecompiledModules/ptrcheck-DHLCBWKPNUZOYTPJ1J3QVTCXK.pcm
SwiftExplicitDependencyGeneratePcm arm64 /Users/admin/builder/spi-builder-workspace/.derivedData/SDKExplicitPrecompiledModules/SwiftShims-C4V0DQ62WSTCYBYGILXXGQNO3.pcm
SwiftExplicitDependencyGeneratePcm arm64 /Users/admin/builder/spi-builder-workspace/.derivedData/SDKExplicitPrecompiledModules/ptrauth-2W92ZJRLNJU99RJUQGGJG3OC3.pcm
SwiftExplicitDependencyGeneratePcm arm64 /Users/admin/builder/spi-builder-workspace/.derivedData/SDKExplicitPrecompiledModules/_SwiftConcurrencyShims-BLUUWKI6AGMD7TJ4RGYS7DP6T.pcm
SwiftExplicitDependencyGeneratePcm arm64 /Users/admin/builder/spi-builder-workspace/.derivedData/SDKExplicitPrecompiledModules/_Builtin_float-105CRCDRP90FQCQO5ZX1LHV7H.pcm
SwiftExplicitDependencyGeneratePcm arm64 /Users/admin/builder/spi-builder-workspace/.derivedData/SDKExplicitPrecompiledModules/_Builtin_stddef-3GI9GOKXSW3QCTFOI1USFLDZO.pcm
SwiftExplicitDependencyGeneratePcm arm64 /Users/admin/builder/spi-builder-workspace/.derivedData/SDKExplicitPrecompiledModules/DeveloperToolsSupport-13SNQ6N57G3DOS3KQA7V91OE7.pcm
SwiftExplicitDependencyGeneratePcm arm64 /Users/admin/builder/spi-builder-workspace/.derivedData/SDKExplicitPrecompiledModules/_Builtin_stdarg-7CFWA9OSW5N24E7PG4ZOCF1VH.pcm
SwiftExplicitDependencyGeneratePcm arm64 /Users/admin/builder/spi-builder-workspace/.derivedData/SDKExplicitPrecompiledModules/_AvailabilityInternal-CJTV5E7EL3MWRA437DUFPBVN2.pcm
SwiftExplicitDependencyGeneratePcm arm64 /Users/admin/builder/spi-builder-workspace/.derivedData/SDKExplicitPrecompiledModules/_DarwinFoundation1-7PRJIG163YE9KSKYA3BS35ZZP.pcm
SwiftExplicitDependencyGeneratePcm arm64 /Users/admin/builder/spi-builder-workspace/.derivedData/SDKExplicitPrecompiledModules/_DarwinFoundation2-94WUUGE4H5R03OWXE0QFZX1DN.pcm
SwiftExplicitDependencyGeneratePcm arm64 /Users/admin/builder/spi-builder-workspace/.derivedData/SDKExplicitPrecompiledModules/_Builtin_limits-AXGUGXBFPC0I7QDLJFB0K341Y.pcm
SwiftExplicitDependencyGeneratePcm arm64 /Users/admin/builder/spi-builder-workspace/.derivedData/SDKExplicitPrecompiledModules/string_h-10WPXBF3YFYMX5HUAW06LSABR.pcm
SwiftExplicitDependencyGeneratePcm arm64 /Users/admin/builder/spi-builder-workspace/.derivedData/SDKExplicitPrecompiledModules/_Builtin_tgmath-52XE6HC8DWOG6S7B5QAI046D1.pcm
SwiftExplicitDependencyGeneratePcm arm64 /Users/admin/builder/spi-builder-workspace/.derivedData/SDKExplicitPrecompiledModules/sys_types-F4RNCN6UR5R5OWTLTOUM7TN3E.pcm
SwiftExplicitDependencyGeneratePcm arm64 /Users/admin/builder/spi-builder-workspace/.derivedData/SDKExplicitPrecompiledModules/_Builtin_stdint-22CBBOK8BNSF0UELDCAXSHGB.pcm
SwiftExplicitDependencyGeneratePcm arm64 /Users/admin/builder/spi-builder-workspace/.derivedData/SDKExplicitPrecompiledModules/libDER-5RCYOD0PCUUY2UGMBNE9LI8N9.pcm
SwiftExplicitDependencyGeneratePcm arm64 /Users/admin/builder/spi-builder-workspace/.derivedData/SDKExplicitPrecompiledModules/_Builtin_stdatomic-8LN7S35C6I48KJOCW7VPXX04X.pcm
SwiftExplicitDependencyGeneratePcm arm64 /Users/admin/builder/spi-builder-workspace/.derivedData/SDKExplicitPrecompiledModules/_Builtin_intrinsics-4O6R03GTH5FLWSHEUBP0Z3GZ2.pcm
SwiftExplicitDependencyGeneratePcm arm64 /Users/admin/builder/spi-builder-workspace/.derivedData/SDKExplicitPrecompiledModules/_DarwinFoundation3-32PO5Q4RCB6WXH5VFO3HA3AVS.pcm
SwiftExplicitDependencyGeneratePcm arm64 /Users/admin/builder/spi-builder-workspace/.derivedData/SDKExplicitPrecompiledModules/_Builtin_inttypes-1U6AP9A8AJ4G9WD98E9RHLGTJ.pcm
SwiftExplicitDependencyGeneratePcm arm64 /Users/admin/builder/spi-builder-workspace/.derivedData/SDKExplicitPrecompiledModules/Darwin-1RAAWNGKQM8YGHV0YJNNN5YDY.pcm
SwiftExplicitDependencyGeneratePcm arm64 /Users/admin/builder/spi-builder-workspace/.derivedData/SDKExplicitPrecompiledModules/simd-A9TKR8OE9APRJ1RNS7F0OBY4Q.pcm
SwiftExplicitDependencyGeneratePcm arm64 /Users/admin/builder/spi-builder-workspace/.derivedData/SDKExplicitPrecompiledModules/MachO-AWTJ65TFR7TMST2NUE6ZCC1SL.pcm
SwiftExplicitDependencyGeneratePcm arm64 /Users/admin/builder/spi-builder-workspace/.derivedData/SDKExplicitPrecompiledModules/libkern-22MDXN9G35RPO3OLKX9B2PN16.pcm
SwiftExplicitDependencyGeneratePcm arm64 /Users/admin/builder/spi-builder-workspace/.derivedData/SDKExplicitPrecompiledModules/launch-2XAORMJNLLVS0OVKC1M0752GY.pcm
SwiftExplicitDependencyGeneratePcm arm64 /Users/admin/builder/spi-builder-workspace/.derivedData/SDKExplicitPrecompiledModules/CUPS-45MNISAOHSEBD6VQA5G0MXN9H.pcm
SwiftExplicitDependencyGeneratePcm arm64 /Users/admin/builder/spi-builder-workspace/.derivedData/SDKExplicitPrecompiledModules/ObjectiveC-B89IQP2TC4CFSWOUMTUZRI1VZ.pcm
SwiftExplicitDependencyGeneratePcm arm64 /Users/admin/builder/spi-builder-workspace/.derivedData/SDKExplicitPrecompiledModules/Spatial-2JNOU2HNJ0Q174XCFCD0GCOUQ.pcm
SwiftExplicitDependencyGeneratePcm arm64 /Users/admin/builder/spi-builder-workspace/.derivedData/SDKExplicitPrecompiledModules/os_object-3KLCCI03OX6OQTLJ92KQH2KIO.pcm
SwiftExplicitDependencyGeneratePcm arm64 /Users/admin/builder/spi-builder-workspace/.derivedData/SDKExplicitPrecompiledModules/os_workgroup-10SJ5M8R2OB4BG1TPFL9SZMKV.pcm
SwiftExplicitDependencyGeneratePcm arm64 /Users/admin/builder/spi-builder-workspace/.derivedData/SDKExplicitPrecompiledModules/Dispatch-NAMWF9KN29KC7Z5OS3TTTAE8.pcm
SwiftExplicitDependencyGeneratePcm arm64 /Users/admin/builder/spi-builder-workspace/.derivedData/SDKExplicitPrecompiledModules/CoreFoundation-4ZIITQ30SOGUQE8KJAB99ZV0Q.pcm
SwiftExplicitDependencyGeneratePcm arm64 /Users/admin/builder/spi-builder-workspace/.derivedData/SDKExplicitPrecompiledModules/XPC-E1MSAZG4ZNL24S2WK6K6Y7GWW.pcm
SwiftExplicitDependencyGeneratePcm arm64 /Users/admin/builder/spi-builder-workspace/.derivedData/SDKExplicitPrecompiledModules/os-BYOEVK2GEMB4Q8WWHGZGREA00.pcm
SwiftExplicitDependencyGeneratePcm arm64 /Users/admin/builder/spi-builder-workspace/.derivedData/SDKExplicitPrecompiledModules/ColorSync-BBCIZDDQ6O3QECFAWJQ6RU4ZJ.pcm
SwiftExplicitDependencyGeneratePcm arm64 /Users/admin/builder/spi-builder-workspace/.derivedData/SDKExplicitPrecompiledModules/CoreAudioTypes-EEH2XZ47XX4YM3FOOISUYVRQE.pcm
SwiftExplicitDependencyGeneratePcm arm64 /Users/admin/builder/spi-builder-workspace/.derivedData/SDKExplicitPrecompiledModules/Security-ESPJ7FP0YAY1EL3VXBGY9MCZ8.pcm
SwiftExplicitDependencyGeneratePcm arm64 /Users/admin/builder/spi-builder-workspace/.derivedData/SDKExplicitPrecompiledModules/CFNetwork-CVHS5CT20191MFYXQIEDWSRGJ.pcm
SwiftExplicitDependencyGeneratePcm arm64 /Users/admin/builder/spi-builder-workspace/.derivedData/SDKExplicitPrecompiledModules/IOKit-6H3X691EDBH124EYTC2PEOP5T.pcm
SwiftExplicitDependencyGeneratePcm arm64 /Users/admin/builder/spi-builder-workspace/.derivedData/SDKExplicitPrecompiledModules/CoreGraphics-5TRMNDB7ZP6FFMRNSZCWEOZMD.pcm
SwiftExplicitDependencyGeneratePcm arm64 /Users/admin/builder/spi-builder-workspace/.derivedData/SDKExplicitPrecompiledModules/DiskArbitration-ZNZZU7T0SYELB0DAR56WQF0R.pcm
SwiftExplicitDependencyGeneratePcm arm64 /Users/admin/builder/spi-builder-workspace/.derivedData/SDKExplicitPrecompiledModules/CoreServices-CGCGY0FOMEQGSNMO3HQSC09XU.pcm
SwiftExplicitDependencyGeneratePcm arm64 /Users/admin/builder/spi-builder-workspace/.derivedData/SDKExplicitPrecompiledModules/CoreText-C1WSF2HWGIKVJ2XHWBKXQBSEY.pcm
SwiftExplicitDependencyGeneratePcm arm64 /Users/admin/builder/spi-builder-workspace/.derivedData/SDKExplicitPrecompiledModules/ImageIO-88YNP2EU498GB5YXIFJ9ANNYW.pcm
SwiftExplicitDependencyGeneratePcm arm64 /Users/admin/builder/spi-builder-workspace/.derivedData/SDKExplicitPrecompiledModules/Foundation-44WR0NU86C67CV5BW8W1MGKNG.pcm
SwiftExplicitDependencyGeneratePcm arm64 /Users/admin/builder/spi-builder-workspace/.derivedData/SDKExplicitPrecompiledModules/Symbols-2NFSQR6R0R96WH1KKGBXW1J.pcm
SwiftExplicitDependencyGeneratePcm arm64 /Users/admin/builder/spi-builder-workspace/.derivedData/SDKExplicitPrecompiledModules/DataDetection-5GDUUWT6YIA10PE5D9A8SXWZ9.pcm
SwiftExplicitDependencyGeneratePcm arm64 /Users/admin/builder/spi-builder-workspace/.derivedData/SDKExplicitPrecompiledModules/OSLog-1GSRGGGEESVJH9OULZA91RAA3.pcm
SwiftExplicitDependencyGeneratePcm arm64 /Users/admin/builder/spi-builder-workspace/.derivedData/SDKExplicitPrecompiledModules/Accessibility-6F38G4T85MOHD9AA2EH4U2PJS.pcm
SwiftExplicitDependencyGeneratePcm arm64 /Users/admin/builder/spi-builder-workspace/.derivedData/SDKExplicitPrecompiledModules/CoreTransferable-2HJ1Z8HJBPECRD89AVJ0X7S63.pcm
SwiftExplicitDependencyGeneratePcm arm64 /Users/admin/builder/spi-builder-workspace/.derivedData/SDKExplicitPrecompiledModules/CoreAudio-8XPVZMQXZVBU162UQPW77JTL1.pcm
SwiftExplicitDependencyGeneratePcm arm64 /Users/admin/builder/spi-builder-workspace/.derivedData/SDKExplicitPrecompiledModules/IOSurface-1TUG4NQVIPJF59WSUNATZ447F.pcm
SwiftExplicitDependencyGeneratePcm arm64 /Users/admin/builder/spi-builder-workspace/.derivedData/SDKExplicitPrecompiledModules/ApplicationServices-ALXSS633FQY42UMJSLR6MNLSK.pcm
SwiftExplicitDependencyGeneratePcm arm64 /Users/admin/builder/spi-builder-workspace/.derivedData/SDKExplicitPrecompiledModules/CoreData-4EPJ39F9L3QQ9486B5AMG5G6J.pcm
SwiftExplicitDependencyGeneratePcm arm64 /Users/admin/builder/spi-builder-workspace/.derivedData/SDKExplicitPrecompiledModules/UniformTypeIdentifiers-5LG8RE3Q01MBLZVRR3FFHHL5H.pcm
SwiftExplicitDependencyGeneratePcm arm64 /Users/admin/builder/spi-builder-workspace/.derivedData/SDKExplicitPrecompiledModules/Metal-KM8CI04R5X5OUWMGRMNZE4KP.pcm
SwiftExplicitDependencyGeneratePcm arm64 /Users/admin/builder/spi-builder-workspace/.derivedData/SDKExplicitPrecompiledModules/OpenGL-FXV81CD8YS42YTVJKJH1VLGA.pcm
SwiftExplicitDependencyGeneratePcm arm64 /Users/admin/builder/spi-builder-workspace/.derivedData/SDKExplicitPrecompiledModules/CoreVideo-11TKSDKW0L2K02H4B9ZHWLM3B.pcm
SwiftExplicitDependencyGeneratePcm arm64 /Users/admin/builder/spi-builder-workspace/.derivedData/SDKExplicitPrecompiledModules/CoreImage-AKYY8VSFWQ6KIIXG3EQJ7PW5T.pcm
SwiftExplicitDependencyGeneratePcm arm64 /Users/admin/builder/spi-builder-workspace/.derivedData/SDKExplicitPrecompiledModules/QuartzCore-AP21NXF3BYPWOG416U3DI6QME.pcm
SwiftExplicitDependencyGeneratePcm arm64 /Users/admin/builder/spi-builder-workspace/.derivedData/SDKExplicitPrecompiledModules/CoreMedia-699WGYGEEF2LGFEEGSCM9Y1UF.pcm
SwiftExplicitDependencyGeneratePcm arm64 /Users/admin/builder/spi-builder-workspace/.derivedData/SDKExplicitPrecompiledModules/SwiftUICore-ESLJM4CVIQEQNCRTK6KPAF1I7.pcm
SwiftExplicitDependencyGeneratePcm arm64 /Users/admin/builder/spi-builder-workspace/.derivedData/SDKExplicitPrecompiledModules/AppKit-C2WRQ26QXORUMMNQB0M8H4QYD.pcm
SwiftExplicitDependencyGeneratePcm arm64 /Users/admin/builder/spi-builder-workspace/.derivedData/SDKExplicitPrecompiledModules/SwiftUI-5IEOINZEJ69OCDVRMHPS5W4XI.pcm
SwiftEmitModule normal arm64 Emitting\ module\ for\ SwiftUItility (in target 'SwiftUItility' from project 'SwiftUItility')
SwiftCompile normal arm64 (in target 'SwiftUItility' from project 'SwiftUItility')
    cd /Users/admin/builder/spi-builder-workspace/.swiftpm/xcode

/Users/admin/builder/spi-builder-workspace/Sources/SwiftUItility/SwiftUI/Environment/alert.swift:60:16: error: cannot find type 'UIAlertAction' in scope
58 |
59 |     let title: String
60 |     let style: UIAlertAction.Style
   |                `- error: cannot find type 'UIAlertAction' in scope
61 |     let action: (() -> Void)?
62 |
/Users/admin/builder/spi-builder-workspace/Sources/SwiftUItility/SwiftUI/Environment/alert.swift:65:16: error: cannot find type 'UIAlertAction' in scope
63 |     public init(
64 |         title: String,
65 |         style: UIAlertAction.Style = .default,
   |                `- error: cannot find type 'UIAlertAction' in scope
66 |         action: (() -> Void)? = .none
67 |     ) {
/Users/admin/builder/spi-builder-workspace/Sources/SwiftUItility/SwiftUI/Environment/safeAreaInsets.swift:37:18: error: cannot find type 'UIEdgeInsets' in scope
35 | }
36 |
37 | public extension UIEdgeInsets {
   |                  `- error: cannot find type 'UIEdgeInsets' in scope
38 |
39 |     var insets: EdgeInsets {
/Users/admin/builder/spi-builder-workspace/Sources/SwiftUItility/SwiftUI/Environment/spinner.swift:12:28: error: cannot find type 'UIActivityIndicatorView' in scope
10 | public class SpinnerController {
11 |
12 |     private var acitivity: UIActivityIndicatorView?
   |                            `- error: cannot find type 'UIActivityIndicatorView' in scope
13 |
14 |     public func start(_ style: UIActivityIndicatorView.Style = .medium) {
/Users/admin/builder/spi-builder-workspace/Sources/SwiftUItility/SwiftUI/Environment/spinner.swift:14:32: error: cannot find type 'UIActivityIndicatorView' in scope
12 |     private var acitivity: UIActivityIndicatorView?
13 |
14 |     public func start(_ style: UIActivityIndicatorView.Style = .medium) {
   |                                `- error: cannot find type 'UIActivityIndicatorView' in scope
15 |         DispatchQueue.main.async { [weak self] in
16 |             guard let self else { return }
Failed frontend command:
/Applications/Xcode-27.0.0-Release.Candidate.app/Contents/Developer/Toolchains/XcodeDefault.xctoolchain/usr/bin/swift-frontend -frontend -emit-module -experimental-skip-non-inlinable-function-bodies-without-types /Users/admin/builder/spi-builder-workspace/Sources/SwiftUItility/SwiftUI/Environment/alert.swift /Users/admin/builder/spi-builder-workspace/Sources/SwiftUItility/SwiftUI/Environment/safeAreaInsets.swift /Users/admin/builder/spi-builder-workspace/Sources/SwiftUItility/SwiftUI/Environment/screenSize.swift /Users/admin/builder/spi-builder-workspace/Sources/SwiftUItility/SwiftUI/Environment/spinner.swift /Users/admin/builder/spi-builder-workspace/Sources/SwiftUItility/SwiftUI/Environment/toast.swift /Users/admin/builder/spi-builder-workspace/Sources/SwiftUItility/SwiftUI/View+/Gesture/View+didDrag.swift /Users/admin/builder/spi-builder-workspace/Sources/SwiftUItility/SwiftUI/View+/Gesture/View+onDragging.swift /Users/admin/builder/spi-builder-workspace/Sources/SwiftUItility/SwiftUI/View+/State/View+syncFocused.swift /Users/admin/builder/spi-builder-workspace/Sources/SwiftUItility/SwiftUI/View+/State/View+syncStates.swift /Users/admin/builder/spi-builder-workspace/Sources/SwiftUItility/SwiftUI/View+/View+.swift /Users/admin/builder/spi-builder-workspace/Sources/SwiftUItility/SwiftUI/View+/View+getSize.swift /Users/admin/builder/spi-builder-workspace/Sources/SwiftUItility/SwiftUI/View+/View+hideKeyboard.swift /Users/admin/builder/spi-builder-workspace/Sources/SwiftUItility/UIKit/UIApplication+.swift -target arm64-apple-macos12.0 -module-can-import-version SwiftUI 8.0.84.1 8.0.84 -disable-cross-import-overlay-search -load-resolved-plugin /Applications/Xcode-27.0.0-Release.Candidate.app/Contents/Developer/Platforms/MacOSX.platform/Developer/usr/lib/swift/host/plugins/libFoundationMacros.dylib\#/Applications/Xcode-27.0.0-Release.Candidate.app/Contents/Developer/Platforms/MacOSX.platform/Developer/usr/bin/swift-plugin-server\#FoundationMacros -load-resolved-plugin /Applications/Xcode-27.0.0-Release.Candidate.app/Contents/Developer/Platforms/MacOSX.platform/Developer/usr/lib/swift/host/plugins/libObservationMacros.dylib\#/Applications/Xcode-27.0.0-Release.Candidate.app/Contents/Developer/Platforms/MacOSX.platform/Developer/usr/bin/swift-plugin-server\#ObservationMacros -load-resolved-plugin /Applications/Xcode-27.0.0-Release.Candidate.app/Contents/Developer/Platforms/MacOSX.platform/Developer/usr/lib/swift/host/plugins/libPreviewsMacros.dylib\#/Applications/Xcode-27.0.0-Release.Candidate.app/Contents/Developer/Platforms/MacOSX.platform/Developer/usr/bin/swift-plugin-server\#PreviewsMacros -load-resolved-plugin /Applications/Xcode-27.0.0-Release.Candidate.app/Contents/Developer/Platforms/MacOSX.platform/Developer/usr/lib/swift/host/plugins/libSwiftMacros.dylib\#/Applications/Xcode-27.0.0-Release.Candidate.app/Contents/Developer/Platforms/MacOSX.platform/Developer/usr/bin/swift-plugin-server\#SwiftMacros -load-resolved-plugin /Applications/Xcode-27.0.0-Release.Candidate.app/Contents/Developer/Platforms/MacOSX.platform/Developer/usr/lib/swift/host/plugins/libSwiftUIMacros.dylib\#/Applications/Xcode-27.0.0-Release.Candidate.app/Contents/Developer/Platforms/MacOSX.platform/Developer/usr/bin/swift-plugin-server\#SwiftUIMacros -disable-implicit-swift-modules -Xcc -fno-implicit-modules -Xcc -fno-implicit-module-maps -explicit-swift-module-map-file /Users/admin/builder/spi-builder-workspace/.derivedData/Build/Intermediates.noindex/SwiftUItility.build/Debug/SwiftUItility-t.build/Objects-normal/arm64/SwiftUItility-dependencies-1.json -Xllvm -aarch64-use-tbi -enable-objc-interop -stack-check -sdk /Applications/Xcode-27.0.0-Release.Candidate.app/Contents/Developer/Platforms/MacOSX.platform/Developer/SDKs/MacOSX27.0.sdk -I /Users/admin/builder/spi-builder-workspace/.derivedData/Build/Products/Debug -Isystem /Applications/Xcode-27.0.0-Release.Candidate.app/Contents/Developer/Platforms/MacOSX.platform/Developer/usr/lib -F /Users/admin/builder/spi-builder-workspace/.derivedData/Build/Products/Debug -F /Applications/Xcode-27.0.0-Release.Candidate.app/Contents/Developer/Platforms/MacOSX.platform/Developer/Library/Frameworks -module-cache-path /Users/admin/builder/spi-builder-workspace/.derivedData/Build/Intermediates.noindex/SwiftExplicitPrecompiledModules -no-color-diagnostics -Xcc -fno-color-diagnostics -enable-testing -g -debug-info-format\=dwarf -dwarf-version\=4 -profile-generate -profile-coverage-mapping -swift-version 5 -Onone -D SWIFT_PACKAGE -D DEBUG -D SWIFT_MODULE_RESOURCE_BUNDLE_UNAVAILABLE -D Xcode -serialize-debugging-options -enable-experimental-feature DebugDescriptionMacro -empty-abi-descriptor -validate-clang-modules-once -clang-build-session-file /Users/admin/builder/spi-builder-workspace/.derivedData/ModuleCache.noindex/Session.modulevalidation -Xcc -working-directory -Xcc /Users/admin/builder/spi-builder-workspace/.swiftpm/xcode -enable-anonymous-context-mangled-names -file-compilation-dir /Users/admin/builder/spi-builder-workspace/.swiftpm/xcode -Xcc -D_LIBCPP_HARDENING_MODE\=_LIBCPP_HARDENING_MODE_DEBUG -Xcc -ivfsstatcache -Xcc /Users/admin/builder/spi-builder-workspace/.derivedData/SDKStatCaches.noindex/macosx27.0-26A425-e829b21a6f8c9b70876ba0858053c0446a22442a12e9d48fe1a705f55a1adfc4.sdkstatcache -Xcc -fmodules-prune-interval\=86400 -Xcc -fmodules-prune-after\=345600 -Xcc -I/Users/admin/builder/spi-builder-workspace/.derivedData/Build/Products/Debug/include -Xcc -I/Users/admin/builder/spi-builder-workspace/.derivedData/Build/Intermediates.noindex/SwiftUItility.build/Debug/SwiftUItility-t.build/DerivedSources-normal/arm64 -Xcc -I/Users/admin/builder/spi-builder-workspace/.derivedData/Build/Intermediates.noindex/SwiftUItility.build/Debug/SwiftUItility-t.build/DerivedSources/arm64 -Xcc -I/Users/admin/builder/spi-builder-workspace/.derivedData/Build/Intermediates.noindex/SwiftUItility.build/Debug/SwiftUItility-t.build/DerivedSources -Xcc -DSWIFT_PACKAGE -Xcc -DDEBUG\=1 -no-auto-bridging-header-chaining -module-name SwiftUItility -package-name spi_builder_workspace -const-gather-protocols-file /Users/admin/builder/spi-builder-workspace/.derivedData/Build/Intermediates.noindex/SwiftUItility.build/Debug/SwiftUItility-t.build/Objects-normal/arm64/SwiftUItility_const_extract_protocols.json -disable-clang-spi -clang-target arm64-apple-macos27.0 -target-sdk-version 27.0 -target-sdk-name macosx27.0 -in-process-plugin-server-path /Applications/Xcode-27.0.0-Release.Candidate.app/Contents/Developer/Toolchains/XcodeDefault.xctoolchain/usr/lib/swift/host/libSwiftInProcPluginServer.dylib -emit-module-doc-path /Users/admin/builder/spi-builder-workspace/.derivedData/Build/Intermediates.noindex/SwiftUItility.build/Debug/SwiftUItility-t.build/Objects-normal/arm64/SwiftUItility.swiftdoc -emit-module-source-info-path /Users/admin/builder/spi-builder-workspace/.derivedData/Build/Intermediates.noindex/SwiftUItility.build/Debug/SwiftUItility-t.build/Objects-normal/arm64/SwiftUItility.swiftsourceinfo -emit-objc-header-path /Users/admin/builder/spi-builder-workspace/.derivedData/Build/Intermediates.noindex/SwiftUItility.build/Debug/SwiftUItility-t.build/Objects-normal/arm64/SwiftUItility-Swift.h -serialize-diagnostics-path /Users/admin/builder/spi-builder-workspace/.derivedData/Build/Intermediates.noindex/SwiftUItility.build/Debug/SwiftUItility-t.build/Objects-normal/arm64/SwiftUItility-primary-emit-module.dia -emit-dependencies-path /Users/admin/builder/spi-builder-workspace/.derivedData/Build/Intermediates.noindex/SwiftUItility.build/Debug/SwiftUItility-t.build/Objects-normal/arm64/SwiftUItility-primary-emit-module.d -parse-as-library -o /Users/admin/builder/spi-builder-workspace/.derivedData/Build/Intermediates.noindex/SwiftUItility.build/Debug/SwiftUItility-t.build/Objects-normal/arm64/SwiftUItility.swiftmodule -emit-abi-descriptor-path /Users/admin/builder/spi-builder-workspace/.derivedData/Build/Intermediates.noindex/SwiftUItility.build/Debug/SwiftUItility-t.build/Objects-normal/arm64/SwiftUItility.abi.json
SwiftCompile normal arm64 Compiling\ UIApplication+.swift /Users/admin/builder/spi-builder-workspace/Sources/SwiftUItility/UIKit/UIApplication+.swift (in target 'SwiftUItility' from project 'SwiftUItility')
SwiftCompile normal arm64 /Users/admin/builder/spi-builder-workspace/Sources/SwiftUItility/UIKit/UIApplication+.swift (in target 'SwiftUItility' from project 'SwiftUItility')
    cd /Users/admin/builder/spi-builder-workspace/.swiftpm/xcode
    builtin-SwiftPerFileCompile UIApplication+.swift
SwiftCompile normal arm64 Compiling\ View+syncStates.swift /Users/admin/builder/spi-builder-workspace/Sources/SwiftUItility/SwiftUI/View+/State/View+syncStates.swift (in target 'SwiftUItility' from project 'SwiftUItility')
SwiftCompile normal arm64 /Users/admin/builder/spi-builder-workspace/Sources/SwiftUItility/SwiftUI/View+/State/View+syncStates.swift (in target 'SwiftUItility' from project 'SwiftUItility')
    cd /Users/admin/builder/spi-builder-workspace/.swiftpm/xcode
    builtin-SwiftPerFileCompile View+syncStates.swift
SwiftCompile normal arm64 Compiling\ screenSize.swift,\ spinner.swift /Users/admin/builder/spi-builder-workspace/Sources/SwiftUItility/SwiftUI/Environment/screenSize.swift /Users/admin/builder/spi-builder-workspace/Sources/SwiftUItility/SwiftUI/Environment/spinner.swift (in target 'SwiftUItility' from project 'SwiftUItility')
/Users/admin/builder/spi-builder-workspace/Sources/SwiftUItility/SwiftUI/Environment/screenSize.swift:14:20: error: cannot find 'UIApplication' in scope
12 |     public static var defaultValue: CGSize {
13 |
14 |         let size = UIApplication
   |                    `- error: cannot find 'UIApplication' in scope
15 |             .shared
16 |             .root?
/Users/admin/builder/spi-builder-workspace/Sources/SwiftUItility/SwiftUI/Environment/screenSize.swift:19:14: error: failed to produce diagnostic for expression; please submit a bug report (https://swift.org/contributing/#reporting-bugs)
17 |             .view
18 |             .frame
19 |             .size
   |              `- error: failed to produce diagnostic for expression; please submit a bug report (https://swift.org/contributing/#reporting-bugs)
20 |
21 |         return size ?? .zero
/Users/admin/builder/spi-builder-workspace/Sources/SwiftUItility/SwiftUI/Environment/spinner.swift:12:28: error: cannot find type 'UIActivityIndicatorView' in scope
10 | public class SpinnerController {
11 |
12 |     private var acitivity: UIActivityIndicatorView?
   |                            `- error: cannot find type 'UIActivityIndicatorView' in scope
13 |
14 |     public func start(_ style: UIActivityIndicatorView.Style = .medium) {
/Users/admin/builder/spi-builder-workspace/Sources/SwiftUItility/SwiftUI/Environment/spinner.swift:14:32: error: cannot find type 'UIActivityIndicatorView' in scope
12 |     private var acitivity: UIActivityIndicatorView?
13 |
14 |     public func start(_ style: UIActivityIndicatorView.Style = .medium) {
   |                                `- error: cannot find type 'UIActivityIndicatorView' in scope
15 |         DispatchQueue.main.async { [weak self] in
16 |             guard let self else { return }
/Users/admin/builder/spi-builder-workspace/Sources/SwiftUItility/SwiftUI/Environment/spinner.swift:17:24: error: cannot find 'UIApplication' in scope
15 |         DispatchQueue.main.async { [weak self] in
16 |             guard let self else { return }
17 |             let root = UIApplication.shared.root
   |                        `- error: cannot find 'UIApplication' in scope
18 |             if self.acitivity == nil {
19 |                 let indicator = UIActivityIndicatorView()
SwiftCompile normal arm64 /Users/admin/builder/spi-builder-workspace/Sources/SwiftUItility/SwiftUI/Environment/screenSize.swift (in target 'SwiftUItility' from project 'SwiftUItility')
    cd /Users/admin/builder/spi-builder-workspace/.swiftpm/xcode
    builtin-SwiftPerFileCompile screenSize.swift
SwiftCompile normal arm64 /Users/admin/builder/spi-builder-workspace/Sources/SwiftUItility/SwiftUI/Environment/spinner.swift (in target 'SwiftUItility' from project 'SwiftUItility')
    cd /Users/admin/builder/spi-builder-workspace/.swiftpm/xcode
    builtin-SwiftPerFileCompile spinner.swift
SwiftCompile normal arm64 Compiling\ toast.swift,\ View+didDrag.swift /Users/admin/builder/spi-builder-workspace/Sources/SwiftUItility/SwiftUI/Environment/toast.swift /Users/admin/builder/spi-builder-workspace/Sources/SwiftUItility/SwiftUI/View+/Gesture/View+didDrag.swift (in target 'SwiftUItility' from project 'SwiftUItility')
SwiftCompile normal arm64 /Users/admin/builder/spi-builder-workspace/Sources/SwiftUItility/SwiftUI/Environment/toast.swift (in target 'SwiftUItility' from project 'SwiftUItility')
    cd /Users/admin/builder/spi-builder-workspace/.swiftpm/xcode
    builtin-SwiftPerFileCompile toast.swift
SwiftCompile normal arm64 /Users/admin/builder/spi-builder-workspace/Sources/SwiftUItility/SwiftUI/View+/Gesture/View+didDrag.swift (in target 'SwiftUItility' from project 'SwiftUItility')
    cd /Users/admin/builder/spi-builder-workspace/.swiftpm/xcode
    builtin-SwiftPerFileCompile View+didDrag.swift
SwiftCompile normal arm64 Compiling\ alert.swift,\ safeAreaInsets.swift /Users/admin/builder/spi-builder-workspace/Sources/SwiftUItility/SwiftUI/Environment/alert.swift /Users/admin/builder/spi-builder-workspace/Sources/SwiftUItility/SwiftUI/Environment/safeAreaInsets.swift (in target 'SwiftUItility' from project 'SwiftUItility')
/Users/admin/builder/spi-builder-workspace/Sources/SwiftUItility/SwiftUI/Environment/alert.swift:60:16: error: cannot find type 'UIAlertAction' in scope
58 |
59 |     let title: String
60 |     let style: UIAlertAction.Style
   |                `- error: cannot find type 'UIAlertAction' in scope
61 |     let action: (() -> Void)?
62 |
/Users/admin/builder/spi-builder-workspace/Sources/SwiftUItility/SwiftUI/Environment/alert.swift:65:16: error: cannot find type 'UIAlertAction' in scope
63 |     public init(
64 |         title: String,
65 |         style: UIAlertAction.Style = .default,
   |                `- error: cannot find type 'UIAlertAction' in scope
66 |         action: (() -> Void)? = .none
67 |     ) {
/Users/admin/builder/spi-builder-workspace/Sources/SwiftUItility/SwiftUI/Environment/alert.swift:13:21: error: cannot find 'UIAlertController' in scope
11 |
12 |     public func show(_ parameter: AlertParameter) {
13 |         let alert = UIAlertController(
   |                     `- error: cannot find 'UIAlertController' in scope
14 |             title: parameter.title,
15 |             message: parameter.message,
/Users/admin/builder/spi-builder-workspace/Sources/SwiftUItility/SwiftUI/Environment/alert.swift:19:26: error: cannot find 'UIAlertAction' in scope
17 |         )
18 |         parameter.buttons.forEach { button in
19 |             let action = UIAlertAction(
   |                          `- error: cannot find 'UIAlertAction' in scope
20 |                 title: button.title,
21 |                 style: button.style,
/Users/admin/builder/spi-builder-workspace/Sources/SwiftUItility/SwiftUI/Environment/alert.swift:26:9: error: cannot find 'UIApplication' in scope
24 |             alert.addAction(action)
25 |         }
26 |         UIApplication.shared.root?.present(alert, animated: true)
   |         `- error: cannot find 'UIApplication' in scope
27 |     }
28 | }
/Users/admin/builder/spi-builder-workspace/Sources/SwiftUItility/SwiftUI/Environment/safeAreaInsets.swift:37:18: error: cannot find type 'UIEdgeInsets' in scope
35 | }
36 |
37 | public extension UIEdgeInsets {
   |                  `- error: cannot find type 'UIEdgeInsets' in scope
38 |
39 |     var insets: EdgeInsets {
/Users/admin/builder/spi-builder-workspace/Sources/SwiftUItility/SwiftUI/Environment/safeAreaInsets.swift:14:30: error: cannot find 'UIApplication' in scope
12 |     public static var defaultValue: EdgeInsets {
13 |
14 |         let safeAreaInsets = UIApplication
   |                              `- error: cannot find 'UIApplication' in scope
15 |             .shared
16 |             .window?
SwiftCompile normal arm64 /Users/admin/builder/spi-builder-workspace/Sources/SwiftUItility/SwiftUI/Environment/alert.swift (in target 'SwiftUItility' from project 'SwiftUItility')
    cd /Users/admin/builder/spi-builder-workspace/.swiftpm/xcode
    builtin-SwiftPerFileCompile alert.swift
SwiftCompile normal arm64 /Users/admin/builder/spi-builder-workspace/Sources/SwiftUItility/SwiftUI/Environment/safeAreaInsets.swift (in target 'SwiftUItility' from project 'SwiftUItility')
    cd /Users/admin/builder/spi-builder-workspace/.swiftpm/xcode
    builtin-SwiftPerFileCompile safeAreaInsets.swift
SwiftCompile normal arm64 Compiling\ View+syncFocused.swift /Users/admin/builder/spi-builder-workspace/Sources/SwiftUItility/SwiftUI/View+/State/View+syncFocused.swift (in target 'SwiftUItility' from project 'SwiftUItility')
SwiftCompile normal arm64 /Users/admin/builder/spi-builder-workspace/Sources/SwiftUItility/SwiftUI/View+/State/View+syncFocused.swift (in target 'SwiftUItility' from project 'SwiftUItility')
    cd /Users/admin/builder/spi-builder-workspace/.swiftpm/xcode
    builtin-SwiftPerFileCompile View+syncFocused.swift
SwiftCompile normal arm64 Compiling\ View+hideKeyboard.swift /Users/admin/builder/spi-builder-workspace/Sources/SwiftUItility/SwiftUI/View+/View+hideKeyboard.swift (in target 'SwiftUItility' from project 'SwiftUItility')
SwiftCompile normal arm64 /Users/admin/builder/spi-builder-workspace/Sources/SwiftUItility/SwiftUI/View+/View+hideKeyboard.swift (in target 'SwiftUItility' from project 'SwiftUItility')
    cd /Users/admin/builder/spi-builder-workspace/.swiftpm/xcode
    builtin-SwiftPerFileCompile View+hideKeyboard.swift
/Users/admin/builder/spi-builder-workspace/Sources/SwiftUItility/SwiftUI/View+/View+hideKeyboard.swift:15:23: error: cannot find 'UIColor' in scope
13 |         self
14 |             .background(
15 |                 Color(UIColor.systemBackground)
   |                       `- error: cannot find 'UIColor' in scope
16 |                     .onTapGesture {
17 |                         UIApplication.shared.endEditing()
SwiftCompile normal arm64 Compiling\ View+.swift /Users/admin/builder/spi-builder-workspace/Sources/SwiftUItility/SwiftUI/View+/View+.swift (in target 'SwiftUItility' from project 'SwiftUItility')
SwiftCompile normal arm64 /Users/admin/builder/spi-builder-workspace/Sources/SwiftUItility/SwiftUI/View+/View+.swift (in target 'SwiftUItility' from project 'SwiftUItility')
    cd /Users/admin/builder/spi-builder-workspace/.swiftpm/xcode
    builtin-SwiftPerFileCompile View+.swift
SwiftCompile normal arm64 Compiling\ View+getSize.swift /Users/admin/builder/spi-builder-workspace/Sources/SwiftUItility/SwiftUI/View+/View+getSize.swift (in target 'SwiftUItility' from project 'SwiftUItility')
SwiftCompile normal arm64 /Users/admin/builder/spi-builder-workspace/Sources/SwiftUItility/SwiftUI/View+/View+getSize.swift (in target 'SwiftUItility' from project 'SwiftUItility')
    cd /Users/admin/builder/spi-builder-workspace/.swiftpm/xcode
    builtin-SwiftPerFileCompile View+getSize.swift
SwiftCompile normal arm64 Compiling\ View+onDragging.swift /Users/admin/builder/spi-builder-workspace/Sources/SwiftUItility/SwiftUI/View+/Gesture/View+onDragging.swift (in target 'SwiftUItility' from project 'SwiftUItility')
SwiftCompile normal arm64 /Users/admin/builder/spi-builder-workspace/Sources/SwiftUItility/SwiftUI/View+/Gesture/View+onDragging.swift (in target 'SwiftUItility' from project 'SwiftUItility')
    cd /Users/admin/builder/spi-builder-workspace/.swiftpm/xcode
    builtin-SwiftPerFileCompile View+onDragging.swift
PruneExplicitPrecompiledModules /Users/admin/builder/spi-builder-workspace/.derivedData/Build/Intermediates.noindex/SwiftExplicitPrecompiledModules
PruneExplicitPrecompiledModules /Users/admin/builder/spi-builder-workspace/.derivedData/SDKExplicitPrecompiledModules
PruneExplicitPrecompiledModules /Users/admin/builder/spi-builder-workspace/.derivedData/Build/Intermediates.noindex/ExplicitPrecompiledModules
2026-09-19 19:19:17.395 xcodebuild[627:3872] [MT] IDERunDestination: Supported platforms for the buildables in the current scheme is empty.
--- xcodebuild: WARNING: Using the first of multiple matching destinations:
{ platform:macOS, arch:arm64, id:ab3637dd7a132f777353d52d546c66020b62975c, name:My Mac }
{ platform:macOS, arch:arm64, variant:Mac Catalyst, id:ab3637dd7a132f777353d52d546c66020b62975c, name:My Mac }
{ platform:macOS, arch:arm64, variant:DriverKit, id:ab3637dd7a132f777353d52d546c66020b62975c, name:My Mac }
{ platform:macOS, arch:arm64, variant:Designed for [iPad,iPhone], id:ab3637dd7a132f777353d52d546c66020b62975c, name:My Mac }
** BUILD FAILED **
The following build commands failed:
	SwiftCompile normal arm64 (in target 'SwiftUItility' from project 'SwiftUItility')
	SwiftEmitModule normal arm64 Emitting\ module\ for\ SwiftUItility (in target 'SwiftUItility' from project 'SwiftUItility')
	Building workspace SwiftUItility with scheme SwiftUItility
(3 failures)
Command line invocation:
    /Applications/Xcode-27.0.0-Release.Candidate.app/Contents/Developer/usr/bin/xcodebuild -IDEClonedSourcePackagesDirPathOverride=/Users/admin/builder/spi-builder-workspace/.dependencies -resolvePackageDependencies
Resolve Package Graph
Resolved source packages:
  SwiftUItility: /Users/admin/builder/spi-builder-workspace
resolved source packages: SwiftUItility
2026-09-19 19:19:26.083 xcodebuild[739:4425] [MT] IDERunDestination: Supported platforms for the buildables in the current scheme is empty.
{
  "dependencies" : [
  ],
  "manifest_display_name" : "SwiftUItility",
  "name" : "SwiftUItility",
  "path" : "/Users/admin/builder/spi-builder-workspace",
  "platforms" : [
    {
      "name" : "ios",
      "version" : "15.0"
    }
  ],
  "products" : [
    {
      "name" : "SwiftUItility",
      "targets" : [
        "SwiftUItility"
      ],
      "type" : {
        "library" : [
          "automatic"
        ]
      }
    }
  ],
  "targets" : [
    {
      "c99name" : "SwiftUItilityTests",
      "module_type" : "SwiftTarget",
      "name" : "SwiftUItilityTests",
      "path" : "Tests/SwiftUItilityTests",
      "sources" : [
        "SwiftUItilityTests.swift"
      ],
      "target_dependencies" : [
        "SwiftUItility"
      ],
      "type" : "test"
    },
    {
      "c99name" : "SwiftUItility",
      "module_type" : "SwiftTarget",
      "name" : "SwiftUItility",
      "path" : "Sources/SwiftUItility",
      "product_memberships" : [
        "SwiftUItility"
      ],
      "sources" : [
        "SwiftUI/Environment/alert.swift",
        "SwiftUI/Environment/safeAreaInsets.swift",
        "SwiftUI/Environment/screenSize.swift",
        "SwiftUI/Environment/spinner.swift",
        "SwiftUI/Environment/toast.swift",
        "SwiftUI/View+/Gesture/View+didDrag.swift",
        "SwiftUI/View+/Gesture/View+onDragging.swift",
        "SwiftUI/View+/State/View+syncFocused.swift",
        "SwiftUI/View+/State/View+syncStates.swift",
        "SwiftUI/View+/View+.swift",
        "SwiftUI/View+/View+getSize.swift",
        "SwiftUI/View+/View+hideKeyboard.swift",
        "UIKit/UIApplication+.swift"
      ],
      "type" : "library"
    }
  ],
  "tools_version" : "5.9"
}
{
  "workspace" : {
    "name" : "SwiftUItility",
    "schemes" : [
      "SwiftUItility"
    ]
  }
}
2026-09-19 19:19:27.318 xcodebuild[747:4497] [MT] IDERunDestination: Supported platforms for the buildables in the current scheme is empty.
Running build ...
env DEVELOPER_DIR=/Applications/Xcode-27.0.0-Release.Candidate.app xcrun xcodebuild -IDEClonedSourcePackagesDirPathOverride=$PWD/.dependencies -skipMacroValidation -skipPackagePluginValidation -derivedDataPath $PWD/.derivedData build -scheme SwiftUItility -destination platform=macOS,arch=arm64
Command line invocation:
    /Applications/Xcode-27.0.0-Release.Candidate.app/Contents/Developer/usr/bin/xcodebuild -IDEClonedSourcePackagesDirPathOverride=/Users/admin/builder/spi-builder-workspace/.dependencies -skipMacroValidation -skipPackagePluginValidation -derivedDataPath /Users/admin/builder/spi-builder-workspace/.derivedData build -scheme SwiftUItility -destination platform=macOS,arch=arm64
Resolve Package Graph
Resolved source packages:
  SwiftUItility: /Users/admin/builder/spi-builder-workspace
ComputePackagePrebuildTargetDependencyGraph
Prepare packages
CreateBuildRequest
SendProjectDescription
CreateBuildOperation
ComputeTargetDependencyGraph
note: Building targets in dependency order
note: Target dependency graph (2 targets)
    Target 'SwiftUItility-product' in project 'SwiftUItility'
        ➜ Explicit dependency on target 'SwiftUItility' in project 'SwiftUItility'
    Target 'SwiftUItility' in project 'SwiftUItility' (no dependencies)
GatherProvisioningInputs
CreateBuildDescription
ClangStatCache /Applications/Xcode-27.0.0-Release.Candidate.app/Contents/Developer/Toolchains/XcodeDefault.xctoolchain/usr/bin/clang-stat-cache /Applications/Xcode-27.0.0-Release.Candidate.app/Contents/Developer/Platforms/MacOSX.platform/Developer/SDKs/MacOSX27.0.sdk /Users/admin/builder/spi-builder-workspace/.derivedData/SDKStatCaches.noindex/macosx27.0-26A425-e829b21a6f8c9b70876ba0858053c0446a22442a12e9d48fe1a705f55a1adfc4.sdkstatcache
    cd /Users/admin/builder/spi-builder-workspace/.swiftpm/xcode
    /Applications/Xcode-27.0.0-Release.Candidate.app/Contents/Developer/Toolchains/XcodeDefault.xctoolchain/usr/bin/clang-stat-cache /Applications/Xcode-27.0.0-Release.Candidate.app/Contents/Developer/Platforms/MacOSX.platform/Developer/SDKs/MacOSX27.0.sdk -o /Users/admin/builder/spi-builder-workspace/.derivedData/SDKStatCaches.noindex/macosx27.0-26A425-e829b21a6f8c9b70876ba0858053c0446a22442a12e9d48fe1a705f55a1adfc4.sdkstatcache
SwiftDriver SwiftUItility normal arm64 com.apple.xcode.tools.swift.compiler (in target 'SwiftUItility' from project 'SwiftUItility')
    cd /Users/admin/builder/spi-builder-workspace/.swiftpm/xcode
    builtin-SwiftDriver -- /Applications/Xcode-27.0.0-Release.Candidate.app/Contents/Developer/Toolchains/XcodeDefault.xctoolchain/usr/bin/swiftc -parse-as-library -module-name SwiftUItility -Onone @/Users/admin/builder/spi-builder-workspace/.derivedData/Build/Intermediates.noindex/SwiftUItility.build/Debug/SwiftUItility-t.build/Objects-normal/arm64/SwiftUItility.SwiftFileList -DSWIFT_PACKAGE -DDEBUG -DSWIFT_MODULE_RESOURCE_BUNDLE_UNAVAILABLE -DXcode -plugin-path /Applications/Xcode-27.0.0-Release.Candidate.app/Contents/Developer/Toolchains/XcodeDefault.xctoolchain/usr/lib/swift/host/plugins/testing -enable-experimental-feature DebugDescriptionMacro -sdk /Applications/Xcode-27.0.0-Release.Candidate.app/Contents/Developer/Platforms/MacOSX.platform/Developer/SDKs/MacOSX27.0.sdk -target arm64-apple-macos12.0 -g -module-cache-path /Users/admin/builder/spi-builder-workspace/.derivedData/ModuleCache.noindex -Xfrontend -serialize-debugging-options -profile-coverage-mapping -profile-generate -enable-testing -index-store-path /Users/admin/builder/spi-builder-workspace/.derivedData/Index.noindex/DataStore -Xcc -D_LIBCPP_HARDENING_MODE\=_LIBCPP_HARDENING_MODE_DEBUG -swift-version 5 -I /Users/admin/builder/spi-builder-workspace/.derivedData/Build/Products/Debug -Isystem /Applications/Xcode-27.0.0-Release.Candidate.app/Contents/Developer/Platforms/MacOSX.platform/Developer/usr/lib -F /Users/admin/builder/spi-builder-workspace/.derivedData/Build/Products/Debug -F /Applications/Xcode-27.0.0-Release.Candidate.app/Contents/Developer/Platforms/MacOSX.platform/Developer/Library/Frameworks -c -j10 -enable-batch-mode -incremental -Xcc -ivfsstatcache -Xcc /Users/admin/builder/spi-builder-workspace/.derivedData/SDKStatCaches.noindex/macosx27.0-26A425-e829b21a6f8c9b70876ba0858053c0446a22442a12e9d48fe1a705f55a1adfc4.sdkstatcache -output-file-map /Users/admin/builder/spi-builder-workspace/.derivedData/Build/Intermediates.noindex/SwiftUItility.build/Debug/SwiftUItility-t.build/Objects-normal/arm64/SwiftUItility-OutputFileMap.json -save-temps -no-color-diagnostics -explicit-module-build -module-cache-path /Users/admin/builder/spi-builder-workspace/.derivedData/Build/Intermediates.noindex/SwiftExplicitPrecompiledModules -clang-scanner-module-cache-path /Users/admin/builder/spi-builder-workspace/.derivedData/ModuleCache.noindex -sdk-module-cache-path /Users/admin/builder/spi-builder-workspace/.derivedData/SDKExplicitPrecompiledModules -emit-dependencies -emit-module -emit-module-path /Users/admin/builder/spi-builder-workspace/.derivedData/Build/Intermediates.noindex/SwiftUItility.build/Debug/SwiftUItility-t.build/Objects-normal/arm64/SwiftUItility.swiftmodule -serialize-diagnostics -dependency-scan-serialize-diagnostics-path /Users/admin/builder/spi-builder-workspace/.derivedData/Build/Intermediates.noindex/SwiftUItility.build/Debug/SwiftUItility-t.build/Objects-normal/arm64/SwiftUItility-dependency-scan.dia -validate-clang-modules-once -clang-build-session-file /Users/admin/builder/spi-builder-workspace/.derivedData/ModuleCache.noindex/Session.modulevalidation -Xcc -fmodules-prune-interval\=86400 -Xcc -fmodules-prune-after\=345600 -package-name spi_builder_workspace -emit-const-values -const-gather-protocols-list /Users/admin/builder/spi-builder-workspace/.derivedData/Build/Intermediates.noindex/SwiftUItility.build/Debug/SwiftUItility-t.build/Objects-normal/arm64/SwiftUItility_const_extract_protocols.json -Xcc -I/Users/admin/builder/spi-builder-workspace/.derivedData/Build/Products/Debug/include -Xcc -I/Users/admin/builder/spi-builder-workspace/.derivedData/Build/Intermediates.noindex/SwiftUItility.build/Debug/SwiftUItility-t.build/DerivedSources-normal/arm64 -Xcc -I/Users/admin/builder/spi-builder-workspace/.derivedData/Build/Intermediates.noindex/SwiftUItility.build/Debug/SwiftUItility-t.build/DerivedSources/arm64 -Xcc -I/Users/admin/builder/spi-builder-workspace/.derivedData/Build/Intermediates.noindex/SwiftUItility.build/Debug/SwiftUItility-t.build/DerivedSources -Xcc -DSWIFT_PACKAGE -Xcc -DDEBUG\=1 -emit-objc-header -emit-objc-header-path /Users/admin/builder/spi-builder-workspace/.derivedData/Build/Intermediates.noindex/SwiftUItility.build/Debug/SwiftUItility-t.build/Objects-normal/arm64/SwiftUItility-Swift.h -working-directory /Users/admin/builder/spi-builder-workspace/.swiftpm/xcode -experimental-emit-module-separately -disable-cmo
SwiftCompile normal arm64 Compiling\ toast.swift,\ View+didDrag.swift /Users/admin/builder/spi-builder-workspace/Sources/SwiftUItility/SwiftUI/Environment/toast.swift /Users/admin/builder/spi-builder-workspace/Sources/SwiftUItility/SwiftUI/View+/Gesture/View+didDrag.swift (in target 'SwiftUItility' from project 'SwiftUItility')
SwiftCompile normal arm64 /Users/admin/builder/spi-builder-workspace/Sources/SwiftUItility/SwiftUI/Environment/toast.swift (in target 'SwiftUItility' from project 'SwiftUItility')
    cd /Users/admin/builder/spi-builder-workspace/.swiftpm/xcode
    builtin-SwiftPerFileCompile toast.swift
SwiftCompile normal arm64 /Users/admin/builder/spi-builder-workspace/Sources/SwiftUItility/SwiftUI/View+/Gesture/View+didDrag.swift (in target 'SwiftUItility' from project 'SwiftUItility')
    cd /Users/admin/builder/spi-builder-workspace/.swiftpm/xcode
    builtin-SwiftPerFileCompile View+didDrag.swift
SwiftCompile normal arm64 Compiling\ screenSize.swift,\ spinner.swift /Users/admin/builder/spi-builder-workspace/Sources/SwiftUItility/SwiftUI/Environment/screenSize.swift /Users/admin/builder/spi-builder-workspace/Sources/SwiftUItility/SwiftUI/Environment/spinner.swift (in target 'SwiftUItility' from project 'SwiftUItility')
/Users/admin/builder/spi-builder-workspace/Sources/SwiftUItility/SwiftUI/Environment/screenSize.swift:14:20: error: cannot find 'UIApplication' in scope
12 |     public static var defaultValue: CGSize {
13 |
14 |         let size = UIApplication
   |                    `- error: cannot find 'UIApplication' in scope
15 |             .shared
16 |             .root?
/Users/admin/builder/spi-builder-workspace/Sources/SwiftUItility/SwiftUI/Environment/screenSize.swift:19:14: error: failed to produce diagnostic for expression; please submit a bug report (https://swift.org/contributing/#reporting-bugs)
17 |             .view
18 |             .frame
19 |             .size
   |              `- error: failed to produce diagnostic for expression; please submit a bug report (https://swift.org/contributing/#reporting-bugs)
20 |
21 |         return size ?? .zero
/Users/admin/builder/spi-builder-workspace/Sources/SwiftUItility/SwiftUI/Environment/spinner.swift:12:28: error: cannot find type 'UIActivityIndicatorView' in scope
10 | public class SpinnerController {
11 |
12 |     private var acitivity: UIActivityIndicatorView?
   |                            `- error: cannot find type 'UIActivityIndicatorView' in scope
13 |
14 |     public func start(_ style: UIActivityIndicatorView.Style = .medium) {
/Users/admin/builder/spi-builder-workspace/Sources/SwiftUItility/SwiftUI/Environment/spinner.swift:14:32: error: cannot find type 'UIActivityIndicatorView' in scope
12 |     private var acitivity: UIActivityIndicatorView?
13 |
14 |     public func start(_ style: UIActivityIndicatorView.Style = .medium) {
   |                                `- error: cannot find type 'UIActivityIndicatorView' in scope
15 |         DispatchQueue.main.async { [weak self] in
16 |             guard let self else { return }
/Users/admin/builder/spi-builder-workspace/Sources/SwiftUItility/SwiftUI/Environment/spinner.swift:17:24: error: cannot find 'UIApplication' in scope
15 |         DispatchQueue.main.async { [weak self] in
16 |             guard let self else { return }
17 |             let root = UIApplication.shared.root
   |                        `- error: cannot find 'UIApplication' in scope
18 |             if self.acitivity == nil {
19 |                 let indicator = UIActivityIndicatorView()
SwiftCompile normal arm64 /Users/admin/builder/spi-builder-workspace/Sources/SwiftUItility/SwiftUI/Environment/screenSize.swift (in target 'SwiftUItility' from project 'SwiftUItility')
    cd /Users/admin/builder/spi-builder-workspace/.swiftpm/xcode
    builtin-SwiftPerFileCompile screenSize.swift
SwiftCompile normal arm64 /Users/admin/builder/spi-builder-workspace/Sources/SwiftUItility/SwiftUI/Environment/spinner.swift (in target 'SwiftUItility' from project 'SwiftUItility')
    cd /Users/admin/builder/spi-builder-workspace/.swiftpm/xcode
    builtin-SwiftPerFileCompile spinner.swift
SwiftCompile normal arm64 Compiling\ View+syncFocused.swift /Users/admin/builder/spi-builder-workspace/Sources/SwiftUItility/SwiftUI/View+/State/View+syncFocused.swift (in target 'SwiftUItility' from project 'SwiftUItility')
SwiftCompile normal arm64 /Users/admin/builder/spi-builder-workspace/Sources/SwiftUItility/SwiftUI/View+/State/View+syncFocused.swift (in target 'SwiftUItility' from project 'SwiftUItility')
    cd /Users/admin/builder/spi-builder-workspace/.swiftpm/xcode
    builtin-SwiftPerFileCompile View+syncFocused.swift
SwiftCompile normal arm64 Compiling\ View+getSize.swift /Users/admin/builder/spi-builder-workspace/Sources/SwiftUItility/SwiftUI/View+/View+getSize.swift (in target 'SwiftUItility' from project 'SwiftUItility')
SwiftCompile normal arm64 /Users/admin/builder/spi-builder-workspace/Sources/SwiftUItility/SwiftUI/View+/View+getSize.swift (in target 'SwiftUItility' from project 'SwiftUItility')
    cd /Users/admin/builder/spi-builder-workspace/.swiftpm/xcode
    builtin-SwiftPerFileCompile View+getSize.swift
SwiftCompile normal arm64 Compiling\ View+.swift /Users/admin/builder/spi-builder-workspace/Sources/SwiftUItility/SwiftUI/View+/View+.swift (in target 'SwiftUItility' from project 'SwiftUItility')
SwiftCompile normal arm64 /Users/admin/builder/spi-builder-workspace/Sources/SwiftUItility/SwiftUI/View+/View+.swift (in target 'SwiftUItility' from project 'SwiftUItility')
    cd /Users/admin/builder/spi-builder-workspace/.swiftpm/xcode
    builtin-SwiftPerFileCompile View+.swift
SwiftCompile normal arm64 Compiling\ View+onDragging.swift /Users/admin/builder/spi-builder-workspace/Sources/SwiftUItility/SwiftUI/View+/Gesture/View+onDragging.swift (in target 'SwiftUItility' from project 'SwiftUItility')
SwiftCompile normal arm64 /Users/admin/builder/spi-builder-workspace/Sources/SwiftUItility/SwiftUI/View+/Gesture/View+onDragging.swift (in target 'SwiftUItility' from project 'SwiftUItility')
    cd /Users/admin/builder/spi-builder-workspace/.swiftpm/xcode
    builtin-SwiftPerFileCompile View+onDragging.swift
SwiftCompile normal arm64 Compiling\ alert.swift,\ safeAreaInsets.swift /Users/admin/builder/spi-builder-workspace/Sources/SwiftUItility/SwiftUI/Environment/alert.swift /Users/admin/builder/spi-builder-workspace/Sources/SwiftUItility/SwiftUI/Environment/safeAreaInsets.swift (in target 'SwiftUItility' from project 'SwiftUItility')
/Users/admin/builder/spi-builder-workspace/Sources/SwiftUItility/SwiftUI/Environment/alert.swift:60:16: error: cannot find type 'UIAlertAction' in scope
58 |
59 |     let title: String
60 |     let style: UIAlertAction.Style
   |                `- error: cannot find type 'UIAlertAction' in scope
61 |     let action: (() -> Void)?
62 |
/Users/admin/builder/spi-builder-workspace/Sources/SwiftUItility/SwiftUI/Environment/alert.swift:65:16: error: cannot find type 'UIAlertAction' in scope
63 |     public init(
64 |         title: String,
65 |         style: UIAlertAction.Style = .default,
   |                `- error: cannot find type 'UIAlertAction' in scope
66 |         action: (() -> Void)? = .none
67 |     ) {
/Users/admin/builder/spi-builder-workspace/Sources/SwiftUItility/SwiftUI/Environment/alert.swift:13:21: error: cannot find 'UIAlertController' in scope
11 |
12 |     public func show(_ parameter: AlertParameter) {
13 |         let alert = UIAlertController(
   |                     `- error: cannot find 'UIAlertController' in scope
14 |             title: parameter.title,
15 |             message: parameter.message,
/Users/admin/builder/spi-builder-workspace/Sources/SwiftUItility/SwiftUI/Environment/alert.swift:19:26: error: cannot find 'UIAlertAction' in scope
17 |         )
18 |         parameter.buttons.forEach { button in
19 |             let action = UIAlertAction(
   |                          `- error: cannot find 'UIAlertAction' in scope
20 |                 title: button.title,
21 |                 style: button.style,
/Users/admin/builder/spi-builder-workspace/Sources/SwiftUItility/SwiftUI/Environment/alert.swift:26:9: error: cannot find 'UIApplication' in scope
24 |             alert.addAction(action)
25 |         }
26 |         UIApplication.shared.root?.present(alert, animated: true)
   |         `- error: cannot find 'UIApplication' in scope
27 |     }
28 | }
/Users/admin/builder/spi-builder-workspace/Sources/SwiftUItility/SwiftUI/Environment/safeAreaInsets.swift:37:18: error: cannot find type 'UIEdgeInsets' in scope
35 | }
36 |
37 | public extension UIEdgeInsets {
   |                  `- error: cannot find type 'UIEdgeInsets' in scope
38 |
39 |     var insets: EdgeInsets {
/Users/admin/builder/spi-builder-workspace/Sources/SwiftUItility/SwiftUI/Environment/safeAreaInsets.swift:14:30: error: cannot find 'UIApplication' in scope
12 |     public static var defaultValue: EdgeInsets {
13 |
14 |         let safeAreaInsets = UIApplication
   |                              `- error: cannot find 'UIApplication' in scope
15 |             .shared
16 |             .window?
SwiftCompile normal arm64 /Users/admin/builder/spi-builder-workspace/Sources/SwiftUItility/SwiftUI/Environment/alert.swift (in target 'SwiftUItility' from project 'SwiftUItility')
    cd /Users/admin/builder/spi-builder-workspace/.swiftpm/xcode
    builtin-SwiftPerFileCompile alert.swift
SwiftCompile normal arm64 /Users/admin/builder/spi-builder-workspace/Sources/SwiftUItility/SwiftUI/Environment/safeAreaInsets.swift (in target 'SwiftUItility' from project 'SwiftUItility')
    cd /Users/admin/builder/spi-builder-workspace/.swiftpm/xcode
    builtin-SwiftPerFileCompile safeAreaInsets.swift
SwiftCompile normal arm64 Compiling\ View+syncStates.swift /Users/admin/builder/spi-builder-workspace/Sources/SwiftUItility/SwiftUI/View+/State/View+syncStates.swift (in target 'SwiftUItility' from project 'SwiftUItility')
SwiftCompile normal arm64 /Users/admin/builder/spi-builder-workspace/Sources/SwiftUItility/SwiftUI/View+/State/View+syncStates.swift (in target 'SwiftUItility' from project 'SwiftUItility')
    cd /Users/admin/builder/spi-builder-workspace/.swiftpm/xcode
    builtin-SwiftPerFileCompile View+syncStates.swift
SwiftEmitModule normal arm64 Emitting\ module\ for\ SwiftUItility (in target 'SwiftUItility' from project 'SwiftUItility')
/Users/admin/builder/spi-builder-workspace/Sources/SwiftUItility/SwiftUI/Environment/alert.swift:60:16: error: cannot find type 'UIAlertAction' in scope
58 |
59 |     let title: String
60 |     let style: UIAlertAction.Style
   |                `- error: cannot find type 'UIAlertAction' in scope
61 |     let action: (() -> Void)?
62 |
/Users/admin/builder/spi-builder-workspace/Sources/SwiftUItility/SwiftUI/Environment/alert.swift:65:16: error: cannot find type 'UIAlertAction' in scope
63 |     public init(
64 |         title: String,
65 |         style: UIAlertAction.Style = .default,
   |                `- error: cannot find type 'UIAlertAction' in scope
66 |         action: (() -> Void)? = .none
67 |     ) {
/Users/admin/builder/spi-builder-workspace/Sources/SwiftUItility/SwiftUI/Environment/safeAreaInsets.swift:37:18: error: cannot find type 'UIEdgeInsets' in scope
35 | }
36 |
37 | public extension UIEdgeInsets {
   |                  `- error: cannot find type 'UIEdgeInsets' in scope
38 |
39 |     var insets: EdgeInsets {
/Users/admin/builder/spi-builder-workspace/Sources/SwiftUItility/SwiftUI/Environment/spinner.swift:12:28: error: cannot find type 'UIActivityIndicatorView' in scope
10 | public class SpinnerController {
11 |
12 |     private var acitivity: UIActivityIndicatorView?
   |                            `- error: cannot find type 'UIActivityIndicatorView' in scope
13 |
14 |     public func start(_ style: UIActivityIndicatorView.Style = .medium) {
/Users/admin/builder/spi-builder-workspace/Sources/SwiftUItility/SwiftUI/Environment/spinner.swift:14:32: error: cannot find type 'UIActivityIndicatorView' in scope
12 |     private var acitivity: UIActivityIndicatorView?
13 |
14 |     public func start(_ style: UIActivityIndicatorView.Style = .medium) {
   |                                `- error: cannot find type 'UIActivityIndicatorView' in scope
15 |         DispatchQueue.main.async { [weak self] in
16 |             guard let self else { return }
Failed frontend command:
/Applications/Xcode-27.0.0-Release.Candidate.app/Contents/Developer/Toolchains/XcodeDefault.xctoolchain/usr/bin/swift-frontend -frontend -emit-module -experimental-skip-non-inlinable-function-bodies-without-types /Users/admin/builder/spi-builder-workspace/Sources/SwiftUItility/SwiftUI/Environment/alert.swift /Users/admin/builder/spi-builder-workspace/Sources/SwiftUItility/SwiftUI/Environment/safeAreaInsets.swift /Users/admin/builder/spi-builder-workspace/Sources/SwiftUItility/SwiftUI/Environment/screenSize.swift /Users/admin/builder/spi-builder-workspace/Sources/SwiftUItility/SwiftUI/Environment/spinner.swift /Users/admin/builder/spi-builder-workspace/Sources/SwiftUItility/SwiftUI/Environment/toast.swift /Users/admin/builder/spi-builder-workspace/Sources/SwiftUItility/SwiftUI/View+/Gesture/View+didDrag.swift /Users/admin/builder/spi-builder-workspace/Sources/SwiftUItility/SwiftUI/View+/Gesture/View+onDragging.swift /Users/admin/builder/spi-builder-workspace/Sources/SwiftUItility/SwiftUI/View+/State/View+syncFocused.swift /Users/admin/builder/spi-builder-workspace/Sources/SwiftUItility/SwiftUI/View+/State/View+syncStates.swift /Users/admin/builder/spi-builder-workspace/Sources/SwiftUItility/SwiftUI/View+/View+.swift /Users/admin/builder/spi-builder-workspace/Sources/SwiftUItility/SwiftUI/View+/View+getSize.swift /Users/admin/builder/spi-builder-workspace/Sources/SwiftUItility/SwiftUI/View+/View+hideKeyboard.swift /Users/admin/builder/spi-builder-workspace/Sources/SwiftUItility/UIKit/UIApplication+.swift -target arm64-apple-macos12.0 -module-can-import-version SwiftUI 8.0.84.1 8.0.84 -disable-cross-import-overlay-search -load-resolved-plugin /Applications/Xcode-27.0.0-Release.Candidate.app/Contents/Developer/Platforms/MacOSX.platform/Developer/usr/lib/swift/host/plugins/libFoundationMacros.dylib\#/Applications/Xcode-27.0.0-Release.Candidate.app/Contents/Developer/Platforms/MacOSX.platform/Developer/usr/bin/swift-plugin-server\#FoundationMacros -load-resolved-plugin /Applications/Xcode-27.0.0-Release.Candidate.app/Contents/Developer/Platforms/MacOSX.platform/Developer/usr/lib/swift/host/plugins/libObservationMacros.dylib\#/Applications/Xcode-27.0.0-Release.Candidate.app/Contents/Developer/Platforms/MacOSX.platform/Developer/usr/bin/swift-plugin-server\#ObservationMacros -load-resolved-plugin /Applications/Xcode-27.0.0-Release.Candidate.app/Contents/Developer/Platforms/MacOSX.platform/Developer/usr/lib/swift/host/plugins/libPreviewsMacros.dylib\#/Applications/Xcode-27.0.0-Release.Candidate.app/Contents/Developer/Platforms/MacOSX.platform/Developer/usr/bin/swift-plugin-server\#PreviewsMacros -load-resolved-plugin /Applications/Xcode-27.0.0-Release.Candidate.app/Contents/Developer/Platforms/MacOSX.platform/Developer/usr/lib/swift/host/plugins/libSwiftMacros.dylib\#/Applications/Xcode-27.0.0-Release.Candidate.app/Contents/Developer/Platforms/MacOSX.platform/Developer/usr/bin/swift-plugin-server\#SwiftMacros -load-resolved-plugin /Applications/Xcode-27.0.0-Release.Candidate.app/Contents/Developer/Platforms/MacOSX.platform/Developer/usr/lib/swift/host/plugins/libSwiftUIMacros.dylib\#/Applications/Xcode-27.0.0-Release.Candidate.app/Contents/Developer/Platforms/MacOSX.platform/Developer/usr/bin/swift-plugin-server\#SwiftUIMacros -disable-implicit-swift-modules -Xcc -fno-implicit-modules -Xcc -fno-implicit-module-maps -explicit-swift-module-map-file /Users/admin/builder/spi-builder-workspace/.derivedData/Build/Intermediates.noindex/SwiftUItility.build/Debug/SwiftUItility-t.build/Objects-normal/arm64/SwiftUItility-dependencies-1.json -Xllvm -aarch64-use-tbi -enable-objc-interop -stack-check -sdk /Applications/Xcode-27.0.0-Release.Candidate.app/Contents/Developer/Platforms/MacOSX.platform/Developer/SDKs/MacOSX27.0.sdk -I /Users/admin/builder/spi-builder-workspace/.derivedData/Build/Products/Debug -Isystem /Applications/Xcode-27.0.0-Release.Candidate.app/Contents/Developer/Platforms/MacOSX.platform/Developer/usr/lib -F /Users/admin/builder/spi-builder-workspace/.derivedData/Build/Products/Debug -F /Applications/Xcode-27.0.0-Release.Candidate.app/Contents/Developer/Platforms/MacOSX.platform/Developer/Library/Frameworks -module-cache-path /Users/admin/builder/spi-builder-workspace/.derivedData/Build/Intermediates.noindex/SwiftExplicitPrecompiledModules -no-color-diagnostics -Xcc -fno-color-diagnostics -enable-testing -g -debug-info-format\=dwarf -dwarf-version\=4 -profile-generate -profile-coverage-mapping -swift-version 5 -Onone -D SWIFT_PACKAGE -D DEBUG -D SWIFT_MODULE_RESOURCE_BUNDLE_UNAVAILABLE -D Xcode -serialize-debugging-options -enable-experimental-feature DebugDescriptionMacro -empty-abi-descriptor -validate-clang-modules-once -clang-build-session-file /Users/admin/builder/spi-builder-workspace/.derivedData/ModuleCache.noindex/Session.modulevalidation -Xcc -working-directory -Xcc /Users/admin/builder/spi-builder-workspace/.swiftpm/xcode -enable-anonymous-context-mangled-names -file-compilation-dir /Users/admin/builder/spi-builder-workspace/.swiftpm/xcode -Xcc -D_LIBCPP_HARDENING_MODE\=_LIBCPP_HARDENING_MODE_DEBUG -Xcc -ivfsstatcache -Xcc /Users/admin/builder/spi-builder-workspace/.derivedData/SDKStatCaches.noindex/macosx27.0-26A425-e829b21a6f8c9b70876ba0858053c0446a22442a12e9d48fe1a705f55a1adfc4.sdkstatcache -Xcc -fmodules-prune-interval\=86400 -Xcc -fmodules-prune-after\=345600 -Xcc -I/Users/admin/builder/spi-builder-workspace/.derivedData/Build/Products/Debug/include -Xcc -I/Users/admin/builder/spi-builder-workspace/.derivedData/Build/Intermediates.noindex/SwiftUItility.build/Debug/SwiftUItility-t.build/DerivedSources-normal/arm64 -Xcc -I/Users/admin/builder/spi-builder-workspace/.derivedData/Build/Intermediates.noindex/SwiftUItility.build/Debug/SwiftUItility-t.build/DerivedSources/arm64 -Xcc -I/Users/admin/builder/spi-builder-workspace/.derivedData/Build/Intermediates.noindex/SwiftUItility.build/Debug/SwiftUItility-t.build/DerivedSources -Xcc -DSWIFT_PACKAGE -Xcc -DDEBUG\=1 -no-auto-bridging-header-chaining -module-name SwiftUItility -package-name spi_builder_workspace -const-gather-protocols-file /Users/admin/builder/spi-builder-workspace/.derivedData/Build/Intermediates.noindex/SwiftUItility.build/Debug/SwiftUItility-t.build/Objects-normal/arm64/SwiftUItility_const_extract_protocols.json -disable-clang-spi -clang-target arm64-apple-macos27.0 -target-sdk-version 27.0 -target-sdk-name macosx27.0 -in-process-plugin-server-path /Applications/Xcode-27.0.0-Release.Candidate.app/Contents/Developer/Toolchains/XcodeDefault.xctoolchain/usr/lib/swift/host/libSwiftInProcPluginServer.dylib -emit-module-doc-path /Users/admin/builder/spi-builder-workspace/.derivedData/Build/Intermediates.noindex/SwiftUItility.build/Debug/SwiftUItility-t.build/Objects-normal/arm64/SwiftUItility.swiftdoc -emit-module-source-info-path /Users/admin/builder/spi-builder-workspace/.derivedData/Build/Intermediates.noindex/SwiftUItility.build/Debug/SwiftUItility-t.build/Objects-normal/arm64/SwiftUItility.swiftsourceinfo -emit-objc-header-path /Users/admin/builder/spi-builder-workspace/.derivedData/Build/Intermediates.noindex/SwiftUItility.build/Debug/SwiftUItility-t.build/Objects-normal/arm64/SwiftUItility-Swift.h -serialize-diagnostics-path /Users/admin/builder/spi-builder-workspace/.derivedData/Build/Intermediates.noindex/SwiftUItility.build/Debug/SwiftUItility-t.build/Objects-normal/arm64/SwiftUItility-primary-emit-module.dia -emit-dependencies-path /Users/admin/builder/spi-builder-workspace/.derivedData/Build/Intermediates.noindex/SwiftUItility.build/Debug/SwiftUItility-t.build/Objects-normal/arm64/SwiftUItility-primary-emit-module.d -parse-as-library -o /Users/admin/builder/spi-builder-workspace/.derivedData/Build/Intermediates.noindex/SwiftUItility.build/Debug/SwiftUItility-t.build/Objects-normal/arm64/SwiftUItility.swiftmodule -emit-abi-descriptor-path /Users/admin/builder/spi-builder-workspace/.derivedData/Build/Intermediates.noindex/SwiftUItility.build/Debug/SwiftUItility-t.build/Objects-normal/arm64/SwiftUItility.abi.json
SwiftCompile normal arm64 (in target 'SwiftUItility' from project 'SwiftUItility')
    cd /Users/admin/builder/spi-builder-workspace/.swiftpm/xcode

SwiftCompile normal arm64 Compiling\ View+hideKeyboard.swift /Users/admin/builder/spi-builder-workspace/Sources/SwiftUItility/SwiftUI/View+/View+hideKeyboard.swift (in target 'SwiftUItility' from project 'SwiftUItility')
/Users/admin/builder/spi-builder-workspace/Sources/SwiftUItility/SwiftUI/View+/View+hideKeyboard.swift:15:23: error: cannot find 'UIColor' in scope
13 |         self
14 |             .background(
15 |                 Color(UIColor.systemBackground)
   |                       `- error: cannot find 'UIColor' in scope
16 |                     .onTapGesture {
17 |                         UIApplication.shared.endEditing()
SwiftCompile normal arm64 /Users/admin/builder/spi-builder-workspace/Sources/SwiftUItility/SwiftUI/View+/View+hideKeyboard.swift (in target 'SwiftUItility' from project 'SwiftUItility')
    cd /Users/admin/builder/spi-builder-workspace/.swiftpm/xcode
    builtin-SwiftPerFileCompile View+hideKeyboard.swift
SwiftCompile normal arm64 Compiling\ UIApplication+.swift /Users/admin/builder/spi-builder-workspace/Sources/SwiftUItility/UIKit/UIApplication+.swift (in target 'SwiftUItility' from project 'SwiftUItility')
SwiftCompile normal arm64 /Users/admin/builder/spi-builder-workspace/Sources/SwiftUItility/UIKit/UIApplication+.swift (in target 'SwiftUItility' from project 'SwiftUItility')
    cd /Users/admin/builder/spi-builder-workspace/.swiftpm/xcode
    builtin-SwiftPerFileCompile UIApplication+.swift
PruneExplicitPrecompiledModules /Users/admin/builder/spi-builder-workspace/.derivedData/Build/Intermediates.noindex/ExplicitPrecompiledModules
PruneExplicitPrecompiledModules /Users/admin/builder/spi-builder-workspace/.derivedData/Build/Intermediates.noindex/SwiftExplicitPrecompiledModules
PruneExplicitPrecompiledModules /Users/admin/builder/spi-builder-workspace/.derivedData/SDKExplicitPrecompiledModules
2026-09-19 19:19:28.302 xcodebuild[748:4523] [MT] IDERunDestination: Supported platforms for the buildables in the current scheme is empty.
--- xcodebuild: WARNING: Using the first of multiple matching destinations:
{ platform:macOS, arch:arm64, id:ab3637dd7a132f777353d52d546c66020b62975c, name:My Mac }
{ platform:macOS, arch:arm64, variant:Mac Catalyst, id:ab3637dd7a132f777353d52d546c66020b62975c, name:My Mac }
{ platform:macOS, arch:arm64, variant:DriverKit, id:ab3637dd7a132f777353d52d546c66020b62975c, name:My Mac }
{ platform:macOS, arch:arm64, variant:Designed for [iPad,iPhone], id:ab3637dd7a132f777353d52d546c66020b62975c, name:My Mac }
** BUILD FAILED **
The following build commands failed:
	SwiftEmitModule normal arm64 Emitting\ module\ for\ SwiftUItility (in target 'SwiftUItility' from project 'SwiftUItility')
	SwiftCompile normal arm64 (in target 'SwiftUItility' from project 'SwiftUItility')
	Building workspace SwiftUItility with scheme SwiftUItility
(3 failures)
BUILD FAILURE 6.4 macosXcodebuild