Build Information
Failed to build FlowKit, reference 0.6.1 (36dd57), with Swift 6.4 for macOS (Xcode) using Xcode 27.0 on 16 Sep 2026 08:33:11 UTC.
Build Command
env DEVELOPER_DIR=/Applications/Xcode-27.0.0-Release.Candidate.app xcrun xcodebuild -IDEClonedSourcePackagesDirPathOverride=$PWD/.dependencies -skipMacroValidation -skipPackagePluginValidation -derivedDataPath $PWD/.derivedData build -scheme FlowKit -destination platform=macOS,arch=arm64Build Log
========================================
RunAll
========================================
Builder version: 5.1.0
Interrupt handler set up.
========================================
Checkout
========================================
Clone URL: https://github.com/malcommac/FlowKit.git
Reference: 0.6.1
Initialized empty Git repository in /Users/admin/builder/spi-builder-workspace/.git/
From https://github.com/malcommac/FlowKit
* tag 0.6.1 -> FETCH_HEAD
HEAD is now at 36dd579 Merge branch 'release/0.6.1'
Cloned https://github.com/malcommac/FlowKit.git
Revision (git rev-parse @):
36dd57976286bc455723cd0eee04371493f0498f
SUCCESS checkout https://github.com/malcommac/FlowKit.git at 0.6.1
========================================
Build
========================================
Selected platform: macosXcodebuild
Swift version: 6.4
Building package at path: $PWD
https://github.com/malcommac/FlowKit.git
Command line invocation:
/Applications/Xcode-27.0.0-Release.Candidate.app/Contents/Developer/usr/bin/xcodebuild -IDEClonedSourcePackagesDirPathOverride=/Users/admin/builder/spi-builder-workspace/.dependencies -resolvePackageDependencies
resolved source packages:
{
"dependencies" : [
],
"manifest_display_name" : "FlowKit",
"name" : "FlowKit",
"path" : "/Users/admin/builder/spi-builder-workspace",
"platforms" : [
],
"products" : [
{
"name" : "FlowKit",
"targets" : [
"FlowKit"
],
"type" : {
"library" : [
"automatic"
]
}
}
],
"targets" : [
{
"c99name" : "FlowKitTests",
"module_type" : "SwiftTarget",
"name" : "FlowKitTests",
"path" : "Tests/FlowKitTests",
"sources" : [
"FlowKitTests.swift"
],
"target_dependencies" : [
"FlowKit"
],
"type" : "test"
},
{
"c99name" : "FlowKit",
"module_type" : "SwiftTarget",
"name" : "FlowKit",
"path" : "Sources/FlowKit",
"product_memberships" : [
"FlowKit"
],
"sources" : [
"Collection/Collection+Support.swift",
"Collection/CollectionAdapter+Events.swift",
"Collection/CollectionAdapter.swift",
"Collection/CollectionDirector.swift",
"Collection/CollectionDragDropManager.swift",
"Collection/CollectionSection.swift",
"Collection/CollectionSectionView.swift",
"Collection/FlowCollectionDirector.swift",
"Shared/AssociatedValues.swift",
"Shared/Commons.swift",
"Shared/DeepDiff+Helpers.swift",
"Shared/DeepDiff.swift",
"Table/TableAdapter.swift",
"Table/TableDirector+Events.swift",
"Table/TableDirector+Support.swift",
"Table/TableDirector.swift",
"Table/TableSection.swift",
"Table/TableSectionView.swift"
],
"type" : "library"
}
],
"tools_version" : "4.0"
}
{
"project" : {
"configurations" : [
"Debug",
"Release"
],
"name" : "FlowKit",
"schemes" : [
"ExampleApp",
"FlowKit-iOS"
],
"targets" : [
"FlowKit-iOS",
"FlowKit-iOS Tests",
"ExampleApp"
]
}
}
{
"workspace" : {
"name" : "FlowKit",
"schemes" : [
"FlowKit"
]
}
}
2026-09-16 04:33:00.403 xcodebuild[640:4012] [MT] IDERunDestination: Supported platforms for the buildables in the current scheme is empty.
Running build ...
env DEVELOPER_DIR=/Applications/Xcode-27.0.0-Release.Candidate.app xcrun xcodebuild -IDEClonedSourcePackagesDirPathOverride=$PWD/.dependencies -skipMacroValidation -skipPackagePluginValidation -derivedDataPath $PWD/.derivedData build -scheme FlowKit -destination platform=macOS,arch=arm64
Command line invocation:
/Applications/Xcode-27.0.0-Release.Candidate.app/Contents/Developer/usr/bin/xcodebuild -IDEClonedSourcePackagesDirPathOverride=/Users/admin/builder/spi-builder-workspace/.dependencies -skipMacroValidation -skipPackagePluginValidation -derivedDataPath /Users/admin/builder/spi-builder-workspace/.derivedData build -scheme FlowKit -destination platform=macOS,arch=arm64
Resolve Package Graph
Resolved source packages:
FlowKit: /Users/admin/builder/spi-builder-workspace
ComputePackagePrebuildTargetDependencyGraph
Prepare packages
CreateBuildRequest
SendProjectDescription
CreateBuildOperation
ComputeTargetDependencyGraph
note: Building targets in dependency order
note: Target dependency graph (2 targets)
Target 'FlowKit-product' in project 'FlowKit'
➜ Explicit dependency on target 'FlowKit' in project 'FlowKit'
Target 'FlowKit' in project 'FlowKit' (no dependencies)
GatherProvisioningInputs
CreateBuildDescription
ExecuteExternalTool /Applications/Xcode-27.0.0-Release.Candidate.app/Contents/Developer/Toolchains/XcodeDefault.xctoolchain/usr/bin/clang -v -E -dM -isysroot /Applications/Xcode-27.0.0-Release.Candidate.app/Contents/Developer/Platforms/MacOSX.platform/Developer/SDKs/MacOSX27.0.sdk -x c -c /dev/null
ExecuteExternalTool /Applications/Xcode-27.0.0-Release.Candidate.app/Contents/Developer/Toolchains/XcodeDefault.xctoolchain/usr/bin/swiftc --version
ExecuteExternalTool /Applications/Xcode-27.0.0-Release.Candidate.app/Contents/Developer/Toolchains/XcodeDefault.xctoolchain/usr/bin/ld -version_details
Build description signature: f365fd8d86450ad7f7e2e005238de470
Build description path: /Users/admin/builder/spi-builder-workspace/.derivedData/Build/Intermediates.noindex/XCBuildData/f365fd8d86450ad7f7e2e005238de470.xcbuilddata
CreateBuildDirectory /Users/admin/builder/spi-builder-workspace/.derivedData/ModuleCache.noindex
cd /Users/admin/builder/spi-builder-workspace/.swiftpm/xcode
builtin-create-build-directory /Users/admin/builder/spi-builder-workspace/.derivedData/ModuleCache.noindex
CreateBuildDirectory /Users/admin/builder/spi-builder-workspace/.derivedData/SDKExplicitPrecompiledModules
cd /Users/admin/builder/spi-builder-workspace/.swiftpm/xcode
builtin-create-build-directory /Users/admin/builder/spi-builder-workspace/.derivedData/SDKExplicitPrecompiledModules
CreateBuildDirectory /Users/admin/builder/spi-builder-workspace/.derivedData/CompilationCache.noindex
cd /Users/admin/builder/spi-builder-workspace/.swiftpm/xcode
builtin-create-build-directory /Users/admin/builder/spi-builder-workspace/.derivedData/CompilationCache.noindex
CreateBuildDirectory /Users/admin/builder/spi-builder-workspace/.derivedData/Build/Products
cd /Users/admin/builder/spi-builder-workspace/.swiftpm/xcode
builtin-create-build-directory /Users/admin/builder/spi-builder-workspace/.derivedData/Build/Products
CreateBuildDirectory /Users/admin/builder/spi-builder-workspace/.derivedData/Build/Intermediates.noindex
cd /Users/admin/builder/spi-builder-workspace/.swiftpm/xcode
builtin-create-build-directory /Users/admin/builder/spi-builder-workspace/.derivedData/Build/Intermediates.noindex
ClangStatCache /Applications/Xcode-27.0.0-Release.Candidate.app/Contents/Developer/Toolchains/XcodeDefault.xctoolchain/usr/bin/clang-stat-cache /Applications/Xcode-27.0.0-Release.Candidate.app/Contents/Developer/Platforms/MacOSX.platform/Developer/SDKs/MacOSX27.0.sdk /Users/admin/builder/spi-builder-workspace/.derivedData/SDKStatCaches.noindex/macosx27.0-26A425-e829b21a6f8c9b70876ba0858053c0446a22442a12e9d48fe1a705f55a1adfc4.sdkstatcache
cd /Users/admin/builder/spi-builder-workspace/.swiftpm/xcode
/Applications/Xcode-27.0.0-Release.Candidate.app/Contents/Developer/Toolchains/XcodeDefault.xctoolchain/usr/bin/clang-stat-cache /Applications/Xcode-27.0.0-Release.Candidate.app/Contents/Developer/Platforms/MacOSX.platform/Developer/SDKs/MacOSX27.0.sdk -o /Users/admin/builder/spi-builder-workspace/.derivedData/SDKStatCaches.noindex/macosx27.0-26A425-e829b21a6f8c9b70876ba0858053c0446a22442a12e9d48fe1a705f55a1adfc4.sdkstatcache
CreateBuildDirectory /Users/admin/builder/spi-builder-workspace/.derivedData/Build/Intermediates.noindex/SwiftExplicitPrecompiledModules
cd /Users/admin/builder/spi-builder-workspace/.swiftpm/xcode
builtin-create-build-directory /Users/admin/builder/spi-builder-workspace/.derivedData/Build/Intermediates.noindex/SwiftExplicitPrecompiledModules
CreateBuildDirectory /Users/admin/builder/spi-builder-workspace/.derivedData/Build/Intermediates.noindex/PrecompiledHeaders
cd /Users/admin/builder/spi-builder-workspace/.swiftpm/xcode
builtin-create-build-directory /Users/admin/builder/spi-builder-workspace/.derivedData/Build/Intermediates.noindex/PrecompiledHeaders
CreateBuildDirectory /Users/admin/builder/spi-builder-workspace/.derivedData/Build/Intermediates.noindex/ExplicitPrecompiledModules
cd /Users/admin/builder/spi-builder-workspace/.swiftpm/xcode
builtin-create-build-directory /Users/admin/builder/spi-builder-workspace/.derivedData/Build/Intermediates.noindex/ExplicitPrecompiledModules
CreateBuildDirectory /Users/admin/builder/spi-builder-workspace/.derivedData/Build/Products/Debug
cd /Users/admin/builder/spi-builder-workspace/.swiftpm/xcode
builtin-create-build-directory /Users/admin/builder/spi-builder-workspace/.derivedData/Build/Products/Debug
CreateBuildDirectory /Users/admin/builder/spi-builder-workspace/.derivedData/Build/Intermediates.noindex/EagerLinkingTBDs/Debug
cd /Users/admin/builder/spi-builder-workspace/.swiftpm/xcode
builtin-create-build-directory /Users/admin/builder/spi-builder-workspace/.derivedData/Build/Intermediates.noindex/EagerLinkingTBDs/Debug
CreateBuildDirectory /Users/admin/builder/spi-builder-workspace/.derivedData/Build/Products/Debug/PackageFrameworks
cd /Users/admin/builder/spi-builder-workspace/.swiftpm/xcode
builtin-create-build-directory /Users/admin/builder/spi-builder-workspace/.derivedData/Build/Products/Debug/PackageFrameworks
WriteAuxiliaryFile /Users/admin/builder/spi-builder-workspace/.derivedData/Build/Intermediates.noindex/FlowKit.build/Debug/FlowKit-t.build/FlowKit.DependencyMetadataFileList (in target 'FlowKit' from project 'FlowKit')
cd /Users/admin/builder/spi-builder-workspace
write-file /Users/admin/builder/spi-builder-workspace/.derivedData/Build/Intermediates.noindex/FlowKit.build/Debug/FlowKit-t.build/FlowKit.DependencyMetadataFileList
WriteAuxiliaryFile /Users/admin/builder/spi-builder-workspace/.derivedData/Build/Intermediates.noindex/FlowKit.build/Debug/FlowKit-t.build/FlowKit.DependencyStaticMetadataFileList (in target 'FlowKit' from project 'FlowKit')
cd /Users/admin/builder/spi-builder-workspace
write-file /Users/admin/builder/spi-builder-workspace/.derivedData/Build/Intermediates.noindex/FlowKit.build/Debug/FlowKit-t.build/FlowKit.DependencyStaticMetadataFileList
WriteAuxiliaryFile /Users/admin/builder/spi-builder-workspace/.derivedData/Build/Intermediates.noindex/FlowKit.build/Debug/FlowKit-t.build/FlowKit.modulemap (in target 'FlowKit' from project 'FlowKit')
cd /Users/admin/builder/spi-builder-workspace
write-file /Users/admin/builder/spi-builder-workspace/.derivedData/Build/Intermediates.noindex/FlowKit.build/Debug/FlowKit-t.build/FlowKit.modulemap
WriteAuxiliaryFile /Users/admin/builder/spi-builder-workspace/.derivedData/Build/Intermediates.noindex/FlowKit.build/Debug/FlowKit-t.build/Objects-normal/arm64/FlowKit.SwiftConstValuesFileList (in target 'FlowKit' from project 'FlowKit')
cd /Users/admin/builder/spi-builder-workspace
write-file /Users/admin/builder/spi-builder-workspace/.derivedData/Build/Intermediates.noindex/FlowKit.build/Debug/FlowKit-t.build/Objects-normal/arm64/FlowKit.SwiftConstValuesFileList
WriteAuxiliaryFile /Users/admin/builder/spi-builder-workspace/.derivedData/Build/Intermediates.noindex/FlowKit.build/Debug/FlowKit-t.build/Objects-normal/arm64/FlowKit_const_extract_protocols.json (in target 'FlowKit' from project 'FlowKit')
cd /Users/admin/builder/spi-builder-workspace
write-file /Users/admin/builder/spi-builder-workspace/.derivedData/Build/Intermediates.noindex/FlowKit.build/Debug/FlowKit-t.build/Objects-normal/arm64/FlowKit_const_extract_protocols.json
WriteAuxiliaryFile /Users/admin/builder/spi-builder-workspace/.derivedData/Build/Intermediates.noindex/FlowKit.build/Debug/FlowKit-t.build/Objects-normal/arm64/FlowKit-OutputFileMap.json (in target 'FlowKit' from project 'FlowKit')
cd /Users/admin/builder/spi-builder-workspace
write-file /Users/admin/builder/spi-builder-workspace/.derivedData/Build/Intermediates.noindex/FlowKit.build/Debug/FlowKit-t.build/Objects-normal/arm64/FlowKit-OutputFileMap.json
WriteAuxiliaryFile /Users/admin/builder/spi-builder-workspace/.derivedData/Build/Intermediates.noindex/FlowKit.build/Debug/FlowKit-t.build/Objects-normal/arm64/FlowKit.LinkFileList (in target 'FlowKit' from project 'FlowKit')
cd /Users/admin/builder/spi-builder-workspace
write-file /Users/admin/builder/spi-builder-workspace/.derivedData/Build/Intermediates.noindex/FlowKit.build/Debug/FlowKit-t.build/Objects-normal/arm64/FlowKit.LinkFileList
WriteAuxiliaryFile /Users/admin/builder/spi-builder-workspace/.derivedData/Build/Intermediates.noindex/FlowKit.build/Debug/FlowKit-t.build/Objects-normal/arm64/FlowKit.SwiftFileList (in target 'FlowKit' from project 'FlowKit')
cd /Users/admin/builder/spi-builder-workspace
write-file /Users/admin/builder/spi-builder-workspace/.derivedData/Build/Intermediates.noindex/FlowKit.build/Debug/FlowKit-t.build/Objects-normal/arm64/FlowKit.SwiftFileList
Copy /Users/admin/builder/spi-builder-workspace/.derivedData/Build/Intermediates.noindex/GeneratedModuleMaps/FlowKit.modulemap /Users/admin/builder/spi-builder-workspace/.derivedData/Build/Intermediates.noindex/FlowKit.build/Debug/FlowKit-t.build/FlowKit.modulemap (in target 'FlowKit' from project 'FlowKit')
cd /Users/admin/builder/spi-builder-workspace
builtin-copy -exclude .DS_Store -exclude CVS -exclude .svn -exclude .git -exclude .hg -resolve-src-symlinks /Users/admin/builder/spi-builder-workspace/.derivedData/Build/Intermediates.noindex/FlowKit.build/Debug/FlowKit-t.build/FlowKit.modulemap /Users/admin/builder/spi-builder-workspace/.derivedData/Build/Intermediates.noindex/GeneratedModuleMaps
SwiftDriver FlowKit normal arm64 com.apple.xcode.tools.swift.compiler (in target 'FlowKit' from project 'FlowKit')
cd /Users/admin/builder/spi-builder-workspace/.swiftpm/xcode
builtin-SwiftDriver -- /Applications/Xcode-27.0.0-Release.Candidate.app/Contents/Developer/Toolchains/XcodeDefault.xctoolchain/usr/bin/swiftc -parse-as-library -module-name FlowKit -Onone @/Users/admin/builder/spi-builder-workspace/.derivedData/Build/Intermediates.noindex/FlowKit.build/Debug/FlowKit-t.build/Objects-normal/arm64/FlowKit.SwiftFileList -DSWIFT_PACKAGE -DDEBUG -DSWIFT_MODULE_RESOURCE_BUNDLE_UNAVAILABLE -DXcode -plugin-path /Applications/Xcode-27.0.0-Release.Candidate.app/Contents/Developer/Toolchains/XcodeDefault.xctoolchain/usr/lib/swift/host/plugins/testing -enable-experimental-feature DebugDescriptionMacro -sdk /Applications/Xcode-27.0.0-Release.Candidate.app/Contents/Developer/Platforms/MacOSX.platform/Developer/SDKs/MacOSX27.0.sdk -target arm64-apple-macos12.0 -g -module-cache-path /Users/admin/builder/spi-builder-workspace/.derivedData/ModuleCache.noindex -Xfrontend -serialize-debugging-options -profile-coverage-mapping -profile-generate -enable-testing -index-store-path /Users/admin/builder/spi-builder-workspace/.derivedData/Index.noindex/DataStore -Xcc -D_LIBCPP_HARDENING_MODE\=_LIBCPP_HARDENING_MODE_DEBUG -swift-version 4 -I /Users/admin/builder/spi-builder-workspace/.derivedData/Build/Products/Debug -Isystem /Applications/Xcode-27.0.0-Release.Candidate.app/Contents/Developer/Platforms/MacOSX.platform/Developer/usr/lib -F /Users/admin/builder/spi-builder-workspace/.derivedData/Build/Products/Debug -F /Applications/Xcode-27.0.0-Release.Candidate.app/Contents/Developer/Platforms/MacOSX.platform/Developer/Library/Frameworks -c -j10 -enable-batch-mode -incremental -Xcc -ivfsstatcache -Xcc /Users/admin/builder/spi-builder-workspace/.derivedData/SDKStatCaches.noindex/macosx27.0-26A425-e829b21a6f8c9b70876ba0858053c0446a22442a12e9d48fe1a705f55a1adfc4.sdkstatcache -output-file-map /Users/admin/builder/spi-builder-workspace/.derivedData/Build/Intermediates.noindex/FlowKit.build/Debug/FlowKit-t.build/Objects-normal/arm64/FlowKit-OutputFileMap.json -save-temps -no-color-diagnostics -emit-dependencies -emit-module -emit-module-path /Users/admin/builder/spi-builder-workspace/.derivedData/Build/Intermediates.noindex/FlowKit.build/Debug/FlowKit-t.build/Objects-normal/arm64/FlowKit.swiftmodule -serialize-diagnostics -validate-clang-modules-once -clang-build-session-file /Users/admin/builder/spi-builder-workspace/.derivedData/ModuleCache.noindex/Session.modulevalidation -Xcc -fmodules-prune-interval\=86400 -Xcc -fmodules-prune-after\=345600 -emit-const-values -const-gather-protocols-list /Users/admin/builder/spi-builder-workspace/.derivedData/Build/Intermediates.noindex/FlowKit.build/Debug/FlowKit-t.build/Objects-normal/arm64/FlowKit_const_extract_protocols.json -Xcc -I/Users/admin/builder/spi-builder-workspace/.derivedData/Build/Products/Debug/include -Xcc -I/Users/admin/builder/spi-builder-workspace/.derivedData/Build/Intermediates.noindex/FlowKit.build/Debug/FlowKit-t.build/DerivedSources-normal/arm64 -Xcc -I/Users/admin/builder/spi-builder-workspace/.derivedData/Build/Intermediates.noindex/FlowKit.build/Debug/FlowKit-t.build/DerivedSources/arm64 -Xcc -I/Users/admin/builder/spi-builder-workspace/.derivedData/Build/Intermediates.noindex/FlowKit.build/Debug/FlowKit-t.build/DerivedSources -Xcc -DSWIFT_PACKAGE -Xcc -DDEBUG\=1 -emit-objc-header -emit-objc-header-path /Users/admin/builder/spi-builder-workspace/.derivedData/Build/Intermediates.noindex/FlowKit.build/Debug/FlowKit-t.build/Objects-normal/arm64/FlowKit-Swift.h -working-directory /Users/admin/builder/spi-builder-workspace/.swiftpm/xcode -experimental-emit-module-separately -disable-cmo
SwiftCompile normal arm64 Compiling\ TableSection.swift /Users/admin/builder/spi-builder-workspace/Sources/FlowKit/Table/TableSection.swift (in target 'FlowKit' from project 'FlowKit')
SwiftCompile normal arm64 /Users/admin/builder/spi-builder-workspace/Sources/FlowKit/Table/TableSection.swift (in target 'FlowKit' from project 'FlowKit')
cd /Users/admin/builder/spi-builder-workspace/.swiftpm/xcode
builtin-SwiftPerFileCompile TableSection.swift
SwiftCompile normal arm64 Compiling\ CollectionDragDropManager.swift,\ CollectionSection.swift /Users/admin/builder/spi-builder-workspace/Sources/FlowKit/Collection/CollectionDragDropManager.swift /Users/admin/builder/spi-builder-workspace/Sources/FlowKit/Collection/CollectionSection.swift (in target 'FlowKit' from project 'FlowKit')
SwiftCompile normal arm64 /Users/admin/builder/spi-builder-workspace/Sources/FlowKit/Collection/CollectionDragDropManager.swift (in target 'FlowKit' from project 'FlowKit')
cd /Users/admin/builder/spi-builder-workspace/.swiftpm/xcode
builtin-SwiftPerFileCompile CollectionDragDropManager.swift
SwiftCompile normal arm64 /Users/admin/builder/spi-builder-workspace/Sources/FlowKit/Collection/CollectionSection.swift (in target 'FlowKit' from project 'FlowKit')
cd /Users/admin/builder/spi-builder-workspace/.swiftpm/xcode
builtin-SwiftPerFileCompile CollectionSection.swift
SwiftCompile normal arm64 Compiling\ TableDirector+Support.swift,\ TableDirector.swift /Users/admin/builder/spi-builder-workspace/Sources/FlowKit/Table/TableDirector+Support.swift /Users/admin/builder/spi-builder-workspace/Sources/FlowKit/Table/TableDirector.swift (in target 'FlowKit' from project 'FlowKit')
SwiftCompile normal arm64 /Users/admin/builder/spi-builder-workspace/Sources/FlowKit/Table/TableDirector+Support.swift (in target 'FlowKit' from project 'FlowKit')
cd /Users/admin/builder/spi-builder-workspace/.swiftpm/xcode
builtin-SwiftPerFileCompile TableDirector+Support.swift
SwiftCompile normal arm64 /Users/admin/builder/spi-builder-workspace/Sources/FlowKit/Table/TableDirector.swift (in target 'FlowKit' from project 'FlowKit')
cd /Users/admin/builder/spi-builder-workspace/.swiftpm/xcode
builtin-SwiftPerFileCompile TableDirector.swift
SwiftCompile normal arm64 Compiling\ Collection+Support.swift,\ CollectionAdapter+Events.swift /Users/admin/builder/spi-builder-workspace/Sources/FlowKit/Collection/Collection+Support.swift /Users/admin/builder/spi-builder-workspace/Sources/FlowKit/Collection/CollectionAdapter+Events.swift (in target 'FlowKit' from project 'FlowKit')
SwiftCompile normal arm64 /Users/admin/builder/spi-builder-workspace/Sources/FlowKit/Collection/Collection+Support.swift (in target 'FlowKit' from project 'FlowKit')
cd /Users/admin/builder/spi-builder-workspace/.swiftpm/xcode
builtin-SwiftPerFileCompile Collection+Support.swift
SwiftCompile normal arm64 /Users/admin/builder/spi-builder-workspace/Sources/FlowKit/Collection/CollectionAdapter+Events.swift (in target 'FlowKit' from project 'FlowKit')
cd /Users/admin/builder/spi-builder-workspace/.swiftpm/xcode
builtin-SwiftPerFileCompile CollectionAdapter+Events.swift
SwiftCompile normal arm64 Compiling\ CollectionSectionView.swift,\ FlowCollectionDirector.swift /Users/admin/builder/spi-builder-workspace/Sources/FlowKit/Collection/CollectionSectionView.swift /Users/admin/builder/spi-builder-workspace/Sources/FlowKit/Collection/FlowCollectionDirector.swift (in target 'FlowKit' from project 'FlowKit')
SwiftCompile normal arm64 /Users/admin/builder/spi-builder-workspace/Sources/FlowKit/Collection/CollectionSectionView.swift (in target 'FlowKit' from project 'FlowKit')
cd /Users/admin/builder/spi-builder-workspace/.swiftpm/xcode
builtin-SwiftPerFileCompile CollectionSectionView.swift
SwiftCompile normal arm64 /Users/admin/builder/spi-builder-workspace/Sources/FlowKit/Collection/FlowCollectionDirector.swift (in target 'FlowKit' from project 'FlowKit')
cd /Users/admin/builder/spi-builder-workspace/.swiftpm/xcode
builtin-SwiftPerFileCompile FlowCollectionDirector.swift
SwiftCompile normal arm64 Compiling\ CollectionAdapter.swift,\ CollectionDirector.swift /Users/admin/builder/spi-builder-workspace/Sources/FlowKit/Collection/CollectionAdapter.swift /Users/admin/builder/spi-builder-workspace/Sources/FlowKit/Collection/CollectionDirector.swift (in target 'FlowKit' from project 'FlowKit')
SwiftCompile normal arm64 /Users/admin/builder/spi-builder-workspace/Sources/FlowKit/Collection/CollectionAdapter.swift (in target 'FlowKit' from project 'FlowKit')
cd /Users/admin/builder/spi-builder-workspace/.swiftpm/xcode
builtin-SwiftPerFileCompile CollectionAdapter.swift
SwiftCompile normal arm64 /Users/admin/builder/spi-builder-workspace/Sources/FlowKit/Collection/CollectionDirector.swift (in target 'FlowKit' from project 'FlowKit')
cd /Users/admin/builder/spi-builder-workspace/.swiftpm/xcode
builtin-SwiftPerFileCompile CollectionDirector.swift
SwiftCompile normal arm64 Compiling\ DeepDiff+Helpers.swift,\ DeepDiff.swift /Users/admin/builder/spi-builder-workspace/Sources/FlowKit/Shared/DeepDiff+Helpers.swift /Users/admin/builder/spi-builder-workspace/Sources/FlowKit/Shared/DeepDiff.swift (in target 'FlowKit' from project 'FlowKit')
SwiftCompile normal arm64 /Users/admin/builder/spi-builder-workspace/Sources/FlowKit/Shared/DeepDiff+Helpers.swift (in target 'FlowKit' from project 'FlowKit')
cd /Users/admin/builder/spi-builder-workspace/.swiftpm/xcode
builtin-SwiftPerFileCompile DeepDiff+Helpers.swift
SwiftCompile normal arm64 /Users/admin/builder/spi-builder-workspace/Sources/FlowKit/Shared/DeepDiff.swift (in target 'FlowKit' from project 'FlowKit')
cd /Users/admin/builder/spi-builder-workspace/.swiftpm/xcode
builtin-SwiftPerFileCompile DeepDiff.swift
SwiftCompile normal arm64 Compiling\ TableAdapter.swift,\ TableDirector+Events.swift /Users/admin/builder/spi-builder-workspace/Sources/FlowKit/Table/TableAdapter.swift /Users/admin/builder/spi-builder-workspace/Sources/FlowKit/Table/TableDirector+Events.swift (in target 'FlowKit' from project 'FlowKit')
SwiftCompile normal arm64 /Users/admin/builder/spi-builder-workspace/Sources/FlowKit/Table/TableAdapter.swift (in target 'FlowKit' from project 'FlowKit')
cd /Users/admin/builder/spi-builder-workspace/.swiftpm/xcode
builtin-SwiftPerFileCompile TableAdapter.swift
SwiftCompile normal arm64 /Users/admin/builder/spi-builder-workspace/Sources/FlowKit/Table/TableDirector+Events.swift (in target 'FlowKit' from project 'FlowKit')
cd /Users/admin/builder/spi-builder-workspace/.swiftpm/xcode
builtin-SwiftPerFileCompile TableDirector+Events.swift
SwiftCompile normal arm64 Compiling\ TableSectionView.swift /Users/admin/builder/spi-builder-workspace/Sources/FlowKit/Table/TableSectionView.swift (in target 'FlowKit' from project 'FlowKit')
SwiftCompile normal arm64 /Users/admin/builder/spi-builder-workspace/Sources/FlowKit/Table/TableSectionView.swift (in target 'FlowKit' from project 'FlowKit')
cd /Users/admin/builder/spi-builder-workspace/.swiftpm/xcode
builtin-SwiftPerFileCompile TableSectionView.swift
SwiftEmitModule normal arm64 Emitting\ module\ for\ FlowKit (in target 'FlowKit' from project 'FlowKit')
/Users/admin/builder/spi-builder-workspace/Sources/FlowKit/Collection/Collection+Support.swift:31:8: error: no such module 'UIKit'
29 |
30 | import Foundation
31 | import UIKit
| `- error: no such module 'UIKit'
32 |
33 | //MARK: - ModelProtocol
Failed frontend command:
/Applications/Xcode-27.0.0-Release.Candidate.app/Contents/Developer/Toolchains/XcodeDefault.xctoolchain/usr/bin/swift-frontend -frontend -emit-module -experimental-skip-non-inlinable-function-bodies-without-types /Users/admin/builder/spi-builder-workspace/Sources/FlowKit/Collection/Collection+Support.swift /Users/admin/builder/spi-builder-workspace/Sources/FlowKit/Collection/CollectionAdapter+Events.swift /Users/admin/builder/spi-builder-workspace/Sources/FlowKit/Collection/CollectionAdapter.swift /Users/admin/builder/spi-builder-workspace/Sources/FlowKit/Collection/CollectionDirector.swift /Users/admin/builder/spi-builder-workspace/Sources/FlowKit/Collection/CollectionDragDropManager.swift /Users/admin/builder/spi-builder-workspace/Sources/FlowKit/Collection/CollectionSection.swift /Users/admin/builder/spi-builder-workspace/Sources/FlowKit/Collection/CollectionSectionView.swift /Users/admin/builder/spi-builder-workspace/Sources/FlowKit/Collection/FlowCollectionDirector.swift /Users/admin/builder/spi-builder-workspace/Sources/FlowKit/Shared/AssociatedValues.swift /Users/admin/builder/spi-builder-workspace/Sources/FlowKit/Shared/Commons.swift /Users/admin/builder/spi-builder-workspace/Sources/FlowKit/Shared/DeepDiff+Helpers.swift /Users/admin/builder/spi-builder-workspace/Sources/FlowKit/Shared/DeepDiff.swift /Users/admin/builder/spi-builder-workspace/Sources/FlowKit/Table/TableAdapter.swift /Users/admin/builder/spi-builder-workspace/Sources/FlowKit/Table/TableDirector+Events.swift /Users/admin/builder/spi-builder-workspace/Sources/FlowKit/Table/TableDirector+Support.swift /Users/admin/builder/spi-builder-workspace/Sources/FlowKit/Table/TableDirector.swift /Users/admin/builder/spi-builder-workspace/Sources/FlowKit/Table/TableSection.swift /Users/admin/builder/spi-builder-workspace/Sources/FlowKit/Table/TableSectionView.swift -target arm64-apple-macos12.0 -Xllvm -aarch64-use-tbi -enable-objc-interop -stack-check -sdk /Applications/Xcode-27.0.0-Release.Candidate.app/Contents/Developer/Platforms/MacOSX.platform/Developer/SDKs/MacOSX27.0.sdk -I /Users/admin/builder/spi-builder-workspace/.derivedData/Build/Products/Debug -Isystem /Applications/Xcode-27.0.0-Release.Candidate.app/Contents/Developer/Platforms/MacOSX.platform/Developer/usr/lib -F /Users/admin/builder/spi-builder-workspace/.derivedData/Build/Products/Debug -F /Applications/Xcode-27.0.0-Release.Candidate.app/Contents/Developer/Platforms/MacOSX.platform/Developer/Library/Frameworks -module-cache-path /Users/admin/builder/spi-builder-workspace/.derivedData/ModuleCache.noindex -no-color-diagnostics -Xcc -fno-color-diagnostics -enable-testing -g -debug-info-format\=dwarf -dwarf-version\=4 -profile-generate -profile-coverage-mapping -swift-version 4 -Onone -D SWIFT_PACKAGE -D DEBUG -D SWIFT_MODULE_RESOURCE_BUNDLE_UNAVAILABLE -D Xcode -serialize-debugging-options -enable-experimental-feature DebugDescriptionMacro -empty-abi-descriptor -plugin-path /Applications/Xcode-27.0.0-Release.Candidate.app/Contents/Developer/Toolchains/XcodeDefault.xctoolchain/usr/lib/swift/host/plugins/testing -validate-clang-modules-once -clang-build-session-file /Users/admin/builder/spi-builder-workspace/.derivedData/ModuleCache.noindex/Session.modulevalidation -Xcc -working-directory -Xcc /Users/admin/builder/spi-builder-workspace/.swiftpm/xcode -enable-anonymous-context-mangled-names -file-compilation-dir /Users/admin/builder/spi-builder-workspace/.swiftpm/xcode -Xcc -D_LIBCPP_HARDENING_MODE\=_LIBCPP_HARDENING_MODE_DEBUG -Xcc -ivfsstatcache -Xcc /Users/admin/builder/spi-builder-workspace/.derivedData/SDKStatCaches.noindex/macosx27.0-26A425-e829b21a6f8c9b70876ba0858053c0446a22442a12e9d48fe1a705f55a1adfc4.sdkstatcache -Xcc -fmodules-prune-interval\=86400 -Xcc -fmodules-prune-after\=345600 -Xcc -I/Users/admin/builder/spi-builder-workspace/.derivedData/Build/Products/Debug/include -Xcc -I/Users/admin/builder/spi-builder-workspace/.derivedData/Build/Intermediates.noindex/FlowKit.build/Debug/FlowKit-t.build/DerivedSources-normal/arm64 -Xcc -I/Users/admin/builder/spi-builder-workspace/.derivedData/Build/Intermediates.noindex/FlowKit.build/Debug/FlowKit-t.build/DerivedSources/arm64 -Xcc -I/Users/admin/builder/spi-builder-workspace/.derivedData/Build/Intermediates.noindex/FlowKit.build/Debug/FlowKit-t.build/DerivedSources -Xcc -DSWIFT_PACKAGE -Xcc -DDEBUG\=1 -no-auto-bridging-header-chaining -module-name FlowKit -const-gather-protocols-file /Users/admin/builder/spi-builder-workspace/.derivedData/Build/Intermediates.noindex/FlowKit.build/Debug/FlowKit-t.build/Objects-normal/arm64/FlowKit_const_extract_protocols.json -disable-clang-spi -target-sdk-version 27.0 -target-sdk-name macosx27.0 -external-plugin-path /Applications/Xcode-27.0.0-Release.Candidate.app/Contents/Developer/Platforms/MacOSX.platform/Developer/usr/lib/swift/host/plugins\#/Applications/Xcode-27.0.0-Release.Candidate.app/Contents/Developer/Platforms/MacOSX.platform/Developer/usr/bin/swift-plugin-server -external-plugin-path /Applications/Xcode-27.0.0-Release.Candidate.app/Contents/Developer/Platforms/MacOSX.platform/Developer/usr/local/lib/swift/host/plugins\#/Applications/Xcode-27.0.0-Release.Candidate.app/Contents/Developer/Platforms/MacOSX.platform/Developer/usr/bin/swift-plugin-server -in-process-plugin-server-path /Applications/Xcode-27.0.0-Release.Candidate.app/Contents/Developer/Toolchains/XcodeDefault.xctoolchain/usr/lib/swift/host/libSwiftInProcPluginServer.dylib -plugin-path /Applications/Xcode-27.0.0-Release.Candidate.app/Contents/Developer/Toolchains/XcodeDefault.xctoolchain/usr/lib/swift/host/plugins -plugin-path /Applications/Xcode-27.0.0-Release.Candidate.app/Contents/Developer/Toolchains/XcodeDefault.xctoolchain/usr/local/lib/swift/host/plugins -emit-module-doc-path /Users/admin/builder/spi-builder-workspace/.derivedData/Build/Intermediates.noindex/FlowKit.build/Debug/FlowKit-t.build/Objects-normal/arm64/FlowKit.swiftdoc -emit-module-source-info-path /Users/admin/builder/spi-builder-workspace/.derivedData/Build/Intermediates.noindex/FlowKit.build/Debug/FlowKit-t.build/Objects-normal/arm64/FlowKit.swiftsourceinfo -emit-objc-header-path /Users/admin/builder/spi-builder-workspace/.derivedData/Build/Intermediates.noindex/FlowKit.build/Debug/FlowKit-t.build/Objects-normal/arm64/FlowKit-Swift.h -serialize-diagnostics-path /Users/admin/builder/spi-builder-workspace/.derivedData/Build/Intermediates.noindex/FlowKit.build/Debug/FlowKit-t.build/Objects-normal/arm64/FlowKit-primary-emit-module.dia -emit-dependencies-path /Users/admin/builder/spi-builder-workspace/.derivedData/Build/Intermediates.noindex/FlowKit.build/Debug/FlowKit-t.build/Objects-normal/arm64/FlowKit-primary-emit-module.d -parse-as-library -o /Users/admin/builder/spi-builder-workspace/.derivedData/Build/Intermediates.noindex/FlowKit.build/Debug/FlowKit-t.build/Objects-normal/arm64/FlowKit.swiftmodule -emit-abi-descriptor-path /Users/admin/builder/spi-builder-workspace/.derivedData/Build/Intermediates.noindex/FlowKit.build/Debug/FlowKit-t.build/Objects-normal/arm64/FlowKit.abi.json
SwiftCompile normal arm64 (in target 'FlowKit' from project 'FlowKit')
cd /Users/admin/builder/spi-builder-workspace/.swiftpm/xcode
SwiftCompile normal arm64 Compiling\ AssociatedValues.swift,\ Commons.swift /Users/admin/builder/spi-builder-workspace/Sources/FlowKit/Shared/AssociatedValues.swift /Users/admin/builder/spi-builder-workspace/Sources/FlowKit/Shared/Commons.swift (in target 'FlowKit' from project 'FlowKit')
SwiftCompile normal arm64 /Users/admin/builder/spi-builder-workspace/Sources/FlowKit/Shared/AssociatedValues.swift (in target 'FlowKit' from project 'FlowKit')
cd /Users/admin/builder/spi-builder-workspace/.swiftpm/xcode
builtin-SwiftPerFileCompile AssociatedValues.swift
SwiftCompile normal arm64 /Users/admin/builder/spi-builder-workspace/Sources/FlowKit/Shared/Commons.swift (in target 'FlowKit' from project 'FlowKit')
cd /Users/admin/builder/spi-builder-workspace/.swiftpm/xcode
builtin-SwiftPerFileCompile Commons.swift
PruneExplicitPrecompiledModules /Users/admin/builder/spi-builder-workspace/.derivedData/Build/Intermediates.noindex/ExplicitPrecompiledModules
PruneExplicitPrecompiledModules /Users/admin/builder/spi-builder-workspace/.derivedData/Build/Intermediates.noindex/SwiftExplicitPrecompiledModules
PruneExplicitPrecompiledModules /Users/admin/builder/spi-builder-workspace/.derivedData/SDKExplicitPrecompiledModules
2026-09-16 04:33:02.108 xcodebuild[665:4359] [MT] IDERunDestination: Supported platforms for the buildables in the current scheme is empty.
--- xcodebuild: WARNING: Using the first of multiple matching destinations:
{ platform:macOS, arch:arm64, id:dbf4c55cb0865ab89271fd3d77aac9eceb520f27, name:My Mac }
{ platform:macOS, arch:arm64, variant:Mac Catalyst, id:dbf4c55cb0865ab89271fd3d77aac9eceb520f27, name:My Mac }
{ platform:macOS, arch:arm64, variant:DriverKit, id:dbf4c55cb0865ab89271fd3d77aac9eceb520f27, name:My Mac }
{ platform:macOS, arch:arm64, variant:Designed for [iPad,iPhone], id:dbf4c55cb0865ab89271fd3d77aac9eceb520f27, name:My Mac }
** BUILD FAILED **
The following build commands failed:
SwiftEmitModule normal arm64 Emitting\ module\ for\ FlowKit (in target 'FlowKit' from project 'FlowKit')
SwiftCompile normal arm64 (in target 'FlowKit' from project 'FlowKit')
Building workspace FlowKit with scheme FlowKit
(3 failures)
Command line invocation:
/Applications/Xcode-27.0.0-Release.Candidate.app/Contents/Developer/usr/bin/xcodebuild -IDEClonedSourcePackagesDirPathOverride=/Users/admin/builder/spi-builder-workspace/.dependencies -resolvePackageDependencies
Resolve Package Graph
Resolved source packages:
FlowKit: /Users/admin/builder/spi-builder-workspace
resolved source packages: FlowKit
2026-09-16 04:33:08.308 xcodebuild[690:4583] [MT] IDERunDestination: Supported platforms for the buildables in the current scheme is empty.
{
"dependencies" : [
],
"manifest_display_name" : "FlowKit",
"name" : "FlowKit",
"path" : "/Users/admin/builder/spi-builder-workspace",
"platforms" : [
],
"products" : [
{
"name" : "FlowKit",
"targets" : [
"FlowKit"
],
"type" : {
"library" : [
"automatic"
]
}
}
],
"targets" : [
{
"c99name" : "FlowKitTests",
"module_type" : "SwiftTarget",
"name" : "FlowKitTests",
"path" : "Tests/FlowKitTests",
"sources" : [
"FlowKitTests.swift"
],
"target_dependencies" : [
"FlowKit"
],
"type" : "test"
},
{
"c99name" : "FlowKit",
"module_type" : "SwiftTarget",
"name" : "FlowKit",
"path" : "Sources/FlowKit",
"product_memberships" : [
"FlowKit"
],
"sources" : [
"Collection/Collection+Support.swift",
"Collection/CollectionAdapter+Events.swift",
"Collection/CollectionAdapter.swift",
"Collection/CollectionDirector.swift",
"Collection/CollectionDragDropManager.swift",
"Collection/CollectionSection.swift",
"Collection/CollectionSectionView.swift",
"Collection/FlowCollectionDirector.swift",
"Shared/AssociatedValues.swift",
"Shared/Commons.swift",
"Shared/DeepDiff+Helpers.swift",
"Shared/DeepDiff.swift",
"Table/TableAdapter.swift",
"Table/TableDirector+Events.swift",
"Table/TableDirector+Support.swift",
"Table/TableDirector.swift",
"Table/TableSection.swift",
"Table/TableSectionView.swift"
],
"type" : "library"
}
],
"tools_version" : "4.0"
}
{
"workspace" : {
"name" : "FlowKit",
"schemes" : [
"FlowKit"
]
}
}
2026-09-16 04:33:09.544 xcodebuild[698:4650] [MT] IDERunDestination: Supported platforms for the buildables in the current scheme is empty.
Running build ...
env DEVELOPER_DIR=/Applications/Xcode-27.0.0-Release.Candidate.app xcrun xcodebuild -IDEClonedSourcePackagesDirPathOverride=$PWD/.dependencies -skipMacroValidation -skipPackagePluginValidation -derivedDataPath $PWD/.derivedData build -scheme FlowKit -destination platform=macOS,arch=arm64
Command line invocation:
/Applications/Xcode-27.0.0-Release.Candidate.app/Contents/Developer/usr/bin/xcodebuild -IDEClonedSourcePackagesDirPathOverride=/Users/admin/builder/spi-builder-workspace/.dependencies -skipMacroValidation -skipPackagePluginValidation -derivedDataPath /Users/admin/builder/spi-builder-workspace/.derivedData build -scheme FlowKit -destination platform=macOS,arch=arm64
Resolve Package Graph
Resolved source packages:
FlowKit: /Users/admin/builder/spi-builder-workspace
ComputePackagePrebuildTargetDependencyGraph
Prepare packages
CreateBuildRequest
SendProjectDescription
CreateBuildOperation
ComputeTargetDependencyGraph
note: Building targets in dependency order
note: Target dependency graph (2 targets)
Target 'FlowKit-product' in project 'FlowKit'
➜ Explicit dependency on target 'FlowKit' in project 'FlowKit'
Target 'FlowKit' in project 'FlowKit' (no dependencies)
GatherProvisioningInputs
CreateBuildDescription
ClangStatCache /Applications/Xcode-27.0.0-Release.Candidate.app/Contents/Developer/Toolchains/XcodeDefault.xctoolchain/usr/bin/clang-stat-cache /Applications/Xcode-27.0.0-Release.Candidate.app/Contents/Developer/Platforms/MacOSX.platform/Developer/SDKs/MacOSX27.0.sdk /Users/admin/builder/spi-builder-workspace/.derivedData/SDKStatCaches.noindex/macosx27.0-26A425-e829b21a6f8c9b70876ba0858053c0446a22442a12e9d48fe1a705f55a1adfc4.sdkstatcache
cd /Users/admin/builder/spi-builder-workspace/.swiftpm/xcode
/Applications/Xcode-27.0.0-Release.Candidate.app/Contents/Developer/Toolchains/XcodeDefault.xctoolchain/usr/bin/clang-stat-cache /Applications/Xcode-27.0.0-Release.Candidate.app/Contents/Developer/Platforms/MacOSX.platform/Developer/SDKs/MacOSX27.0.sdk -o /Users/admin/builder/spi-builder-workspace/.derivedData/SDKStatCaches.noindex/macosx27.0-26A425-e829b21a6f8c9b70876ba0858053c0446a22442a12e9d48fe1a705f55a1adfc4.sdkstatcache
SwiftDriver FlowKit normal arm64 com.apple.xcode.tools.swift.compiler (in target 'FlowKit' from project 'FlowKit')
cd /Users/admin/builder/spi-builder-workspace/.swiftpm/xcode
builtin-SwiftDriver -- /Applications/Xcode-27.0.0-Release.Candidate.app/Contents/Developer/Toolchains/XcodeDefault.xctoolchain/usr/bin/swiftc -parse-as-library -module-name FlowKit -Onone @/Users/admin/builder/spi-builder-workspace/.derivedData/Build/Intermediates.noindex/FlowKit.build/Debug/FlowKit-t.build/Objects-normal/arm64/FlowKit.SwiftFileList -DSWIFT_PACKAGE -DDEBUG -DSWIFT_MODULE_RESOURCE_BUNDLE_UNAVAILABLE -DXcode -plugin-path /Applications/Xcode-27.0.0-Release.Candidate.app/Contents/Developer/Toolchains/XcodeDefault.xctoolchain/usr/lib/swift/host/plugins/testing -enable-experimental-feature DebugDescriptionMacro -sdk /Applications/Xcode-27.0.0-Release.Candidate.app/Contents/Developer/Platforms/MacOSX.platform/Developer/SDKs/MacOSX27.0.sdk -target arm64-apple-macos12.0 -g -module-cache-path /Users/admin/builder/spi-builder-workspace/.derivedData/ModuleCache.noindex -Xfrontend -serialize-debugging-options -profile-coverage-mapping -profile-generate -enable-testing -index-store-path /Users/admin/builder/spi-builder-workspace/.derivedData/Index.noindex/DataStore -Xcc -D_LIBCPP_HARDENING_MODE\=_LIBCPP_HARDENING_MODE_DEBUG -swift-version 4 -I /Users/admin/builder/spi-builder-workspace/.derivedData/Build/Products/Debug -Isystem /Applications/Xcode-27.0.0-Release.Candidate.app/Contents/Developer/Platforms/MacOSX.platform/Developer/usr/lib -F /Users/admin/builder/spi-builder-workspace/.derivedData/Build/Products/Debug -F /Applications/Xcode-27.0.0-Release.Candidate.app/Contents/Developer/Platforms/MacOSX.platform/Developer/Library/Frameworks -c -j10 -enable-batch-mode -incremental -Xcc -ivfsstatcache -Xcc /Users/admin/builder/spi-builder-workspace/.derivedData/SDKStatCaches.noindex/macosx27.0-26A425-e829b21a6f8c9b70876ba0858053c0446a22442a12e9d48fe1a705f55a1adfc4.sdkstatcache -output-file-map /Users/admin/builder/spi-builder-workspace/.derivedData/Build/Intermediates.noindex/FlowKit.build/Debug/FlowKit-t.build/Objects-normal/arm64/FlowKit-OutputFileMap.json -save-temps -no-color-diagnostics -emit-dependencies -emit-module -emit-module-path /Users/admin/builder/spi-builder-workspace/.derivedData/Build/Intermediates.noindex/FlowKit.build/Debug/FlowKit-t.build/Objects-normal/arm64/FlowKit.swiftmodule -serialize-diagnostics -validate-clang-modules-once -clang-build-session-file /Users/admin/builder/spi-builder-workspace/.derivedData/ModuleCache.noindex/Session.modulevalidation -Xcc -fmodules-prune-interval\=86400 -Xcc -fmodules-prune-after\=345600 -emit-const-values -const-gather-protocols-list /Users/admin/builder/spi-builder-workspace/.derivedData/Build/Intermediates.noindex/FlowKit.build/Debug/FlowKit-t.build/Objects-normal/arm64/FlowKit_const_extract_protocols.json -Xcc -I/Users/admin/builder/spi-builder-workspace/.derivedData/Build/Products/Debug/include -Xcc -I/Users/admin/builder/spi-builder-workspace/.derivedData/Build/Intermediates.noindex/FlowKit.build/Debug/FlowKit-t.build/DerivedSources-normal/arm64 -Xcc -I/Users/admin/builder/spi-builder-workspace/.derivedData/Build/Intermediates.noindex/FlowKit.build/Debug/FlowKit-t.build/DerivedSources/arm64 -Xcc -I/Users/admin/builder/spi-builder-workspace/.derivedData/Build/Intermediates.noindex/FlowKit.build/Debug/FlowKit-t.build/DerivedSources -Xcc -DSWIFT_PACKAGE -Xcc -DDEBUG\=1 -emit-objc-header -emit-objc-header-path /Users/admin/builder/spi-builder-workspace/.derivedData/Build/Intermediates.noindex/FlowKit.build/Debug/FlowKit-t.build/Objects-normal/arm64/FlowKit-Swift.h -working-directory /Users/admin/builder/spi-builder-workspace/.swiftpm/xcode -experimental-emit-module-separately -disable-cmo
SwiftCompile normal arm64 Compiling\ CollectionAdapter.swift,\ CollectionDirector.swift /Users/admin/builder/spi-builder-workspace/Sources/FlowKit/Collection/CollectionAdapter.swift /Users/admin/builder/spi-builder-workspace/Sources/FlowKit/Collection/CollectionDirector.swift (in target 'FlowKit' from project 'FlowKit')
SwiftCompile normal arm64 /Users/admin/builder/spi-builder-workspace/Sources/FlowKit/Collection/CollectionAdapter.swift (in target 'FlowKit' from project 'FlowKit')
cd /Users/admin/builder/spi-builder-workspace/.swiftpm/xcode
builtin-SwiftPerFileCompile CollectionAdapter.swift
SwiftCompile normal arm64 /Users/admin/builder/spi-builder-workspace/Sources/FlowKit/Collection/CollectionDirector.swift (in target 'FlowKit' from project 'FlowKit')
cd /Users/admin/builder/spi-builder-workspace/.swiftpm/xcode
builtin-SwiftPerFileCompile CollectionDirector.swift
SwiftCompile normal arm64 Compiling\ AssociatedValues.swift,\ Commons.swift /Users/admin/builder/spi-builder-workspace/Sources/FlowKit/Shared/AssociatedValues.swift /Users/admin/builder/spi-builder-workspace/Sources/FlowKit/Shared/Commons.swift (in target 'FlowKit' from project 'FlowKit')
SwiftCompile normal arm64 /Users/admin/builder/spi-builder-workspace/Sources/FlowKit/Shared/AssociatedValues.swift (in target 'FlowKit' from project 'FlowKit')
cd /Users/admin/builder/spi-builder-workspace/.swiftpm/xcode
builtin-SwiftPerFileCompile AssociatedValues.swift
SwiftCompile normal arm64 /Users/admin/builder/spi-builder-workspace/Sources/FlowKit/Shared/Commons.swift (in target 'FlowKit' from project 'FlowKit')
cd /Users/admin/builder/spi-builder-workspace/.swiftpm/xcode
builtin-SwiftPerFileCompile Commons.swift
SwiftCompile normal arm64 Compiling\ CollectionSectionView.swift,\ FlowCollectionDirector.swift /Users/admin/builder/spi-builder-workspace/Sources/FlowKit/Collection/CollectionSectionView.swift /Users/admin/builder/spi-builder-workspace/Sources/FlowKit/Collection/FlowCollectionDirector.swift (in target 'FlowKit' from project 'FlowKit')
SwiftCompile normal arm64 /Users/admin/builder/spi-builder-workspace/Sources/FlowKit/Collection/CollectionSectionView.swift (in target 'FlowKit' from project 'FlowKit')
cd /Users/admin/builder/spi-builder-workspace/.swiftpm/xcode
builtin-SwiftPerFileCompile CollectionSectionView.swift
SwiftCompile normal arm64 /Users/admin/builder/spi-builder-workspace/Sources/FlowKit/Collection/FlowCollectionDirector.swift (in target 'FlowKit' from project 'FlowKit')
cd /Users/admin/builder/spi-builder-workspace/.swiftpm/xcode
builtin-SwiftPerFileCompile FlowCollectionDirector.swift
SwiftCompile normal arm64 Compiling\ CollectionDragDropManager.swift,\ CollectionSection.swift /Users/admin/builder/spi-builder-workspace/Sources/FlowKit/Collection/CollectionDragDropManager.swift /Users/admin/builder/spi-builder-workspace/Sources/FlowKit/Collection/CollectionSection.swift (in target 'FlowKit' from project 'FlowKit')
SwiftCompile normal arm64 /Users/admin/builder/spi-builder-workspace/Sources/FlowKit/Collection/CollectionDragDropManager.swift (in target 'FlowKit' from project 'FlowKit')
cd /Users/admin/builder/spi-builder-workspace/.swiftpm/xcode
builtin-SwiftPerFileCompile CollectionDragDropManager.swift
SwiftCompile normal arm64 /Users/admin/builder/spi-builder-workspace/Sources/FlowKit/Collection/CollectionSection.swift (in target 'FlowKit' from project 'FlowKit')
cd /Users/admin/builder/spi-builder-workspace/.swiftpm/xcode
builtin-SwiftPerFileCompile CollectionSection.swift
SwiftCompile normal arm64 Compiling\ Collection+Support.swift,\ CollectionAdapter+Events.swift /Users/admin/builder/spi-builder-workspace/Sources/FlowKit/Collection/Collection+Support.swift /Users/admin/builder/spi-builder-workspace/Sources/FlowKit/Collection/CollectionAdapter+Events.swift (in target 'FlowKit' from project 'FlowKit')
SwiftCompile normal arm64 /Users/admin/builder/spi-builder-workspace/Sources/FlowKit/Collection/Collection+Support.swift (in target 'FlowKit' from project 'FlowKit')
cd /Users/admin/builder/spi-builder-workspace/.swiftpm/xcode
builtin-SwiftPerFileCompile Collection+Support.swift
SwiftCompile normal arm64 /Users/admin/builder/spi-builder-workspace/Sources/FlowKit/Collection/CollectionAdapter+Events.swift (in target 'FlowKit' from project 'FlowKit')
cd /Users/admin/builder/spi-builder-workspace/.swiftpm/xcode
builtin-SwiftPerFileCompile CollectionAdapter+Events.swift
SwiftCompile normal arm64 Compiling\ DeepDiff+Helpers.swift,\ DeepDiff.swift /Users/admin/builder/spi-builder-workspace/Sources/FlowKit/Shared/DeepDiff+Helpers.swift /Users/admin/builder/spi-builder-workspace/Sources/FlowKit/Shared/DeepDiff.swift (in target 'FlowKit' from project 'FlowKit')
SwiftCompile normal arm64 /Users/admin/builder/spi-builder-workspace/Sources/FlowKit/Shared/DeepDiff+Helpers.swift (in target 'FlowKit' from project 'FlowKit')
cd /Users/admin/builder/spi-builder-workspace/.swiftpm/xcode
builtin-SwiftPerFileCompile DeepDiff+Helpers.swift
SwiftCompile normal arm64 /Users/admin/builder/spi-builder-workspace/Sources/FlowKit/Shared/DeepDiff.swift (in target 'FlowKit' from project 'FlowKit')
cd /Users/admin/builder/spi-builder-workspace/.swiftpm/xcode
builtin-SwiftPerFileCompile DeepDiff.swift
SwiftCompile normal arm64 Compiling\ TableDirector+Support.swift,\ TableDirector.swift /Users/admin/builder/spi-builder-workspace/Sources/FlowKit/Table/TableDirector+Support.swift /Users/admin/builder/spi-builder-workspace/Sources/FlowKit/Table/TableDirector.swift (in target 'FlowKit' from project 'FlowKit')
SwiftCompile normal arm64 /Users/admin/builder/spi-builder-workspace/Sources/FlowKit/Table/TableDirector+Support.swift (in target 'FlowKit' from project 'FlowKit')
cd /Users/admin/builder/spi-builder-workspace/.swiftpm/xcode
builtin-SwiftPerFileCompile TableDirector+Support.swift
SwiftCompile normal arm64 /Users/admin/builder/spi-builder-workspace/Sources/FlowKit/Table/TableDirector.swift (in target 'FlowKit' from project 'FlowKit')
cd /Users/admin/builder/spi-builder-workspace/.swiftpm/xcode
builtin-SwiftPerFileCompile TableDirector.swift
SwiftCompile normal arm64 Compiling\ TableAdapter.swift,\ TableDirector+Events.swift /Users/admin/builder/spi-builder-workspace/Sources/FlowKit/Table/TableAdapter.swift /Users/admin/builder/spi-builder-workspace/Sources/FlowKit/Table/TableDirector+Events.swift (in target 'FlowKit' from project 'FlowKit')
SwiftCompile normal arm64 /Users/admin/builder/spi-builder-workspace/Sources/FlowKit/Table/TableAdapter.swift (in target 'FlowKit' from project 'FlowKit')
cd /Users/admin/builder/spi-builder-workspace/.swiftpm/xcode
builtin-SwiftPerFileCompile TableAdapter.swift
SwiftCompile normal arm64 /Users/admin/builder/spi-builder-workspace/Sources/FlowKit/Table/TableDirector+Events.swift (in target 'FlowKit' from project 'FlowKit')
cd /Users/admin/builder/spi-builder-workspace/.swiftpm/xcode
builtin-SwiftPerFileCompile TableDirector+Events.swift
SwiftCompile normal arm64 Compiling\ TableSectionView.swift /Users/admin/builder/spi-builder-workspace/Sources/FlowKit/Table/TableSectionView.swift (in target 'FlowKit' from project 'FlowKit')
SwiftCompile normal arm64 /Users/admin/builder/spi-builder-workspace/Sources/FlowKit/Table/TableSectionView.swift (in target 'FlowKit' from project 'FlowKit')
cd /Users/admin/builder/spi-builder-workspace/.swiftpm/xcode
builtin-SwiftPerFileCompile TableSectionView.swift
SwiftEmitModule normal arm64 Emitting\ module\ for\ FlowKit (in target 'FlowKit' from project 'FlowKit')
/Users/admin/builder/spi-builder-workspace/Sources/FlowKit/Collection/Collection+Support.swift:31:8: error: no such module 'UIKit'
29 |
30 | import Foundation
31 | import UIKit
| `- error: no such module 'UIKit'
32 |
33 | //MARK: - ModelProtocol
Failed frontend command:
/Applications/Xcode-27.0.0-Release.Candidate.app/Contents/Developer/Toolchains/XcodeDefault.xctoolchain/usr/bin/swift-frontend -frontend -emit-module -experimental-skip-non-inlinable-function-bodies-without-types /Users/admin/builder/spi-builder-workspace/Sources/FlowKit/Collection/Collection+Support.swift /Users/admin/builder/spi-builder-workspace/Sources/FlowKit/Collection/CollectionAdapter+Events.swift /Users/admin/builder/spi-builder-workspace/Sources/FlowKit/Collection/CollectionAdapter.swift /Users/admin/builder/spi-builder-workspace/Sources/FlowKit/Collection/CollectionDirector.swift /Users/admin/builder/spi-builder-workspace/Sources/FlowKit/Collection/CollectionDragDropManager.swift /Users/admin/builder/spi-builder-workspace/Sources/FlowKit/Collection/CollectionSection.swift /Users/admin/builder/spi-builder-workspace/Sources/FlowKit/Collection/CollectionSectionView.swift /Users/admin/builder/spi-builder-workspace/Sources/FlowKit/Collection/FlowCollectionDirector.swift /Users/admin/builder/spi-builder-workspace/Sources/FlowKit/Shared/AssociatedValues.swift /Users/admin/builder/spi-builder-workspace/Sources/FlowKit/Shared/Commons.swift /Users/admin/builder/spi-builder-workspace/Sources/FlowKit/Shared/DeepDiff+Helpers.swift /Users/admin/builder/spi-builder-workspace/Sources/FlowKit/Shared/DeepDiff.swift /Users/admin/builder/spi-builder-workspace/Sources/FlowKit/Table/TableAdapter.swift /Users/admin/builder/spi-builder-workspace/Sources/FlowKit/Table/TableDirector+Events.swift /Users/admin/builder/spi-builder-workspace/Sources/FlowKit/Table/TableDirector+Support.swift /Users/admin/builder/spi-builder-workspace/Sources/FlowKit/Table/TableDirector.swift /Users/admin/builder/spi-builder-workspace/Sources/FlowKit/Table/TableSection.swift /Users/admin/builder/spi-builder-workspace/Sources/FlowKit/Table/TableSectionView.swift -target arm64-apple-macos12.0 -Xllvm -aarch64-use-tbi -enable-objc-interop -stack-check -sdk /Applications/Xcode-27.0.0-Release.Candidate.app/Contents/Developer/Platforms/MacOSX.platform/Developer/SDKs/MacOSX27.0.sdk -I /Users/admin/builder/spi-builder-workspace/.derivedData/Build/Products/Debug -Isystem /Applications/Xcode-27.0.0-Release.Candidate.app/Contents/Developer/Platforms/MacOSX.platform/Developer/usr/lib -F /Users/admin/builder/spi-builder-workspace/.derivedData/Build/Products/Debug -F /Applications/Xcode-27.0.0-Release.Candidate.app/Contents/Developer/Platforms/MacOSX.platform/Developer/Library/Frameworks -module-cache-path /Users/admin/builder/spi-builder-workspace/.derivedData/ModuleCache.noindex -no-color-diagnostics -Xcc -fno-color-diagnostics -enable-testing -g -debug-info-format\=dwarf -dwarf-version\=4 -profile-generate -profile-coverage-mapping -swift-version 4 -Onone -D SWIFT_PACKAGE -D DEBUG -D SWIFT_MODULE_RESOURCE_BUNDLE_UNAVAILABLE -D Xcode -serialize-debugging-options -enable-experimental-feature DebugDescriptionMacro -empty-abi-descriptor -plugin-path /Applications/Xcode-27.0.0-Release.Candidate.app/Contents/Developer/Toolchains/XcodeDefault.xctoolchain/usr/lib/swift/host/plugins/testing -validate-clang-modules-once -clang-build-session-file /Users/admin/builder/spi-builder-workspace/.derivedData/ModuleCache.noindex/Session.modulevalidation -Xcc -working-directory -Xcc /Users/admin/builder/spi-builder-workspace/.swiftpm/xcode -enable-anonymous-context-mangled-names -file-compilation-dir /Users/admin/builder/spi-builder-workspace/.swiftpm/xcode -Xcc -D_LIBCPP_HARDENING_MODE\=_LIBCPP_HARDENING_MODE_DEBUG -Xcc -ivfsstatcache -Xcc /Users/admin/builder/spi-builder-workspace/.derivedData/SDKStatCaches.noindex/macosx27.0-26A425-e829b21a6f8c9b70876ba0858053c0446a22442a12e9d48fe1a705f55a1adfc4.sdkstatcache -Xcc -fmodules-prune-interval\=86400 -Xcc -fmodules-prune-after\=345600 -Xcc -I/Users/admin/builder/spi-builder-workspace/.derivedData/Build/Products/Debug/include -Xcc -I/Users/admin/builder/spi-builder-workspace/.derivedData/Build/Intermediates.noindex/FlowKit.build/Debug/FlowKit-t.build/DerivedSources-normal/arm64 -Xcc -I/Users/admin/builder/spi-builder-workspace/.derivedData/Build/Intermediates.noindex/FlowKit.build/Debug/FlowKit-t.build/DerivedSources/arm64 -Xcc -I/Users/admin/builder/spi-builder-workspace/.derivedData/Build/Intermediates.noindex/FlowKit.build/Debug/FlowKit-t.build/DerivedSources -Xcc -DSWIFT_PACKAGE -Xcc -DDEBUG\=1 -no-auto-bridging-header-chaining -module-name FlowKit -const-gather-protocols-file /Users/admin/builder/spi-builder-workspace/.derivedData/Build/Intermediates.noindex/FlowKit.build/Debug/FlowKit-t.build/Objects-normal/arm64/FlowKit_const_extract_protocols.json -disable-clang-spi -target-sdk-version 27.0 -target-sdk-name macosx27.0 -external-plugin-path /Applications/Xcode-27.0.0-Release.Candidate.app/Contents/Developer/Platforms/MacOSX.platform/Developer/usr/lib/swift/host/plugins\#/Applications/Xcode-27.0.0-Release.Candidate.app/Contents/Developer/Platforms/MacOSX.platform/Developer/usr/bin/swift-plugin-server -external-plugin-path /Applications/Xcode-27.0.0-Release.Candidate.app/Contents/Developer/Platforms/MacOSX.platform/Developer/usr/local/lib/swift/host/plugins\#/Applications/Xcode-27.0.0-Release.Candidate.app/Contents/Developer/Platforms/MacOSX.platform/Developer/usr/bin/swift-plugin-server -in-process-plugin-server-path /Applications/Xcode-27.0.0-Release.Candidate.app/Contents/Developer/Toolchains/XcodeDefault.xctoolchain/usr/lib/swift/host/libSwiftInProcPluginServer.dylib -plugin-path /Applications/Xcode-27.0.0-Release.Candidate.app/Contents/Developer/Toolchains/XcodeDefault.xctoolchain/usr/lib/swift/host/plugins -plugin-path /Applications/Xcode-27.0.0-Release.Candidate.app/Contents/Developer/Toolchains/XcodeDefault.xctoolchain/usr/local/lib/swift/host/plugins -emit-module-doc-path /Users/admin/builder/spi-builder-workspace/.derivedData/Build/Intermediates.noindex/FlowKit.build/Debug/FlowKit-t.build/Objects-normal/arm64/FlowKit.swiftdoc -emit-module-source-info-path /Users/admin/builder/spi-builder-workspace/.derivedData/Build/Intermediates.noindex/FlowKit.build/Debug/FlowKit-t.build/Objects-normal/arm64/FlowKit.swiftsourceinfo -emit-objc-header-path /Users/admin/builder/spi-builder-workspace/.derivedData/Build/Intermediates.noindex/FlowKit.build/Debug/FlowKit-t.build/Objects-normal/arm64/FlowKit-Swift.h -serialize-diagnostics-path /Users/admin/builder/spi-builder-workspace/.derivedData/Build/Intermediates.noindex/FlowKit.build/Debug/FlowKit-t.build/Objects-normal/arm64/FlowKit-primary-emit-module.dia -emit-dependencies-path /Users/admin/builder/spi-builder-workspace/.derivedData/Build/Intermediates.noindex/FlowKit.build/Debug/FlowKit-t.build/Objects-normal/arm64/FlowKit-primary-emit-module.d -parse-as-library -o /Users/admin/builder/spi-builder-workspace/.derivedData/Build/Intermediates.noindex/FlowKit.build/Debug/FlowKit-t.build/Objects-normal/arm64/FlowKit.swiftmodule -emit-abi-descriptor-path /Users/admin/builder/spi-builder-workspace/.derivedData/Build/Intermediates.noindex/FlowKit.build/Debug/FlowKit-t.build/Objects-normal/arm64/FlowKit.abi.json
SwiftCompile normal arm64 (in target 'FlowKit' from project 'FlowKit')
cd /Users/admin/builder/spi-builder-workspace/.swiftpm/xcode
SwiftCompile normal arm64 Compiling\ TableSection.swift /Users/admin/builder/spi-builder-workspace/Sources/FlowKit/Table/TableSection.swift (in target 'FlowKit' from project 'FlowKit')
SwiftCompile normal arm64 /Users/admin/builder/spi-builder-workspace/Sources/FlowKit/Table/TableSection.swift (in target 'FlowKit' from project 'FlowKit')
cd /Users/admin/builder/spi-builder-workspace/.swiftpm/xcode
builtin-SwiftPerFileCompile TableSection.swift
PruneExplicitPrecompiledModules /Users/admin/builder/spi-builder-workspace/.derivedData/Build/Intermediates.noindex/SwiftExplicitPrecompiledModules
PruneExplicitPrecompiledModules /Users/admin/builder/spi-builder-workspace/.derivedData/SDKExplicitPrecompiledModules
PruneExplicitPrecompiledModules /Users/admin/builder/spi-builder-workspace/.derivedData/Build/Intermediates.noindex/ExplicitPrecompiledModules
2026-09-16 04:33:10.500 xcodebuild[699:4678] [MT] IDERunDestination: Supported platforms for the buildables in the current scheme is empty.
--- xcodebuild: WARNING: Using the first of multiple matching destinations:
{ platform:macOS, arch:arm64, id:dbf4c55cb0865ab89271fd3d77aac9eceb520f27, name:My Mac }
{ platform:macOS, arch:arm64, variant:Mac Catalyst, id:dbf4c55cb0865ab89271fd3d77aac9eceb520f27, name:My Mac }
{ platform:macOS, arch:arm64, variant:DriverKit, id:dbf4c55cb0865ab89271fd3d77aac9eceb520f27, name:My Mac }
{ platform:macOS, arch:arm64, variant:Designed for [iPad,iPhone], id:dbf4c55cb0865ab89271fd3d77aac9eceb520f27, name:My Mac }
** BUILD FAILED **
The following build commands failed:
SwiftEmitModule normal arm64 Emitting\ module\ for\ FlowKit (in target 'FlowKit' from project 'FlowKit')
SwiftCompile normal arm64 (in target 'FlowKit' from project 'FlowKit')
Building workspace FlowKit with scheme FlowKit
(3 failures)
BUILD FAILURE 6.4 macosXcodebuild