The Swift Package Index logo.Swift Package Index

Build Information

Failed to build SystemFontOverride, reference main (1526a7), with Swift 6.4 for watchOS using Xcode 27.0 on 21 Sep 2026 00:16:38 UTC.

Build Command

env DEVELOPER_DIR=/Applications/Xcode-27.0.0-Release.Candidate.app xcrun xcodebuild -IDEClonedSourcePackagesDirPathOverride=$PWD/.dependencies -skipMacroValidation -skipPackagePluginValidation -derivedDataPath $PWD/.derivedData build -scheme SystemFontOverride -destination generic/platform=watchOS

Build Log

========================================
RunAll
========================================
Builder version: 5.1.0
Interrupt handler set up.
========================================
Checkout
========================================
Clone URL: https://github.com/yonat/SystemFontOverride.git
Reference: main
Initialized empty Git repository in /Users/admin/builder/spi-builder-workspace/.git/
From https://github.com/yonat/SystemFontOverride
 * branch            main       -> FETCH_HEAD
 * [new branch]      main       -> origin/main
HEAD is now at 1526a7f add image
Cloned https://github.com/yonat/SystemFontOverride.git
Revision (git rev-parse @):
1526a7f70043928b7819a17f406849768c17323f
SUCCESS checkout https://github.com/yonat/SystemFontOverride.git at main
========================================
Build
========================================
Selected platform:         watchOS
Swift version:             6.4
Building package at path:  $PWD
https://github.com/yonat/SystemFontOverride.git
Command line invocation:
    /Applications/Xcode-27.0.0-Release.Candidate.app/Contents/Developer/usr/bin/xcodebuild -IDEClonedSourcePackagesDirPathOverride=/Users/admin/builder/spi-builder-workspace/.dependencies -resolvePackageDependencies
Resolve Package Graph
Resolve Package Graph
Resolved source packages:
  SystemFontOverride: /Users/admin/builder/spi-builder-workspace
resolved source packages: SystemFontOverride
2026-09-20 20:15:45.807 xcodebuild[528:3032] [MT] IDERunDestination: Supported platforms for the buildables in the current scheme is empty.
{
  "dependencies" : [
  ],
  "manifest_display_name" : "SystemFontOverride",
  "name" : "SystemFontOverride",
  "path" : "/Users/admin/builder/spi-builder-workspace",
  "platforms" : [
    {
      "name" : "ios",
      "version" : "14.0"
    }
  ],
  "products" : [
    {
      "name" : "SystemFontOverride",
      "targets" : [
        "SystemFontOverride"
      ],
      "type" : {
        "library" : [
          "automatic"
        ]
      }
    }
  ],
  "swift_languages_versions" : [
    "5"
  ],
  "targets" : [
    {
      "c99name" : "SystemFontOverride",
      "module_type" : "SwiftTarget",
      "name" : "SystemFontOverride",
      "path" : "Sources/SystemFontOverride",
      "product_memberships" : [
        "SystemFontOverride"
      ],
      "resources" : [
        {
          "path" : "/Users/admin/builder/spi-builder-workspace/Sources/SystemFontOverride/PrivacyInfo.xcprivacy",
          "rule" : {
            "process" : {
            }
          }
        }
      ],
      "sources" : [
        "Font+SystemFontOverride.swift",
        "UIFont+SystemFontOverride.swift"
      ],
      "type" : "library"
    }
  ],
  "tools_version" : "5.6"
}
{
  "workspace" : {
    "name" : "SystemFontOverride",
    "schemes" : [
      "SystemFontOverride"
    ]
  }
}
2026-09-20 20:16:26.885 xcodebuild[655:4181] [MT] IDERunDestination: Supported platforms for the buildables in the current scheme is empty.
Running build ...
env DEVELOPER_DIR=/Applications/Xcode-27.0.0-Release.Candidate.app xcrun xcodebuild -IDEClonedSourcePackagesDirPathOverride=$PWD/.dependencies -skipMacroValidation -skipPackagePluginValidation -derivedDataPath $PWD/.derivedData build -scheme SystemFontOverride -destination generic/platform=watchOS
Command line invocation:
    /Applications/Xcode-27.0.0-Release.Candidate.app/Contents/Developer/usr/bin/xcodebuild -IDEClonedSourcePackagesDirPathOverride=/Users/admin/builder/spi-builder-workspace/.dependencies -skipMacroValidation -skipPackagePluginValidation -derivedDataPath /Users/admin/builder/spi-builder-workspace/.derivedData build -scheme SystemFontOverride -destination generic/platform=watchOS
Resolve Package Graph
Resolved source packages:
  SystemFontOverride: /Users/admin/builder/spi-builder-workspace
ComputePackagePrebuildTargetDependencyGraph
Prepare packages
CreateBuildRequest
SendProjectDescription
CreateBuildOperation
ComputeTargetDependencyGraph
note: Building targets in dependency order
note: Target dependency graph (3 targets)
    Target 'SystemFontOverride-product' in project 'SystemFontOverride'
        ➜ Explicit dependency on target 'SystemFontOverride' in project 'SystemFontOverride'
        ➜ Explicit dependency on target 'SystemFontOverride_SystemFontOverride' in project 'SystemFontOverride'
    Target 'SystemFontOverride' in project 'SystemFontOverride'
        ➜ Explicit dependency on target 'SystemFontOverride_SystemFontOverride' in project 'SystemFontOverride'
    Target 'SystemFontOverride_SystemFontOverride' in project 'SystemFontOverride' (no dependencies)
GatherProvisioningInputs
CreateBuildDescription
ExecuteExternalTool /Applications/Xcode-27.0.0-Release.Candidate.app/Contents/Developer/Toolchains/XcodeDefault.xctoolchain/usr/bin/clang -v -E -dM -isysroot /Applications/Xcode-27.0.0-Release.Candidate.app/Contents/Developer/Platforms/WatchOS.platform/Developer/SDKs/WatchOS27.0.sdk -x c -c /dev/null
ExecuteExternalTool /Applications/Xcode-27.0.0-Release.Candidate.app/Contents/Developer/Toolchains/XcodeDefault.xctoolchain/usr/bin/swiftc --version
ExecuteExternalTool /Applications/Xcode-27.0.0-Release.Candidate.app/Contents/Developer/Toolchains/XcodeDefault.xctoolchain/usr/bin/ld -version_details
Build description signature: 642d16b17b89624611f909babf785b6c
Build description path: /Users/admin/builder/spi-builder-workspace/.derivedData/Build/Intermediates.noindex/XCBuildData/642d16b17b89624611f909babf785b6c.xcbuilddata
CreateBuildDirectory /Users/admin/builder/spi-builder-workspace/.derivedData/SDKExplicitPrecompiledModules
    cd /Users/admin/builder/spi-builder-workspace/.swiftpm/xcode
    builtin-create-build-directory /Users/admin/builder/spi-builder-workspace/.derivedData/SDKExplicitPrecompiledModules
CreateBuildDirectory /Users/admin/builder/spi-builder-workspace/.derivedData/ModuleCache.noindex
    cd /Users/admin/builder/spi-builder-workspace/.swiftpm/xcode
    builtin-create-build-directory /Users/admin/builder/spi-builder-workspace/.derivedData/ModuleCache.noindex
CreateBuildDirectory /Users/admin/builder/spi-builder-workspace/.derivedData/CompilationCache.noindex
    cd /Users/admin/builder/spi-builder-workspace/.swiftpm/xcode
    builtin-create-build-directory /Users/admin/builder/spi-builder-workspace/.derivedData/CompilationCache.noindex
CreateBuildDirectory /Users/admin/builder/spi-builder-workspace/.derivedData/Build/Products
    cd /Users/admin/builder/spi-builder-workspace/.swiftpm/xcode
    builtin-create-build-directory /Users/admin/builder/spi-builder-workspace/.derivedData/Build/Products
CreateBuildDirectory /Users/admin/builder/spi-builder-workspace/.derivedData/Build/Intermediates.noindex
    cd /Users/admin/builder/spi-builder-workspace/.swiftpm/xcode
    builtin-create-build-directory /Users/admin/builder/spi-builder-workspace/.derivedData/Build/Intermediates.noindex
ClangStatCache /Applications/Xcode-27.0.0-Release.Candidate.app/Contents/Developer/Toolchains/XcodeDefault.xctoolchain/usr/bin/clang-stat-cache /Applications/Xcode-27.0.0-Release.Candidate.app/Contents/Developer/Platforms/WatchOS.platform/Developer/SDKs/WatchOS27.0.sdk /Users/admin/builder/spi-builder-workspace/.derivedData/SDKStatCaches.noindex/watchos27.0-24R360-e829b21a6f8c9b70876ba0858053c04477534ef55a1706bf4c1112bbb242f0a2.sdkstatcache
    cd /Users/admin/builder/spi-builder-workspace/.swiftpm/xcode
    /Applications/Xcode-27.0.0-Release.Candidate.app/Contents/Developer/Toolchains/XcodeDefault.xctoolchain/usr/bin/clang-stat-cache /Applications/Xcode-27.0.0-Release.Candidate.app/Contents/Developer/Platforms/WatchOS.platform/Developer/SDKs/WatchOS27.0.sdk -o /Users/admin/builder/spi-builder-workspace/.derivedData/SDKStatCaches.noindex/watchos27.0-24R360-e829b21a6f8c9b70876ba0858053c04477534ef55a1706bf4c1112bbb242f0a2.sdkstatcache
CreateBuildDirectory /Users/admin/builder/spi-builder-workspace/.derivedData/Build/Products/Debug-watchos
    cd /Users/admin/builder/spi-builder-workspace/.swiftpm/xcode
    builtin-create-build-directory /Users/admin/builder/spi-builder-workspace/.derivedData/Build/Products/Debug-watchos
CreateBuildDirectory /Users/admin/builder/spi-builder-workspace/.derivedData/Build/Intermediates.noindex/SwiftExplicitPrecompiledModules
    cd /Users/admin/builder/spi-builder-workspace/.swiftpm/xcode
    builtin-create-build-directory /Users/admin/builder/spi-builder-workspace/.derivedData/Build/Intermediates.noindex/SwiftExplicitPrecompiledModules
CreateBuildDirectory /Users/admin/builder/spi-builder-workspace/.derivedData/Build/Intermediates.noindex/PrecompiledHeaders
    cd /Users/admin/builder/spi-builder-workspace/.swiftpm/xcode
    builtin-create-build-directory /Users/admin/builder/spi-builder-workspace/.derivedData/Build/Intermediates.noindex/PrecompiledHeaders
CreateBuildDirectory /Users/admin/builder/spi-builder-workspace/.derivedData/Build/Intermediates.noindex/ExplicitPrecompiledModules
    cd /Users/admin/builder/spi-builder-workspace/.swiftpm/xcode
    builtin-create-build-directory /Users/admin/builder/spi-builder-workspace/.derivedData/Build/Intermediates.noindex/ExplicitPrecompiledModules
CreateBuildDirectory /Users/admin/builder/spi-builder-workspace/.derivedData/Build/Intermediates.noindex/EagerLinkingTBDs/Debug-watchos
    cd /Users/admin/builder/spi-builder-workspace/.swiftpm/xcode
    builtin-create-build-directory /Users/admin/builder/spi-builder-workspace/.derivedData/Build/Intermediates.noindex/EagerLinkingTBDs/Debug-watchos
CreateBuildDirectory /Users/admin/builder/spi-builder-workspace/.derivedData/Build/Products/Debug-watchos/PackageFrameworks
    cd /Users/admin/builder/spi-builder-workspace/.swiftpm/xcode
    builtin-create-build-directory /Users/admin/builder/spi-builder-workspace/.derivedData/Build/Products/Debug-watchos/PackageFrameworks
WriteAuxiliaryFile /Users/admin/builder/spi-builder-workspace/.derivedData/Build/Intermediates.noindex/SystemFontOverride.build/Debug-watchos/SystemFontOverride_SystemFontOverride-b.build/empty-SystemFontOverride_SystemFontOverride.plist (in target 'SystemFontOverride_SystemFontOverride' from project 'SystemFontOverride')
    cd /Users/admin/builder/spi-builder-workspace
    write-file /Users/admin/builder/spi-builder-workspace/.derivedData/Build/Intermediates.noindex/SystemFontOverride.build/Debug-watchos/SystemFontOverride_SystemFontOverride-b.build/empty-SystemFontOverride_SystemFontOverride.plist
WriteAuxiliaryFile /Users/admin/builder/spi-builder-workspace/.derivedData/Build/Intermediates.noindex/SystemFontOverride.build/Debug-watchos/SystemFontOverride_SystemFontOverride-b.build/SystemFontOverride_SystemFontOverride.DependencyStaticMetadataFileList (in target 'SystemFontOverride_SystemFontOverride' from project 'SystemFontOverride')
    cd /Users/admin/builder/spi-builder-workspace
    write-file /Users/admin/builder/spi-builder-workspace/.derivedData/Build/Intermediates.noindex/SystemFontOverride.build/Debug-watchos/SystemFontOverride_SystemFontOverride-b.build/SystemFontOverride_SystemFontOverride.DependencyStaticMetadataFileList
WriteAuxiliaryFile /Users/admin/builder/spi-builder-workspace/.derivedData/Build/Intermediates.noindex/SystemFontOverride.build/Debug-watchos/SystemFontOverride-t.build/SystemFontOverride.modulemap (in target 'SystemFontOverride' from project 'SystemFontOverride')
    cd /Users/admin/builder/spi-builder-workspace
    write-file /Users/admin/builder/spi-builder-workspace/.derivedData/Build/Intermediates.noindex/SystemFontOverride.build/Debug-watchos/SystemFontOverride-t.build/SystemFontOverride.modulemap
WriteAuxiliaryFile /Users/admin/builder/spi-builder-workspace/.derivedData/Build/Intermediates.noindex/SystemFontOverride.build/Debug-watchos/SystemFontOverride_SystemFontOverride-b.build/SystemFontOverride_SystemFontOverride.DependencyMetadataFileList (in target 'SystemFontOverride_SystemFontOverride' from project 'SystemFontOverride')
    cd /Users/admin/builder/spi-builder-workspace
    write-file /Users/admin/builder/spi-builder-workspace/.derivedData/Build/Intermediates.noindex/SystemFontOverride.build/Debug-watchos/SystemFontOverride_SystemFontOverride-b.build/SystemFontOverride_SystemFontOverride.DependencyMetadataFileList
WriteAuxiliaryFile /Users/admin/builder/spi-builder-workspace/.derivedData/Build/Intermediates.noindex/SystemFontOverride.build/Debug-watchos/SystemFontOverride-t.build/Objects-normal/arm64/SystemFontOverride-OutputFileMap.json (in target 'SystemFontOverride' from project 'SystemFontOverride')
    cd /Users/admin/builder/spi-builder-workspace
    write-file /Users/admin/builder/spi-builder-workspace/.derivedData/Build/Intermediates.noindex/SystemFontOverride.build/Debug-watchos/SystemFontOverride-t.build/Objects-normal/arm64/SystemFontOverride-OutputFileMap.json
WriteAuxiliaryFile /Users/admin/builder/spi-builder-workspace/.derivedData/Build/Intermediates.noindex/SystemFontOverride.build/Debug-watchos/SystemFontOverride-t.build/Objects-normal/arm64/SystemFontOverride_const_extract_protocols.json (in target 'SystemFontOverride' from project 'SystemFontOverride')
    cd /Users/admin/builder/spi-builder-workspace
    write-file /Users/admin/builder/spi-builder-workspace/.derivedData/Build/Intermediates.noindex/SystemFontOverride.build/Debug-watchos/SystemFontOverride-t.build/Objects-normal/arm64/SystemFontOverride_const_extract_protocols.json
WriteAuxiliaryFile /Users/admin/builder/spi-builder-workspace/.derivedData/Build/Intermediates.noindex/SystemFontOverride.build/Debug-watchos/SystemFontOverride-t.build/Objects-normal/arm64_32/SystemFontOverride-OutputFileMap.json (in target 'SystemFontOverride' from project 'SystemFontOverride')
    cd /Users/admin/builder/spi-builder-workspace
    write-file /Users/admin/builder/spi-builder-workspace/.derivedData/Build/Intermediates.noindex/SystemFontOverride.build/Debug-watchos/SystemFontOverride-t.build/Objects-normal/arm64_32/SystemFontOverride-OutputFileMap.json
WriteAuxiliaryFile /Users/admin/builder/spi-builder-workspace/.derivedData/Build/Intermediates.noindex/SystemFontOverride.build/Debug-watchos/SystemFontOverride-t.build/Objects-normal/arm64_32/SystemFontOverride_const_extract_protocols.json (in target 'SystemFontOverride' from project 'SystemFontOverride')
    cd /Users/admin/builder/spi-builder-workspace
    write-file /Users/admin/builder/spi-builder-workspace/.derivedData/Build/Intermediates.noindex/SystemFontOverride.build/Debug-watchos/SystemFontOverride-t.build/Objects-normal/arm64_32/SystemFontOverride_const_extract_protocols.json
WriteAuxiliaryFile /Users/admin/builder/spi-builder-workspace/.derivedData/Build/Intermediates.noindex/SystemFontOverride.build/Debug-watchos/SystemFontOverride-t.build/Objects-normal/arm64_32/SystemFontOverride.SwiftConstValuesFileList (in target 'SystemFontOverride' from project 'SystemFontOverride')
    cd /Users/admin/builder/spi-builder-workspace
    write-file /Users/admin/builder/spi-builder-workspace/.derivedData/Build/Intermediates.noindex/SystemFontOverride.build/Debug-watchos/SystemFontOverride-t.build/Objects-normal/arm64_32/SystemFontOverride.SwiftConstValuesFileList
WriteAuxiliaryFile /Users/admin/builder/spi-builder-workspace/.derivedData/Build/Intermediates.noindex/SystemFontOverride.build/Debug-watchos/SystemFontOverride-t.build/SystemFontOverride.DependencyStaticMetadataFileList (in target 'SystemFontOverride' from project 'SystemFontOverride')
    cd /Users/admin/builder/spi-builder-workspace
    write-file /Users/admin/builder/spi-builder-workspace/.derivedData/Build/Intermediates.noindex/SystemFontOverride.build/Debug-watchos/SystemFontOverride-t.build/SystemFontOverride.DependencyStaticMetadataFileList
WriteAuxiliaryFile /Users/admin/builder/spi-builder-workspace/.derivedData/Build/Intermediates.noindex/SystemFontOverride.build/Debug-watchos/SystemFontOverride-t.build/SystemFontOverride.DependencyMetadataFileList (in target 'SystemFontOverride' from project 'SystemFontOverride')
    cd /Users/admin/builder/spi-builder-workspace
    write-file /Users/admin/builder/spi-builder-workspace/.derivedData/Build/Intermediates.noindex/SystemFontOverride.build/Debug-watchos/SystemFontOverride-t.build/SystemFontOverride.DependencyMetadataFileList
WriteAuxiliaryFile /Users/admin/builder/spi-builder-workspace/.derivedData/Build/Intermediates.noindex/SystemFontOverride.build/Debug-watchos/SystemFontOverride-t.build/Objects-normal/arm64_32/SystemFontOverride.SwiftFileList (in target 'SystemFontOverride' from project 'SystemFontOverride')
    cd /Users/admin/builder/spi-builder-workspace
    write-file /Users/admin/builder/spi-builder-workspace/.derivedData/Build/Intermediates.noindex/SystemFontOverride.build/Debug-watchos/SystemFontOverride-t.build/Objects-normal/arm64_32/SystemFontOverride.SwiftFileList
WriteAuxiliaryFile /Users/admin/builder/spi-builder-workspace/.derivedData/Build/Intermediates.noindex/SystemFontOverride.build/Debug-watchos/SystemFontOverride-t.build/Objects-normal/arm64_32/SystemFontOverride.LinkFileList (in target 'SystemFontOverride' from project 'SystemFontOverride')
    cd /Users/admin/builder/spi-builder-workspace
    write-file /Users/admin/builder/spi-builder-workspace/.derivedData/Build/Intermediates.noindex/SystemFontOverride.build/Debug-watchos/SystemFontOverride-t.build/Objects-normal/arm64_32/SystemFontOverride.LinkFileList
WriteAuxiliaryFile /Users/admin/builder/spi-builder-workspace/.derivedData/Build/Intermediates.noindex/SystemFontOverride.build/Debug-watchos/SystemFontOverride-t.build/Objects-normal/arm64/SystemFontOverride.SwiftFileList (in target 'SystemFontOverride' from project 'SystemFontOverride')
    cd /Users/admin/builder/spi-builder-workspace
    write-file /Users/admin/builder/spi-builder-workspace/.derivedData/Build/Intermediates.noindex/SystemFontOverride.build/Debug-watchos/SystemFontOverride-t.build/Objects-normal/arm64/SystemFontOverride.SwiftFileList
WriteAuxiliaryFile /Users/admin/builder/spi-builder-workspace/.derivedData/Build/Intermediates.noindex/SystemFontOverride.build/Debug-watchos/SystemFontOverride-t.build/Objects-normal/arm64/SystemFontOverride.SwiftConstValuesFileList (in target 'SystemFontOverride' from project 'SystemFontOverride')
    cd /Users/admin/builder/spi-builder-workspace
    write-file /Users/admin/builder/spi-builder-workspace/.derivedData/Build/Intermediates.noindex/SystemFontOverride.build/Debug-watchos/SystemFontOverride-t.build/Objects-normal/arm64/SystemFontOverride.SwiftConstValuesFileList
WriteAuxiliaryFile /Users/admin/builder/spi-builder-workspace/.derivedData/Build/Intermediates.noindex/SystemFontOverride.build/Debug-watchos/SystemFontOverride-t.build/Objects-normal/arm64/SystemFontOverride.LinkFileList (in target 'SystemFontOverride' from project 'SystemFontOverride')
    cd /Users/admin/builder/spi-builder-workspace
    write-file /Users/admin/builder/spi-builder-workspace/.derivedData/Build/Intermediates.noindex/SystemFontOverride.build/Debug-watchos/SystemFontOverride-t.build/Objects-normal/arm64/SystemFontOverride.LinkFileList
MkDir /Users/admin/builder/spi-builder-workspace/.derivedData/Build/Products/Debug-watchos/SystemFontOverride_SystemFontOverride.bundle (in target 'SystemFontOverride_SystemFontOverride' from project 'SystemFontOverride')
    cd /Users/admin/builder/spi-builder-workspace
    /bin/mkdir -p /Users/admin/builder/spi-builder-workspace/.derivedData/Build/Products/Debug-watchos/SystemFontOverride_SystemFontOverride.bundle
Copy /Users/admin/builder/spi-builder-workspace/.derivedData/Build/Intermediates.noindex/GeneratedModuleMaps-watchos/SystemFontOverride.modulemap /Users/admin/builder/spi-builder-workspace/.derivedData/Build/Intermediates.noindex/SystemFontOverride.build/Debug-watchos/SystemFontOverride-t.build/SystemFontOverride.modulemap (in target 'SystemFontOverride' from project 'SystemFontOverride')
    cd /Users/admin/builder/spi-builder-workspace
    builtin-copy -exclude .DS_Store -exclude CVS -exclude .svn -exclude .git -exclude .hg -resolve-src-symlinks /Users/admin/builder/spi-builder-workspace/.derivedData/Build/Intermediates.noindex/SystemFontOverride.build/Debug-watchos/SystemFontOverride-t.build/SystemFontOverride.modulemap /Users/admin/builder/spi-builder-workspace/.derivedData/Build/Intermediates.noindex/GeneratedModuleMaps-watchos
WriteAuxiliaryFile /Users/admin/builder/spi-builder-workspace/.derivedData/Build/Intermediates.noindex/SystemFontOverride.build/Debug-watchos/SystemFontOverride-t.build/DerivedSources/resource_bundle_accessor.swift (in target 'SystemFontOverride' from project 'SystemFontOverride')
    cd /Users/admin/builder/spi-builder-workspace
    write-file /Users/admin/builder/spi-builder-workspace/.derivedData/Build/Intermediates.noindex/SystemFontOverride.build/Debug-watchos/SystemFontOverride-t.build/DerivedSources/resource_bundle_accessor.swift
ProcessInfoPlistFile /Users/admin/builder/spi-builder-workspace/.derivedData/Build/Products/Debug-watchos/SystemFontOverride_SystemFontOverride.bundle/Info.plist /Users/admin/builder/spi-builder-workspace/.derivedData/Build/Intermediates.noindex/SystemFontOverride.build/Debug-watchos/SystemFontOverride_SystemFontOverride-b.build/empty-SystemFontOverride_SystemFontOverride.plist (in target 'SystemFontOverride_SystemFontOverride' from project 'SystemFontOverride')
    cd /Users/admin/builder/spi-builder-workspace
    builtin-infoPlistUtility /Users/admin/builder/spi-builder-workspace/.derivedData/Build/Intermediates.noindex/SystemFontOverride.build/Debug-watchos/SystemFontOverride_SystemFontOverride-b.build/empty-SystemFontOverride_SystemFontOverride.plist -producttype com.apple.product-type.bundle -expandbuildsettings -format binary -platform watchos -o /Users/admin/builder/spi-builder-workspace/.derivedData/Build/Products/Debug-watchos/SystemFontOverride_SystemFontOverride.bundle/Info.plist
CpResource /Users/admin/builder/spi-builder-workspace/.derivedData/Build/Products/Debug-watchos/SystemFontOverride_SystemFontOverride.bundle/PrivacyInfo.xcprivacy /Users/admin/builder/spi-builder-workspace/Sources/SystemFontOverride/PrivacyInfo.xcprivacy (in target 'SystemFontOverride_SystemFontOverride' from project 'SystemFontOverride')
    cd /Users/admin/builder/spi-builder-workspace
    builtin-copy -exclude .DS_Store -exclude CVS -exclude .svn -exclude .git -exclude .hg -resolve-src-symlinks /Users/admin/builder/spi-builder-workspace/Sources/SystemFontOverride/PrivacyInfo.xcprivacy /Users/admin/builder/spi-builder-workspace/.derivedData/Build/Products/Debug-watchos/SystemFontOverride_SystemFontOverride.bundle
RegisterExecutionPolicyException /Users/admin/builder/spi-builder-workspace/.derivedData/Build/Products/Debug-watchos/SystemFontOverride_SystemFontOverride.bundle (in target 'SystemFontOverride_SystemFontOverride' from project 'SystemFontOverride')
    cd /Users/admin/builder/spi-builder-workspace
    builtin-RegisterExecutionPolicyException /Users/admin/builder/spi-builder-workspace/.derivedData/Build/Products/Debug-watchos/SystemFontOverride_SystemFontOverride.bundle
Touch /Users/admin/builder/spi-builder-workspace/.derivedData/Build/Products/Debug-watchos/SystemFontOverride_SystemFontOverride.bundle (in target 'SystemFontOverride_SystemFontOverride' from project 'SystemFontOverride')
    cd /Users/admin/builder/spi-builder-workspace
    /usr/bin/touch -c /Users/admin/builder/spi-builder-workspace/.derivedData/Build/Products/Debug-watchos/SystemFontOverride_SystemFontOverride.bundle
SwiftDriver SystemFontOverride normal arm64 com.apple.xcode.tools.swift.compiler (in target 'SystemFontOverride' from project 'SystemFontOverride')
    cd /Users/admin/builder/spi-builder-workspace/.swiftpm/xcode
    builtin-SwiftDriver -- /Applications/Xcode-27.0.0-Release.Candidate.app/Contents/Developer/Toolchains/XcodeDefault.xctoolchain/usr/bin/swiftc -parse-as-library -module-name SystemFontOverride -Onone @/Users/admin/builder/spi-builder-workspace/.derivedData/Build/Intermediates.noindex/SystemFontOverride.build/Debug-watchos/SystemFontOverride-t.build/Objects-normal/arm64/SystemFontOverride.SwiftFileList -DSWIFT_PACKAGE -DDEBUG -DSWIFT_MODULE_RESOURCE_BUNDLE_AVAILABLE -DXcode -plugin-path /Applications/Xcode-27.0.0-Release.Candidate.app/Contents/Developer/Toolchains/XcodeDefault.xctoolchain/usr/lib/swift/host/plugins/testing -enable-experimental-feature DebugDescriptionMacro -sdk /Applications/Xcode-27.0.0-Release.Candidate.app/Contents/Developer/Platforms/WatchOS.platform/Developer/SDKs/WatchOS27.0.sdk -target arm64-apple-watchos9.0 -g -module-cache-path /Users/admin/builder/spi-builder-workspace/.derivedData/ModuleCache.noindex -Xfrontend -serialize-debugging-options -enable-testing -index-store-path /Users/admin/builder/spi-builder-workspace/.derivedData/Index.noindex/DataStore -Xcc -D_LIBCPP_HARDENING_MODE\=_LIBCPP_HARDENING_MODE_DEBUG -swift-version 5 -I /Users/admin/builder/spi-builder-workspace/.derivedData/Build/Products/Debug-watchos -Isystem /Applications/Xcode-27.0.0-Release.Candidate.app/Contents/Developer/Platforms/WatchOS.platform/Developer/usr/lib -F /Users/admin/builder/spi-builder-workspace/.derivedData/Build/Products/Debug-watchos -F /Applications/Xcode-27.0.0-Release.Candidate.app/Contents/Developer/Platforms/WatchOS.platform/Developer/Library/Frameworks -F /Applications/Xcode-27.0.0-Release.Candidate.app/Contents/Developer/Platforms/WatchOS.platform/Developer/SDKs/WatchOS27.0.sdk/Developer/Library/Frameworks -c -j10 -enable-batch-mode -incremental -Xcc -ivfsstatcache -Xcc /Users/admin/builder/spi-builder-workspace/.derivedData/SDKStatCaches.noindex/watchos27.0-24R360-e829b21a6f8c9b70876ba0858053c04477534ef55a1706bf4c1112bbb242f0a2.sdkstatcache -output-file-map /Users/admin/builder/spi-builder-workspace/.derivedData/Build/Intermediates.noindex/SystemFontOverride.build/Debug-watchos/SystemFontOverride-t.build/Objects-normal/arm64/SystemFontOverride-OutputFileMap.json -save-temps -no-color-diagnostics -explicit-module-build -module-cache-path /Users/admin/builder/spi-builder-workspace/.derivedData/Build/Intermediates.noindex/SwiftExplicitPrecompiledModules -clang-scanner-module-cache-path /Users/admin/builder/spi-builder-workspace/.derivedData/ModuleCache.noindex -sdk-module-cache-path /Users/admin/builder/spi-builder-workspace/.derivedData/SDKExplicitPrecompiledModules -emit-dependencies -emit-module -emit-module-path /Users/admin/builder/spi-builder-workspace/.derivedData/Build/Intermediates.noindex/SystemFontOverride.build/Debug-watchos/SystemFontOverride-t.build/Objects-normal/arm64/SystemFontOverride.swiftmodule -serialize-diagnostics -dependency-scan-serialize-diagnostics-path /Users/admin/builder/spi-builder-workspace/.derivedData/Build/Intermediates.noindex/SystemFontOverride.build/Debug-watchos/SystemFontOverride-t.build/Objects-normal/arm64/SystemFontOverride-dependency-scan.dia -validate-clang-modules-once -clang-build-session-file /Users/admin/builder/spi-builder-workspace/.derivedData/ModuleCache.noindex/Session.modulevalidation -Xcc -fmodules-prune-interval\=86400 -Xcc -fmodules-prune-after\=345600 -emit-const-values -const-gather-protocols-list /Users/admin/builder/spi-builder-workspace/.derivedData/Build/Intermediates.noindex/SystemFontOverride.build/Debug-watchos/SystemFontOverride-t.build/Objects-normal/arm64/SystemFontOverride_const_extract_protocols.json -Xcc -I/Users/admin/builder/spi-builder-workspace/.derivedData/Build/Products/Debug-watchos/include -Xcc -I/Users/admin/builder/spi-builder-workspace/.derivedData/Build/Intermediates.noindex/SystemFontOverride.build/Debug-watchos/SystemFontOverride-t.build/DerivedSources-normal/arm64 -Xcc -I/Users/admin/builder/spi-builder-workspace/.derivedData/Build/Intermediates.noindex/SystemFontOverride.build/Debug-watchos/SystemFontOverride-t.build/DerivedSources/arm64 -Xcc -I/Users/admin/builder/spi-builder-workspace/.derivedData/Build/Intermediates.noindex/SystemFontOverride.build/Debug-watchos/SystemFontOverride-t.build/DerivedSources -Xcc -DSWIFT_PACKAGE -Xcc -DDEBUG\=1 -emit-objc-header -emit-objc-header-path /Users/admin/builder/spi-builder-workspace/.derivedData/Build/Intermediates.noindex/SystemFontOverride.build/Debug-watchos/SystemFontOverride-t.build/Objects-normal/arm64/SystemFontOverride-Swift.h -working-directory /Users/admin/builder/spi-builder-workspace/.swiftpm/xcode -experimental-emit-module-separately -disable-cmo
SwiftDriver SystemFontOverride normal arm64_32 com.apple.xcode.tools.swift.compiler (in target 'SystemFontOverride' from project 'SystemFontOverride')
    cd /Users/admin/builder/spi-builder-workspace/.swiftpm/xcode
    builtin-SwiftDriver -- /Applications/Xcode-27.0.0-Release.Candidate.app/Contents/Developer/Toolchains/XcodeDefault.xctoolchain/usr/bin/swiftc -parse-as-library -module-name SystemFontOverride -Onone @/Users/admin/builder/spi-builder-workspace/.derivedData/Build/Intermediates.noindex/SystemFontOverride.build/Debug-watchos/SystemFontOverride-t.build/Objects-normal/arm64_32/SystemFontOverride.SwiftFileList -DSWIFT_PACKAGE -DDEBUG -DSWIFT_MODULE_RESOURCE_BUNDLE_AVAILABLE -DXcode -plugin-path /Applications/Xcode-27.0.0-Release.Candidate.app/Contents/Developer/Toolchains/XcodeDefault.xctoolchain/usr/lib/swift/host/plugins/testing -enable-experimental-feature DebugDescriptionMacro -sdk /Applications/Xcode-27.0.0-Release.Candidate.app/Contents/Developer/Platforms/WatchOS.platform/Developer/SDKs/WatchOS27.0.sdk -target arm64_32-apple-watchos9.0 -g -module-cache-path /Users/admin/builder/spi-builder-workspace/.derivedData/ModuleCache.noindex -Xfrontend -serialize-debugging-options -enable-testing -index-store-path /Users/admin/builder/spi-builder-workspace/.derivedData/Index.noindex/DataStore -Xcc -D_LIBCPP_HARDENING_MODE\=_LIBCPP_HARDENING_MODE_DEBUG -swift-version 5 -I /Users/admin/builder/spi-builder-workspace/.derivedData/Build/Products/Debug-watchos -Isystem /Applications/Xcode-27.0.0-Release.Candidate.app/Contents/Developer/Platforms/WatchOS.platform/Developer/usr/lib -F /Users/admin/builder/spi-builder-workspace/.derivedData/Build/Products/Debug-watchos -F /Applications/Xcode-27.0.0-Release.Candidate.app/Contents/Developer/Platforms/WatchOS.platform/Developer/Library/Frameworks -F /Applications/Xcode-27.0.0-Release.Candidate.app/Contents/Developer/Platforms/WatchOS.platform/Developer/SDKs/WatchOS27.0.sdk/Developer/Library/Frameworks -c -j10 -enable-batch-mode -incremental -Xcc -ivfsstatcache -Xcc /Users/admin/builder/spi-builder-workspace/.derivedData/SDKStatCaches.noindex/watchos27.0-24R360-e829b21a6f8c9b70876ba0858053c04477534ef55a1706bf4c1112bbb242f0a2.sdkstatcache -output-file-map /Users/admin/builder/spi-builder-workspace/.derivedData/Build/Intermediates.noindex/SystemFontOverride.build/Debug-watchos/SystemFontOverride-t.build/Objects-normal/arm64_32/SystemFontOverride-OutputFileMap.json -save-temps -no-color-diagnostics -explicit-module-build -module-cache-path /Users/admin/builder/spi-builder-workspace/.derivedData/Build/Intermediates.noindex/SwiftExplicitPrecompiledModules -clang-scanner-module-cache-path /Users/admin/builder/spi-builder-workspace/.derivedData/ModuleCache.noindex -sdk-module-cache-path /Users/admin/builder/spi-builder-workspace/.derivedData/SDKExplicitPrecompiledModules -emit-dependencies -emit-module -emit-module-path /Users/admin/builder/spi-builder-workspace/.derivedData/Build/Intermediates.noindex/SystemFontOverride.build/Debug-watchos/SystemFontOverride-t.build/Objects-normal/arm64_32/SystemFontOverride.swiftmodule -serialize-diagnostics -dependency-scan-serialize-diagnostics-path /Users/admin/builder/spi-builder-workspace/.derivedData/Build/Intermediates.noindex/SystemFontOverride.build/Debug-watchos/SystemFontOverride-t.build/Objects-normal/arm64_32/SystemFontOverride-dependency-scan.dia -validate-clang-modules-once -clang-build-session-file /Users/admin/builder/spi-builder-workspace/.derivedData/ModuleCache.noindex/Session.modulevalidation -Xcc -fmodules-prune-interval\=86400 -Xcc -fmodules-prune-after\=345600 -emit-const-values -const-gather-protocols-list /Users/admin/builder/spi-builder-workspace/.derivedData/Build/Intermediates.noindex/SystemFontOverride.build/Debug-watchos/SystemFontOverride-t.build/Objects-normal/arm64_32/SystemFontOverride_const_extract_protocols.json -Xcc -I/Users/admin/builder/spi-builder-workspace/.derivedData/Build/Products/Debug-watchos/include -Xcc -I/Users/admin/builder/spi-builder-workspace/.derivedData/Build/Intermediates.noindex/SystemFontOverride.build/Debug-watchos/SystemFontOverride-t.build/DerivedSources-normal/arm64_32 -Xcc -I/Users/admin/builder/spi-builder-workspace/.derivedData/Build/Intermediates.noindex/SystemFontOverride.build/Debug-watchos/SystemFontOverride-t.build/DerivedSources/arm64_32 -Xcc -I/Users/admin/builder/spi-builder-workspace/.derivedData/Build/Intermediates.noindex/SystemFontOverride.build/Debug-watchos/SystemFontOverride-t.build/DerivedSources -Xcc -DSWIFT_PACKAGE -Xcc -DDEBUG\=1 -emit-objc-header -emit-objc-header-path /Users/admin/builder/spi-builder-workspace/.derivedData/Build/Intermediates.noindex/SystemFontOverride.build/Debug-watchos/SystemFontOverride-t.build/Objects-normal/arm64_32/SystemFontOverride-Swift.h -working-directory /Users/admin/builder/spi-builder-workspace/.swiftpm/xcode -experimental-emit-module-separately -disable-cmo
SwiftExplicitDependencyGeneratePcm arm64_32 /Users/admin/builder/spi-builder-workspace/.derivedData/SDKExplicitPrecompiledModules/DeveloperToolsSupport-DZU5G1OCMNWU0AQRULIFHUJ1Z.pcm
SwiftExplicitDependencyGeneratePcm arm64_32 /Users/admin/builder/spi-builder-workspace/.derivedData/SDKExplicitPrecompiledModules/ptrcheck-7ELIH9BTIGVKX3UBITM9N72WD.pcm
SwiftExplicitDependencyGeneratePcm arm64_32 /Users/admin/builder/spi-builder-workspace/.derivedData/SDKExplicitPrecompiledModules/_Builtin_stdbool-A967K8W8YUYEC9SN52KJ7OO88.pcm
SwiftExplicitDependencyGeneratePcm arm64_32 /Users/admin/builder/spi-builder-workspace/.derivedData/SDKExplicitPrecompiledModules/_Builtin_stddef-H44EFHQX6XSS5MZ7QP6YJZ76.pcm
SwiftExplicitDependencyGeneratePcm arm64_32 /Users/admin/builder/spi-builder-workspace/.derivedData/SDKExplicitPrecompiledModules/_SwiftConcurrencyShims-6RTBPQ03V7BM9SPRK8SUE055H.pcm
SwiftExplicitDependencyGeneratePcm arm64_32 /Users/admin/builder/spi-builder-workspace/.derivedData/SDKExplicitPrecompiledModules/SwiftShims-9CQQGWTSNTN9EB5NSHDWUJICH.pcm
SwiftExplicitDependencyGeneratePcm arm64_32 /Users/admin/builder/spi-builder-workspace/.derivedData/SDKExplicitPrecompiledModules/_AvailabilityInternal-244WAN3Z1QBT7PIA64EZEFY1R.pcm
SwiftExplicitDependencyGeneratePcm arm64_32 /Users/admin/builder/spi-builder-workspace/.derivedData/SDKExplicitPrecompiledModules/ptrauth-BFXF358ME5AK535N5A9Z766WU.pcm
SwiftExplicitDependencyGeneratePcm arm64_32 /Users/admin/builder/spi-builder-workspace/.derivedData/SDKExplicitPrecompiledModules/_Builtin_stdarg-D305JG44A2WPI6CJY37X3QJE8.pcm
SwiftExplicitDependencyGeneratePcm arm64_32 /Users/admin/builder/spi-builder-workspace/.derivedData/SDKExplicitPrecompiledModules/_Builtin_float-6KO8O3PEWRCA4WC6PPLOYO6WJ.pcm
SwiftExplicitDependencyGeneratePcm arm64 /Users/admin/builder/spi-builder-workspace/.derivedData/SDKExplicitPrecompiledModules/_Builtin_float-C0CW5Q4HGBQYKE77TC42IAFB5.pcm
SwiftExplicitDependencyGeneratePcm arm64 /Users/admin/builder/spi-builder-workspace/.derivedData/SDKExplicitPrecompiledModules/_Builtin_stdbool-83J96QSOFE9VX04AAS6310UAE.pcm
SwiftExplicitDependencyGeneratePcm arm64 /Users/admin/builder/spi-builder-workspace/.derivedData/SDKExplicitPrecompiledModules/ptrcheck-AIF0NDOYZ8ORBNHQAQR5NNB8M.pcm
SwiftExplicitDependencyGeneratePcm arm64 /Users/admin/builder/spi-builder-workspace/.derivedData/SDKExplicitPrecompiledModules/SwiftShims-4MXFZPV6FEB0XBYXCGPWAMQGL.pcm
SwiftExplicitDependencyGeneratePcm arm64 /Users/admin/builder/spi-builder-workspace/.derivedData/SDKExplicitPrecompiledModules/_Builtin_stdarg-A7UU8LE6MP85SM26YO7PBZNUQ.pcm
SwiftExplicitDependencyGeneratePcm arm64 /Users/admin/builder/spi-builder-workspace/.derivedData/SDKExplicitPrecompiledModules/_Builtin_stddef-1FU30Y8SWFB7OUUHMJQH5J6FM.pcm
SwiftExplicitDependencyGeneratePcm arm64 /Users/admin/builder/spi-builder-workspace/.derivedData/SDKExplicitPrecompiledModules/_AvailabilityInternal-BUNV3UXM65NT37THI4W1AM0SF.pcm
SwiftExplicitDependencyGeneratePcm arm64 /Users/admin/builder/spi-builder-workspace/.derivedData/SDKExplicitPrecompiledModules/ptrauth-3TZ9WJCGLYD25HQPWH4968ONX.pcm
SwiftExplicitDependencyGeneratePcm arm64 /Users/admin/builder/spi-builder-workspace/.derivedData/SDKExplicitPrecompiledModules/_SwiftConcurrencyShims-659N52XSKR5F0QSB880BH2FJR.pcm
SwiftExplicitDependencyGeneratePcm arm64_32 /Users/admin/builder/spi-builder-workspace/.derivedData/SDKExplicitPrecompiledModules/_DarwinFoundation1-2GWF9RFMPLQW4PDHS3NARVI3G.pcm
SwiftExplicitDependencyGeneratePcm arm64 /Users/admin/builder/spi-builder-workspace/.derivedData/SDKExplicitPrecompiledModules/DeveloperToolsSupport-E7CNISCB36UE8XQ9IOHK9XDX1.pcm
SwiftExplicitDependencyGeneratePcm arm64 /Users/admin/builder/spi-builder-workspace/.derivedData/SDKExplicitPrecompiledModules/_DarwinFoundation1-7SPX3MD0HMP55E4OLNCPNDQ53.pcm
SwiftExplicitDependencyGeneratePcm arm64_32 /Users/admin/builder/spi-builder-workspace/.derivedData/SDKExplicitPrecompiledModules/_Builtin_limits-3VKBU2AFTD65PAJZ5CJ3LHFM2.pcm
SwiftExplicitDependencyGeneratePcm arm64_32 /Users/admin/builder/spi-builder-workspace/.derivedData/SDKExplicitPrecompiledModules/_DarwinFoundation2-9MY8GOSYRO0M9MKNXF6D3MBNK.pcm
SwiftExplicitDependencyGeneratePcm arm64 /Users/admin/builder/spi-builder-workspace/.derivedData/SDKExplicitPrecompiledModules/_Builtin_limits-9GWPA2B0H20DYUNYHYCWKABJG.pcm
SwiftExplicitDependencyGeneratePcm arm64 /Users/admin/builder/spi-builder-workspace/.derivedData/SDKExplicitPrecompiledModules/_DarwinFoundation2-D0XAPJU49S5E9XMKYOFGSTB1Q.pcm
SwiftExplicitDependencyGeneratePcm arm64_32 /Users/admin/builder/spi-builder-workspace/.derivedData/SDKExplicitPrecompiledModules/sys_types-8TLLMW08ZJWDGIIPKOYFGHHZW.pcm
SwiftExplicitDependencyGeneratePcm arm64_32 /Users/admin/builder/spi-builder-workspace/.derivedData/SDKExplicitPrecompiledModules/_Builtin_tgmath-23PGCKURCQILXMK0MYZRYDCOU.pcm
SwiftExplicitDependencyGeneratePcm arm64_32 /Users/admin/builder/spi-builder-workspace/.derivedData/SDKExplicitPrecompiledModules/string_h-BFVLUQUSBZWYMLCU9QI7VZALW.pcm
SwiftExplicitDependencyGeneratePcm arm64_32 /Users/admin/builder/spi-builder-workspace/.derivedData/SDKExplicitPrecompiledModules/_Builtin_stdint-1HMXWI3V0V4TXHRWZOMZGZ80Y.pcm
SwiftExplicitDependencyGeneratePcm arm64 /Users/admin/builder/spi-builder-workspace/.derivedData/SDKExplicitPrecompiledModules/_Builtin_tgmath-8NQ96OZ0YHXEC24JI95P01UF8.pcm
SwiftExplicitDependencyGeneratePcm arm64 /Users/admin/builder/spi-builder-workspace/.derivedData/SDKExplicitPrecompiledModules/sys_types-2KXQLI78OUCDP779AE68GZJ2.pcm
SwiftExplicitDependencyGeneratePcm arm64 /Users/admin/builder/spi-builder-workspace/.derivedData/SDKExplicitPrecompiledModules/string_h-E6PRXK75PHIPCZFWOFCQ3QBMK.pcm
SwiftExplicitDependencyGeneratePcm arm64 /Users/admin/builder/spi-builder-workspace/.derivedData/SDKExplicitPrecompiledModules/_Builtin_stdint-8XMILLJZEGRN2XG7XZUXZ5RLX.pcm
SwiftExplicitDependencyGeneratePcm arm64_32 /Users/admin/builder/spi-builder-workspace/.derivedData/SDKExplicitPrecompiledModules/_DarwinFoundation3-3DUTYQDQSD9HUAAVY947NMWOI.pcm
SwiftExplicitDependencyGeneratePcm arm64_32 /Users/admin/builder/spi-builder-workspace/.derivedData/SDKExplicitPrecompiledModules/_Builtin_stdatomic-1TY035TURL76BF2U98PZPPZRX.pcm
SwiftExplicitDependencyGeneratePcm arm64_32 /Users/admin/builder/spi-builder-workspace/.derivedData/SDKExplicitPrecompiledModules/_Builtin_intrinsics-196IIAKDQVU42DLOZP9OQCV76.pcm
SwiftExplicitDependencyGeneratePcm arm64 /Users/admin/builder/spi-builder-workspace/.derivedData/SDKExplicitPrecompiledModules/_DarwinFoundation3-B97LRG0E9GON2NUE65TVG81HU.pcm
SwiftExplicitDependencyGeneratePcm arm64 /Users/admin/builder/spi-builder-workspace/.derivedData/SDKExplicitPrecompiledModules/_Builtin_intrinsics-75960HIPCIYA06IUW8FIIPQT.pcm
SwiftExplicitDependencyGeneratePcm arm64 /Users/admin/builder/spi-builder-workspace/.derivedData/SDKExplicitPrecompiledModules/_Builtin_stdatomic-7JEFA3KBJJJN6TKJWY3OG1VG5.pcm
SwiftExplicitDependencyGeneratePcm arm64_32 /Users/admin/builder/spi-builder-workspace/.derivedData/SDKExplicitPrecompiledModules/_Builtin_inttypes-D2KPCR4PEX9AQA33NGLUT5SBR.pcm
SwiftExplicitDependencyGeneratePcm arm64_32 /Users/admin/builder/spi-builder-workspace/.derivedData/SDKExplicitPrecompiledModules/Darwin-3FVT1SKLN2ZQ5RVOABMTQBB34.pcm
SwiftExplicitDependencyGeneratePcm arm64 /Users/admin/builder/spi-builder-workspace/.derivedData/SDKExplicitPrecompiledModules/_Builtin_inttypes-3UQSCM7WNM9EK4HZML8TY5J3D.pcm
SwiftExplicitDependencyGeneratePcm arm64 /Users/admin/builder/spi-builder-workspace/.derivedData/SDKExplicitPrecompiledModules/Darwin-3984OXKFNSPE77NT743WK8SEX.pcm
SwiftExplicitDependencyGeneratePcm arm64_32 /Users/admin/builder/spi-builder-workspace/.derivedData/SDKExplicitPrecompiledModules/simd-21UNWYOBUZI1LVSQ99S1XBLMO.pcm
SwiftExplicitDependencyGeneratePcm arm64 /Users/admin/builder/spi-builder-workspace/.derivedData/SDKExplicitPrecompiledModules/simd-EH08NODU6574T74ZKU61VP9BW.pcm
SwiftExplicitDependencyGeneratePcm arm64_32 /Users/admin/builder/spi-builder-workspace/.derivedData/SDKExplicitPrecompiledModules/MachO-56838ZJ0NC1EBAJ0O6O8QMPDX.pcm
SwiftExplicitDependencyGeneratePcm arm64_32 /Users/admin/builder/spi-builder-workspace/.derivedData/SDKExplicitPrecompiledModules/ObjectiveC-6IJNELR2E80E7LUKESVCP2KET.pcm
SwiftExplicitDependencyGeneratePcm arm64 /Users/admin/builder/spi-builder-workspace/.derivedData/SDKExplicitPrecompiledModules/ObjectiveC-72IVD3VS2RS8Q28D9PIMY0KQP.pcm
SwiftExplicitDependencyGeneratePcm arm64 /Users/admin/builder/spi-builder-workspace/.derivedData/SDKExplicitPrecompiledModules/MachO-2U90NNSAQILBNBPS1SA4F8TYP.pcm
SwiftExplicitDependencyGeneratePcm arm64_32 /Users/admin/builder/spi-builder-workspace/.derivedData/SDKExplicitPrecompiledModules/os_object-5YWTC6L4756IWSTPGXS5NM0D0.pcm
SwiftExplicitDependencyGeneratePcm arm64 /Users/admin/builder/spi-builder-workspace/.derivedData/SDKExplicitPrecompiledModules/os_object-3SDKD7F87FTZ26OON37DRYT6O.pcm
SwiftExplicitDependencyGeneratePcm arm64_32 /Users/admin/builder/spi-builder-workspace/.derivedData/SDKExplicitPrecompiledModules/os_workgroup-5JHTPDMNBUNHLJI8LPHKQK1JK.pcm
SwiftExplicitDependencyGeneratePcm arm64 /Users/admin/builder/spi-builder-workspace/.derivedData/SDKExplicitPrecompiledModules/os_workgroup-89GG5G7YC2D0ZTK6AZXXQ20DH.pcm
SwiftExplicitDependencyGeneratePcm arm64_32 /Users/admin/builder/spi-builder-workspace/.derivedData/SDKExplicitPrecompiledModules/Spatial-CWVWNML3T0NXVHZDKVLD3X1YZ.pcm
SwiftExplicitDependencyGeneratePcm arm64_32 /Users/admin/builder/spi-builder-workspace/.derivedData/SDKExplicitPrecompiledModules/Dispatch-2P62F1T4XV63S4P99TUDTOK2Q.pcm
SwiftExplicitDependencyGeneratePcm arm64 /Users/admin/builder/spi-builder-workspace/.derivedData/SDKExplicitPrecompiledModules/Spatial-44FJGYXFAT2AQAW9Z6T7YS02U.pcm
SwiftExplicitDependencyGeneratePcm arm64 /Users/admin/builder/spi-builder-workspace/.derivedData/SDKExplicitPrecompiledModules/Dispatch-1NLJOVAK60XP0DUB05XA59EIM.pcm
SwiftExplicitDependencyGeneratePcm arm64_32 /Users/admin/builder/spi-builder-workspace/.derivedData/SDKExplicitPrecompiledModules/CoreFoundation-8E6Y4BA3EXYKUGJ24GT9LGV3N.pcm
SwiftExplicitDependencyGeneratePcm arm64_32 /Users/admin/builder/spi-builder-workspace/.derivedData/SDKExplicitPrecompiledModules/XPC-81Y45QFY96XYYFCW2GT6FY8S4.pcm
SwiftExplicitDependencyGeneratePcm arm64 /Users/admin/builder/spi-builder-workspace/.derivedData/SDKExplicitPrecompiledModules/CoreFoundation-8T2L24YC5NU7WO6WQJWRY7W08.pcm
SwiftExplicitDependencyGeneratePcm arm64 /Users/admin/builder/spi-builder-workspace/.derivedData/SDKExplicitPrecompiledModules/XPC-40DR0X1DHKGCV4J1IOLFS8MOU.pcm
SwiftExplicitDependencyGeneratePcm arm64_32 /Users/admin/builder/spi-builder-workspace/.derivedData/SDKExplicitPrecompiledModules/os-E5IGB442IA6SBB25TTCOLK2OC.pcm
SwiftExplicitDependencyGeneratePcm arm64_32 /Users/admin/builder/spi-builder-workspace/.derivedData/SDKExplicitPrecompiledModules/Security-D7TOWF88VWF67TB9HAFP5UWB1.pcm
SwiftExplicitDependencyGeneratePcm arm64_32 /Users/admin/builder/spi-builder-workspace/.derivedData/SDKExplicitPrecompiledModules/CoreAudioTypes-9GVB1DHA32M46R4A9NWSI3I2K.pcm
SwiftExplicitDependencyGeneratePcm arm64_32 /Users/admin/builder/spi-builder-workspace/.derivedData/SDKExplicitPrecompiledModules/CoreGraphics-9FDXYX6BKBUT6TJ2VF819E7T5.pcm
SwiftExplicitDependencyGeneratePcm arm64 /Users/admin/builder/spi-builder-workspace/.derivedData/SDKExplicitPrecompiledModules/os-5DIL6Z9LFIGLMZAHM7X2T5435.pcm
SwiftExplicitDependencyGeneratePcm arm64 /Users/admin/builder/spi-builder-workspace/.derivedData/SDKExplicitPrecompiledModules/Security-6RZ6YBRU8WCUHRFFRVUK5WKMM.pcm
SwiftExplicitDependencyGeneratePcm arm64 /Users/admin/builder/spi-builder-workspace/.derivedData/SDKExplicitPrecompiledModules/CoreGraphics-DWNZ73GEH98SBJXZ7DEXB420K.pcm
SwiftExplicitDependencyGeneratePcm arm64 /Users/admin/builder/spi-builder-workspace/.derivedData/SDKExplicitPrecompiledModules/CoreAudioTypes-A9MF7N5LT63G21HNFVM6BT14B.pcm
SwiftExplicitDependencyGeneratePcm arm64_32 /Users/admin/builder/spi-builder-workspace/.derivedData/SDKExplicitPrecompiledModules/CoreAudio-5W6MX6OUPWBMUR8VD5LHT1PZF.pcm
SwiftExplicitDependencyGeneratePcm arm64_32 /Users/admin/builder/spi-builder-workspace/.derivedData/SDKExplicitPrecompiledModules/Foundation-BJ2VQGI3OGR34500MEQ1VKHPH.pcm
SwiftExplicitDependencyGeneratePcm arm64_32 /Users/admin/builder/spi-builder-workspace/.derivedData/SDKExplicitPrecompiledModules/CoreText-C9X2REPZN2V5BSU4G80FCETDR.pcm
SwiftExplicitDependencyGeneratePcm arm64_32 /Users/admin/builder/spi-builder-workspace/.derivedData/SDKExplicitPrecompiledModules/CoreVideo-2P8HI0403J99LBDPKNFJ5D4DL.pcm
SwiftExplicitDependencyGeneratePcm arm64 /Users/admin/builder/spi-builder-workspace/.derivedData/SDKExplicitPrecompiledModules/CoreAudio-1B79RJJTP71GE6UY9WLESAN3C.pcm
SwiftExplicitDependencyGeneratePcm arm64 /Users/admin/builder/spi-builder-workspace/.derivedData/SDKExplicitPrecompiledModules/Foundation-DLBKUSGXN8QHAT8W0OARR9S8A.pcm
SwiftExplicitDependencyGeneratePcm arm64 /Users/admin/builder/spi-builder-workspace/.derivedData/SDKExplicitPrecompiledModules/CoreText-970YJN6NIYGK1316L35Z0O8QT.pcm
SwiftExplicitDependencyGeneratePcm arm64 /Users/admin/builder/spi-builder-workspace/.derivedData/SDKExplicitPrecompiledModules/CoreVideo-8MRR5MNWUOAW2DBPGUQ8FKK4.pcm
SwiftExplicitDependencyGeneratePcm arm64_32 /Users/admin/builder/spi-builder-workspace/.derivedData/SDKExplicitPrecompiledModules/CoreMedia-AO387T8CHWTTZODD1DGT0UAFA.pcm
SwiftExplicitDependencyGeneratePcm arm64 /Users/admin/builder/spi-builder-workspace/.derivedData/SDKExplicitPrecompiledModules/CoreMedia-1AJVCUZNAO74KIKMFVFUUHWDI.pcm
SwiftExplicitDependencyGeneratePcm arm64_32 /Users/admin/builder/spi-builder-workspace/.derivedData/SDKExplicitPrecompiledModules/QuartzCore-6375NPYACK5NYVHPMC1QQ8MC2.pcm
SwiftExplicitDependencyGeneratePcm arm64_32 /Users/admin/builder/spi-builder-workspace/.derivedData/SDKExplicitPrecompiledModules/Accessibility-F385OMZ5GYBUY5O4QAJB4NRII.pcm
SwiftExplicitDependencyGeneratePcm arm64_32 /Users/admin/builder/spi-builder-workspace/.derivedData/SDKExplicitPrecompiledModules/UserNotifications-6TBN8TEAKO014N1T2QD926XED.pcm
SwiftExplicitDependencyGeneratePcm arm64_32 /Users/admin/builder/spi-builder-workspace/.derivedData/SDKExplicitPrecompiledModules/DataDetection-U9BF7WHFVA6BZGFXXXP272PS.pcm
SwiftExplicitDependencyGeneratePcm arm64_32 /Users/admin/builder/spi-builder-workspace/.derivedData/SDKExplicitPrecompiledModules/Symbols-1H97WMG76HU94F5VGJR19PXFY.pcm
SwiftExplicitDependencyGeneratePcm arm64_32 /Users/admin/builder/spi-builder-workspace/.derivedData/SDKExplicitPrecompiledModules/OSLog-D9AVFY0KWO7RVBIQ73CBIJVCN.pcm
SwiftExplicitDependencyGeneratePcm arm64_32 /Users/admin/builder/spi-builder-workspace/.derivedData/SDKExplicitPrecompiledModules/CoreTransferable-5D4IR6X37682FPHJ5CBPTKQV6.pcm
SwiftExplicitDependencyGeneratePcm arm64_32 /Users/admin/builder/spi-builder-workspace/.derivedData/SDKExplicitPrecompiledModules/CoreData-7AU1AFQWUH88EAPDKVMLJPKVD.pcm
SwiftExplicitDependencyGeneratePcm arm64_32 /Users/admin/builder/spi-builder-workspace/.derivedData/SDKExplicitPrecompiledModules/UIUtilities-9YFVNIMRC5HRVOIARNWHP1E3H.pcm
SwiftExplicitDependencyGeneratePcm arm64_32 /Users/admin/builder/spi-builder-workspace/.derivedData/SDKExplicitPrecompiledModules/SceneKit-DKNLHKM5FJBQ79LSNMSSMBUBR.pcm
SwiftExplicitDependencyGeneratePcm arm64 /Users/admin/builder/spi-builder-workspace/.derivedData/SDKExplicitPrecompiledModules/QuartzCore-94KFMWNOU7ZLUZNB4T5DLZC9D.pcm
SwiftExplicitDependencyGeneratePcm arm64 /Users/admin/builder/spi-builder-workspace/.derivedData/SDKExplicitPrecompiledModules/UserNotifications-ARAH8MEQ0C2L0FBO39HITJMAO.pcm
SwiftExplicitDependencyGeneratePcm arm64 /Users/admin/builder/spi-builder-workspace/.derivedData/SDKExplicitPrecompiledModules/UniformTypeIdentifiers-8L08Q8DQJV8C4AW84YVGFGTRN.pcm
SwiftExplicitDependencyGeneratePcm arm64 /Users/admin/builder/spi-builder-workspace/.derivedData/SDKExplicitPrecompiledModules/SceneKit-5HZKIL7XETTTD8TOHYPN8JKRJ.pcm
SwiftExplicitDependencyGeneratePcm arm64 /Users/admin/builder/spi-builder-workspace/.derivedData/SDKExplicitPrecompiledModules/Accessibility-27QMG6ZQ1NKYTNBYFPM1XKNFC.pcm
SwiftExplicitDependencyGeneratePcm arm64 /Users/admin/builder/spi-builder-workspace/.derivedData/SDKExplicitPrecompiledModules/Symbols-3EFABTJ9L5PQDJ7RQCYQWEJMM.pcm
SwiftExplicitDependencyGeneratePcm arm64 /Users/admin/builder/spi-builder-workspace/.derivedData/SDKExplicitPrecompiledModules/DataDetection-7BNVI1SZW5ISQL5SX4WL2X7I5.pcm
SwiftExplicitDependencyGeneratePcm arm64 /Users/admin/builder/spi-builder-workspace/.derivedData/SDKExplicitPrecompiledModules/_LocationEssentials-5ZZDGDXB6HLQUC72SJW7YJ7MK.pcm
SwiftExplicitDependencyGeneratePcm arm64_32 /Users/admin/builder/spi-builder-workspace/.derivedData/SDKExplicitPrecompiledModules/SwiftUICore-3Q7WLRD8MR9R3NGIPUBQCP6F6.pcm
SwiftExplicitDependencyGeneratePcm arm64 /Users/admin/builder/spi-builder-workspace/.derivedData/SDKExplicitPrecompiledModules/CoreData-9JFJC4UET8BAO5IPV2JU6W9V8.pcm
SwiftExplicitDependencyGeneratePcm arm64 /Users/admin/builder/spi-builder-workspace/.derivedData/SDKExplicitPrecompiledModules/OSLog-B7VGO357Y3GJG35TST7DKDSI3.pcm
SwiftExplicitDependencyGeneratePcm arm64_32 /Users/admin/builder/spi-builder-workspace/.derivedData/SDKExplicitPrecompiledModules/UniformTypeIdentifiers-CJZ3NTHPSBH4XWX5EVOG56UZS.pcm
SwiftExplicitDependencyGeneratePcm arm64 /Users/admin/builder/spi-builder-workspace/.derivedData/SDKExplicitPrecompiledModules/CoreTransferable-9PPG3SLJ55T4LITIFYX2M0NOZ.pcm
SwiftExplicitDependencyGeneratePcm arm64_32 /Users/admin/builder/spi-builder-workspace/.derivedData/SDKExplicitPrecompiledModules/_LocationEssentials-AQ1OL9QKC3LQLY5CNSRM1HB53.pcm
SwiftExplicitDependencyGeneratePcm arm64 /Users/admin/builder/spi-builder-workspace/.derivedData/SDKExplicitPrecompiledModules/UIUtilities-IR7RNW23VAUKYI9MLCS9NL9A.pcm
SwiftExplicitDependencyGeneratePcm arm64 /Users/admin/builder/spi-builder-workspace/.derivedData/SDKExplicitPrecompiledModules/CoreLocation-ACKJ9K7ABI14F97Y46Y6SRR17.pcm
SwiftExplicitDependencyGeneratePcm arm64 /Users/admin/builder/spi-builder-workspace/.derivedData/SDKExplicitPrecompiledModules/SwiftUICore-C1DST1IX2Z0PTH5SJJZ1IULRB.pcm
SwiftExplicitDependencyGeneratePcm arm64_32 /Users/admin/builder/spi-builder-workspace/.derivedData/SDKExplicitPrecompiledModules/CoreLocation-8XU5YMYM4P11RQMYCQAG65ITK.pcm
SwiftExplicitDependencyGeneratePcm arm64 /Users/admin/builder/spi-builder-workspace/.derivedData/SDKExplicitPrecompiledModules/CoreMotion-6RD5K48QT1F4L9CATNFD2O7YB.pcm
SwiftExplicitDependencyGeneratePcm arm64_32 /Users/admin/builder/spi-builder-workspace/.derivedData/SDKExplicitPrecompiledModules/CoreMotion-1XGTVTE5PP32UHME8AC63TL6.pcm
SwiftExplicitDependencyGeneratePcm arm64 /Users/admin/builder/spi-builder-workspace/.derivedData/SDKExplicitPrecompiledModules/UIKit-27R3P1YMV4C6JLDT661G3MRIA.pcm
SwiftExplicitDependencyGeneratePcm arm64_32 /Users/admin/builder/spi-builder-workspace/.derivedData/SDKExplicitPrecompiledModules/UIKit-6PPV7YPZ89CZPHYAP072QH8B6.pcm
SwiftExplicitDependencyGeneratePcm arm64 /Users/admin/builder/spi-builder-workspace/.derivedData/SDKExplicitPrecompiledModules/HomeKit-DTS1N4AWILAL1URZ5IOXV5221.pcm
SwiftExplicitDependencyGeneratePcm arm64 /Users/admin/builder/spi-builder-workspace/.derivedData/SDKExplicitPrecompiledModules/MapKit-EJJWC7IL56MPLQMI93GJRE5OG.pcm
SwiftExplicitDependencyGeneratePcm arm64_32 /Users/admin/builder/spi-builder-workspace/.derivedData/SDKExplicitPrecompiledModules/HomeKit-DUDZOMSN3UK8GNTNBNMPIWJRN.pcm
SwiftExplicitDependencyGeneratePcm arm64_32 /Users/admin/builder/spi-builder-workspace/.derivedData/SDKExplicitPrecompiledModules/MapKit-CWGB4YMP1VX1NYQN5FULFD5DR.pcm
SwiftExplicitDependencyGeneratePcm arm64 /Users/admin/builder/spi-builder-workspace/.derivedData/SDKExplicitPrecompiledModules/WatchKit-3VT3K8YON6FJ6OWSUFJMFMP8J.pcm
SwiftExplicitDependencyGeneratePcm arm64_32 /Users/admin/builder/spi-builder-workspace/.derivedData/SDKExplicitPrecompiledModules/WatchKit-FHF6WTKLC2APGK3LA2XJ6516.pcm
SwiftExplicitDependencyGeneratePcm arm64 /Users/admin/builder/spi-builder-workspace/.derivedData/SDKExplicitPrecompiledModules/SwiftUI-APXDH8ULYLM6FD17YRA73TULO.pcm
SwiftExplicitDependencyGeneratePcm arm64_32 /Users/admin/builder/spi-builder-workspace/.derivedData/SDKExplicitPrecompiledModules/SwiftUI-9AYG9OCT5VOJK7V4MX1WYR86T.pcm
SwiftEmitModule normal arm64 Emitting\ module\ for\ SystemFontOverride (in target 'SystemFontOverride' from project 'SystemFontOverride')
/Users/admin/builder/spi-builder-workspace/Sources/SystemFontOverride/UIFont+SystemFontOverride.swift:29:13: error: 'UITextView' is unavailable in watchOS
 27 |             UIFontDescriptor.swizzleSystemFontWithOverride()
 28 |
 29 |             UITextView.appearance().setFontFamily(to: systemFontFamilyOverride)
    |             `- error: 'UITextView' is unavailable in watchOS
 30 |             UISegmentedControl.appearance().setTitleFontFamily(to: systemFontFamilyOverride)
 31 |         }
/Applications/Xcode-27.0.0-Release.Candidate.app/Contents/Developer/Platforms/WatchOS.platform/Developer/SDKs/WatchOS27.0.sdk/System/Library/Frameworks/UIKit.framework/Headers/UITextView.h:223:12: note: 'UITextView' has been explicitly marked unavailable here
221 |
222 | UIKIT_EXTERN API_AVAILABLE(ios(2.0)) API_UNAVAILABLE(watchos) NS_SWIFT_UI_ACTOR
223 | @interface UITextView : UIScrollView <UITextInput, UIContentSizeCategoryAdjusting, UILetterformAwareAdjusting, NSTextViewportLayoutControllerDelegate>
    |            `- note: 'UITextView' has been explicitly marked unavailable here
224 |
225 | @property(nullable,nonatomic,weak) id<UITextViewDelegate> delegate;
/Users/admin/builder/spi-builder-workspace/Sources/SystemFontOverride/UIFont+SystemFontOverride.swift:30:13: error: 'UISegmentedControl' is unavailable in watchOS
 28 |
 29 |             UITextView.appearance().setFontFamily(to: systemFontFamilyOverride)
 30 |             UISegmentedControl.appearance().setTitleFontFamily(to: systemFontFamilyOverride)
    |             `- error: 'UISegmentedControl' is unavailable in watchOS
 31 |         }
 32 |     }
/Applications/Xcode-27.0.0-Release.Candidate.app/Contents/Developer/Platforms/WatchOS.platform/Developer/SDKs/WatchOS27.0.sdk/System/Library/Frameworks/UIKit.framework/Headers/UISegmentedControl.h:43:12: note: 'UISegmentedControl' has been explicitly marked unavailable here
 41 |
 42 | UIKIT_EXTERN API_AVAILABLE(ios(2.0)) API_UNAVAILABLE(watchos) NS_SWIFT_UI_ACTOR
 43 | @interface UISegmentedControl : UIControl <NSCoding>
    |            `- note: 'UISegmentedControl' has been explicitly marked unavailable here
 44 |
 45 | - (instancetype)initWithFrame:(CGRect)frame NS_DESIGNATED_INITIALIZER;
/Users/admin/builder/spi-builder-workspace/Sources/SystemFontOverride/UIFont+SystemFontOverride.swift:56:97: error: 'UITraitCollection' is unavailable in watchOS
 54 |     }
 55 |
 56 |     static func systemFontOverride(textStyle: UIFont.TextStyle, compatibleWith traitCollection: UITraitCollection? = nil) -> UIFont {
    |                                                                                                 `- error: 'UITraitCollection' is unavailable in watchOS
 57 |         guard let systemFontFamilyOverride else {
 58 |             return preferredFont(forTextStyle: textStyle, compatibleWith: traitCollection)
/Applications/Xcode-27.0.0-Release.Candidate.app/Contents/Developer/Platforms/WatchOS.platform/Developer/SDKs/WatchOS27.0.sdk/System/Library/Frameworks/UIKit.framework/Headers/UITraitCollection.h:23:12: note: 'UITraitCollection' has been explicitly marked unavailable here
 21 |
 22 | UIKIT_EXTERN API_AVAILABLE(ios(8.0)) API_UNAVAILABLE(watchos) NS_SWIFT_SENDABLE
 23 | @interface UITraitCollection : NSObject <NSCopying, NSSecureCoding>
    |            `- note: 'UITraitCollection' has been explicitly marked unavailable here
 24 |
 25 | - (instancetype)init NS_DESIGNATED_INITIALIZER;
/Users/admin/builder/spi-builder-workspace/Sources/SystemFontOverride/UIFont+SystemFontOverride.swift:94:67: error: 'UIControl' is unavailable in watchOS
 92 |
 93 | private extension UISegmentedControl {
 94 |     func setTitleFontFamily(to newFontFamily: String?, for state: UIControl.State = .normal) {
    |                                                                   `- error: 'UIControl' is unavailable in watchOS
 95 |         if let newFontFamily {
 96 |             var titleTextAttributes = titleTextAttributes(for: state) ?? [:]
/Applications/Xcode-27.0.0-Release.Candidate.app/Contents/Developer/Platforms/WatchOS.platform/Developer/SDKs/WatchOS27.0.sdk/System/Library/Frameworks/UIKit.framework/Headers/UIControl.h:76:12: note: 'UIControl' has been explicitly marked unavailable here
 74 |
 75 | UIKIT_EXTERN API_AVAILABLE(ios(2.0)) API_UNAVAILABLE(watchos) NS_SWIFT_UI_ACTOR
 76 | @interface UIControl : UIView
    |            `- note: 'UIControl' has been explicitly marked unavailable here
 77 |
 78 | - (instancetype)initWithFrame:(CGRect)frame NS_DESIGNATED_INITIALIZER;
/Users/admin/builder/spi-builder-workspace/Sources/SystemFontOverride/UIFont+SystemFontOverride.swift:93:19: error: 'UISegmentedControl' is unavailable in watchOS
 91 | // MARK: - Utilities
 92 |
 93 | private extension UISegmentedControl {
    |                   `- error: 'UISegmentedControl' is unavailable in watchOS
 94 |     func setTitleFontFamily(to newFontFamily: String?, for state: UIControl.State = .normal) {
 95 |         if let newFontFamily {
/Applications/Xcode-27.0.0-Release.Candidate.app/Contents/Developer/Platforms/WatchOS.platform/Developer/SDKs/WatchOS27.0.sdk/System/Library/Frameworks/UIKit.framework/Headers/UISegmentedControl.h:43:12: note: 'UISegmentedControl' has been explicitly marked unavailable here
 41 |
 42 | UIKIT_EXTERN API_AVAILABLE(ios(2.0)) API_UNAVAILABLE(watchos) NS_SWIFT_UI_ACTOR
 43 | @interface UISegmentedControl : UIControl <NSCoding>
    |            `- note: 'UISegmentedControl' has been explicitly marked unavailable here
 44 |
 45 | - (instancetype)initWithFrame:(CGRect)frame NS_DESIGNATED_INITIALIZER;
/Users/admin/builder/spi-builder-workspace/Sources/SystemFontOverride/UIFont+SystemFontOverride.swift:110:19: error: 'UITextView' is unavailable in watchOS
108 | }
109 |
110 | private extension UITextView {
    |                   `- error: 'UITextView' is unavailable in watchOS
111 |     func setFontFamily(to newFontFamily: String?) {
112 |         if let newFontFamily {
/Applications/Xcode-27.0.0-Release.Candidate.app/Contents/Developer/Platforms/WatchOS.platform/Developer/SDKs/WatchOS27.0.sdk/System/Library/Frameworks/UIKit.framework/Headers/UITextView.h:223:12: note: 'UITextView' has been explicitly marked unavailable here
221 |
222 | UIKIT_EXTERN API_AVAILABLE(ios(2.0)) API_UNAVAILABLE(watchos) NS_SWIFT_UI_ACTOR
223 | @interface UITextView : UIScrollView <UITextInput, UIContentSizeCategoryAdjusting, UILetterformAwareAdjusting, NSTextViewportLayoutControllerDelegate>
    |            `- note: 'UITextView' has been explicitly marked unavailable here
224 |
225 | @property(nullable,nonatomic,weak) id<UITextViewDelegate> delegate;
/Users/admin/builder/spi-builder-workspace/Sources/SystemFontOverride/UIFont+SystemFontOverride.swift:153:114: error: 'UITraitCollection' is unavailable in watchOS
151 |     }
152 |
153 |     @objc class func preferredFontOverride(forTextStyle style: UIFont.TextStyle, compatibleWith traitCollection: UITraitCollection?) -> UIFont {
    |                                                                                                                  `- error: 'UITraitCollection' is unavailable in watchOS
154 |         systemFontOverride(textStyle: style, compatibleWith: traitCollection)
155 |     }
/Applications/Xcode-27.0.0-Release.Candidate.app/Contents/Developer/Platforms/WatchOS.platform/Developer/SDKs/WatchOS27.0.sdk/System/Library/Frameworks/UIKit.framework/Headers/UITraitCollection.h:23:12: note: 'UITraitCollection' has been explicitly marked unavailable here
 21 |
 22 | UIKIT_EXTERN API_AVAILABLE(ios(8.0)) API_UNAVAILABLE(watchos) NS_SWIFT_SENDABLE
 23 | @interface UITraitCollection : NSObject <NSCopying, NSSecureCoding>
    |            `- note: 'UITraitCollection' has been explicitly marked unavailable here
 24 |
 25 | - (instancetype)init NS_DESIGNATED_INITIALIZER;
/Users/admin/builder/spi-builder-workspace/Sources/SystemFontOverride/UIFont+SystemFontOverride.swift:172:125: error: 'UITraitCollection' is unavailable in watchOS
170 |
171 | private extension UIFontDescriptor {
172 |     @objc class func preferredFontDescriptorOverride(withTextStyle style: UIFont.TextStyle, compatibleWith traitCollection: UITraitCollection?) -> UIFontDescriptor {
    |                                                                                                                             `- error: 'UITraitCollection' is unavailable in watchOS
173 |         preferredFontDescriptorOverride(withTextStyle: style, compatibleWith: traitCollection) // calls original func
174 |             .overridingFamily(UIFont.systemFontFamilyOverride)
/Applications/Xcode-27.0.0-Release.Candidate.app/Contents/Developer/Platforms/WatchOS.platform/Developer/SDKs/WatchOS27.0.sdk/System/Library/Frameworks/UIKit.framework/Headers/UITraitCollection.h:23:12: note: 'UITraitCollection' has been explicitly marked unavailable here
 21 |
 22 | UIKIT_EXTERN API_AVAILABLE(ios(8.0)) API_UNAVAILABLE(watchos) NS_SWIFT_SENDABLE
 23 | @interface UITraitCollection : NSObject <NSCopying, NSSecureCoding>
    |            `- note: 'UITraitCollection' has been explicitly marked unavailable here
 24 |
 25 | - (instancetype)init NS_DESIGNATED_INITIALIZER;
Failed frontend command:
SwiftCompile normal arm64 (in target 'SystemFontOverride' from project 'SystemFontOverride')
    cd /Users/admin/builder/spi-builder-workspace/.swiftpm/xcode

/Applications/Xcode-27.0.0-Release.Candidate.app/Contents/Developer/Toolchains/XcodeDefault.xctoolchain/usr/bin/swift-frontend -frontend -emit-module -experimental-skip-non-inlinable-function-bodies-without-types /Users/admin/builder/spi-builder-workspace/.derivedData/Build/Intermediates.noindex/SystemFontOverride.build/Debug-watchos/SystemFontOverride-t.build/DerivedSources/resource_bundle_accessor.swift /Users/admin/builder/spi-builder-workspace/Sources/SystemFontOverride/Font+SystemFontOverride.swift /Users/admin/builder/spi-builder-workspace/Sources/SystemFontOverride/UIFont+SystemFontOverride.swift -target arm64-apple-watchos9.0 -disable-cross-import-overlay-search -load-resolved-plugin /Applications/Xcode-27.0.0-Release.Candidate.app/Contents/Developer/Platforms/WatchOS.platform/Developer/usr/lib/swift/host/plugins/libFoundationMacros.dylib\#/Applications/Xcode-27.0.0-Release.Candidate.app/Contents/Developer/Platforms/WatchOS.platform/Developer/usr/bin/swift-plugin-server\#FoundationMacros -load-resolved-plugin /Applications/Xcode-27.0.0-Release.Candidate.app/Contents/Developer/Platforms/WatchOS.platform/Developer/usr/lib/swift/host/plugins/libObservationMacros.dylib\#/Applications/Xcode-27.0.0-Release.Candidate.app/Contents/Developer/Platforms/WatchOS.platform/Developer/usr/bin/swift-plugin-server\#ObservationMacros -load-resolved-plugin /Applications/Xcode-27.0.0-Release.Candidate.app/Contents/Developer/Platforms/WatchOS.platform/Developer/usr/lib/swift/host/plugins/libPreviewsMacros.dylib\#/Applications/Xcode-27.0.0-Release.Candidate.app/Contents/Developer/Platforms/WatchOS.platform/Developer/usr/bin/swift-plugin-server\#PreviewsMacros -load-resolved-plugin /Applications/Xcode-27.0.0-Release.Candidate.app/Contents/Developer/Platforms/WatchOS.platform/Developer/usr/lib/swift/host/plugins/libSwiftMacros.dylib\#/Applications/Xcode-27.0.0-Release.Candidate.app/Contents/Developer/Platforms/WatchOS.platform/Developer/usr/bin/swift-plugin-server\#SwiftMacros -load-resolved-plugin /Applications/Xcode-27.0.0-Release.Candidate.app/Contents/Developer/Platforms/WatchOS.platform/Developer/usr/lib/swift/host/plugins/libSwiftUIMacros.dylib\#/Applications/Xcode-27.0.0-Release.Candidate.app/Contents/Developer/Platforms/WatchOS.platform/Developer/usr/bin/swift-plugin-server\#SwiftUIMacros -disable-implicit-swift-modules -Xcc -fno-implicit-modules -Xcc -fno-implicit-module-maps -explicit-swift-module-map-file /Users/admin/builder/spi-builder-workspace/.derivedData/Build/Intermediates.noindex/SystemFontOverride.build/Debug-watchos/SystemFontOverride-t.build/Objects-normal/arm64/SystemFontOverride-dependencies-2.json -Xllvm -aarch64-use-tbi -enable-objc-interop -stack-check -sdk /Applications/Xcode-27.0.0-Release.Candidate.app/Contents/Developer/Platforms/WatchOS.platform/Developer/SDKs/WatchOS27.0.sdk -I /Users/admin/builder/spi-builder-workspace/.derivedData/Build/Products/Debug-watchos -Isystem /Applications/Xcode-27.0.0-Release.Candidate.app/Contents/Developer/Platforms/WatchOS.platform/Developer/usr/lib -F /Users/admin/builder/spi-builder-workspace/.derivedData/Build/Products/Debug-watchos -F /Applications/Xcode-27.0.0-Release.Candidate.app/Contents/Developer/Platforms/WatchOS.platform/Developer/Library/Frameworks -F /Applications/Xcode-27.0.0-Release.Candidate.app/Contents/Developer/Platforms/WatchOS.platform/Developer/SDKs/WatchOS27.0.sdk/Developer/Library/Frameworks -module-cache-path /Users/admin/builder/spi-builder-workspace/.derivedData/Build/Intermediates.noindex/SwiftExplicitPrecompiledModules -no-color-diagnostics -Xcc -fno-color-diagnostics -enable-testing -g -debug-info-format\=dwarf -dwarf-version\=4 -swift-version 5 -Onone -D SWIFT_PACKAGE -D DEBUG -D SWIFT_MODULE_RESOURCE_BUNDLE_AVAILABLE -D Xcode -serialize-debugging-options -enable-experimental-feature DebugDescriptionMacro -empty-abi-descriptor -validate-clang-modules-once -clang-build-session-file /Users/admin/builder/spi-builder-workspace/.derivedData/ModuleCache.noindex/Session.modulevalidation -Xcc -working-directory -Xcc /Users/admin/builder/spi-builder-workspace/.swiftpm/xcode -enable-anonymous-context-mangled-names -file-compilation-dir /Users/admin/builder/spi-builder-workspace/.swiftpm/xcode -Xcc -D_LIBCPP_HARDENING_MODE\=_LIBCPP_HARDENING_MODE_DEBUG -Xcc -ivfsstatcache -Xcc /Users/admin/builder/spi-builder-workspace/.derivedData/SDKStatCaches.noindex/watchos27.0-24R360-e829b21a6f8c9b70876ba0858053c04477534ef55a1706bf4c1112bbb242f0a2.sdkstatcache -Xcc -fmodules-prune-interval\=86400 -Xcc -fmodules-prune-after\=345600 -Xcc -I/Users/admin/builder/spi-builder-workspace/.derivedData/Build/Products/Debug-watchos/include -Xcc -I/Users/admin/builder/spi-builder-workspace/.derivedData/Build/Intermediates.noindex/SystemFontOverride.build/Debug-watchos/SystemFontOverride-t.build/DerivedSources-normal/arm64 -Xcc -I/Users/admin/builder/spi-builder-workspace/.derivedData/Build/Intermediates.noindex/SystemFontOverride.build/Debug-watchos/SystemFontOverride-t.build/DerivedSources/arm64 -Xcc -I/Users/admin/builder/spi-builder-workspace/.derivedData/Build/Intermediates.noindex/SystemFontOverride.build/Debug-watchos/SystemFontOverride-t.build/DerivedSources -Xcc -DSWIFT_PACKAGE -Xcc -DDEBUG\=1 -no-auto-bridging-header-chaining -module-name SystemFontOverride -const-gather-protocols-file /Users/admin/builder/spi-builder-workspace/.derivedData/Build/Intermediates.noindex/SystemFontOverride.build/Debug-watchos/SystemFontOverride-t.build/Objects-normal/arm64/SystemFontOverride_const_extract_protocols.json -disable-clang-spi -clang-target arm64-apple-watchos27.0 -target-sdk-version 27.0 -target-sdk-name watchos27.0 -in-process-plugin-server-path /Applications/Xcode-27.0.0-Release.Candidate.app/Contents/Developer/Toolchains/XcodeDefault.xctoolchain/usr/lib/swift/host/libSwiftInProcPluginServer.dylib -emit-module-doc-path /Users/admin/builder/spi-builder-workspace/.derivedData/Build/Intermediates.noindex/SystemFontOverride.build/Debug-watchos/SystemFontOverride-t.build/Objects-normal/arm64/SystemFontOverride.swiftdoc -emit-module-source-info-path /Users/admin/builder/spi-builder-workspace/.derivedData/Build/Intermediates.noindex/SystemFontOverride.build/Debug-watchos/SystemFontOverride-t.build/Objects-normal/arm64/SystemFontOverride.swiftsourceinfo -emit-objc-header-path /Users/admin/builder/spi-builder-workspace/.derivedData/Build/Intermediates.noindex/SystemFontOverride.build/Debug-watchos/SystemFontOverride-t.build/Objects-normal/arm64/SystemFontOverride-Swift.h -serialize-diagnostics-path /Users/admin/builder/spi-builder-workspace/.derivedData/Build/Intermediates.noindex/SystemFontOverride.build/Debug-watchos/SystemFontOverride-t.build/Objects-normal/arm64/SystemFontOverride-primary-emit-module.dia -emit-dependencies-path /Users/admin/builder/spi-builder-workspace/.derivedData/Build/Intermediates.noindex/SystemFontOverride.build/Debug-watchos/SystemFontOverride-t.build/Objects-normal/arm64/SystemFontOverride-primary-emit-module.d -parse-as-library -o /Users/admin/builder/spi-builder-workspace/.derivedData/Build/Intermediates.noindex/SystemFontOverride.build/Debug-watchos/SystemFontOverride-t.build/Objects-normal/arm64/SystemFontOverride.swiftmodule -emit-abi-descriptor-path /Users/admin/builder/spi-builder-workspace/.derivedData/Build/Intermediates.noindex/SystemFontOverride.build/Debug-watchos/SystemFontOverride-t.build/Objects-normal/arm64/SystemFontOverride.abi.json
SwiftCompile normal arm64 Compiling\ Font+SystemFontOverride.swift /Users/admin/builder/spi-builder-workspace/Sources/SystemFontOverride/Font+SystemFontOverride.swift (in target 'SystemFontOverride' from project 'SystemFontOverride')
SwiftCompile normal arm64 /Users/admin/builder/spi-builder-workspace/Sources/SystemFontOverride/Font+SystemFontOverride.swift (in target 'SystemFontOverride' from project 'SystemFontOverride')
    cd /Users/admin/builder/spi-builder-workspace/.swiftpm/xcode
    builtin-SwiftPerFileCompile Font+SystemFontOverride.swift
/Users/admin/builder/spi-builder-workspace/Sources/SystemFontOverride/Font+SystemFontOverride.swift:61:18: error: 'extraLargeTitle2' is only available in watchOS 10.0 or newer
54 | }
55 |
56 | private extension Font.TextStyle {
   |         `- note: add '@available' attribute to enclosing extension
57 |     var uiValue: UIFont.TextStyle {
   |         `- note: add '@available' attribute to enclosing property
58 |         switch self {
59 |         case .extraLargeTitle2:
60 |             if #available(iOS 17.0, *) {
61 |                 .extraLargeTitle2
   |                  |- error: 'extraLargeTitle2' is only available in watchOS 10.0 or newer
   |                  `- note: add 'if #available' version check
62 |             } else {
63 |                 .largeTitle
SwiftCompile normal arm64 Compiling\ resource_bundle_accessor.swift /Users/admin/builder/spi-builder-workspace/.derivedData/Build/Intermediates.noindex/SystemFontOverride.build/Debug-watchos/SystemFontOverride-t.build/DerivedSources/resource_bundle_accessor.swift (in target 'SystemFontOverride' from project 'SystemFontOverride')
SwiftCompile normal arm64 /Users/admin/builder/spi-builder-workspace/.derivedData/Build/Intermediates.noindex/SystemFontOverride.build/Debug-watchos/SystemFontOverride-t.build/DerivedSources/resource_bundle_accessor.swift (in target 'SystemFontOverride' from project 'SystemFontOverride')
    cd /Users/admin/builder/spi-builder-workspace/.swiftpm/xcode
    builtin-SwiftPerFileCompile resource_bundle_accessor.swift
SwiftCompile normal arm64 Compiling\ UIFont+SystemFontOverride.swift /Users/admin/builder/spi-builder-workspace/Sources/SystemFontOverride/UIFont+SystemFontOverride.swift (in target 'SystemFontOverride' from project 'SystemFontOverride')
/Users/admin/builder/spi-builder-workspace/Sources/SystemFontOverride/UIFont+SystemFontOverride.swift:29:13: error: 'UITextView' is unavailable in watchOS
 27 |             UIFontDescriptor.swizzleSystemFontWithOverride()
 28 |
 29 |             UITextView.appearance().setFontFamily(to: systemFontFamilyOverride)
    |             `- error: 'UITextView' is unavailable in watchOS
 30 |             UISegmentedControl.appearance().setTitleFontFamily(to: systemFontFamilyOverride)
 31 |         }
/Applications/Xcode-27.0.0-Release.Candidate.app/Contents/Developer/Platforms/WatchOS.platform/Developer/SDKs/WatchOS27.0.sdk/System/Library/Frameworks/UIKit.framework/Headers/UITextView.h:223:12: note: 'UITextView' has been explicitly marked unavailable here
221 |
222 | UIKIT_EXTERN API_AVAILABLE(ios(2.0)) API_UNAVAILABLE(watchos) NS_SWIFT_UI_ACTOR
223 | @interface UITextView : UIScrollView <UITextInput, UIContentSizeCategoryAdjusting, UILetterformAwareAdjusting, NSTextViewportLayoutControllerDelegate>
    |            `- note: 'UITextView' has been explicitly marked unavailable here
224 |
225 | @property(nullable,nonatomic,weak) id<UITextViewDelegate> delegate;
/Users/admin/builder/spi-builder-workspace/Sources/SystemFontOverride/UIFont+SystemFontOverride.swift:30:13: error: 'UISegmentedControl' is unavailable in watchOS
 28 |
 29 |             UITextView.appearance().setFontFamily(to: systemFontFamilyOverride)
 30 |             UISegmentedControl.appearance().setTitleFontFamily(to: systemFontFamilyOverride)
    |             `- error: 'UISegmentedControl' is unavailable in watchOS
 31 |         }
 32 |     }
/Applications/Xcode-27.0.0-Release.Candidate.app/Contents/Developer/Platforms/WatchOS.platform/Developer/SDKs/WatchOS27.0.sdk/System/Library/Frameworks/UIKit.framework/Headers/UISegmentedControl.h:43:12: note: 'UISegmentedControl' has been explicitly marked unavailable here
 41 |
 42 | UIKIT_EXTERN API_AVAILABLE(ios(2.0)) API_UNAVAILABLE(watchos) NS_SWIFT_UI_ACTOR
 43 | @interface UISegmentedControl : UIControl <NSCoding>
    |            `- note: 'UISegmentedControl' has been explicitly marked unavailable here
 44 |
 45 | - (instancetype)initWithFrame:(CGRect)frame NS_DESIGNATED_INITIALIZER;
/Users/admin/builder/spi-builder-workspace/Sources/SystemFontOverride/UIFont+SystemFontOverride.swift:56:97: error: 'UITraitCollection' is unavailable in watchOS
 54 |     }
 55 |
 56 |     static func systemFontOverride(textStyle: UIFont.TextStyle, compatibleWith traitCollection: UITraitCollection? = nil) -> UIFont {
    |                                                                                                 `- error: 'UITraitCollection' is unavailable in watchOS
 57 |         guard let systemFontFamilyOverride else {
 58 |             return preferredFont(forTextStyle: textStyle, compatibleWith: traitCollection)
/Applications/Xcode-27.0.0-Release.Candidate.app/Contents/Developer/Platforms/WatchOS.platform/Developer/SDKs/WatchOS27.0.sdk/System/Library/Frameworks/UIKit.framework/Headers/UITraitCollection.h:23:12: note: 'UITraitCollection' has been explicitly marked unavailable here
 21 |
 22 | UIKIT_EXTERN API_AVAILABLE(ios(8.0)) API_UNAVAILABLE(watchos) NS_SWIFT_SENDABLE
 23 | @interface UITraitCollection : NSObject <NSCopying, NSSecureCoding>
    |            `- note: 'UITraitCollection' has been explicitly marked unavailable here
 24 |
 25 | - (instancetype)init NS_DESIGNATED_INITIALIZER;
/Users/admin/builder/spi-builder-workspace/Sources/SystemFontOverride/UIFont+SystemFontOverride.swift:94:67: error: 'UIControl' is unavailable in watchOS
 92 |
 93 | private extension UISegmentedControl {
 94 |     func setTitleFontFamily(to newFontFamily: String?, for state: UIControl.State = .normal) {
    |                                                                   `- error: 'UIControl' is unavailable in watchOS
 95 |         if let newFontFamily {
 96 |             var titleTextAttributes = titleTextAttributes(for: state) ?? [:]
/Applications/Xcode-27.0.0-Release.Candidate.app/Contents/Developer/Platforms/WatchOS.platform/Developer/SDKs/WatchOS27.0.sdk/System/Library/Frameworks/UIKit.framework/Headers/UIControl.h:76:12: note: 'UIControl' has been explicitly marked unavailable here
 74 |
 75 | UIKIT_EXTERN API_AVAILABLE(ios(2.0)) API_UNAVAILABLE(watchos) NS_SWIFT_UI_ACTOR
 76 | @interface UIControl : UIView
    |            `- note: 'UIControl' has been explicitly marked unavailable here
 77 |
 78 | - (instancetype)initWithFrame:(CGRect)frame NS_DESIGNATED_INITIALIZER;
/Users/admin/builder/spi-builder-workspace/Sources/SystemFontOverride/UIFont+SystemFontOverride.swift:93:19: error: 'UISegmentedControl' is unavailable in watchOS
 91 | // MARK: - Utilities
 92 |
 93 | private extension UISegmentedControl {
    |                   `- error: 'UISegmentedControl' is unavailable in watchOS
 94 |     func setTitleFontFamily(to newFontFamily: String?, for state: UIControl.State = .normal) {
 95 |         if let newFontFamily {
/Applications/Xcode-27.0.0-Release.Candidate.app/Contents/Developer/Platforms/WatchOS.platform/Developer/SDKs/WatchOS27.0.sdk/System/Library/Frameworks/UIKit.framework/Headers/UISegmentedControl.h:43:12: note: 'UISegmentedControl' has been explicitly marked unavailable here
 41 |
 42 | UIKIT_EXTERN API_AVAILABLE(ios(2.0)) API_UNAVAILABLE(watchos) NS_SWIFT_UI_ACTOR
 43 | @interface UISegmentedControl : UIControl <NSCoding>
    |            `- note: 'UISegmentedControl' has been explicitly marked unavailable here
 44 |
 45 | - (instancetype)initWithFrame:(CGRect)frame NS_DESIGNATED_INITIALIZER;
/Users/admin/builder/spi-builder-workspace/Sources/SystemFontOverride/UIFont+SystemFontOverride.swift:110:19: error: 'UITextView' is unavailable in watchOS
108 | }
109 |
110 | private extension UITextView {
    |                   `- error: 'UITextView' is unavailable in watchOS
111 |     func setFontFamily(to newFontFamily: String?) {
112 |         if let newFontFamily {
/Applications/Xcode-27.0.0-Release.Candidate.app/Contents/Developer/Platforms/WatchOS.platform/Developer/SDKs/WatchOS27.0.sdk/System/Library/Frameworks/UIKit.framework/Headers/UITextView.h:223:12: note: 'UITextView' has been explicitly marked unavailable here
221 |
222 | UIKIT_EXTERN API_AVAILABLE(ios(2.0)) API_UNAVAILABLE(watchos) NS_SWIFT_UI_ACTOR
223 | @interface UITextView : UIScrollView <UITextInput, UIContentSizeCategoryAdjusting, UILetterformAwareAdjusting, NSTextViewportLayoutControllerDelegate>
    |            `- note: 'UITextView' has been explicitly marked unavailable here
224 |
225 | @property(nullable,nonatomic,weak) id<UITextViewDelegate> delegate;
/Users/admin/builder/spi-builder-workspace/Sources/SystemFontOverride/UIFont+SystemFontOverride.swift:153:114: error: 'UITraitCollection' is unavailable in watchOS
151 |     }
152 |
153 |     @objc class func preferredFontOverride(forTextStyle style: UIFont.TextStyle, compatibleWith traitCollection: UITraitCollection?) -> UIFont {
    |                                                                                                                  `- error: 'UITraitCollection' is unavailable in watchOS
154 |         systemFontOverride(textStyle: style, compatibleWith: traitCollection)
155 |     }
/Applications/Xcode-27.0.0-Release.Candidate.app/Contents/Developer/Platforms/WatchOS.platform/Developer/SDKs/WatchOS27.0.sdk/System/Library/Frameworks/UIKit.framework/Headers/UITraitCollection.h:23:12: note: 'UITraitCollection' has been explicitly marked unavailable here
 21 |
 22 | UIKIT_EXTERN API_AVAILABLE(ios(8.0)) API_UNAVAILABLE(watchos) NS_SWIFT_SENDABLE
 23 | @interface UITraitCollection : NSObject <NSCopying, NSSecureCoding>
    |            `- note: 'UITraitCollection' has been explicitly marked unavailable here
 24 |
 25 | - (instancetype)init NS_DESIGNATED_INITIALIZER;
/Users/admin/builder/spi-builder-workspace/Sources/SystemFontOverride/UIFont+SystemFontOverride.swift:172:125: error: 'UITraitCollection' is unavailable in watchOS
170 |
171 | private extension UIFontDescriptor {
172 |     @objc class func preferredFontDescriptorOverride(withTextStyle style: UIFont.TextStyle, compatibleWith traitCollection: UITraitCollection?) -> UIFontDescriptor {
    |                                                                                                                             `- error: 'UITraitCollection' is unavailable in watchOS
173 |         preferredFontDescriptorOverride(withTextStyle: style, compatibleWith: traitCollection) // calls original func
174 |             .overridingFamily(UIFont.systemFontFamilyOverride)
/Applications/Xcode-27.0.0-Release.Candidate.app/Contents/Developer/Platforms/WatchOS.platform/Developer/SDKs/WatchOS27.0.sdk/System/Library/Frameworks/UIKit.framework/Headers/UITraitCollection.h:23:12: note: 'UITraitCollection' has been explicitly marked unavailable here
 21 |
 22 | UIKIT_EXTERN API_AVAILABLE(ios(8.0)) API_UNAVAILABLE(watchos) NS_SWIFT_SENDABLE
 23 | @interface UITraitCollection : NSObject <NSCopying, NSSecureCoding>
    |            `- note: 'UITraitCollection' has been explicitly marked unavailable here
 24 |
 25 | - (instancetype)init NS_DESIGNATED_INITIALIZER;
SwiftCompile normal arm64 /Users/admin/builder/spi-builder-workspace/Sources/SystemFontOverride/UIFont+SystemFontOverride.swift (in target 'SystemFontOverride' from project 'SystemFontOverride')
    cd /Users/admin/builder/spi-builder-workspace/.swiftpm/xcode
    builtin-SwiftPerFileCompile UIFont+SystemFontOverride.swift
SwiftEmitModule normal arm64_32 Emitting\ module\ for\ SystemFontOverride (in target 'SystemFontOverride' from project 'SystemFontOverride')
/Users/admin/builder/spi-builder-workspace/Sources/SystemFontOverride/UIFont+SystemFontOverride.swift:29:13: error: 'UITextView' is unavailable in watchOS
 27 |             UIFontDescriptor.swizzleSystemFontWithOverride()
 28 |
 29 |             UITextView.appearance().setFontFamily(to: systemFontFamilyOverride)
    |             `- error: 'UITextView' is unavailable in watchOS
 30 |             UISegmentedControl.appearance().setTitleFontFamily(to: systemFontFamilyOverride)
 31 |         }
/Applications/Xcode-27.0.0-Release.Candidate.app/Contents/Developer/Platforms/WatchOS.platform/Developer/SDKs/WatchOS27.0.sdk/System/Library/Frameworks/UIKit.framework/Headers/UITextView.h:223:12: note: 'UITextView' has been explicitly marked unavailable here
221 |
222 | UIKIT_EXTERN API_AVAILABLE(ios(2.0)) API_UNAVAILABLE(watchos) NS_SWIFT_UI_ACTOR
223 | @interface UITextView : UIScrollView <UITextInput, UIContentSizeCategoryAdjusting, UILetterformAwareAdjusting, NSTextViewportLayoutControllerDelegate>
    |            `- note: 'UITextView' has been explicitly marked unavailable here
224 |
225 | @property(nullable,nonatomic,weak) id<UITextViewDelegate> delegate;
SwiftCompile normal arm64_32 (in target 'SystemFontOverride' from project 'SystemFontOverride')
    cd /Users/admin/builder/spi-builder-workspace/.swiftpm/xcode

SwiftCompile normal arm64_32 Compiling\ Font+SystemFontOverride.swift /Users/admin/builder/spi-builder-workspace/Sources/SystemFontOverride/Font+SystemFontOverride.swift (in target 'SystemFontOverride' from project 'SystemFontOverride')
/Users/admin/builder/spi-builder-workspace/Sources/SystemFontOverride/Font+SystemFontOverride.swift:61:18: error: 'extraLargeTitle2' is only available in watchOS 10.0 or newer
54 | }
55 |
56 | private extension Font.TextStyle {
   |         `- note: add '@available' attribute to enclosing extension
57 |     var uiValue: UIFont.TextStyle {
   |         `- note: add '@available' attribute to enclosing property
58 |         switch self {
59 |         case .extraLargeTitle2:
60 |             if #available(iOS 17.0, *) {
61 |                 .extraLargeTitle2
   |                  |- error: 'extraLargeTitle2' is only available in watchOS 10.0 or newer
   |                  `- note: add 'if #available' version check
62 |             } else {
63 |                 .largeTitle
SwiftCompile normal arm64_32 /Users/admin/builder/spi-builder-workspace/Sources/SystemFontOverride/Font+SystemFontOverride.swift (in target 'SystemFontOverride' from project 'SystemFontOverride')
    cd /Users/admin/builder/spi-builder-workspace/.swiftpm/xcode
    builtin-SwiftPerFileCompile Font+SystemFontOverride.swift
SwiftCompile normal arm64_32 Compiling\ UIFont+SystemFontOverride.swift /Users/admin/builder/spi-builder-workspace/Sources/SystemFontOverride/UIFont+SystemFontOverride.swift (in target 'SystemFontOverride' from project 'SystemFontOverride')
/Users/admin/builder/spi-builder-workspace/Sources/SystemFontOverride/UIFont+SystemFontOverride.swift:29:13: error: 'UITextView' is unavailable in watchOS
 27 |             UIFontDescriptor.swizzleSystemFontWithOverride()
 28 |
 29 |             UITextView.appearance().setFontFamily(to: systemFontFamilyOverride)
    |             `- error: 'UITextView' is unavailable in watchOS
 30 |             UISegmentedControl.appearance().setTitleFontFamily(to: systemFontFamilyOverride)
 31 |         }
/Applications/Xcode-27.0.0-Release.Candidate.app/Contents/Developer/Platforms/WatchOS.platform/Developer/SDKs/WatchOS27.0.sdk/System/Library/Frameworks/UIKit.framework/Headers/UITextView.h:223:12: note: 'UITextView' has been explicitly marked unavailable here
221 |
222 | UIKIT_EXTERN API_AVAILABLE(ios(2.0)) API_UNAVAILABLE(watchos) NS_SWIFT_UI_ACTOR
223 | @interface UITextView : UIScrollView <UITextInput, UIContentSizeCategoryAdjusting, UILetterformAwareAdjusting, NSTextViewportLayoutControllerDelegate>
    |            `- note: 'UITextView' has been explicitly marked unavailable here
224 |
225 | @property(nullable,nonatomic,weak) id<UITextViewDelegate> delegate;
SwiftCompile normal arm64_32 /Users/admin/builder/spi-builder-workspace/Sources/SystemFontOverride/UIFont+SystemFontOverride.swift (in target 'SystemFontOverride' from project 'SystemFontOverride')
    cd /Users/admin/builder/spi-builder-workspace/.swiftpm/xcode
    builtin-SwiftPerFileCompile UIFont+SystemFontOverride.swift
SwiftCompile normal arm64_32 Compiling\ resource_bundle_accessor.swift /Users/admin/builder/spi-builder-workspace/.derivedData/Build/Intermediates.noindex/SystemFontOverride.build/Debug-watchos/SystemFontOverride-t.build/DerivedSources/resource_bundle_accessor.swift (in target 'SystemFontOverride' from project 'SystemFontOverride')
SwiftCompile normal arm64_32 /Users/admin/builder/spi-builder-workspace/.derivedData/Build/Intermediates.noindex/SystemFontOverride.build/Debug-watchos/SystemFontOverride-t.build/DerivedSources/resource_bundle_accessor.swift (in target 'SystemFontOverride' from project 'SystemFontOverride')
    cd /Users/admin/builder/spi-builder-workspace/.swiftpm/xcode
    builtin-SwiftPerFileCompile resource_bundle_accessor.swift
PruneExplicitPrecompiledModules /Users/admin/builder/spi-builder-workspace/.derivedData/Build/Intermediates.noindex/SwiftExplicitPrecompiledModules
PruneExplicitPrecompiledModules /Users/admin/builder/spi-builder-workspace/.derivedData/Build/Intermediates.noindex/ExplicitPrecompiledModules
PruneExplicitPrecompiledModules /Users/admin/builder/spi-builder-workspace/.derivedData/SDKExplicitPrecompiledModules
2026-09-20 20:16:28.561 xcodebuild[656:4222] [MT] IDERunDestination: Supported platforms for the buildables in the current scheme is empty.
** BUILD FAILED **
The following build commands failed:
	SwiftCompile normal arm64 (in target 'SystemFontOverride' from project 'SystemFontOverride')
	SwiftEmitModule normal arm64 Emitting\ module\ for\ SystemFontOverride (in target 'SystemFontOverride' from project 'SystemFontOverride')
	Building workspace SystemFontOverride with scheme SystemFontOverride
(3 failures)
Command line invocation:
    /Applications/Xcode-27.0.0-Release.Candidate.app/Contents/Developer/usr/bin/xcodebuild -IDEClonedSourcePackagesDirPathOverride=/Users/admin/builder/spi-builder-workspace/.dependencies -resolvePackageDependencies
Resolve Package Graph
Resolved source packages:
  SystemFontOverride: /Users/admin/builder/spi-builder-workspace
resolved source packages: SystemFontOverride
2026-09-20 20:16:35.033 xcodebuild[800:4758] [MT] IDERunDestination: Supported platforms for the buildables in the current scheme is empty.
{
  "dependencies" : [
  ],
  "manifest_display_name" : "SystemFontOverride",
  "name" : "SystemFontOverride",
  "path" : "/Users/admin/builder/spi-builder-workspace",
  "platforms" : [
    {
      "name" : "ios",
      "version" : "14.0"
    }
  ],
  "products" : [
    {
      "name" : "SystemFontOverride",
      "targets" : [
        "SystemFontOverride"
      ],
      "type" : {
        "library" : [
          "automatic"
        ]
      }
    }
  ],
  "swift_languages_versions" : [
    "5"
  ],
  "targets" : [
    {
      "c99name" : "SystemFontOverride",
      "module_type" : "SwiftTarget",
      "name" : "SystemFontOverride",
      "path" : "Sources/SystemFontOverride",
      "product_memberships" : [
        "SystemFontOverride"
      ],
      "resources" : [
        {
          "path" : "/Users/admin/builder/spi-builder-workspace/Sources/SystemFontOverride/PrivacyInfo.xcprivacy",
          "rule" : {
            "process" : {
            }
          }
        }
      ],
      "sources" : [
        "Font+SystemFontOverride.swift",
        "UIFont+SystemFontOverride.swift"
      ],
      "type" : "library"
    }
  ],
  "tools_version" : "5.6"
}
{
  "workspace" : {
    "name" : "SystemFontOverride",
    "schemes" : [
      "SystemFontOverride"
    ]
  }
}
2026-09-20 20:16:36.242 xcodebuild[808:4824] [MT] IDERunDestination: Supported platforms for the buildables in the current scheme is empty.
Running build ...
env DEVELOPER_DIR=/Applications/Xcode-27.0.0-Release.Candidate.app xcrun xcodebuild -IDEClonedSourcePackagesDirPathOverride=$PWD/.dependencies -skipMacroValidation -skipPackagePluginValidation -derivedDataPath $PWD/.derivedData build -scheme SystemFontOverride -destination generic/platform=watchOS
Command line invocation:
    /Applications/Xcode-27.0.0-Release.Candidate.app/Contents/Developer/usr/bin/xcodebuild -IDEClonedSourcePackagesDirPathOverride=/Users/admin/builder/spi-builder-workspace/.dependencies -skipMacroValidation -skipPackagePluginValidation -derivedDataPath /Users/admin/builder/spi-builder-workspace/.derivedData build -scheme SystemFontOverride -destination generic/platform=watchOS
Resolve Package Graph
Resolved source packages:
  SystemFontOverride: /Users/admin/builder/spi-builder-workspace
ComputePackagePrebuildTargetDependencyGraph
Prepare packages
CreateBuildRequest
SendProjectDescription
CreateBuildOperation
ComputeTargetDependencyGraph
note: Building targets in dependency order
note: Target dependency graph (3 targets)
    Target 'SystemFontOverride-product' in project 'SystemFontOverride'
        ➜ Explicit dependency on target 'SystemFontOverride' in project 'SystemFontOverride'
        ➜ Explicit dependency on target 'SystemFontOverride_SystemFontOverride' in project 'SystemFontOverride'
    Target 'SystemFontOverride' in project 'SystemFontOverride'
        ➜ Explicit dependency on target 'SystemFontOverride_SystemFontOverride' in project 'SystemFontOverride'
    Target 'SystemFontOverride_SystemFontOverride' in project 'SystemFontOverride' (no dependencies)
GatherProvisioningInputs
CreateBuildDescription
ClangStatCache /Applications/Xcode-27.0.0-Release.Candidate.app/Contents/Developer/Toolchains/XcodeDefault.xctoolchain/usr/bin/clang-stat-cache /Applications/Xcode-27.0.0-Release.Candidate.app/Contents/Developer/Platforms/WatchOS.platform/Developer/SDKs/WatchOS27.0.sdk /Users/admin/builder/spi-builder-workspace/.derivedData/SDKStatCaches.noindex/watchos27.0-24R360-e829b21a6f8c9b70876ba0858053c04477534ef55a1706bf4c1112bbb242f0a2.sdkstatcache
    cd /Users/admin/builder/spi-builder-workspace/.swiftpm/xcode
    /Applications/Xcode-27.0.0-Release.Candidate.app/Contents/Developer/Toolchains/XcodeDefault.xctoolchain/usr/bin/clang-stat-cache /Applications/Xcode-27.0.0-Release.Candidate.app/Contents/Developer/Platforms/WatchOS.platform/Developer/SDKs/WatchOS27.0.sdk -o /Users/admin/builder/spi-builder-workspace/.derivedData/SDKStatCaches.noindex/watchos27.0-24R360-e829b21a6f8c9b70876ba0858053c04477534ef55a1706bf4c1112bbb242f0a2.sdkstatcache
SwiftDriver SystemFontOverride normal arm64_32 com.apple.xcode.tools.swift.compiler (in target 'SystemFontOverride' from project 'SystemFontOverride')
    cd /Users/admin/builder/spi-builder-workspace/.swiftpm/xcode
    builtin-SwiftDriver -- /Applications/Xcode-27.0.0-Release.Candidate.app/Contents/Developer/Toolchains/XcodeDefault.xctoolchain/usr/bin/swiftc -parse-as-library -module-name SystemFontOverride -Onone @/Users/admin/builder/spi-builder-workspace/.derivedData/Build/Intermediates.noindex/SystemFontOverride.build/Debug-watchos/SystemFontOverride-t.build/Objects-normal/arm64_32/SystemFontOverride.SwiftFileList -DSWIFT_PACKAGE -DDEBUG -DSWIFT_MODULE_RESOURCE_BUNDLE_AVAILABLE -DXcode -plugin-path /Applications/Xcode-27.0.0-Release.Candidate.app/Contents/Developer/Toolchains/XcodeDefault.xctoolchain/usr/lib/swift/host/plugins/testing -enable-experimental-feature DebugDescriptionMacro -sdk /Applications/Xcode-27.0.0-Release.Candidate.app/Contents/Developer/Platforms/WatchOS.platform/Developer/SDKs/WatchOS27.0.sdk -target arm64_32-apple-watchos9.0 -g -module-cache-path /Users/admin/builder/spi-builder-workspace/.derivedData/ModuleCache.noindex -Xfrontend -serialize-debugging-options -enable-testing -index-store-path /Users/admin/builder/spi-builder-workspace/.derivedData/Index.noindex/DataStore -Xcc -D_LIBCPP_HARDENING_MODE\=_LIBCPP_HARDENING_MODE_DEBUG -swift-version 5 -I /Users/admin/builder/spi-builder-workspace/.derivedData/Build/Products/Debug-watchos -Isystem /Applications/Xcode-27.0.0-Release.Candidate.app/Contents/Developer/Platforms/WatchOS.platform/Developer/usr/lib -F /Users/admin/builder/spi-builder-workspace/.derivedData/Build/Products/Debug-watchos -F /Applications/Xcode-27.0.0-Release.Candidate.app/Contents/Developer/Platforms/WatchOS.platform/Developer/Library/Frameworks -F /Applications/Xcode-27.0.0-Release.Candidate.app/Contents/Developer/Platforms/WatchOS.platform/Developer/SDKs/WatchOS27.0.sdk/Developer/Library/Frameworks -c -j10 -enable-batch-mode -incremental -Xcc -ivfsstatcache -Xcc /Users/admin/builder/spi-builder-workspace/.derivedData/SDKStatCaches.noindex/watchos27.0-24R360-e829b21a6f8c9b70876ba0858053c04477534ef55a1706bf4c1112bbb242f0a2.sdkstatcache -output-file-map /Users/admin/builder/spi-builder-workspace/.derivedData/Build/Intermediates.noindex/SystemFontOverride.build/Debug-watchos/SystemFontOverride-t.build/Objects-normal/arm64_32/SystemFontOverride-OutputFileMap.json -save-temps -no-color-diagnostics -explicit-module-build -module-cache-path /Users/admin/builder/spi-builder-workspace/.derivedData/Build/Intermediates.noindex/SwiftExplicitPrecompiledModules -clang-scanner-module-cache-path /Users/admin/builder/spi-builder-workspace/.derivedData/ModuleCache.noindex -sdk-module-cache-path /Users/admin/builder/spi-builder-workspace/.derivedData/SDKExplicitPrecompiledModules -emit-dependencies -emit-module -emit-module-path /Users/admin/builder/spi-builder-workspace/.derivedData/Build/Intermediates.noindex/SystemFontOverride.build/Debug-watchos/SystemFontOverride-t.build/Objects-normal/arm64_32/SystemFontOverride.swiftmodule -serialize-diagnostics -dependency-scan-serialize-diagnostics-path /Users/admin/builder/spi-builder-workspace/.derivedData/Build/Intermediates.noindex/SystemFontOverride.build/Debug-watchos/SystemFontOverride-t.build/Objects-normal/arm64_32/SystemFontOverride-dependency-scan.dia -validate-clang-modules-once -clang-build-session-file /Users/admin/builder/spi-builder-workspace/.derivedData/ModuleCache.noindex/Session.modulevalidation -Xcc -fmodules-prune-interval\=86400 -Xcc -fmodules-prune-after\=345600 -emit-const-values -const-gather-protocols-list /Users/admin/builder/spi-builder-workspace/.derivedData/Build/Intermediates.noindex/SystemFontOverride.build/Debug-watchos/SystemFontOverride-t.build/Objects-normal/arm64_32/SystemFontOverride_const_extract_protocols.json -Xcc -I/Users/admin/builder/spi-builder-workspace/.derivedData/Build/Products/Debug-watchos/include -Xcc -I/Users/admin/builder/spi-builder-workspace/.derivedData/Build/Intermediates.noindex/SystemFontOverride.build/Debug-watchos/SystemFontOverride-t.build/DerivedSources-normal/arm64_32 -Xcc -I/Users/admin/builder/spi-builder-workspace/.derivedData/Build/Intermediates.noindex/SystemFontOverride.build/Debug-watchos/SystemFontOverride-t.build/DerivedSources/arm64_32 -Xcc -I/Users/admin/builder/spi-builder-workspace/.derivedData/Build/Intermediates.noindex/SystemFontOverride.build/Debug-watchos/SystemFontOverride-t.build/DerivedSources -Xcc -DSWIFT_PACKAGE -Xcc -DDEBUG\=1 -emit-objc-header -emit-objc-header-path /Users/admin/builder/spi-builder-workspace/.derivedData/Build/Intermediates.noindex/SystemFontOverride.build/Debug-watchos/SystemFontOverride-t.build/Objects-normal/arm64_32/SystemFontOverride-Swift.h -working-directory /Users/admin/builder/spi-builder-workspace/.swiftpm/xcode -experimental-emit-module-separately -disable-cmo
SwiftDriver SystemFontOverride normal arm64 com.apple.xcode.tools.swift.compiler (in target 'SystemFontOverride' from project 'SystemFontOverride')
    cd /Users/admin/builder/spi-builder-workspace/.swiftpm/xcode
    builtin-SwiftDriver -- /Applications/Xcode-27.0.0-Release.Candidate.app/Contents/Developer/Toolchains/XcodeDefault.xctoolchain/usr/bin/swiftc -parse-as-library -module-name SystemFontOverride -Onone @/Users/admin/builder/spi-builder-workspace/.derivedData/Build/Intermediates.noindex/SystemFontOverride.build/Debug-watchos/SystemFontOverride-t.build/Objects-normal/arm64/SystemFontOverride.SwiftFileList -DSWIFT_PACKAGE -DDEBUG -DSWIFT_MODULE_RESOURCE_BUNDLE_AVAILABLE -DXcode -plugin-path /Applications/Xcode-27.0.0-Release.Candidate.app/Contents/Developer/Toolchains/XcodeDefault.xctoolchain/usr/lib/swift/host/plugins/testing -enable-experimental-feature DebugDescriptionMacro -sdk /Applications/Xcode-27.0.0-Release.Candidate.app/Contents/Developer/Platforms/WatchOS.platform/Developer/SDKs/WatchOS27.0.sdk -target arm64-apple-watchos9.0 -g -module-cache-path /Users/admin/builder/spi-builder-workspace/.derivedData/ModuleCache.noindex -Xfrontend -serialize-debugging-options -enable-testing -index-store-path /Users/admin/builder/spi-builder-workspace/.derivedData/Index.noindex/DataStore -Xcc -D_LIBCPP_HARDENING_MODE\=_LIBCPP_HARDENING_MODE_DEBUG -swift-version 5 -I /Users/admin/builder/spi-builder-workspace/.derivedData/Build/Products/Debug-watchos -Isystem /Applications/Xcode-27.0.0-Release.Candidate.app/Contents/Developer/Platforms/WatchOS.platform/Developer/usr/lib -F /Users/admin/builder/spi-builder-workspace/.derivedData/Build/Products/Debug-watchos -F /Applications/Xcode-27.0.0-Release.Candidate.app/Contents/Developer/Platforms/WatchOS.platform/Developer/Library/Frameworks -F /Applications/Xcode-27.0.0-Release.Candidate.app/Contents/Developer/Platforms/WatchOS.platform/Developer/SDKs/WatchOS27.0.sdk/Developer/Library/Frameworks -c -j10 -enable-batch-mode -incremental -Xcc -ivfsstatcache -Xcc /Users/admin/builder/spi-builder-workspace/.derivedData/SDKStatCaches.noindex/watchos27.0-24R360-e829b21a6f8c9b70876ba0858053c04477534ef55a1706bf4c1112bbb242f0a2.sdkstatcache -output-file-map /Users/admin/builder/spi-builder-workspace/.derivedData/Build/Intermediates.noindex/SystemFontOverride.build/Debug-watchos/SystemFontOverride-t.build/Objects-normal/arm64/SystemFontOverride-OutputFileMap.json -save-temps -no-color-diagnostics -explicit-module-build -module-cache-path /Users/admin/builder/spi-builder-workspace/.derivedData/Build/Intermediates.noindex/SwiftExplicitPrecompiledModules -clang-scanner-module-cache-path /Users/admin/builder/spi-builder-workspace/.derivedData/ModuleCache.noindex -sdk-module-cache-path /Users/admin/builder/spi-builder-workspace/.derivedData/SDKExplicitPrecompiledModules -emit-dependencies -emit-module -emit-module-path /Users/admin/builder/spi-builder-workspace/.derivedData/Build/Intermediates.noindex/SystemFontOverride.build/Debug-watchos/SystemFontOverride-t.build/Objects-normal/arm64/SystemFontOverride.swiftmodule -serialize-diagnostics -dependency-scan-serialize-diagnostics-path /Users/admin/builder/spi-builder-workspace/.derivedData/Build/Intermediates.noindex/SystemFontOverride.build/Debug-watchos/SystemFontOverride-t.build/Objects-normal/arm64/SystemFontOverride-dependency-scan.dia -validate-clang-modules-once -clang-build-session-file /Users/admin/builder/spi-builder-workspace/.derivedData/ModuleCache.noindex/Session.modulevalidation -Xcc -fmodules-prune-interval\=86400 -Xcc -fmodules-prune-after\=345600 -emit-const-values -const-gather-protocols-list /Users/admin/builder/spi-builder-workspace/.derivedData/Build/Intermediates.noindex/SystemFontOverride.build/Debug-watchos/SystemFontOverride-t.build/Objects-normal/arm64/SystemFontOverride_const_extract_protocols.json -Xcc -I/Users/admin/builder/spi-builder-workspace/.derivedData/Build/Products/Debug-watchos/include -Xcc -I/Users/admin/builder/spi-builder-workspace/.derivedData/Build/Intermediates.noindex/SystemFontOverride.build/Debug-watchos/SystemFontOverride-t.build/DerivedSources-normal/arm64 -Xcc -I/Users/admin/builder/spi-builder-workspace/.derivedData/Build/Intermediates.noindex/SystemFontOverride.build/Debug-watchos/SystemFontOverride-t.build/DerivedSources/arm64 -Xcc -I/Users/admin/builder/spi-builder-workspace/.derivedData/Build/Intermediates.noindex/SystemFontOverride.build/Debug-watchos/SystemFontOverride-t.build/DerivedSources -Xcc -DSWIFT_PACKAGE -Xcc -DDEBUG\=1 -emit-objc-header -emit-objc-header-path /Users/admin/builder/spi-builder-workspace/.derivedData/Build/Intermediates.noindex/SystemFontOverride.build/Debug-watchos/SystemFontOverride-t.build/Objects-normal/arm64/SystemFontOverride-Swift.h -working-directory /Users/admin/builder/spi-builder-workspace/.swiftpm/xcode -experimental-emit-module-separately -disable-cmo
SwiftCompile normal arm64 Compiling\ resource_bundle_accessor.swift /Users/admin/builder/spi-builder-workspace/.derivedData/Build/Intermediates.noindex/SystemFontOverride.build/Debug-watchos/SystemFontOverride-t.build/DerivedSources/resource_bundle_accessor.swift (in target 'SystemFontOverride' from project 'SystemFontOverride')
SwiftCompile normal arm64 /Users/admin/builder/spi-builder-workspace/.derivedData/Build/Intermediates.noindex/SystemFontOverride.build/Debug-watchos/SystemFontOverride-t.build/DerivedSources/resource_bundle_accessor.swift (in target 'SystemFontOverride' from project 'SystemFontOverride')
    cd /Users/admin/builder/spi-builder-workspace/.swiftpm/xcode
    builtin-SwiftPerFileCompile resource_bundle_accessor.swift
SwiftEmitModule normal arm64_32 Emitting\ module\ for\ SystemFontOverride (in target 'SystemFontOverride' from project 'SystemFontOverride')
/Users/admin/builder/spi-builder-workspace/Sources/SystemFontOverride/UIFont+SystemFontOverride.swift:29:13: error: 'UITextView' is unavailable in watchOS
 27 |             UIFontDescriptor.swizzleSystemFontWithOverride()
 28 |
 29 |             UITextView.appearance().setFontFamily(to: systemFontFamilyOverride)
    |             `- error: 'UITextView' is unavailable in watchOS
 30 |             UISegmentedControl.appearance().setTitleFontFamily(to: systemFontFamilyOverride)
 31 |         }
/Applications/Xcode-27.0.0-Release.Candidate.app/Contents/Developer/Platforms/WatchOS.platform/Developer/SDKs/WatchOS27.0.sdk/System/Library/Frameworks/UIKit.framework/Headers/UITextView.h:223:12: note: 'UITextView' has been explicitly marked unavailable here
221 |
222 | UIKIT_EXTERN API_AVAILABLE(ios(2.0)) API_UNAVAILABLE(watchos) NS_SWIFT_UI_ACTOR
223 | @interface UITextView : UIScrollView <UITextInput, UIContentSizeCategoryAdjusting, UILetterformAwareAdjusting, NSTextViewportLayoutControllerDelegate>
    |            `- note: 'UITextView' has been explicitly marked unavailable here
224 |
225 | @property(nullable,nonatomic,weak) id<UITextViewDelegate> delegate;
/Users/admin/builder/spi-builder-workspace/Sources/SystemFontOverride/UIFont+SystemFontOverride.swift:30:13: error: 'UISegmentedControl' is unavailable in watchOS
 28 |
 29 |             UITextView.appearance().setFontFamily(to: systemFontFamilyOverride)
 30 |             UISegmentedControl.appearance().setTitleFontFamily(to: systemFontFamilyOverride)
    |             `- error: 'UISegmentedControl' is unavailable in watchOS
 31 |         }
 32 |     }
/Applications/Xcode-27.0.0-Release.Candidate.app/Contents/Developer/Platforms/WatchOS.platform/Developer/SDKs/WatchOS27.0.sdk/System/Library/Frameworks/UIKit.framework/Headers/UISegmentedControl.h:43:12: note: 'UISegmentedControl' has been explicitly marked unavailable here
 41 |
 42 | UIKIT_EXTERN API_AVAILABLE(ios(2.0)) API_UNAVAILABLE(watchos) NS_SWIFT_UI_ACTOR
 43 | @interface UISegmentedControl : UIControl <NSCoding>
    |            `- note: 'UISegmentedControl' has been explicitly marked unavailable here
 44 |
 45 | - (instancetype)initWithFrame:(CGRect)frame NS_DESIGNATED_INITIALIZER;
/Users/admin/builder/spi-builder-workspace/Sources/SystemFontOverride/UIFont+SystemFontOverride.swift:56:97: error: 'UITraitCollection' is unavailable in watchOS
 54 |     }
 55 |
 56 |     static func systemFontOverride(textStyle: UIFont.TextStyle, compatibleWith traitCollection: UITraitCollection? = nil) -> UIFont {
    |                                                                                                 `- error: 'UITraitCollection' is unavailable in watchOS
 57 |         guard let systemFontFamilyOverride else {
 58 |             return preferredFont(forTextStyle: textStyle, compatibleWith: traitCollection)
/Applications/Xcode-27.0.0-Release.Candidate.app/Contents/Developer/Platforms/WatchOS.platform/Developer/SDKs/WatchOS27.0.sdk/System/Library/Frameworks/UIKit.framework/Headers/UITraitCollection.h:23:12: note: 'UITraitCollection' has been explicitly marked unavailable here
 21 |
 22 | UIKIT_EXTERN API_AVAILABLE(ios(8.0)) API_UNAVAILABLE(watchos) NS_SWIFT_SENDABLE
 23 | @interface UITraitCollection : NSObject <NSCopying, NSSecureCoding>
    |            `- note: 'UITraitCollection' has been explicitly marked unavailable here
 24 |
 25 | - (instancetype)init NS_DESIGNATED_INITIALIZER;
/Users/admin/builder/spi-builder-workspace/Sources/SystemFontOverride/UIFont+SystemFontOverride.swift:94:67: error: 'UIControl' is unavailable in watchOS
 92 |
 93 | private extension UISegmentedControl {
 94 |     func setTitleFontFamily(to newFontFamily: String?, for state: UIControl.State = .normal) {
    |                                                                   `- error: 'UIControl' is unavailable in watchOS
 95 |         if let newFontFamily {
 96 |             var titleTextAttributes = titleTextAttributes(for: state) ?? [:]
/Applications/Xcode-27.0.0-Release.Candidate.app/Contents/Developer/Platforms/WatchOS.platform/Developer/SDKs/WatchOS27.0.sdk/System/Library/Frameworks/UIKit.framework/Headers/UIControl.h:76:12: note: 'UIControl' has been explicitly marked unavailable here
 74 |
 75 | UIKIT_EXTERN API_AVAILABLE(ios(2.0)) API_UNAVAILABLE(watchos) NS_SWIFT_UI_ACTOR
 76 | @interface UIControl : UIView
    |            `- note: 'UIControl' has been explicitly marked unavailable here
 77 |
 78 | - (instancetype)initWithFrame:(CGRect)frame NS_DESIGNATED_INITIALIZER;
/Users/admin/builder/spi-builder-workspace/Sources/SystemFontOverride/UIFont+SystemFontOverride.swift:93:19: error: 'UISegmentedControl' is unavailable in watchOS
 91 | // MARK: - Utilities
 92 |
 93 | private extension UISegmentedControl {
    |                   `- error: 'UISegmentedControl' is unavailable in watchOS
 94 |     func setTitleFontFamily(to newFontFamily: String?, for state: UIControl.State = .normal) {
 95 |         if let newFontFamily {
/Applications/Xcode-27.0.0-Release.Candidate.app/Contents/Developer/Platforms/WatchOS.platform/Developer/SDKs/WatchOS27.0.sdk/System/Library/Frameworks/UIKit.framework/Headers/UISegmentedControl.h:43:12: note: 'UISegmentedControl' has been explicitly marked unavailable here
 41 |
 42 | UIKIT_EXTERN API_AVAILABLE(ios(2.0)) API_UNAVAILABLE(watchos) NS_SWIFT_UI_ACTOR
 43 | @interface UISegmentedControl : UIControl <NSCoding>
    |            `- note: 'UISegmentedControl' has been explicitly marked unavailable here
 44 |
 45 | - (instancetype)initWithFrame:(CGRect)frame NS_DESIGNATED_INITIALIZER;
/Users/admin/builder/spi-builder-workspace/Sources/SystemFontOverride/UIFont+SystemFontOverride.swift:110:19: error: 'UITextView' is unavailable in watchOS
108 | }
109 |
110 | private extension UITextView {
    |                   `- error: 'UITextView' is unavailable in watchOS
111 |     func setFontFamily(to newFontFamily: String?) {
112 |         if let newFontFamily {
/Applications/Xcode-27.0.0-Release.Candidate.app/Contents/Developer/Platforms/WatchOS.platform/Developer/SDKs/WatchOS27.0.sdk/System/Library/Frameworks/UIKit.framework/Headers/UITextView.h:223:12: note: 'UITextView' has been explicitly marked unavailable here
221 |
222 | UIKIT_EXTERN API_AVAILABLE(ios(2.0)) API_UNAVAILABLE(watchos) NS_SWIFT_UI_ACTOR
223 | @interface UITextView : UIScrollView <UITextInput, UIContentSizeCategoryAdjusting, UILetterformAwareAdjusting, NSTextViewportLayoutControllerDelegate>
    |            `- note: 'UITextView' has been explicitly marked unavailable here
224 |
225 | @property(nullable,nonatomic,weak) id<UITextViewDelegate> delegate;
/Users/admin/builder/spi-builder-workspace/Sources/SystemFontOverride/UIFont+SystemFontOverride.swift:153:114: error: 'UITraitCollection' is unavailable in watchOS
151 |     }
152 |
153 |     @objc class func preferredFontOverride(forTextStyle style: UIFont.TextStyle, compatibleWith traitCollection: UITraitCollection?) -> UIFont {
    |                                                                                                                  `- error: 'UITraitCollection' is unavailable in watchOS
154 |         systemFontOverride(textStyle: style, compatibleWith: traitCollection)
155 |     }
/Applications/Xcode-27.0.0-Release.Candidate.app/Contents/Developer/Platforms/WatchOS.platform/Developer/SDKs/WatchOS27.0.sdk/System/Library/Frameworks/UIKit.framework/Headers/UITraitCollection.h:23:12: note: 'UITraitCollection' has been explicitly marked unavailable here
 21 |
 22 | UIKIT_EXTERN API_AVAILABLE(ios(8.0)) API_UNAVAILABLE(watchos) NS_SWIFT_SENDABLE
 23 | @interface UITraitCollection : NSObject <NSCopying, NSSecureCoding>
    |            `- note: 'UITraitCollection' has been explicitly marked unavailable here
 24 |
 25 | - (instancetype)init NS_DESIGNATED_INITIALIZER;
/Users/admin/builder/spi-builder-workspace/Sources/SystemFontOverride/UIFont+SystemFontOverride.swift:172:125: error: 'UITraitCollection' is unavailable in watchOS
170 |
171 | private extension UIFontDescriptor {
172 |     @objc class func preferredFontDescriptorOverride(withTextStyle style: UIFont.TextStyle, compatibleWith traitCollection: UITraitCollection?) -> UIFontDescriptor {
    |                                                                                                                             `- error: 'UITraitCollection' is unavailable in watchOS
173 |         preferredFontDescriptorOverride(withTextStyle: style, compatibleWith: traitCollection) // calls original func
174 |             .overridingFamily(UIFont.systemFontFamilyOverride)
/Applications/Xcode-27.0.0-Release.Candidate.app/Contents/Developer/Platforms/WatchOS.platform/Developer/SDKs/WatchOS27.0.sdk/System/Library/Frameworks/UIKit.framework/Headers/UITraitCollection.h:23:12: note: 'UITraitCollection' has been explicitly marked unavailable here
 21 |
 22 | UIKIT_EXTERN API_AVAILABLE(ios(8.0)) API_UNAVAILABLE(watchos) NS_SWIFT_SENDABLE
 23 | @interface UITraitCollection : NSObject <NSCopying, NSSecureCoding>
    |            `- note: 'UITraitCollection' has been explicitly marked unavailable here
 24 |
 25 | - (instancetype)init NS_DESIGNATED_INITIALIZER;
Failed frontend command:
/Applications/Xcode-27.0.0-Release.Candidate.app/Contents/Developer/Toolchains/XcodeDefault.xctoolchain/usr/bin/swift-frontend -frontend -emit-module -experimental-skip-non-inlinable-function-bodies-without-types /Users/admin/builder/spi-builder-workspace/.derivedData/Build/Intermediates.noindex/SystemFontOverride.build/Debug-watchos/SystemFontOverride-t.build/DerivedSources/resource_bundle_accessor.swift /Users/admin/builder/spi-builder-workspace/Sources/SystemFontOverride/Font+SystemFontOverride.swift /Users/admin/builder/spi-builder-workspace/Sources/SystemFontOverride/UIFont+SystemFontOverride.swift -target arm64_32-apple-watchos9.0 -disable-cross-import-overlay-search -load-resolved-plugin /Applications/Xcode-27.0.0-Release.Candidate.app/Contents/Developer/Platforms/WatchOS.platform/Developer/usr/lib/swift/host/plugins/libFoundationMacros.dylib\#/Applications/Xcode-27.0.0-Release.Candidate.app/Contents/Developer/Platforms/WatchOS.platform/Developer/usr/bin/swift-plugin-server\#FoundationMacros -load-resolved-plugin /Applications/Xcode-27.0.0-Release.Candidate.app/Contents/Developer/Platforms/WatchOS.platform/Developer/usr/lib/swift/host/plugins/libObservationMacros.dylib\#/Applications/Xcode-27.0.0-Release.Candidate.app/Contents/Developer/Platforms/WatchOS.platform/Developer/usr/bin/swift-plugin-server\#ObservationMacros -load-resolved-plugin /Applications/Xcode-27.0.0-Release.Candidate.app/Contents/Developer/Platforms/WatchOS.platform/Developer/usr/lib/swift/host/plugins/libPreviewsMacros.dylib\#/Applications/Xcode-27.0.0-Release.Candidate.app/Contents/Developer/Platforms/WatchOS.platform/Developer/usr/bin/swift-plugin-server\#PreviewsMacros -load-resolved-plugin /Applications/Xcode-27.0.0-Release.Candidate.app/Contents/Developer/Platforms/WatchOS.platform/Developer/usr/lib/swift/host/plugins/libSwiftMacros.dylib\#/Applications/Xcode-27.0.0-Release.Candidate.app/Contents/Developer/Platforms/WatchOS.platform/Developer/usr/bin/swift-plugin-server\#SwiftMacros -load-resolved-plugin /Applications/Xcode-27.0.0-Release.Candidate.app/Contents/Developer/Platforms/WatchOS.platform/Developer/usr/lib/swift/host/plugins/libSwiftUIMacros.dylib\#/Applications/Xcode-27.0.0-Release.Candidate.app/Contents/Developer/Platforms/WatchOS.platform/Developer/usr/bin/swift-plugin-server\#SwiftUIMacros -disable-implicit-swift-modules -Xcc -fno-implicit-modules -Xcc -fno-implicit-module-maps -explicit-swift-module-map-file /Users/admin/builder/spi-builder-workspace/.derivedData/Build/Intermediates.noindex/SystemFontOverride.build/Debug-watchos/SystemFontOverride-t.build/Objects-normal/arm64_32/SystemFontOverride-dependencies-2.json -enable-objc-interop -sdk /Applications/Xcode-27.0.0-Release.Candidate.app/Contents/Developer/Platforms/WatchOS.platform/Developer/SDKs/WatchOS27.0.sdk -I /Users/admin/builder/spi-builder-workspace/.derivedData/Build/Products/Debug-watchos -Isystem /Applications/Xcode-27.0.0-Release.Candidate.app/Contents/Developer/Platforms/WatchOS.platform/Developer/usr/lib -F /Users/admin/builder/spi-builder-workspace/.derivedData/Build/Products/Debug-watchos -F /Applications/Xcode-27.0.0-Release.Candidate.app/Contents/Developer/Platforms/WatchOS.platform/Developer/Library/Frameworks -F /Applications/Xcode-27.0.0-Release.Candidate.app/Contents/Developer/Platforms/WatchOS.platform/Developer/SDKs/WatchOS27.0.sdk/Developer/Library/Frameworks -module-cache-path /Users/admin/builder/spi-builder-workspace/.derivedData/Build/Intermediates.noindex/SwiftExplicitPrecompiledModules -no-color-diagnostics -Xcc -fno-color-diagnostics -enable-testing -g -debug-info-format\=dwarf -dwarf-version\=4 -swift-version 5 -Onone -D SWIFT_PACKAGE -D DEBUG -D SWIFT_MODULE_RESOURCE_BUNDLE_AVAILABLE -D Xcode -serialize-debugging-options -enable-experimental-feature DebugDescriptionMacro -empty-abi-descriptor -validate-clang-modules-once -clang-build-session-file /Users/admin/builder/spi-builder-workspace/.derivedData/ModuleCache.noindex/Session.modulevalidation -Xcc -working-directory -Xcc /Users/admin/builder/spi-builder-workspace/.swiftpm/xcode -enable-anonymous-context-mangled-names -file-compilation-dir /Users/admin/builder/spi-builder-workspace/.swiftpm/xcode -Xcc -D_LIBCPP_HARDENING_MODE\=_LIBCPP_HARDENING_MODE_DEBUG -Xcc -ivfsstatcache -Xcc /Users/admin/builder/spi-builder-workspace/.derivedData/SDKStatCaches.noindex/watchos27.0-24R360-e829b21a6f8c9b70876ba0858053c04477534ef55a1706bf4c1112bbb242f0a2.sdkstatcache -Xcc -fmodules-prune-interval\=86400 -Xcc -fmodules-prune-after\=345600 -Xcc -I/Users/admin/builder/spi-builder-workspace/.derivedData/Build/Products/Debug-watchos/include -Xcc -I/Users/admin/builder/spi-builder-workspace/.derivedData/Build/Intermediates.noindex/SystemFontOverride.build/Debug-watchos/SystemFontOverride-t.build/DerivedSources-normal/arm64_32 -Xcc -I/Users/admin/builder/spi-builder-workspace/.derivedData/Build/Intermediates.noindex/SystemFontOverride.build/Debug-watchos/SystemFontOverride-t.build/DerivedSources/arm64_32 -Xcc -I/Users/admin/builder/spi-builder-workspace/.derivedData/Build/Intermediates.noindex/SystemFontOverride.build/Debug-watchos/SystemFontOverride-t.build/DerivedSources -Xcc -DSWIFT_PACKAGE -Xcc -DDEBUG\=1 -no-auto-bridging-header-chaining -module-name SystemFontOverride -const-gather-protocols-file /Users/admin/builder/spi-builder-workspace/.derivedData/Build/Intermediates.noindex/SystemFontOverride.build/Debug-watchos/SystemFontOverride-t.build/Objects-normal/arm64_32/SystemFontOverride_const_extract_protocols.json -disable-clang-spi -clang-target arm64_32-apple-watchos27.0 -target-sdk-version 27.0 -target-sdk-name watchos27.0 -in-process-plugin-server-path /Applications/Xcode-27.0.0-Release.Candidate.app/Contents/Developer/Toolchains/XcodeDefault.xctoolchain/usr/lib/swift/host/libSwiftInProcPluginServer.dylib -emit-module-doc-path /Users/admin/builder/spi-builder-workspace/.derivedData/Build/Intermediates.noindex/SystemFontOverride.build/Debug-watchos/SystemFontOverride-t.build/Objects-normal/arm64_32/SystemFontOverride.swiftdoc -emit-module-source-info-path /Users/admin/builder/spi-builder-workspace/.derivedData/Build/Intermediates.noindex/SystemFontOverride.build/Debug-watchos/SystemFontOverride-t.build/Objects-normal/arm64_32/SystemFontOverride.swiftsourceinfo -emit-objc-header-path /Users/admin/builder/spi-builder-workspace/.derivedData/Build/Intermediates.noindex/SystemFontOverride.build/Debug-watchos/SystemFontOverride-t.build/Objects-normal/arm64_32/SystemFontOverride-Swift.h -serialize-diagnostics-path /Users/admin/builder/spi-builder-workspace/.derivedData/Build/Intermediates.noindex/SystemFontOverride.build/Debug-watchos/SystemFontOverride-t.build/Objects-normal/arm64_32/SystemFontOverride-primary-emit-module.dia -emit-dependencies-path /Users/admin/builder/spi-builder-workspace/.derivedData/Build/Intermediates.noindex/SystemFontOverride.build/Debug-watchos/SystemFontOverride-t.build/Objects-normal/arm64_32/SystemFontOverride-primary-emit-module.d -parse-as-library -o /Users/admin/builder/spi-builder-workspace/.derivedData/Build/Intermediates.noindex/SystemFontOverride.build/Debug-watchos/SystemFontOverride-t.build/Objects-normal/arm64_32/SystemFontOverride.swiftmodule -emit-abi-descriptor-path /Users/admin/builder/spi-builder-workspace/.derivedData/Build/Intermediates.noindex/SystemFontOverride.build/Debug-watchos/SystemFontOverride-t.build/Objects-normal/arm64_32/SystemFontOverride.abi.json
SwiftCompile normal arm64_32 (in target 'SystemFontOverride' from project 'SystemFontOverride')
    cd /Users/admin/builder/spi-builder-workspace/.swiftpm/xcode

SwiftCompile normal arm64 Compiling\ UIFont+SystemFontOverride.swift /Users/admin/builder/spi-builder-workspace/Sources/SystemFontOverride/UIFont+SystemFontOverride.swift (in target 'SystemFontOverride' from project 'SystemFontOverride')
/Users/admin/builder/spi-builder-workspace/Sources/SystemFontOverride/UIFont+SystemFontOverride.swift:29:13: error: 'UITextView' is unavailable in watchOS
 27 |             UIFontDescriptor.swizzleSystemFontWithOverride()
 28 |
 29 |             UITextView.appearance().setFontFamily(to: systemFontFamilyOverride)
    |             `- error: 'UITextView' is unavailable in watchOS
 30 |             UISegmentedControl.appearance().setTitleFontFamily(to: systemFontFamilyOverride)
 31 |         }
/Applications/Xcode-27.0.0-Release.Candidate.app/Contents/Developer/Platforms/WatchOS.platform/Developer/SDKs/WatchOS27.0.sdk/System/Library/Frameworks/UIKit.framework/Headers/UITextView.h:223:12: note: 'UITextView' has been explicitly marked unavailable here
221 |
222 | UIKIT_EXTERN API_AVAILABLE(ios(2.0)) API_UNAVAILABLE(watchos) NS_SWIFT_UI_ACTOR
223 | @interface UITextView : UIScrollView <UITextInput, UIContentSizeCategoryAdjusting, UILetterformAwareAdjusting, NSTextViewportLayoutControllerDelegate>
    |            `- note: 'UITextView' has been explicitly marked unavailable here
224 |
225 | @property(nullable,nonatomic,weak) id<UITextViewDelegate> delegate;
/Users/admin/builder/spi-builder-workspace/Sources/SystemFontOverride/UIFont+SystemFontOverride.swift:30:13: error: 'UISegmentedControl' is unavailable in watchOS
 28 |
 29 |             UITextView.appearance().setFontFamily(to: systemFontFamilyOverride)
 30 |             UISegmentedControl.appearance().setTitleFontFamily(to: systemFontFamilyOverride)
    |             `- error: 'UISegmentedControl' is unavailable in watchOS
 31 |         }
 32 |     }
/Applications/Xcode-27.0.0-Release.Candidate.app/Contents/Developer/Platforms/WatchOS.platform/Developer/SDKs/WatchOS27.0.sdk/System/Library/Frameworks/UIKit.framework/Headers/UISegmentedControl.h:43:12: note: 'UISegmentedControl' has been explicitly marked unavailable here
 41 |
 42 | UIKIT_EXTERN API_AVAILABLE(ios(2.0)) API_UNAVAILABLE(watchos) NS_SWIFT_UI_ACTOR
 43 | @interface UISegmentedControl : UIControl <NSCoding>
    |            `- note: 'UISegmentedControl' has been explicitly marked unavailable here
 44 |
 45 | - (instancetype)initWithFrame:(CGRect)frame NS_DESIGNATED_INITIALIZER;
/Users/admin/builder/spi-builder-workspace/Sources/SystemFontOverride/UIFont+SystemFontOverride.swift:56:97: error: 'UITraitCollection' is unavailable in watchOS
 54 |     }
 55 |
 56 |     static func systemFontOverride(textStyle: UIFont.TextStyle, compatibleWith traitCollection: UITraitCollection? = nil) -> UIFont {
    |                                                                                                 `- error: 'UITraitCollection' is unavailable in watchOS
 57 |         guard let systemFontFamilyOverride else {
 58 |             return preferredFont(forTextStyle: textStyle, compatibleWith: traitCollection)
/Applications/Xcode-27.0.0-Release.Candidate.app/Contents/Developer/Platforms/WatchOS.platform/Developer/SDKs/WatchOS27.0.sdk/System/Library/Frameworks/UIKit.framework/Headers/UITraitCollection.h:23:12: note: 'UITraitCollection' has been explicitly marked unavailable here
 21 |
 22 | UIKIT_EXTERN API_AVAILABLE(ios(8.0)) API_UNAVAILABLE(watchos) NS_SWIFT_SENDABLE
 23 | @interface UITraitCollection : NSObject <NSCopying, NSSecureCoding>
    |            `- note: 'UITraitCollection' has been explicitly marked unavailable here
 24 |
 25 | - (instancetype)init NS_DESIGNATED_INITIALIZER;
/Users/admin/builder/spi-builder-workspace/Sources/SystemFontOverride/UIFont+SystemFontOverride.swift:94:67: error: 'UIControl' is unavailable in watchOS
 92 |
 93 | private extension UISegmentedControl {
 94 |     func setTitleFontFamily(to newFontFamily: String?, for state: UIControl.State = .normal) {
    |                                                                   `- error: 'UIControl' is unavailable in watchOS
 95 |         if let newFontFamily {
 96 |             var titleTextAttributes = titleTextAttributes(for: state) ?? [:]
/Applications/Xcode-27.0.0-Release.Candidate.app/Contents/Developer/Platforms/WatchOS.platform/Developer/SDKs/WatchOS27.0.sdk/System/Library/Frameworks/UIKit.framework/Headers/UIControl.h:76:12: note: 'UIControl' has been explicitly marked unavailable here
 74 |
 75 | UIKIT_EXTERN API_AVAILABLE(ios(2.0)) API_UNAVAILABLE(watchos) NS_SWIFT_UI_ACTOR
 76 | @interface UIControl : UIView
    |            `- note: 'UIControl' has been explicitly marked unavailable here
 77 |
 78 | - (instancetype)initWithFrame:(CGRect)frame NS_DESIGNATED_INITIALIZER;
/Users/admin/builder/spi-builder-workspace/Sources/SystemFontOverride/UIFont+SystemFontOverride.swift:93:19: error: 'UISegmentedControl' is unavailable in watchOS
 91 | // MARK: - Utilities
 92 |
 93 | private extension UISegmentedControl {
    |                   `- error: 'UISegmentedControl' is unavailable in watchOS
 94 |     func setTitleFontFamily(to newFontFamily: String?, for state: UIControl.State = .normal) {
 95 |         if let newFontFamily {
/Applications/Xcode-27.0.0-Release.Candidate.app/Contents/Developer/Platforms/WatchOS.platform/Developer/SDKs/WatchOS27.0.sdk/System/Library/Frameworks/UIKit.framework/Headers/UISegmentedControl.h:43:12: note: 'UISegmentedControl' has been explicitly marked unavailable here
 41 |
 42 | UIKIT_EXTERN API_AVAILABLE(ios(2.0)) API_UNAVAILABLE(watchos) NS_SWIFT_UI_ACTOR
 43 | @interface UISegmentedControl : UIControl <NSCoding>
    |            `- note: 'UISegmentedControl' has been explicitly marked unavailable here
 44 |
 45 | - (instancetype)initWithFrame:(CGRect)frame NS_DESIGNATED_INITIALIZER;
/Users/admin/builder/spi-builder-workspace/Sources/SystemFontOverride/UIFont+SystemFontOverride.swift:110:19: error: 'UITextView' is unavailable in watchOS
108 | }
109 |
110 | private extension UITextView {
    |                   `- error: 'UITextView' is unavailable in watchOS
111 |     func setFontFamily(to newFontFamily: String?) {
112 |         if let newFontFamily {
/Applications/Xcode-27.0.0-Release.Candidate.app/Contents/Developer/Platforms/WatchOS.platform/Developer/SDKs/WatchOS27.0.sdk/System/Library/Frameworks/UIKit.framework/Headers/UITextView.h:223:12: note: 'UITextView' has been explicitly marked unavailable here
221 |
222 | UIKIT_EXTERN API_AVAILABLE(ios(2.0)) API_UNAVAILABLE(watchos) NS_SWIFT_UI_ACTOR
223 | @interface UITextView : UIScrollView <UITextInput, UIContentSizeCategoryAdjusting, UILetterformAwareAdjusting, NSTextViewportLayoutControllerDelegate>
    |            `- note: 'UITextView' has been explicitly marked unavailable here
224 |
225 | @property(nullable,nonatomic,weak) id<UITextViewDelegate> delegate;
/Users/admin/builder/spi-builder-workspace/Sources/SystemFontOverride/UIFont+SystemFontOverride.swift:153:114: error: 'UITraitCollection' is unavailable in watchOS
151 |     }
152 |
153 |     @objc class func preferredFontOverride(forTextStyle style: UIFont.TextStyle, compatibleWith traitCollection: UITraitCollection?) -> UIFont {
    |                                                                                                                  `- error: 'UITraitCollection' is unavailable in watchOS
154 |         systemFontOverride(textStyle: style, compatibleWith: traitCollection)
155 |     }
/Applications/Xcode-27.0.0-Release.Candidate.app/Contents/Developer/Platforms/WatchOS.platform/Developer/SDKs/WatchOS27.0.sdk/System/Library/Frameworks/UIKit.framework/Headers/UITraitCollection.h:23:12: note: 'UITraitCollection' has been explicitly marked unavailable here
 21 |
 22 | UIKIT_EXTERN API_AVAILABLE(ios(8.0)) API_UNAVAILABLE(watchos) NS_SWIFT_SENDABLE
 23 | @interface UITraitCollection : NSObject <NSCopying, NSSecureCoding>
    |            `- note: 'UITraitCollection' has been explicitly marked unavailable here
 24 |
 25 | - (instancetype)init NS_DESIGNATED_INITIALIZER;
/Users/admin/builder/spi-builder-workspace/Sources/SystemFontOverride/UIFont+SystemFontOverride.swift:172:125: error: 'UITraitCollection' is unavailable in watchOS
170 |
171 | private extension UIFontDescriptor {
172 |     @objc class func preferredFontDescriptorOverride(withTextStyle style: UIFont.TextStyle, compatibleWith traitCollection: UITraitCollection?) -> UIFontDescriptor {
    |                                                                                                                             `- error: 'UITraitCollection' is unavailable in watchOS
173 |         preferredFontDescriptorOverride(withTextStyle: style, compatibleWith: traitCollection) // calls original func
174 |             .overridingFamily(UIFont.systemFontFamilyOverride)
/Applications/Xcode-27.0.0-Release.Candidate.app/Contents/Developer/Platforms/WatchOS.platform/Developer/SDKs/WatchOS27.0.sdk/System/Library/Frameworks/UIKit.framework/Headers/UITraitCollection.h:23:12: note: 'UITraitCollection' has been explicitly marked unavailable here
 21 |
 22 | UIKIT_EXTERN API_AVAILABLE(ios(8.0)) API_UNAVAILABLE(watchos) NS_SWIFT_SENDABLE
 23 | @interface UITraitCollection : NSObject <NSCopying, NSSecureCoding>
    |            `- note: 'UITraitCollection' has been explicitly marked unavailable here
 24 |
 25 | - (instancetype)init NS_DESIGNATED_INITIALIZER;
SwiftCompile normal arm64 /Users/admin/builder/spi-builder-workspace/Sources/SystemFontOverride/UIFont+SystemFontOverride.swift (in target 'SystemFontOverride' from project 'SystemFontOverride')
    cd /Users/admin/builder/spi-builder-workspace/.swiftpm/xcode
    builtin-SwiftPerFileCompile UIFont+SystemFontOverride.swift
/Users/admin/builder/spi-builder-workspace/Sources/SystemFontOverride/UIFont+SystemFontOverride.swift:58:20: error: 'preferredFont(forTextStyle:compatibleWith:)' is unavailable in watchOS
 56 |     static func systemFontOverride(textStyle: UIFont.TextStyle, compatibleWith traitCollection: UITraitCollection? = nil) -> UIFont {
 57 |         guard let systemFontFamilyOverride else {
 58 |             return preferredFont(forTextStyle: textStyle, compatibleWith: traitCollection)
    |                    `- error: 'preferredFont(forTextStyle:compatibleWith:)' is unavailable in watchOS
 59 |         }
 60 |         let descriptor = UIFontDescriptor.preferredFontDescriptor(withTextStyle: textStyle, compatibleWith: traitCollection)
/Applications/Xcode-27.0.0-Release.Candidate.app/Contents/Developer/Platforms/WatchOS.platform/Developer/SDKs/WatchOS27.0.sdk/System/Library/Frameworks/UIKit.framework/Headers/UIFont.h:25:1: note: 'preferredFont(forTextStyle:compatibleWith:)' has been explicitly marked unavailable here
23 | + (UIFont *)preferredFontForTextStyle:(UIFontTextStyle)style API_AVAILABLE(ios(7.0), watchos(2.0));
24 | // Returns an instance of the font associated with the text style and scaled appropriately for the content size category defined in the trait collection.
25 | + (UIFont *)preferredFontForTextStyle:(UIFontTextStyle)style compatibleWithTraitCollection:(nullable UITraitCollection *)traitCollection API_AVAILABLE(ios(10.0)) API_UNAVAILABLE(watchos);
   | `- note: 'preferredFont(forTextStyle:compatibleWith:)' has been explicitly marked unavailable here
26 |
27 | // Returns a font using CSS name matching semantics.
SwiftCompile normal arm64 Compiling\ Font+SystemFontOverride.swift /Users/admin/builder/spi-builder-workspace/Sources/SystemFontOverride/Font+SystemFontOverride.swift (in target 'SystemFontOverride' from project 'SystemFontOverride')
/Users/admin/builder/spi-builder-workspace/Sources/SystemFontOverride/Font+SystemFontOverride.swift:61:18: error: 'extraLargeTitle2' is only available in watchOS 10.0 or newer
54 | }
55 |
56 | private extension Font.TextStyle {
   |         `- note: add '@available' attribute to enclosing extension
57 |     var uiValue: UIFont.TextStyle {
   |         `- note: add '@available' attribute to enclosing property
58 |         switch self {
59 |         case .extraLargeTitle2:
60 |             if #available(iOS 17.0, *) {
61 |                 .extraLargeTitle2
   |                  |- error: 'extraLargeTitle2' is only available in watchOS 10.0 or newer
   |                  `- note: add 'if #available' version check
62 |             } else {
63 |                 .largeTitle
SwiftCompile normal arm64 /Users/admin/builder/spi-builder-workspace/Sources/SystemFontOverride/Font+SystemFontOverride.swift (in target 'SystemFontOverride' from project 'SystemFontOverride')
    cd /Users/admin/builder/spi-builder-workspace/.swiftpm/xcode
    builtin-SwiftPerFileCompile Font+SystemFontOverride.swift
SwiftEmitModule normal arm64 Emitting\ module\ for\ SystemFontOverride (in target 'SystemFontOverride' from project 'SystemFontOverride')
/Users/admin/builder/spi-builder-workspace/Sources/SystemFontOverride/UIFont+SystemFontOverride.swift:29:13: error: 'UITextView' is unavailable in watchOS
 27 |             UIFontDescriptor.swizzleSystemFontWithOverride()
 28 |
 29 |             UITextView.appearance().setFontFamily(to: systemFontFamilyOverride)
    |             `- error: 'UITextView' is unavailable in watchOS
 30 |             UISegmentedControl.appearance().setTitleFontFamily(to: systemFontFamilyOverride)
 31 |         }
/Applications/Xcode-27.0.0-Release.Candidate.app/Contents/Developer/Platforms/WatchOS.platform/Developer/SDKs/WatchOS27.0.sdk/System/Library/Frameworks/UIKit.framework/Headers/UITextView.h:223:12: note: 'UITextView' has been explicitly marked unavailable here
221 |
222 | UIKIT_EXTERN API_AVAILABLE(ios(2.0)) API_UNAVAILABLE(watchos) NS_SWIFT_UI_ACTOR
223 | @interface UITextView : UIScrollView <UITextInput, UIContentSizeCategoryAdjusting, UILetterformAwareAdjusting, NSTextViewportLayoutControllerDelegate>
    |            `- note: 'UITextView' has been explicitly marked unavailable here
224 |
225 | @property(nullable,nonatomic,weak) id<UITextViewDelegate> delegate;
/Users/admin/builder/spi-builder-workspace/Sources/SystemFontOverride/UIFont+SystemFontOverride.swift:30:13: error: 'UISegmentedControl' is unavailable in watchOS
 28 |
 29 |             UITextView.appearance().setFontFamily(to: systemFontFamilyOverride)
 30 |             UISegmentedControl.appearance().setTitleFontFamily(to: systemFontFamilyOverride)
    |             `- error: 'UISegmentedControl' is unavailable in watchOS
 31 |         }
 32 |     }
/Applications/Xcode-27.0.0-Release.Candidate.app/Contents/Developer/Platforms/WatchOS.platform/Developer/SDKs/WatchOS27.0.sdk/System/Library/Frameworks/UIKit.framework/Headers/UISegmentedControl.h:43:12: note: 'UISegmentedControl' has been explicitly marked unavailable here
 41 |
 42 | UIKIT_EXTERN API_AVAILABLE(ios(2.0)) API_UNAVAILABLE(watchos) NS_SWIFT_UI_ACTOR
 43 | @interface UISegmentedControl : UIControl <NSCoding>
    |            `- note: 'UISegmentedControl' has been explicitly marked unavailable here
 44 |
 45 | - (instancetype)initWithFrame:(CGRect)frame NS_DESIGNATED_INITIALIZER;
/Users/admin/builder/spi-builder-workspace/Sources/SystemFontOverride/UIFont+SystemFontOverride.swift:56:97: error: 'UITraitCollection' is unavailable in watchOS
 54 |     }
 55 |
 56 |     static func systemFontOverride(textStyle: UIFont.TextStyle, compatibleWith traitCollection: UITraitCollection? = nil) -> UIFont {
    |                                                                                                 `- error: 'UITraitCollection' is unavailable in watchOS
 57 |         guard let systemFontFamilyOverride else {
 58 |             return preferredFont(forTextStyle: textStyle, compatibleWith: traitCollection)
/Applications/Xcode-27.0.0-Release.Candidate.app/Contents/Developer/Platforms/WatchOS.platform/Developer/SDKs/WatchOS27.0.sdk/System/Library/Frameworks/UIKit.framework/Headers/UITraitCollection.h:23:12: note: 'UITraitCollection' has been explicitly marked unavailable here
 21 |
 22 | UIKIT_EXTERN API_AVAILABLE(ios(8.0)) API_UNAVAILABLE(watchos) NS_SWIFT_SENDABLE
 23 | @interface UITraitCollection : NSObject <NSCopying, NSSecureCoding>
    |            `- note: 'UITraitCollection' has been explicitly marked unavailable here
 24 |
 25 | - (instancetype)init NS_DESIGNATED_INITIALIZER;
/Users/admin/builder/spi-builder-workspace/Sources/SystemFontOverride/UIFont+SystemFontOverride.swift:94:67: error: 'UIControl' is unavailable in watchOS
 92 |
 93 | private extension UISegmentedControl {
 94 |     func setTitleFontFamily(to newFontFamily: String?, for state: UIControl.State = .normal) {
    |                                                                   `- error: 'UIControl' is unavailable in watchOS
 95 |         if let newFontFamily {
 96 |             var titleTextAttributes = titleTextAttributes(for: state) ?? [:]
/Applications/Xcode-27.0.0-Release.Candidate.app/Contents/Developer/Platforms/WatchOS.platform/Developer/SDKs/WatchOS27.0.sdk/System/Library/Frameworks/UIKit.framework/Headers/UIControl.h:76:12: note: 'UIControl' has been explicitly marked unavailable here
 74 |
 75 | UIKIT_EXTERN API_AVAILABLE(ios(2.0)) API_UNAVAILABLE(watchos) NS_SWIFT_UI_ACTOR
 76 | @interface UIControl : UIView
    |            `- note: 'UIControl' has been explicitly marked unavailable here
 77 |
 78 | - (instancetype)initWithFrame:(CGRect)frame NS_DESIGNATED_INITIALIZER;
/Users/admin/builder/spi-builder-workspace/Sources/SystemFontOverride/UIFont+SystemFontOverride.swift:93:19: error: 'UISegmentedControl' is unavailable in watchOS
 91 | // MARK: - Utilities
 92 |
 93 | private extension UISegmentedControl {
    |                   `- error: 'UISegmentedControl' is unavailable in watchOS
 94 |     func setTitleFontFamily(to newFontFamily: String?, for state: UIControl.State = .normal) {
 95 |         if let newFontFamily {
/Applications/Xcode-27.0.0-Release.Candidate.app/Contents/Developer/Platforms/WatchOS.platform/Developer/SDKs/WatchOS27.0.sdk/System/Library/Frameworks/UIKit.framework/Headers/UISegmentedControl.h:43:12: note: 'UISegmentedControl' has been explicitly marked unavailable here
 41 |
 42 | UIKIT_EXTERN API_AVAILABLE(ios(2.0)) API_UNAVAILABLE(watchos) NS_SWIFT_UI_ACTOR
 43 | @interface UISegmentedControl : UIControl <NSCoding>
    |            `- note: 'UISegmentedControl' has been explicitly marked unavailable here
 44 |
 45 | - (instancetype)initWithFrame:(CGRect)frame NS_DESIGNATED_INITIALIZER;
/Users/admin/builder/spi-builder-workspace/Sources/SystemFontOverride/UIFont+SystemFontOverride.swift:110:19: error: 'UITextView' is unavailable in watchOS
108 | }
109 |
110 | private extension UITextView {
    |                   `- error: 'UITextView' is unavailable in watchOS
111 |     func setFontFamily(to newFontFamily: String?) {
112 |         if let newFontFamily {
/Applications/Xcode-27.0.0-Release.Candidate.app/Contents/Developer/Platforms/WatchOS.platform/Developer/SDKs/WatchOS27.0.sdk/System/Library/Frameworks/UIKit.framework/Headers/UITextView.h:223:12: note: 'UITextView' has been explicitly marked unavailable here
221 |
222 | UIKIT_EXTERN API_AVAILABLE(ios(2.0)) API_UNAVAILABLE(watchos) NS_SWIFT_UI_ACTOR
223 | @interface UITextView : UIScrollView <UITextInput, UIContentSizeCategoryAdjusting, UILetterformAwareAdjusting, NSTextViewportLayoutControllerDelegate>
    |            `- note: 'UITextView' has been explicitly marked unavailable here
224 |
225 | @property(nullable,nonatomic,weak) id<UITextViewDelegate> delegate;
/Users/admin/builder/spi-builder-workspace/Sources/SystemFontOverride/UIFont+SystemFontOverride.swift:153:114: error: 'UITraitCollection' is unavailable in watchOS
151 |     }
152 |
153 |     @objc class func preferredFontOverride(forTextStyle style: UIFont.TextStyle, compatibleWith traitCollection: UITraitCollection?) -> UIFont {
    |                                                                                                                  `- error: 'UITraitCollection' is unavailable in watchOS
154 |         systemFontOverride(textStyle: style, compatibleWith: traitCollection)
155 |     }
/Applications/Xcode-27.0.0-Release.Candidate.app/Contents/Developer/Platforms/WatchOS.platform/Developer/SDKs/WatchOS27.0.sdk/System/Library/Frameworks/UIKit.framework/Headers/UITraitCollection.h:23:12: note: 'UITraitCollection' has been explicitly marked unavailable here
 21 |
 22 | UIKIT_EXTERN API_AVAILABLE(ios(8.0)) API_UNAVAILABLE(watchos) NS_SWIFT_SENDABLE
 23 | @interface UITraitCollection : NSObject <NSCopying, NSSecureCoding>
    |            `- note: 'UITraitCollection' has been explicitly marked unavailable here
 24 |
 25 | - (instancetype)init NS_DESIGNATED_INITIALIZER;
/Users/admin/builder/spi-builder-workspace/Sources/SystemFontOverride/UIFont+SystemFontOverride.swift:172:125: error: 'UITraitCollection' is unavailable in watchOS
170 |
171 | private extension UIFontDescriptor {
172 |     @objc class func preferredFontDescriptorOverride(withTextStyle style: UIFont.TextStyle, compatibleWith traitCollection: UITraitCollection?) -> UIFontDescriptor {
    |                                                                                                                             `- error: 'UITraitCollection' is unavailable in watchOS
173 |         preferredFontDescriptorOverride(withTextStyle: style, compatibleWith: traitCollection) // calls original func
174 |             .overridingFamily(UIFont.systemFontFamilyOverride)
/Applications/Xcode-27.0.0-Release.Candidate.app/Contents/Developer/Platforms/WatchOS.platform/Developer/SDKs/WatchOS27.0.sdk/System/Library/Frameworks/UIKit.framework/Headers/UITraitCollection.h:23:12: note: 'UITraitCollection' has been explicitly marked unavailable here
 21 |
 22 | UIKIT_EXTERN API_AVAILABLE(ios(8.0)) API_UNAVAILABLE(watchos) NS_SWIFT_SENDABLE
 23 | @interface UITraitCollection : NSObject <NSCopying, NSSecureCoding>
    |            `- note: 'UITraitCollection' has been explicitly marked unavailable here
 24 |
 25 | - (instancetype)init NS_DESIGNATED_INITIALIZER;
Failed frontend command:
/Applications/Xcode-27.0.0-Release.Candidate.app/Contents/Developer/Toolchains/XcodeDefault.xctoolchain/usr/bin/swift-frontend -frontend -emit-module -experimental-skip-non-inlinable-function-bodies-without-types /Users/admin/builder/spi-builder-workspace/.derivedData/Build/Intermediates.noindex/SystemFontOverride.build/Debug-watchos/SystemFontOverride-t.build/DerivedSources/resource_bundle_accessor.swift /Users/admin/builder/spi-builder-workspace/Sources/SystemFontOverride/Font+SystemFontOverride.swift /Users/admin/builder/spi-builder-workspace/Sources/SystemFontOverride/UIFont+SystemFontOverride.swift -target arm64-apple-watchos9.0 -disable-cross-import-overlay-search -load-resolved-plugin /Applications/Xcode-27.0.0-Release.Candidate.app/Contents/Developer/Platforms/WatchOS.platform/Developer/usr/lib/swift/host/plugins/libFoundationMacros.dylib\#/Applications/Xcode-27.0.0-Release.Candidate.app/Contents/Developer/Platforms/WatchOS.platform/Developer/usr/bin/swift-plugin-server\#FoundationMacros -load-resolved-plugin /Applications/Xcode-27.0.0-Release.Candidate.app/Contents/Developer/Platforms/WatchOS.platform/Developer/usr/lib/swift/host/plugins/libObservationMacros.dylib\#/Applications/Xcode-27.0.0-Release.Candidate.app/Contents/Developer/Platforms/WatchOS.platform/Developer/usr/bin/swift-plugin-server\#ObservationMacros -load-resolved-plugin /Applications/Xcode-27.0.0-Release.Candidate.app/Contents/Developer/Platforms/WatchOS.platform/Developer/usr/lib/swift/host/plugins/libPreviewsMacros.dylib\#/Applications/Xcode-27.0.0-Release.Candidate.app/Contents/Developer/Platforms/WatchOS.platform/Developer/usr/bin/swift-plugin-server\#PreviewsMacros -load-resolved-plugin /Applications/Xcode-27.0.0-Release.Candidate.app/Contents/Developer/Platforms/WatchOS.platform/Developer/usr/lib/swift/host/plugins/libSwiftMacros.dylib\#/Applications/Xcode-27.0.0-Release.Candidate.app/Contents/Developer/Platforms/WatchOS.platform/Developer/usr/bin/swift-plugin-server\#SwiftMacros -load-resolved-plugin /Applications/Xcode-27.0.0-Release.Candidate.app/Contents/Developer/Platforms/WatchOS.platform/Developer/usr/lib/swift/host/plugins/libSwiftUIMacros.dylib\#/Applications/Xcode-27.0.0-Release.Candidate.app/Contents/Developer/Platforms/WatchOS.platform/Developer/usr/bin/swift-plugin-server\#SwiftUIMacros -disable-implicit-swift-modules -Xcc -fno-implicit-modules -Xcc -fno-implicit-module-maps -explicit-swift-module-map-file /Users/admin/builder/spi-builder-workspace/.derivedData/Build/Intermediates.noindex/SystemFontOverride.build/Debug-watchos/SystemFontOverride-t.build/Objects-normal/arm64/SystemFontOverride-dependencies-1.json -Xllvm -aarch64-use-tbi -enable-objc-interop -stack-check -sdk /Applications/Xcode-27.0.0-Release.Candidate.app/Contents/Developer/Platforms/WatchOS.platform/Developer/SDKs/WatchOS27.0.sdk -I /Users/admin/builder/spi-builder-workspace/.derivedData/Build/Products/Debug-watchos -Isystem /Applications/Xcode-27.0.0-Release.Candidate.app/Contents/Developer/Platforms/WatchOS.platform/Developer/usr/lib -F /Users/admin/builder/spi-builder-workspace/.derivedData/Build/Products/Debug-watchos -F /Applications/Xcode-27.0.0-Release.Candidate.app/Contents/Developer/Platforms/WatchOS.platform/Developer/Library/Frameworks -F /Applications/Xcode-27.0.0-Release.Candidate.app/Contents/Developer/Platforms/WatchOS.platform/Developer/SDKs/WatchOS27.0.sdk/Developer/Library/Frameworks -module-cache-path /Users/admin/builder/spi-builder-workspace/.derivedData/Build/Intermediates.noindex/SwiftExplicitPrecompiledModules -no-color-diagnostics -Xcc -fno-color-diagnostics -enable-testing -g -debug-info-format\=dwarf -dwarf-version\=4 -swift-version 5 -Onone -D SWIFT_PACKAGE -D DEBUG -D SWIFT_MODULE_RESOURCE_BUNDLE_AVAILABLE -D Xcode -serialize-debugging-options -enable-experimental-feature DebugDescriptionMacro -empty-abi-descriptor -validate-clang-modules-once -clang-build-session-file /Users/admin/builder/spi-builder-workspace/.derivedData/ModuleCache.noindex/Session.modulevalidation -Xcc -working-directory -Xcc /Users/admin/builder/spi-builder-workspace/.swiftpm/xcode -enable-anonymous-context-mangled-names -file-compilation-dir /Users/admin/builder/spi-builder-workspace/.swiftpm/xcode -Xcc -D_LIBCPP_HARDENING_MODE\=_LIBCPP_HARDENING_MODE_DEBUG -Xcc -ivfsstatcache -Xcc /Users/admin/builder/spi-builder-workspace/.derivedData/SDKStatCaches.noindex/watchos27.0-24R360-e829b21a6f8c9b70876ba0858053c04477534ef55a1706bf4c1112bbb242f0a2.sdkstatcache -Xcc -fmodules-prune-interval\=86400 -Xcc -fmodules-prune-after\=345600 -Xcc -I/Users/admin/builder/spi-builder-workspace/.derivedData/Build/Products/Debug-watchos/include -Xcc -I/Users/admin/builder/spi-builder-workspace/.derivedData/Build/Intermediates.noindex/SystemFontOverride.build/Debug-watchos/SystemFontOverride-t.build/DerivedSources-normal/arm64 -Xcc -I/Users/admin/builder/spi-builder-workspace/.derivedData/Build/Intermediates.noindex/SystemFontOverride.build/Debug-watchos/SystemFontOverride-t.build/DerivedSources/arm64 -Xcc -I/Users/admin/builder/spi-builder-workspace/.derivedData/Build/Intermediates.noindex/SystemFontOverride.build/Debug-watchos/SystemFontOverride-t.build/DerivedSources -Xcc -DSWIFT_PACKAGE -Xcc -DDEBUG\=1 -no-auto-bridging-header-chaining -module-name SystemFontOverride -const-gather-protocols-file /Users/admin/builder/spi-builder-workspace/.derivedData/Build/Intermediates.noindex/SystemFontOverride.build/Debug-watchos/SystemFontOverride-t.build/Objects-normal/arm64/SystemFontOverride_const_extract_protocols.json -disable-clang-spi -clang-target arm64-apple-watchos27.0 -target-sdk-version 27.0 -target-sdk-name watchos27.0 -in-process-plugin-server-path /Applications/Xcode-27.0.0-Release.Candidate.app/Contents/Developer/Toolchains/XcodeDefault.xctoolchain/usr/lib/swift/host/libSwiftInProcPluginServer.dylib -emit-module-doc-path /Users/admin/builder/spi-builder-workspace/.derivedData/Build/Intermediates.noindex/SystemFontOverride.build/Debug-watchos/SystemFontOverride-t.build/Objects-normal/arm64/SystemFontOverride.swiftdoc -emit-module-source-info-path /Users/admin/builder/spi-builder-workspace/.derivedData/Build/Intermediates.noindex/SystemFontOverride.build/Debug-watchos/SystemFontOverride-t.build/Objects-normal/arm64/SystemFontOverride.swiftsourceinfo -emit-objc-header-path /Users/admin/builder/spi-builder-workspace/.derivedData/Build/Intermediates.noindex/SystemFontOverride.build/Debug-watchos/SystemFontOverride-t.build/Objects-normal/arm64/SystemFontOverride-Swift.h -serialize-diagnostics-path /Users/admin/builder/spi-builder-workspace/.derivedData/Build/Intermediates.noindex/SystemFontOverride.build/Debug-watchos/SystemFontOverride-t.build/Objects-normal/arm64/SystemFontOverride-primary-emit-module.dia -emit-dependencies-path /Users/admin/builder/spi-builder-workspace/.derivedData/Build/Intermediates.noindex/SystemFontOverride.build/Debug-watchos/SystemFontOverride-t.build/Objects-normal/arm64/SystemFontOverride-primary-emit-module.d -parse-as-library -o /Users/admin/builder/spi-builder-workspace/.derivedData/Build/Intermediates.noindex/SystemFontOverride.build/Debug-watchos/SystemFontOverride-t.build/Objects-normal/arm64/SystemFontOverride.swiftmodule -emit-abi-descriptor-path /Users/admin/builder/spi-builder-workspace/.derivedData/Build/Intermediates.noindex/SystemFontOverride.build/Debug-watchos/SystemFontOverride-t.build/Objects-normal/arm64/SystemFontOverride.abi.json
SwiftCompile normal arm64 (in target 'SystemFontOverride' from project 'SystemFontOverride')
    cd /Users/admin/builder/spi-builder-workspace/.swiftpm/xcode

SwiftCompile normal arm64_32 Compiling\ resource_bundle_accessor.swift /Users/admin/builder/spi-builder-workspace/.derivedData/Build/Intermediates.noindex/SystemFontOverride.build/Debug-watchos/SystemFontOverride-t.build/DerivedSources/resource_bundle_accessor.swift (in target 'SystemFontOverride' from project 'SystemFontOverride')
SwiftCompile normal arm64_32 /Users/admin/builder/spi-builder-workspace/.derivedData/Build/Intermediates.noindex/SystemFontOverride.build/Debug-watchos/SystemFontOverride-t.build/DerivedSources/resource_bundle_accessor.swift (in target 'SystemFontOverride' from project 'SystemFontOverride')
    cd /Users/admin/builder/spi-builder-workspace/.swiftpm/xcode
    builtin-SwiftPerFileCompile resource_bundle_accessor.swift
SwiftCompile normal arm64_32 Compiling\ Font+SystemFontOverride.swift /Users/admin/builder/spi-builder-workspace/Sources/SystemFontOverride/Font+SystemFontOverride.swift (in target 'SystemFontOverride' from project 'SystemFontOverride')
/Users/admin/builder/spi-builder-workspace/Sources/SystemFontOverride/Font+SystemFontOverride.swift:61:18: error: 'extraLargeTitle2' is only available in watchOS 10.0 or newer
54 | }
55 |
56 | private extension Font.TextStyle {
   |         `- note: add '@available' attribute to enclosing extension
57 |     var uiValue: UIFont.TextStyle {
   |         `- note: add '@available' attribute to enclosing property
58 |         switch self {
59 |         case .extraLargeTitle2:
60 |             if #available(iOS 17.0, *) {
61 |                 .extraLargeTitle2
   |                  |- error: 'extraLargeTitle2' is only available in watchOS 10.0 or newer
   |                  `- note: add 'if #available' version check
62 |             } else {
63 |                 .largeTitle
SwiftCompile normal arm64_32 /Users/admin/builder/spi-builder-workspace/Sources/SystemFontOverride/Font+SystemFontOverride.swift (in target 'SystemFontOverride' from project 'SystemFontOverride')
    cd /Users/admin/builder/spi-builder-workspace/.swiftpm/xcode
    builtin-SwiftPerFileCompile Font+SystemFontOverride.swift
SwiftCompile normal arm64_32 Compiling\ UIFont+SystemFontOverride.swift /Users/admin/builder/spi-builder-workspace/Sources/SystemFontOverride/UIFont+SystemFontOverride.swift (in target 'SystemFontOverride' from project 'SystemFontOverride')
/Users/admin/builder/spi-builder-workspace/Sources/SystemFontOverride/UIFont+SystemFontOverride.swift:29:13: error: 'UITextView' is unavailable in watchOS
 27 |             UIFontDescriptor.swizzleSystemFontWithOverride()
 28 |
 29 |             UITextView.appearance().setFontFamily(to: systemFontFamilyOverride)
    |             `- error: 'UITextView' is unavailable in watchOS
 30 |             UISegmentedControl.appearance().setTitleFontFamily(to: systemFontFamilyOverride)
 31 |         }
/Applications/Xcode-27.0.0-Release.Candidate.app/Contents/Developer/Platforms/WatchOS.platform/Developer/SDKs/WatchOS27.0.sdk/System/Library/Frameworks/UIKit.framework/Headers/UITextView.h:223:12: note: 'UITextView' has been explicitly marked unavailable here
221 |
222 | UIKIT_EXTERN API_AVAILABLE(ios(2.0)) API_UNAVAILABLE(watchos) NS_SWIFT_UI_ACTOR
223 | @interface UITextView : UIScrollView <UITextInput, UIContentSizeCategoryAdjusting, UILetterformAwareAdjusting, NSTextViewportLayoutControllerDelegate>
    |            `- note: 'UITextView' has been explicitly marked unavailable here
224 |
225 | @property(nullable,nonatomic,weak) id<UITextViewDelegate> delegate;
/Users/admin/builder/spi-builder-workspace/Sources/SystemFontOverride/UIFont+SystemFontOverride.swift:30:13: error: 'UISegmentedControl' is unavailable in watchOS
 28 |
 29 |             UITextView.appearance().setFontFamily(to: systemFontFamilyOverride)
 30 |             UISegmentedControl.appearance().setTitleFontFamily(to: systemFontFamilyOverride)
    |             `- error: 'UISegmentedControl' is unavailable in watchOS
 31 |         }
 32 |     }
/Applications/Xcode-27.0.0-Release.Candidate.app/Contents/Developer/Platforms/WatchOS.platform/Developer/SDKs/WatchOS27.0.sdk/System/Library/Frameworks/UIKit.framework/Headers/UISegmentedControl.h:43:12: note: 'UISegmentedControl' has been explicitly marked unavailable here
 41 |
 42 | UIKIT_EXTERN API_AVAILABLE(ios(2.0)) API_UNAVAILABLE(watchos) NS_SWIFT_UI_ACTOR
 43 | @interface UISegmentedControl : UIControl <NSCoding>
    |            `- note: 'UISegmentedControl' has been explicitly marked unavailable here
 44 |
 45 | - (instancetype)initWithFrame:(CGRect)frame NS_DESIGNATED_INITIALIZER;
/Users/admin/builder/spi-builder-workspace/Sources/SystemFontOverride/UIFont+SystemFontOverride.swift:56:97: error: 'UITraitCollection' is unavailable in watchOS
 54 |     }
 55 |
 56 |     static func systemFontOverride(textStyle: UIFont.TextStyle, compatibleWith traitCollection: UITraitCollection? = nil) -> UIFont {
    |                                                                                                 `- error: 'UITraitCollection' is unavailable in watchOS
 57 |         guard let systemFontFamilyOverride else {
 58 |             return preferredFont(forTextStyle: textStyle, compatibleWith: traitCollection)
/Applications/Xcode-27.0.0-Release.Candidate.app/Contents/Developer/Platforms/WatchOS.platform/Developer/SDKs/WatchOS27.0.sdk/System/Library/Frameworks/UIKit.framework/Headers/UITraitCollection.h:23:12: note: 'UITraitCollection' has been explicitly marked unavailable here
 21 |
 22 | UIKIT_EXTERN API_AVAILABLE(ios(8.0)) API_UNAVAILABLE(watchos) NS_SWIFT_SENDABLE
 23 | @interface UITraitCollection : NSObject <NSCopying, NSSecureCoding>
    |            `- note: 'UITraitCollection' has been explicitly marked unavailable here
 24 |
 25 | - (instancetype)init NS_DESIGNATED_INITIALIZER;
/Users/admin/builder/spi-builder-workspace/Sources/SystemFontOverride/UIFont+SystemFontOverride.swift:94:67: error: 'UIControl' is unavailable in watchOS
 92 |
 93 | private extension UISegmentedControl {
 94 |     func setTitleFontFamily(to newFontFamily: String?, for state: UIControl.State = .normal) {
    |                                                                   `- error: 'UIControl' is unavailable in watchOS
 95 |         if let newFontFamily {
 96 |             var titleTextAttributes = titleTextAttributes(for: state) ?? [:]
/Applications/Xcode-27.0.0-Release.Candidate.app/Contents/Developer/Platforms/WatchOS.platform/Developer/SDKs/WatchOS27.0.sdk/System/Library/Frameworks/UIKit.framework/Headers/UIControl.h:76:12: note: 'UIControl' has been explicitly marked unavailable here
 74 |
 75 | UIKIT_EXTERN API_AVAILABLE(ios(2.0)) API_UNAVAILABLE(watchos) NS_SWIFT_UI_ACTOR
 76 | @interface UIControl : UIView
    |            `- note: 'UIControl' has been explicitly marked unavailable here
 77 |
 78 | - (instancetype)initWithFrame:(CGRect)frame NS_DESIGNATED_INITIALIZER;
/Users/admin/builder/spi-builder-workspace/Sources/SystemFontOverride/UIFont+SystemFontOverride.swift:93:19: error: 'UISegmentedControl' is unavailable in watchOS
 91 | // MARK: - Utilities
 92 |
 93 | private extension UISegmentedControl {
    |                   `- error: 'UISegmentedControl' is unavailable in watchOS
 94 |     func setTitleFontFamily(to newFontFamily: String?, for state: UIControl.State = .normal) {
 95 |         if let newFontFamily {
/Applications/Xcode-27.0.0-Release.Candidate.app/Contents/Developer/Platforms/WatchOS.platform/Developer/SDKs/WatchOS27.0.sdk/System/Library/Frameworks/UIKit.framework/Headers/UISegmentedControl.h:43:12: note: 'UISegmentedControl' has been explicitly marked unavailable here
 41 |
 42 | UIKIT_EXTERN API_AVAILABLE(ios(2.0)) API_UNAVAILABLE(watchos) NS_SWIFT_UI_ACTOR
 43 | @interface UISegmentedControl : UIControl <NSCoding>
    |            `- note: 'UISegmentedControl' has been explicitly marked unavailable here
 44 |
 45 | - (instancetype)initWithFrame:(CGRect)frame NS_DESIGNATED_INITIALIZER;
/Users/admin/builder/spi-builder-workspace/Sources/SystemFontOverride/UIFont+SystemFontOverride.swift:110:19: error: 'UITextView' is unavailable in watchOS
108 | }
109 |
110 | private extension UITextView {
    |                   `- error: 'UITextView' is unavailable in watchOS
111 |     func setFontFamily(to newFontFamily: String?) {
112 |         if let newFontFamily {
/Applications/Xcode-27.0.0-Release.Candidate.app/Contents/Developer/Platforms/WatchOS.platform/Developer/SDKs/WatchOS27.0.sdk/System/Library/Frameworks/UIKit.framework/Headers/UITextView.h:223:12: note: 'UITextView' has been explicitly marked unavailable here
221 |
222 | UIKIT_EXTERN API_AVAILABLE(ios(2.0)) API_UNAVAILABLE(watchos) NS_SWIFT_UI_ACTOR
223 | @interface UITextView : UIScrollView <UITextInput, UIContentSizeCategoryAdjusting, UILetterformAwareAdjusting, NSTextViewportLayoutControllerDelegate>
    |            `- note: 'UITextView' has been explicitly marked unavailable here
224 |
225 | @property(nullable,nonatomic,weak) id<UITextViewDelegate> delegate;
/Users/admin/builder/spi-builder-workspace/Sources/SystemFontOverride/UIFont+SystemFontOverride.swift:153:114: error: 'UITraitCollection' is unavailable in watchOS
151 |     }
152 |
153 |     @objc class func preferredFontOverride(forTextStyle style: UIFont.TextStyle, compatibleWith traitCollection: UITraitCollection?) -> UIFont {
    |                                                                                                                  `- error: 'UITraitCollection' is unavailable in watchOS
154 |         systemFontOverride(textStyle: style, compatibleWith: traitCollection)
155 |     }
/Applications/Xcode-27.0.0-Release.Candidate.app/Contents/Developer/Platforms/WatchOS.platform/Developer/SDKs/WatchOS27.0.sdk/System/Library/Frameworks/UIKit.framework/Headers/UITraitCollection.h:23:12: note: 'UITraitCollection' has been explicitly marked unavailable here
 21 |
 22 | UIKIT_EXTERN API_AVAILABLE(ios(8.0)) API_UNAVAILABLE(watchos) NS_SWIFT_SENDABLE
 23 | @interface UITraitCollection : NSObject <NSCopying, NSSecureCoding>
    |            `- note: 'UITraitCollection' has been explicitly marked unavailable here
 24 |
 25 | - (instancetype)init NS_DESIGNATED_INITIALIZER;
/Users/admin/builder/spi-builder-workspace/Sources/SystemFontOverride/UIFont+SystemFontOverride.swift:172:125: error: 'UITraitCollection' is unavailable in watchOS
170 |
171 | private extension UIFontDescriptor {
172 |     @objc class func preferredFontDescriptorOverride(withTextStyle style: UIFont.TextStyle, compatibleWith traitCollection: UITraitCollection?) -> UIFontDescriptor {
    |                                                                                                                             `- error: 'UITraitCollection' is unavailable in watchOS
173 |         preferredFontDescriptorOverride(withTextStyle: style, compatibleWith: traitCollection) // calls original func
174 |             .overridingFamily(UIFont.systemFontFamilyOverride)
/Applications/Xcode-27.0.0-Release.Candidate.app/Contents/Developer/Platforms/WatchOS.platform/Developer/SDKs/WatchOS27.0.sdk/System/Library/Frameworks/UIKit.framework/Headers/UITraitCollection.h:23:12: note: 'UITraitCollection' has been explicitly marked unavailable here
 21 |
 22 | UIKIT_EXTERN API_AVAILABLE(ios(8.0)) API_UNAVAILABLE(watchos) NS_SWIFT_SENDABLE
 23 | @interface UITraitCollection : NSObject <NSCopying, NSSecureCoding>
    |            `- note: 'UITraitCollection' has been explicitly marked unavailable here
 24 |
 25 | - (instancetype)init NS_DESIGNATED_INITIALIZER;
/Users/admin/builder/spi-builder-workspace/Sources/SystemFontOverride/UIFont+SystemFontOverride.swift:58:20: error: 'preferredFont(forTextStyle:compatibleWith:)' is unavailable in watchOS
 56 |     static func systemFontOverride(textStyle: UIFont.TextStyle, compatibleWith traitCollection: UITraitCollection? = nil) -> UIFont {
 57 |         guard let systemFontFamilyOverride else {
 58 |             return preferredFont(forTextStyle: textStyle, compatibleWith: traitCollection)
    |                    `- error: 'preferredFont(forTextStyle:compatibleWith:)' is unavailable in watchOS
 59 |         }
 60 |         let descriptor = UIFontDescriptor.preferredFontDescriptor(withTextStyle: textStyle, compatibleWith: traitCollection)
/Applications/Xcode-27.0.0-Release.Candidate.app/Contents/Developer/Platforms/WatchOS.platform/Developer/SDKs/WatchOS27.0.sdk/System/Library/Frameworks/UIKit.framework/Headers/UIFont.h:25:1: note: 'preferredFont(forTextStyle:compatibleWith:)' has been explicitly marked unavailable here
23 | + (UIFont *)preferredFontForTextStyle:(UIFontTextStyle)style API_AVAILABLE(ios(7.0), watchos(2.0));
24 | // Returns an instance of the font associated with the text style and scaled appropriately for the content size category defined in the trait collection.
25 | + (UIFont *)preferredFontForTextStyle:(UIFontTextStyle)style compatibleWithTraitCollection:(nullable UITraitCollection *)traitCollection API_AVAILABLE(ios(10.0)) API_UNAVAILABLE(watchos);
   | `- note: 'preferredFont(forTextStyle:compatibleWith:)' has been explicitly marked unavailable here
26 |
27 | // Returns a font using CSS name matching semantics.
SwiftCompile normal arm64_32 /Users/admin/builder/spi-builder-workspace/Sources/SystemFontOverride/UIFont+SystemFontOverride.swift (in target 'SystemFontOverride' from project 'SystemFontOverride')
    cd /Users/admin/builder/spi-builder-workspace/.swiftpm/xcode
    builtin-SwiftPerFileCompile UIFont+SystemFontOverride.swift
PruneExplicitPrecompiledModules /Users/admin/builder/spi-builder-workspace/.derivedData/Build/Intermediates.noindex/SwiftExplicitPrecompiledModules
PruneExplicitPrecompiledModules /Users/admin/builder/spi-builder-workspace/.derivedData/SDKExplicitPrecompiledModules
PruneExplicitPrecompiledModules /Users/admin/builder/spi-builder-workspace/.derivedData/Build/Intermediates.noindex/ExplicitPrecompiledModules
2026-09-20 20:16:37.183 xcodebuild[809:4847] [MT] IDERunDestination: Supported platforms for the buildables in the current scheme is empty.
** BUILD FAILED **
The following build commands failed:
	SwiftEmitModule normal arm64_32 Emitting\ module\ for\ SystemFontOverride (in target 'SystemFontOverride' from project 'SystemFontOverride')
	SwiftCompile normal arm64_32 (in target 'SystemFontOverride' from project 'SystemFontOverride')
	SwiftEmitModule normal arm64 Emitting\ module\ for\ SystemFontOverride (in target 'SystemFontOverride' from project 'SystemFontOverride')
	SwiftCompile normal arm64 (in target 'SystemFontOverride' from project 'SystemFontOverride')
	Building workspace SystemFontOverride with scheme SystemFontOverride
(5 failures)
BUILD FAILURE 6.4 watchOS