The Swift Package Index logo.Swift Package Index

Build Information

Failed to build SwiftiePod, reference main (f49e62), with Swift 6.4 for Wasm on 24 Sep 2026 14:31:51 UTC.

Build Command

bash -c docker run --pull=always --rm -v "checkouts-54344847-0":/host -w "$PWD" -e JAVA_HOME="/root/.sdkman/candidates/java/current" -e SPI_BUILD="1" -e SPI_PROCESSING="1" registry.gitlab.com/saguaro1/spi-images:wasm-6.4-latest swift build --swift-sdk swift-6.4.x-DEVELOPMENT-SNAPSHOT-2026-09-04-a_wasm 2>&1

Build Log

========================================
RunAll
========================================
Builder version: 5.1.0
Interrupt handler set up.
========================================
Checkout
========================================
Clone URL: https://github.com/robert-northmind/SwiftiePod.git
Reference: main
Initialized empty Git repository in /host/spi-builder-workspace/.git/
hint: Using 'master' as the name for the initial branch. This default branch name
hint: is subject to change. To configure the initial branch name to use in all
hint: of your new repositories, which will suppress this warning, call:
hint:
hint: 	git config --global init.defaultBranch <name>
hint:
hint: Names commonly chosen instead of 'master' are 'main', 'trunk' and
hint: 'development'. The just-created branch can be renamed via this command:
hint:
hint: 	git branch -m <name>
From https://github.com/robert-northmind/SwiftiePod
 * branch            main       -> FETCH_HEAD
 * [new branch]      main       -> origin/main
HEAD is now at f49e625 Bump actions/checkout from 6.0.2 to 7.0.0 (#11)
Cloned https://github.com/robert-northmind/SwiftiePod.git
Revision (git rev-parse @):
f49e62551f1f013823af1d1508849db0207c5b16
SUCCESS checkout https://github.com/robert-northmind/SwiftiePod.git at main
========================================
Build
========================================
Selected platform:         wasm
Swift version:             6.4
Building package at path:  $PWD
https://github.com/robert-northmind/SwiftiePod.git
Running build ...
bash -c docker run --pull=always --rm -v "checkouts-54344847-0":/host -w "$PWD" -e JAVA_HOME="/root/.sdkman/candidates/java/current" -e SPI_BUILD="1" -e SPI_PROCESSING="1" registry.gitlab.com/saguaro1/spi-images:wasm-6.4-latest swift build --swift-sdk swift-6.4.x-DEVELOPMENT-SNAPSHOT-2026-09-04-a_wasm 2>&1
wasm-6.4-latest: Pulling from saguaro1/spi-images
Digest: sha256:4328fdb43c680d205c1d6761b1e3267aa38277eefdda9ddfb17b6a0f1a77857a
Status: Image is up to date for registry.gitlab.com/saguaro1/spi-images:wasm-6.4-latest
Building for debugging...
[Planning deferred tasks]
error: SwiftCompile normal wasm32 failed with a nonzero exit code. Command line:     cd /host

/host/spi-builder-workspace/Sources/SwiftiePod/ProcessingAnyProvider.swift:24:40: error: cannot find 'DispatchQueue' in scope
22 |
23 | struct ProcessingAnyProviders: @unchecked Sendable {
24 |     private static let dispatchQueue = DispatchQueue(label: "processing.any.providers.lock.queue")
   |                                        `- error: cannot find 'DispatchQueue' in scope
25 |
26 |     private let providers: Set<ProcessingAnyProvider>
/host/spi-builder-workspace/Sources/SwiftiePod/ProviderInstanceContainer.swift:11:33: error: cannot find 'DispatchQueue' in scope
 9 |
10 | final class ProviderInstanceContainer: @unchecked Sendable {
11 |     private let dispatchQueue = DispatchQueue(label: "instance.container.lock.queue")
   |                                 `- error: cannot find 'DispatchQueue' in scope
12 |
13 |     private var scopeProvidersDict: [ObjectIdentifier: [AnyProvider: Any]] = [:]
/host/spi-builder-workspace/Sources/SwiftiePod/ProviderOverrider.swift:15:33: error: cannot find 'DispatchQueue' in scope
13 |     }
14 |
15 |     private let dispatchQueue = DispatchQueue(label: "provider.overrider.lock.queue")
   |                                 `- error: cannot find 'DispatchQueue' in scope
16 |
17 |     private var originalToOverrideProviderDict = [AnyProvider: AnyProvider]()
/host/spi-builder-workspace/Sources/SwiftiePod/SwiftiePod.swift:30:33: error: cannot find 'DispatchQueue' in scope
 28 |     }
 29 |
 30 |     private let dispatchQueue = DispatchQueue(label: "SwiftiePod.resolve.lock.queue")
    |                                 `- error: cannot find 'DispatchQueue' in scope
 31 |     // Used to detect whether the current execution context is already inside the queue.
 32 |     private let queueKey = DispatchSpecificKey<Bool>()
/host/spi-builder-workspace/Sources/SwiftiePod/SwiftiePod.swift:32:28: error: cannot find 'DispatchSpecificKey' in scope
 30 |     private let dispatchQueue = DispatchQueue(label: "SwiftiePod.resolve.lock.queue")
 31 |     // Used to detect whether the current execution context is already inside the queue.
 32 |     private let queueKey = DispatchSpecificKey<Bool>()
    |                            `- error: cannot find 'DispatchSpecificKey' in scope
 33 |
 34 |     private let instanceContainer = ProviderInstanceContainer()
Failed frontend command:
/usr/bin/swift-frontend -frontend -emit-module -experimental-skip-non-inlinable-function-bodies-without-types /host/spi-builder-workspace/Sources/SwiftiePod/AnyProvider.swift /host/spi-builder-workspace/Sources/SwiftiePod/CyclicDependencyHandler.swift /host/spi-builder-workspace/Sources/SwiftiePod/InternalProviderResolver.swift /host/spi-builder-workspace/Sources/SwiftiePod/ProcessingAnyProvider.swift /host/spi-builder-workspace/Sources/SwiftiePod/Provider.swift /host/spi-builder-workspace/Sources/SwiftiePod/ProviderInstanceContainer.swift /host/spi-builder-workspace/Sources/SwiftiePod/ProviderOverrider.swift /host/spi-builder-workspace/Sources/SwiftiePod/ProviderResolver.swift /host/spi-builder-workspace/Sources/SwiftiePod/ProviderScope.swift /host/spi-builder-workspace/Sources/SwiftiePod/SwiftiePod.swift -target wasm32-unknown-wasip1 -disable-objc-interop -sdk /root/.swiftpm/swift-sdks/swift-6.4.x-DEVELOPMENT-SNAPSHOT-2026-09-04-a_wasm.artifactbundle/swift-6.4.x-DEVELOPMENT-SNAPSHOT-2026-09-04-a_wasm/wasm32-unknown-wasip1/WASI.sdk -sysroot /root/.swiftpm/swift-sdks/swift-6.4.x-DEVELOPMENT-SNAPSHOT-2026-09-04-a_wasm.artifactbundle/swift-6.4.x-DEVELOPMENT-SNAPSHOT-2026-09-04-a_wasm/wasm32-unknown-wasip1/WASI.sdk -I /host/spi-builder-workspace/.build/out/Products/Debug-webassembly-wasm32 -module-cache-path /host/spi-builder-workspace/.build/out/ModuleCache.noindex -color-diagnostics -Xcc -fcolor-diagnostics -enable-testing -g -debug-info-format\=dwarf -dwarf-version\=4 -swift-version 5 -Onone -D SWIFT_PACKAGE -D DEBUG -D SWIFT_MODULE_RESOURCE_BUNDLE_UNAVAILABLE -D Xcode -serialize-debugging-options -enable-experimental-feature DebugDescriptionMacro -empty-abi-descriptor -external-plugin-path /usr/lib/swift/host/plugins/testing\#/usr/bin/swift-plugin-server -validate-clang-modules-once -clang-build-session-file /host/spi-builder-workspace/.build/out/ModuleCache.noindex/Session.modulevalidation -Xcc -working-directory -Xcc /host -resource-dir /root/.swiftpm/swift-sdks/swift-6.4.x-DEVELOPMENT-SNAPSHOT-2026-09-04-a_wasm.artifactbundle/swift-6.4.x-DEVELOPMENT-SNAPSHOT-2026-09-04-a_wasm/wasm32-unknown-wasip1/swift.xctoolchain/usr/lib/swift_static -use-static-resource-dir -enable-anonymous-context-mangled-names -file-compilation-dir /host -Xcc -resource-dir -Xcc /root/.swiftpm/swift-sdks/swift-6.4.x-DEVELOPMENT-SNAPSHOT-2026-09-04-a_wasm.artifactbundle/swift-6.4.x-DEVELOPMENT-SNAPSHOT-2026-09-04-a_wasm/wasm32-unknown-wasip1/swift.xctoolchain/usr/lib/swift_static/clang -Xcc -D_LIBCPP_HARDENING_MODE\=_LIBCPP_HARDENING_MODE_DEBUG -Xcc -fmodules-prune-interval\=86400 -Xcc -fmodules-prune-after\=345600 -Xcc -I/host/spi-builder-workspace/.build/out/Products/Debug-webassembly-wasm32/include -Xcc -I/host/spi-builder-workspace/.build/out/Intermediates.noindex/SwiftiePod.build/Debug-webassembly-wasm32/SwiftiePod-t.build/DerivedSources-normal/wasm32 -Xcc -I/host/spi-builder-workspace/.build/out/Intermediates.noindex/SwiftiePod.build/Debug-webassembly-wasm32/SwiftiePod-t.build/DerivedSources/wasm32 -Xcc -I/host/spi-builder-workspace/.build/out/Intermediates.noindex/SwiftiePod.build/Debug-webassembly-wasm32/SwiftiePod-t.build/DerivedSources -Xcc -DSWIFT_PACKAGE -Xcc -DDEBUG\=1 -no-auto-bridging-header-chaining -module-name SwiftiePod -const-gather-protocols-file /host/spi-builder-workspace/.build/out/Intermediates.noindex/SwiftiePod.build/Debug-webassembly-wasm32/SwiftiePod-t.build/Objects-normal/wasm32/SwiftiePod_const_extract_protocols.json -in-process-plugin-server-path /usr/lib/swift/host/libSwiftInProcPluginServer.so -plugin-path /usr/lib/swift/host/plugins -plugin-path /usr/local/lib/swift/host/plugins -emit-module-doc-path /host/spi-builder-workspace/.build/out/Intermediates.noindex/SwiftiePod.build/Debug-webassembly-wasm32/SwiftiePod-t.build/Objects-normal/wasm32/Modules/SwiftiePod.swiftdoc -emit-module-source-info-path /host/spi-builder-workspace/.build/out/Intermediates.noindex/SwiftiePod.build/Debug-webassembly-wasm32/SwiftiePod-t.build/Objects-normal/wasm32/Modules/SwiftiePod.swiftsourceinfo -emit-objc-header-path /host/spi-builder-workspace/.build/out/Intermediates.noindex/SwiftiePod.build/Debug-webassembly-wasm32/SwiftiePod-t.build/Objects-normal/wasm32/SwiftiePod-Swift.h -serialize-diagnostics-path /host/spi-builder-workspace/.build/out/Intermediates.noindex/SwiftiePod.build/Debug-webassembly-wasm32/SwiftiePod-t.build/Objects-normal/wasm32/SwiftiePod-primary-emit-module.dia -emit-dependencies-path /host/spi-builder-workspace/.build/out/Intermediates.noindex/SwiftiePod.build/Debug-webassembly-wasm32/SwiftiePod-t.build/Objects-normal/wasm32/SwiftiePod-primary-emit-module.d -parse-as-library -o /host/spi-builder-workspace/.build/out/Intermediates.noindex/SwiftiePod.build/Debug-webassembly-wasm32/SwiftiePod-t.build/Objects-normal/wasm32/Modules/SwiftiePod.swiftmodule
error: Build failed
BUILD FAILURE 6.4 wasm