Build Information
Failed to build swift-ast-explorer, reference master (937d74), with Swift 6.1 for Android on 21 Oct 2026 09:18:01 UTC.
Build Command
bash -c docker run --pull=always --rm -v "checkouts-53886768-0":/host -w "$PWD" -e JAVA_HOME="/root/.sdkman/candidates/java/current" -e SPI_BUILD="1" -e SPI_PROCESSING="1" registry.gitlab.com/saguaro1/spi-images:android-6.1-latest swift build --swift-sdk aarch64-unknown-linux-android24 2>&1Build Log
[2436/2502] Compiling AsyncHTTPClient HTTPConnectionPool+HTTP1StateMachine.swift
<unknown>:0: warning: upcoming feature 'InferSendableFromCaptures' is already enabled as of Swift version 6
<unknown>:0: warning: upcoming feature 'GlobalActorIsolatedTypesUsability' is already enabled as of Swift version 6
<unknown>:0: warning: upcoming feature 'DisableOutwardActorInference' is already enabled as of Swift version 6
[2437/2502] Compiling AsyncHTTPClient HTTPConnectionPool+HTTP2Connections.swift
<unknown>:0: warning: upcoming feature 'InferSendableFromCaptures' is already enabled as of Swift version 6
<unknown>:0: warning: upcoming feature 'GlobalActorIsolatedTypesUsability' is already enabled as of Swift version 6
<unknown>:0: warning: upcoming feature 'DisableOutwardActorInference' is already enabled as of Swift version 6
[2438/2502] Compiling AsyncHTTPClient HTTPConnectionPool+HTTP2StateMachine.swift
<unknown>:0: warning: upcoming feature 'InferSendableFromCaptures' is already enabled as of Swift version 6
<unknown>:0: warning: upcoming feature 'GlobalActorIsolatedTypesUsability' is already enabled as of Swift version 6
<unknown>:0: warning: upcoming feature 'DisableOutwardActorInference' is already enabled as of Swift version 6
[2439/2502] Compiling AsyncHTTPClient HTTPConnectionPool+RequestQueue.swift
<unknown>:0: warning: upcoming feature 'InferSendableFromCaptures' is already enabled as of Swift version 6
<unknown>:0: warning: upcoming feature 'GlobalActorIsolatedTypesUsability' is already enabled as of Swift version 6
<unknown>:0: warning: upcoming feature 'DisableOutwardActorInference' is already enabled as of Swift version 6
[2440/2502] Compiling AsyncHTTPClient HTTPConnectionPool+StateMachine.swift
<unknown>:0: warning: upcoming feature 'InferSendableFromCaptures' is already enabled as of Swift version 6
<unknown>:0: warning: upcoming feature 'GlobalActorIsolatedTypesUsability' is already enabled as of Swift version 6
<unknown>:0: warning: upcoming feature 'DisableOutwardActorInference' is already enabled as of Swift version 6
[2441/2502] Compiling AsyncHTTPClient ConnectionTarget.swift
<unknown>:0: warning: upcoming feature 'InferSendableFromCaptures' is already enabled as of Swift version 6
<unknown>:0: warning: upcoming feature 'GlobalActorIsolatedTypesUsability' is already enabled as of Swift version 6
<unknown>:0: warning: upcoming feature 'DisableOutwardActorInference' is already enabled as of Swift version 6
[2442/2510] Compiling AsyncHTTPClient AnyAsyncSequence.swift
<unknown>:0: warning: upcoming feature 'InferSendableFromCaptures' is already enabled as of Swift version 6
<unknown>:0: warning: upcoming feature 'GlobalActorIsolatedTypesUsability' is already enabled as of Swift version 6
<unknown>:0: warning: upcoming feature 'DisableOutwardActorInference' is already enabled as of Swift version 6
[2443/2510] Compiling AsyncHTTPClient AnyAsyncSequenceProucerDelete.swift
<unknown>:0: warning: upcoming feature 'InferSendableFromCaptures' is already enabled as of Swift version 6
<unknown>:0: warning: upcoming feature 'GlobalActorIsolatedTypesUsability' is already enabled as of Swift version 6
<unknown>:0: warning: upcoming feature 'DisableOutwardActorInference' is already enabled as of Swift version 6
[2444/2510] Compiling AsyncHTTPClient AsyncLazySequence.swift
<unknown>:0: warning: upcoming feature 'InferSendableFromCaptures' is already enabled as of Swift version 6
<unknown>:0: warning: upcoming feature 'GlobalActorIsolatedTypesUsability' is already enabled as of Swift version 6
<unknown>:0: warning: upcoming feature 'DisableOutwardActorInference' is already enabled as of Swift version 6
[2445/2510] Compiling AsyncHTTPClient HTTPClient+execute.swift
<unknown>:0: warning: upcoming feature 'InferSendableFromCaptures' is already enabled as of Swift version 6
<unknown>:0: warning: upcoming feature 'GlobalActorIsolatedTypesUsability' is already enabled as of Swift version 6
<unknown>:0: warning: upcoming feature 'DisableOutwardActorInference' is already enabled as of Swift version 6
[2446/2510] Compiling AsyncHTTPClient HTTPClient+shutdown.swift
<unknown>:0: warning: upcoming feature 'InferSendableFromCaptures' is already enabled as of Swift version 6
<unknown>:0: warning: upcoming feature 'GlobalActorIsolatedTypesUsability' is already enabled as of Swift version 6
<unknown>:0: warning: upcoming feature 'DisableOutwardActorInference' is already enabled as of Swift version 6
[2447/2510] Compiling AsyncHTTPClient HTTPClient+tracing.swift
<unknown>:0: warning: upcoming feature 'InferSendableFromCaptures' is already enabled as of Swift version 6
<unknown>:0: warning: upcoming feature 'GlobalActorIsolatedTypesUsability' is already enabled as of Swift version 6
<unknown>:0: warning: upcoming feature 'DisableOutwardActorInference' is already enabled as of Swift version 6
[2448/2510] Compiling AsyncHTTPClient HTTPClientRequest+Prepared.swift
<unknown>:0: warning: upcoming feature 'InferSendableFromCaptures' is already enabled as of Swift version 6
<unknown>:0: warning: upcoming feature 'GlobalActorIsolatedTypesUsability' is already enabled as of Swift version 6
<unknown>:0: warning: upcoming feature 'DisableOutwardActorInference' is already enabled as of Swift version 6
[2449/2510] Compiling AsyncHTTPClient HTTPClientRequest+auth.swift
<unknown>:0: warning: upcoming feature 'InferSendableFromCaptures' is already enabled as of Swift version 6
<unknown>:0: warning: upcoming feature 'GlobalActorIsolatedTypesUsability' is already enabled as of Swift version 6
<unknown>:0: warning: upcoming feature 'DisableOutwardActorInference' is already enabled as of Swift version 6
[2450/2510] Compiling AsyncHTTPClient HTTPClientRequest.swift
<unknown>:0: warning: upcoming feature 'InferSendableFromCaptures' is already enabled as of Swift version 6
<unknown>:0: warning: upcoming feature 'GlobalActorIsolatedTypesUsability' is already enabled as of Swift version 6
<unknown>:0: warning: upcoming feature 'DisableOutwardActorInference' is already enabled as of Swift version 6
[2451/2510] Compiling AsyncHTTPClient DeconstructedURL.swift
<unknown>:0: warning: upcoming feature 'InferSendableFromCaptures' is already enabled as of Swift version 6
<unknown>:0: warning: upcoming feature 'GlobalActorIsolatedTypesUsability' is already enabled as of Swift version 6
<unknown>:0: warning: upcoming feature 'DisableOutwardActorInference' is already enabled as of Swift version 6
[2452/2510] Compiling AsyncHTTPClient FileDownloadDelegate.swift
<unknown>:0: warning: upcoming feature 'InferSendableFromCaptures' is already enabled as of Swift version 6
<unknown>:0: warning: upcoming feature 'GlobalActorIsolatedTypesUsability' is already enabled as of Swift version 6
<unknown>:0: warning: upcoming feature 'DisableOutwardActorInference' is already enabled as of Swift version 6
[2453/2510] Compiling AsyncHTTPClient FoundationExtensions.swift
<unknown>:0: warning: upcoming feature 'InferSendableFromCaptures' is already enabled as of Swift version 6
<unknown>:0: warning: upcoming feature 'GlobalActorIsolatedTypesUsability' is already enabled as of Swift version 6
<unknown>:0: warning: upcoming feature 'DisableOutwardActorInference' is already enabled as of Swift version 6
[2454/2510] Compiling AsyncHTTPClient HTTPClient+HTTPCookie.swift
<unknown>:0: warning: upcoming feature 'InferSendableFromCaptures' is already enabled as of Swift version 6
<unknown>:0: warning: upcoming feature 'GlobalActorIsolatedTypesUsability' is already enabled as of Swift version 6
<unknown>:0: warning: upcoming feature 'DisableOutwardActorInference' is already enabled as of Swift version 6
[2455/2510] Compiling AsyncHTTPClient HTTPClient+Proxy.swift
<unknown>:0: warning: upcoming feature 'InferSendableFromCaptures' is already enabled as of Swift version 6
<unknown>:0: warning: upcoming feature 'GlobalActorIsolatedTypesUsability' is already enabled as of Swift version 6
<unknown>:0: warning: upcoming feature 'DisableOutwardActorInference' is already enabled as of Swift version 6
[2456/2510] Compiling AsyncHTTPClient HTTPClient+StructuredConcurrency.swift
<unknown>:0: warning: upcoming feature 'InferSendableFromCaptures' is already enabled as of Swift version 6
<unknown>:0: warning: upcoming feature 'GlobalActorIsolatedTypesUsability' is already enabled as of Swift version 6
<unknown>:0: warning: upcoming feature 'DisableOutwardActorInference' is already enabled as of Swift version 6
[2457/2510] Compiling AsyncHTTPClient HTTPClient.swift
<unknown>:0: warning: upcoming feature 'InferSendableFromCaptures' is already enabled as of Swift version 6
<unknown>:0: warning: upcoming feature 'GlobalActorIsolatedTypesUsability' is already enabled as of Swift version 6
<unknown>:0: warning: upcoming feature 'DisableOutwardActorInference' is already enabled as of Swift version 6
[2458/2510] Compiling AsyncHTTPClient HTTPClientConfiguration+SwiftConfiguration.swift
<unknown>:0: warning: upcoming feature 'InferSendableFromCaptures' is already enabled as of Swift version 6
<unknown>:0: warning: upcoming feature 'GlobalActorIsolatedTypesUsability' is already enabled as of Swift version 6
<unknown>:0: warning: upcoming feature 'DisableOutwardActorInference' is already enabled as of Swift version 6
[2459/2510] Compiling AsyncHTTPClient HTTPHandler.swift
<unknown>:0: warning: upcoming feature 'InferSendableFromCaptures' is already enabled as of Swift version 6
<unknown>:0: warning: upcoming feature 'GlobalActorIsolatedTypesUsability' is already enabled as of Swift version 6
<unknown>:0: warning: upcoming feature 'DisableOutwardActorInference' is already enabled as of Swift version 6
[2460/2510] Compiling AsyncHTTPClient RequestValidation.swift
<unknown>:0: warning: upcoming feature 'InferSendableFromCaptures' is already enabled as of Swift version 6
<unknown>:0: warning: upcoming feature 'GlobalActorIsolatedTypesUsability' is already enabled as of Swift version 6
<unknown>:0: warning: upcoming feature 'DisableOutwardActorInference' is already enabled as of Swift version 6
[2461/2510] Compiling AsyncHTTPClient SSLContextCache.swift
<unknown>:0: warning: upcoming feature 'InferSendableFromCaptures' is already enabled as of Swift version 6
<unknown>:0: warning: upcoming feature 'GlobalActorIsolatedTypesUsability' is already enabled as of Swift version 6
<unknown>:0: warning: upcoming feature 'DisableOutwardActorInference' is already enabled as of Swift version 6
[2462/2510] Compiling AsyncHTTPClient Scheme.swift
<unknown>:0: warning: upcoming feature 'InferSendableFromCaptures' is already enabled as of Swift version 6
<unknown>:0: warning: upcoming feature 'GlobalActorIsolatedTypesUsability' is already enabled as of Swift version 6
<unknown>:0: warning: upcoming feature 'DisableOutwardActorInference' is already enabled as of Swift version 6
[2463/2510] Compiling AsyncHTTPClient Singleton.swift
<unknown>:0: warning: upcoming feature 'InferSendableFromCaptures' is already enabled as of Swift version 6
<unknown>:0: warning: upcoming feature 'GlobalActorIsolatedTypesUsability' is already enabled as of Swift version 6
<unknown>:0: warning: upcoming feature 'DisableOutwardActorInference' is already enabled as of Swift version 6
[2464/2510] Compiling AsyncHTTPClient StringConvertibleInstances.swift
<unknown>:0: warning: upcoming feature 'InferSendableFromCaptures' is already enabled as of Swift version 6
<unknown>:0: warning: upcoming feature 'GlobalActorIsolatedTypesUsability' is already enabled as of Swift version 6
<unknown>:0: warning: upcoming feature 'DisableOutwardActorInference' is already enabled as of Swift version 6
[2465/2510] Compiling AsyncHTTPClient StructuredConcurrencyHelpers.swift
<unknown>:0: warning: upcoming feature 'InferSendableFromCaptures' is already enabled as of Swift version 6
<unknown>:0: warning: upcoming feature 'GlobalActorIsolatedTypesUsability' is already enabled as of Swift version 6
<unknown>:0: warning: upcoming feature 'DisableOutwardActorInference' is already enabled as of Swift version 6
[2466/2510] Compiling AsyncHTTPClient TracingSupport.swift
<unknown>:0: warning: upcoming feature 'InferSendableFromCaptures' is already enabled as of Swift version 6
<unknown>:0: warning: upcoming feature 'GlobalActorIsolatedTypesUsability' is already enabled as of Swift version 6
<unknown>:0: warning: upcoming feature 'DisableOutwardActorInference' is already enabled as of Swift version 6
[2467/2510] Compiling AsyncHTTPClient Utils.swift
<unknown>:0: warning: upcoming feature 'InferSendableFromCaptures' is already enabled as of Swift version 6
<unknown>:0: warning: upcoming feature 'GlobalActorIsolatedTypesUsability' is already enabled as of Swift version 6
<unknown>:0: warning: upcoming feature 'DisableOutwardActorInference' is already enabled as of Swift version 6
[2468/2510] Emitting module AsyncHTTPClient
<unknown>:0: warning: upcoming feature 'InferSendableFromCaptures' is already enabled as of Swift version 6
<unknown>:0: warning: upcoming feature 'GlobalActorIsolatedTypesUsability' is already enabled as of Swift version 6
<unknown>:0: warning: upcoming feature 'DisableOutwardActorInference' is already enabled as of Swift version 6
[2469/2510] Compiling AsyncHTTPClient LRUCache.swift
<unknown>:0: warning: upcoming feature 'InferSendableFromCaptures' is already enabled as of Swift version 6
<unknown>:0: warning: upcoming feature 'GlobalActorIsolatedTypesUsability' is already enabled as of Swift version 6
<unknown>:0: warning: upcoming feature 'DisableOutwardActorInference' is already enabled as of Swift version 6
[2470/2510] Compiling AsyncHTTPClient NIOLoopBound+Execute.swift
<unknown>:0: warning: upcoming feature 'InferSendableFromCaptures' is already enabled as of Swift version 6
<unknown>:0: warning: upcoming feature 'GlobalActorIsolatedTypesUsability' is already enabled as of Swift version 6
<unknown>:0: warning: upcoming feature 'DisableOutwardActorInference' is already enabled as of Swift version 6
[2471/2510] Compiling AsyncHTTPClient NWErrorHandler.swift
<unknown>:0: warning: upcoming feature 'InferSendableFromCaptures' is already enabled as of Swift version 6
<unknown>:0: warning: upcoming feature 'GlobalActorIsolatedTypesUsability' is already enabled as of Swift version 6
<unknown>:0: warning: upcoming feature 'DisableOutwardActorInference' is already enabled as of Swift version 6
[2472/2510] Compiling AsyncHTTPClient NWWaitingHandler.swift
<unknown>:0: warning: upcoming feature 'InferSendableFromCaptures' is already enabled as of Swift version 6
<unknown>:0: warning: upcoming feature 'GlobalActorIsolatedTypesUsability' is already enabled as of Swift version 6
<unknown>:0: warning: upcoming feature 'DisableOutwardActorInference' is already enabled as of Swift version 6
[2473/2510] Compiling AsyncHTTPClient TLSConfiguration.swift
<unknown>:0: warning: upcoming feature 'InferSendableFromCaptures' is already enabled as of Swift version 6
<unknown>:0: warning: upcoming feature 'GlobalActorIsolatedTypesUsability' is already enabled as of Swift version 6
<unknown>:0: warning: upcoming feature 'DisableOutwardActorInference' is already enabled as of Swift version 6
[2474/2510] Compiling AsyncHTTPClient RedirectState.swift
<unknown>:0: warning: upcoming feature 'InferSendableFromCaptures' is already enabled as of Swift version 6
<unknown>:0: warning: upcoming feature 'GlobalActorIsolatedTypesUsability' is already enabled as of Swift version 6
<unknown>:0: warning: upcoming feature 'DisableOutwardActorInference' is already enabled as of Swift version 6
[2475/2510] Compiling AsyncHTTPClient RequestBag+StateMachine.swift
<unknown>:0: warning: upcoming feature 'InferSendableFromCaptures' is already enabled as of Swift version 6
<unknown>:0: warning: upcoming feature 'GlobalActorIsolatedTypesUsability' is already enabled as of Swift version 6
<unknown>:0: warning: upcoming feature 'DisableOutwardActorInference' is already enabled as of Swift version 6
[2476/2510] Compiling AsyncHTTPClient RequestBag+Tracing.swift
<unknown>:0: warning: upcoming feature 'InferSendableFromCaptures' is already enabled as of Swift version 6
<unknown>:0: warning: upcoming feature 'GlobalActorIsolatedTypesUsability' is already enabled as of Swift version 6
<unknown>:0: warning: upcoming feature 'DisableOutwardActorInference' is already enabled as of Swift version 6
[2477/2510] Compiling AsyncHTTPClient RequestBag.swift
<unknown>:0: warning: upcoming feature 'InferSendableFromCaptures' is already enabled as of Swift version 6
<unknown>:0: warning: upcoming feature 'GlobalActorIsolatedTypesUsability' is already enabled as of Swift version 6
<unknown>:0: warning: upcoming feature 'DisableOutwardActorInference' is already enabled as of Swift version 6
[2478/2510] Compiling AsyncHTTPClient HTTPClientResponse.swift
<unknown>:0: warning: upcoming feature 'InferSendableFromCaptures' is already enabled as of Swift version 6
<unknown>:0: warning: upcoming feature 'GlobalActorIsolatedTypesUsability' is already enabled as of Swift version 6
<unknown>:0: warning: upcoming feature 'DisableOutwardActorInference' is already enabled as of Swift version 6
[2479/2510] Compiling AsyncHTTPClient SingleIteratorPrecondition.swift
<unknown>:0: warning: upcoming feature 'InferSendableFromCaptures' is already enabled as of Swift version 6
<unknown>:0: warning: upcoming feature 'GlobalActorIsolatedTypesUsability' is already enabled as of Swift version 6
<unknown>:0: warning: upcoming feature 'DisableOutwardActorInference' is already enabled as of Swift version 6
[2480/2510] Compiling AsyncHTTPClient Transaction+StateMachine.swift
<unknown>:0: warning: upcoming feature 'InferSendableFromCaptures' is already enabled as of Swift version 6
<unknown>:0: warning: upcoming feature 'GlobalActorIsolatedTypesUsability' is already enabled as of Swift version 6
<unknown>:0: warning: upcoming feature 'DisableOutwardActorInference' is already enabled as of Swift version 6
[2481/2510] Compiling AsyncHTTPClient Transaction.swift
<unknown>:0: warning: upcoming feature 'InferSendableFromCaptures' is already enabled as of Swift version 6
<unknown>:0: warning: upcoming feature 'GlobalActorIsolatedTypesUsability' is already enabled as of Swift version 6
<unknown>:0: warning: upcoming feature 'DisableOutwardActorInference' is already enabled as of Swift version 6
[2482/2510] Compiling AsyncHTTPClient Base64.swift
<unknown>:0: warning: upcoming feature 'InferSendableFromCaptures' is already enabled as of Swift version 6
<unknown>:0: warning: upcoming feature 'GlobalActorIsolatedTypesUsability' is already enabled as of Swift version 6
<unknown>:0: warning: upcoming feature 'DisableOutwardActorInference' is already enabled as of Swift version 6
[2483/2510] Compiling AsyncHTTPClient BasicAuth.swift
<unknown>:0: warning: upcoming feature 'InferSendableFromCaptures' is already enabled as of Swift version 6
<unknown>:0: warning: upcoming feature 'GlobalActorIsolatedTypesUsability' is already enabled as of Swift version 6
<unknown>:0: warning: upcoming feature 'DisableOutwardActorInference' is already enabled as of Swift version 6
[2484/2510] Compiling AsyncHTTPClient BestEffortHashableTLSConfiguration.swift
<unknown>:0: warning: upcoming feature 'InferSendableFromCaptures' is already enabled as of Swift version 6
<unknown>:0: warning: upcoming feature 'GlobalActorIsolatedTypesUsability' is already enabled as of Swift version 6
<unknown>:0: warning: upcoming feature 'DisableOutwardActorInference' is already enabled as of Swift version 6
[2485/2510] Compiling AsyncHTTPClient Configuration+BrowserLike.swift
<unknown>:0: warning: upcoming feature 'InferSendableFromCaptures' is already enabled as of Swift version 6
<unknown>:0: warning: upcoming feature 'GlobalActorIsolatedTypesUsability' is already enabled as of Swift version 6
<unknown>:0: warning: upcoming feature 'DisableOutwardActorInference' is already enabled as of Swift version 6
[2486/2510] Compiling AsyncHTTPClient ConnectionPool.swift
<unknown>:0: warning: upcoming feature 'InferSendableFromCaptures' is already enabled as of Swift version 6
<unknown>:0: warning: upcoming feature 'GlobalActorIsolatedTypesUsability' is already enabled as of Swift version 6
<unknown>:0: warning: upcoming feature 'DisableOutwardActorInference' is already enabled as of Swift version 6
[2487/2510] Compiling AsyncHTTPClient HTTP1ProxyConnectHandler.swift
<unknown>:0: warning: upcoming feature 'InferSendableFromCaptures' is already enabled as of Swift version 6
<unknown>:0: warning: upcoming feature 'GlobalActorIsolatedTypesUsability' is already enabled as of Swift version 6
<unknown>:0: warning: upcoming feature 'DisableOutwardActorInference' is already enabled as of Swift version 6
[2488/2510] Compiling AsyncHTTPClient SOCKSEventsHandler.swift
<unknown>:0: warning: upcoming feature 'InferSendableFromCaptures' is already enabled as of Swift version 6
<unknown>:0: warning: upcoming feature 'GlobalActorIsolatedTypesUsability' is already enabled as of Swift version 6
<unknown>:0: warning: upcoming feature 'DisableOutwardActorInference' is already enabled as of Swift version 6
[2489/2510] Compiling AsyncHTTPClient TLSEventsHandler.swift
<unknown>:0: warning: upcoming feature 'InferSendableFromCaptures' is already enabled as of Swift version 6
<unknown>:0: warning: upcoming feature 'GlobalActorIsolatedTypesUsability' is already enabled as of Swift version 6
<unknown>:0: warning: upcoming feature 'DisableOutwardActorInference' is already enabled as of Swift version 6
[2490/2510] Compiling AsyncHTTPClient HTTP1ClientChannelHandler.swift
<unknown>:0: warning: upcoming feature 'InferSendableFromCaptures' is already enabled as of Swift version 6
<unknown>:0: warning: upcoming feature 'GlobalActorIsolatedTypesUsability' is already enabled as of Swift version 6
<unknown>:0: warning: upcoming feature 'DisableOutwardActorInference' is already enabled as of Swift version 6
[2491/2510] Compiling AsyncHTTPClient HTTP1Connection.swift
<unknown>:0: warning: upcoming feature 'InferSendableFromCaptures' is already enabled as of Swift version 6
<unknown>:0: warning: upcoming feature 'GlobalActorIsolatedTypesUsability' is already enabled as of Swift version 6
<unknown>:0: warning: upcoming feature 'DisableOutwardActorInference' is already enabled as of Swift version 6
[2492/2510] Compiling AsyncHTTPClient HTTP1ConnectionStateMachine.swift
<unknown>:0: warning: upcoming feature 'InferSendableFromCaptures' is already enabled as of Swift version 6
<unknown>:0: warning: upcoming feature 'GlobalActorIsolatedTypesUsability' is already enabled as of Swift version 6
<unknown>:0: warning: upcoming feature 'DisableOutwardActorInference' is already enabled as of Swift version 6
[2493/2510] Compiling AsyncHTTPClient HTTP2ClientRequestHandler.swift
<unknown>:0: warning: upcoming feature 'InferSendableFromCaptures' is already enabled as of Swift version 6
<unknown>:0: warning: upcoming feature 'GlobalActorIsolatedTypesUsability' is already enabled as of Swift version 6
<unknown>:0: warning: upcoming feature 'DisableOutwardActorInference' is already enabled as of Swift version 6
[2494/2510] Compiling AsyncHTTPClient HTTP2Connection.swift
<unknown>:0: warning: upcoming feature 'InferSendableFromCaptures' is already enabled as of Swift version 6
<unknown>:0: warning: upcoming feature 'GlobalActorIsolatedTypesUsability' is already enabled as of Swift version 6
<unknown>:0: warning: upcoming feature 'DisableOutwardActorInference' is already enabled as of Swift version 6
[2495/2510] Compiling AsyncHTTPClient HTTP2IdleHandler.swift
<unknown>:0: warning: upcoming feature 'InferSendableFromCaptures' is already enabled as of Swift version 6
<unknown>:0: warning: upcoming feature 'GlobalActorIsolatedTypesUsability' is already enabled as of Swift version 6
<unknown>:0: warning: upcoming feature 'DisableOutwardActorInference' is already enabled as of Swift version 6
[2496/2510] Compiling AsyncHTTPClient HTTPConnectionEvent.swift
<unknown>:0: warning: upcoming feature 'InferSendableFromCaptures' is already enabled as of Swift version 6
<unknown>:0: warning: upcoming feature 'GlobalActorIsolatedTypesUsability' is already enabled as of Swift version 6
<unknown>:0: warning: upcoming feature 'DisableOutwardActorInference' is already enabled as of Swift version 6
[2497/2510] Compiling AsyncHTTPClient HTTPConnectionPool+Factory.swift
<unknown>:0: warning: upcoming feature 'InferSendableFromCaptures' is already enabled as of Swift version 6
<unknown>:0: warning: upcoming feature 'GlobalActorIsolatedTypesUsability' is already enabled as of Swift version 6
<unknown>:0: warning: upcoming feature 'DisableOutwardActorInference' is already enabled as of Swift version 6
[2498/2510] Compiling AsyncHTTPClient HTTPConnectionPool+Manager.swift
<unknown>:0: warning: upcoming feature 'InferSendableFromCaptures' is already enabled as of Swift version 6
<unknown>:0: warning: upcoming feature 'GlobalActorIsolatedTypesUsability' is already enabled as of Swift version 6
<unknown>:0: warning: upcoming feature 'DisableOutwardActorInference' is already enabled as of Swift version 6
[2499/2510] Compiling AsyncHTTPClient HTTPConnectionPool.swift
<unknown>:0: warning: upcoming feature 'InferSendableFromCaptures' is already enabled as of Swift version 6
<unknown>:0: warning: upcoming feature 'GlobalActorIsolatedTypesUsability' is already enabled as of Swift version 6
<unknown>:0: warning: upcoming feature 'DisableOutwardActorInference' is already enabled as of Swift version 6
[2500/2510] Compiling AsyncHTTPClient HTTPExecutableRequest.swift
<unknown>:0: warning: upcoming feature 'InferSendableFromCaptures' is already enabled as of Swift version 6
<unknown>:0: warning: upcoming feature 'GlobalActorIsolatedTypesUsability' is already enabled as of Swift version 6
<unknown>:0: warning: upcoming feature 'DisableOutwardActorInference' is already enabled as of Swift version 6
[2501/2510] Compiling AsyncHTTPClient HTTPRequestStateMachine+Demand.swift
<unknown>:0: warning: upcoming feature 'InferSendableFromCaptures' is already enabled as of Swift version 6
<unknown>:0: warning: upcoming feature 'GlobalActorIsolatedTypesUsability' is already enabled as of Swift version 6
<unknown>:0: warning: upcoming feature 'DisableOutwardActorInference' is already enabled as of Swift version 6
[2502/2510] Compiling AsyncHTTPClient HTTPRequestStateMachine.swift
<unknown>:0: warning: upcoming feature 'InferSendableFromCaptures' is already enabled as of Swift version 6
<unknown>:0: warning: upcoming feature 'GlobalActorIsolatedTypesUsability' is already enabled as of Swift version 6
<unknown>:0: warning: upcoming feature 'DisableOutwardActorInference' is already enabled as of Swift version 6
[2503/2510] Compiling AsyncHTTPClient RequestBodyLength.swift
<unknown>:0: warning: upcoming feature 'InferSendableFromCaptures' is already enabled as of Swift version 6
<unknown>:0: warning: upcoming feature 'GlobalActorIsolatedTypesUsability' is already enabled as of Swift version 6
<unknown>:0: warning: upcoming feature 'DisableOutwardActorInference' is already enabled as of Swift version 6
[2504/2510] Compiling AsyncHTTPClient RequestFramingMetadata.swift
<unknown>:0: warning: upcoming feature 'InferSendableFromCaptures' is already enabled as of Swift version 6
<unknown>:0: warning: upcoming feature 'GlobalActorIsolatedTypesUsability' is already enabled as of Swift version 6
<unknown>:0: warning: upcoming feature 'DisableOutwardActorInference' is already enabled as of Swift version 6
[2505/2511] Wrapping AST for AsyncHTTPClient for debugging
[2507/2683] Compiling Vapor Logger+Report.swift
<unknown>:0: warning: upcoming feature 'InferSendableFromCaptures' is already enabled as of Swift version 6
<unknown>:0: warning: upcoming feature 'GlobalActorIsolatedTypesUsability' is already enabled as of Swift version 6
<unknown>:0: warning: upcoming feature 'DisableOutwardActorInference' is already enabled as of Swift version 6
[2508/2683] Compiling Vapor LoggingSystem+Environment.swift
<unknown>:0: warning: upcoming feature 'InferSendableFromCaptures' is already enabled as of Swift version 6
<unknown>:0: warning: upcoming feature 'GlobalActorIsolatedTypesUsability' is already enabled as of Swift version 6
<unknown>:0: warning: upcoming feature 'DisableOutwardActorInference' is already enabled as of Swift version 6
[2509/2683] Compiling Vapor Application+Middleware.swift
<unknown>:0: warning: upcoming feature 'InferSendableFromCaptures' is already enabled as of Swift version 6
<unknown>:0: warning: upcoming feature 'GlobalActorIsolatedTypesUsability' is already enabled as of Swift version 6
<unknown>:0: warning: upcoming feature 'DisableOutwardActorInference' is already enabled as of Swift version 6
[2510/2683] Compiling Vapor CORSMiddleware.swift
<unknown>:0: warning: upcoming feature 'InferSendableFromCaptures' is already enabled as of Swift version 6
<unknown>:0: warning: upcoming feature 'GlobalActorIsolatedTypesUsability' is already enabled as of Swift version 6
<unknown>:0: warning: upcoming feature 'DisableOutwardActorInference' is already enabled as of Swift version 6
[2511/2683] Compiling Vapor ErrorMiddleware.swift
<unknown>:0: warning: upcoming feature 'InferSendableFromCaptures' is already enabled as of Swift version 6
<unknown>:0: warning: upcoming feature 'GlobalActorIsolatedTypesUsability' is already enabled as of Swift version 6
<unknown>:0: warning: upcoming feature 'DisableOutwardActorInference' is already enabled as of Swift version 6
[2512/2683] Compiling Vapor FileMiddleware.swift
<unknown>:0: warning: upcoming feature 'InferSendableFromCaptures' is already enabled as of Swift version 6
<unknown>:0: warning: upcoming feature 'GlobalActorIsolatedTypesUsability' is already enabled as of Swift version 6
<unknown>:0: warning: upcoming feature 'DisableOutwardActorInference' is already enabled as of Swift version 6
[2513/2683] Compiling Vapor Middleware.swift
<unknown>:0: warning: upcoming feature 'InferSendableFromCaptures' is already enabled as of Swift version 6
<unknown>:0: warning: upcoming feature 'GlobalActorIsolatedTypesUsability' is already enabled as of Swift version 6
<unknown>:0: warning: upcoming feature 'DisableOutwardActorInference' is already enabled as of Swift version 6
[2514/2683] Compiling Vapor MiddlewareConfiguration.swift
<unknown>:0: warning: upcoming feature 'InferSendableFromCaptures' is already enabled as of Swift version 6
<unknown>:0: warning: upcoming feature 'GlobalActorIsolatedTypesUsability' is already enabled as of Swift version 6
<unknown>:0: warning: upcoming feature 'DisableOutwardActorInference' is already enabled as of Swift version 6
[2515/2683] Compiling Vapor ResponseCompressionMiddleware.swift
<unknown>:0: warning: upcoming feature 'InferSendableFromCaptures' is already enabled as of Swift version 6
<unknown>:0: warning: upcoming feature 'GlobalActorIsolatedTypesUsability' is already enabled as of Swift version 6
<unknown>:0: warning: upcoming feature 'DisableOutwardActorInference' is already enabled as of Swift version 6
[2516/2683] Compiling Vapor RouteLoggingMiddleware.swift
<unknown>:0: warning: upcoming feature 'InferSendableFromCaptures' is already enabled as of Swift version 6
<unknown>:0: warning: upcoming feature 'GlobalActorIsolatedTypesUsability' is already enabled as of Swift version 6
<unknown>:0: warning: upcoming feature 'DisableOutwardActorInference' is already enabled as of Swift version 6
[2517/2683] Compiling Vapor TracingMiddleware.swift
<unknown>:0: warning: upcoming feature 'InferSendableFromCaptures' is already enabled as of Swift version 6
<unknown>:0: warning: upcoming feature 'GlobalActorIsolatedTypesUsability' is already enabled as of Swift version 6
<unknown>:0: warning: upcoming feature 'DisableOutwardActorInference' is already enabled as of Swift version 6
[2518/2683] Compiling Vapor File+Multipart.swift
<unknown>:0: warning: upcoming feature 'InferSendableFromCaptures' is already enabled as of Swift version 6
<unknown>:0: warning: upcoming feature 'GlobalActorIsolatedTypesUsability' is already enabled as of Swift version 6
<unknown>:0: warning: upcoming feature 'DisableOutwardActorInference' is already enabled as of Swift version 6
[2519/2683] Compiling Vapor FormDataDecoder+Content.swift
<unknown>:0: warning: upcoming feature 'InferSendableFromCaptures' is already enabled as of Swift version 6
<unknown>:0: warning: upcoming feature 'GlobalActorIsolatedTypesUsability' is already enabled as of Swift version 6
<unknown>:0: warning: upcoming feature 'DisableOutwardActorInference' is already enabled as of Swift version 6
[2520/2683] Compiling Vapor FormDataEncoder+Content.swift
<unknown>:0: warning: upcoming feature 'InferSendableFromCaptures' is already enabled as of Swift version 6
<unknown>:0: warning: upcoming feature 'GlobalActorIsolatedTypesUsability' is already enabled as of Swift version 6
<unknown>:0: warning: upcoming feature 'DisableOutwardActorInference' is already enabled as of Swift version 6
[2521/2683] Compiling Vapor Application+Password.swift
<unknown>:0: warning: upcoming feature 'InferSendableFromCaptures' is already enabled as of Swift version 6
<unknown>:0: warning: upcoming feature 'GlobalActorIsolatedTypesUsability' is already enabled as of Swift version 6
<unknown>:0: warning: upcoming feature 'DisableOutwardActorInference' is already enabled as of Swift version 6
[2522/2683] Compiling Vapor Application+Passwords.swift
<unknown>:0: warning: upcoming feature 'InferSendableFromCaptures' is already enabled as of Swift version 6
<unknown>:0: warning: upcoming feature 'GlobalActorIsolatedTypesUsability' is already enabled as of Swift version 6
<unknown>:0: warning: upcoming feature 'DisableOutwardActorInference' is already enabled as of Swift version 6
[2523/2683] Compiling Vapor AsyncPasswordHasher.swift
<unknown>:0: warning: upcoming feature 'InferSendableFromCaptures' is already enabled as of Swift version 6
<unknown>:0: warning: upcoming feature 'GlobalActorIsolatedTypesUsability' is already enabled as of Swift version 6
<unknown>:0: warning: upcoming feature 'DisableOutwardActorInference' is already enabled as of Swift version 6
[2524/2683] Compiling Vapor BcryptHasher.swift
<unknown>:0: warning: upcoming feature 'InferSendableFromCaptures' is already enabled as of Swift version 6
<unknown>:0: warning: upcoming feature 'GlobalActorIsolatedTypesUsability' is already enabled as of Swift version 6
<unknown>:0: warning: upcoming feature 'DisableOutwardActorInference' is already enabled as of Swift version 6
[2525/2683] Compiling Vapor PasswordHasher.swift
<unknown>:0: warning: upcoming feature 'InferSendableFromCaptures' is already enabled as of Swift version 6
<unknown>:0: warning: upcoming feature 'GlobalActorIsolatedTypesUsability' is already enabled as of Swift version 6
<unknown>:0: warning: upcoming feature 'DisableOutwardActorInference' is already enabled as of Swift version 6
[2526/2683] Compiling Vapor PlaintextHasher.swift
<unknown>:0: warning: upcoming feature 'InferSendableFromCaptures' is already enabled as of Swift version 6
<unknown>:0: warning: upcoming feature 'GlobalActorIsolatedTypesUsability' is already enabled as of Swift version 6
<unknown>:0: warning: upcoming feature 'DisableOutwardActorInference' is already enabled as of Swift version 6
[2527/2683] Compiling Vapor Request+Password.swift
<unknown>:0: warning: upcoming feature 'InferSendableFromCaptures' is already enabled as of Swift version 6
<unknown>:0: warning: upcoming feature 'GlobalActorIsolatedTypesUsability' is already enabled as of Swift version 6
<unknown>:0: warning: upcoming feature 'DisableOutwardActorInference' is already enabled as of Swift version 6
[2528/2683] Compiling Vapor Redirect.swift
<unknown>:0: warning: upcoming feature 'InferSendableFromCaptures' is already enabled as of Swift version 6
<unknown>:0: warning: upcoming feature 'GlobalActorIsolatedTypesUsability' is already enabled as of Swift version 6
<unknown>:0: warning: upcoming feature 'DisableOutwardActorInference' is already enabled as of Swift version 6
[2529/2683] Compiling Vapor Request+Body.swift
<unknown>:0: warning: upcoming feature 'InferSendableFromCaptures' is already enabled as of Swift version 6
<unknown>:0: warning: upcoming feature 'GlobalActorIsolatedTypesUsability' is already enabled as of Swift version 6
<unknown>:0: warning: upcoming feature 'DisableOutwardActorInference' is already enabled as of Swift version 6
[2530/2683] Compiling Vapor Request+BodyStream.swift
<unknown>:0: warning: upcoming feature 'InferSendableFromCaptures' is already enabled as of Swift version 6
<unknown>:0: warning: upcoming feature 'GlobalActorIsolatedTypesUsability' is already enabled as of Swift version 6
<unknown>:0: warning: upcoming feature 'DisableOutwardActorInference' is already enabled as of Swift version 6
[2531/2707] Compiling Vapor Request.swift
<unknown>:0: warning: upcoming feature 'InferSendableFromCaptures' is already enabled as of Swift version 6
<unknown>:0: warning: upcoming feature 'GlobalActorIsolatedTypesUsability' is already enabled as of Swift version 6
<unknown>:0: warning: upcoming feature 'DisableOutwardActorInference' is already enabled as of Swift version 6
[2532/2707] Compiling Vapor Application+Responder.swift
<unknown>:0: warning: upcoming feature 'InferSendableFromCaptures' is already enabled as of Swift version 6
<unknown>:0: warning: upcoming feature 'GlobalActorIsolatedTypesUsability' is already enabled as of Swift version 6
<unknown>:0: warning: upcoming feature 'DisableOutwardActorInference' is already enabled as of Swift version 6
[2533/2707] Compiling Vapor DefaultResponder.swift
<unknown>:0: warning: upcoming feature 'InferSendableFromCaptures' is already enabled as of Swift version 6
<unknown>:0: warning: upcoming feature 'GlobalActorIsolatedTypesUsability' is already enabled as of Swift version 6
<unknown>:0: warning: upcoming feature 'DisableOutwardActorInference' is already enabled as of Swift version 6
[2534/2707] Compiling Vapor Response+Body.swift
<unknown>:0: warning: upcoming feature 'InferSendableFromCaptures' is already enabled as of Swift version 6
<unknown>:0: warning: upcoming feature 'GlobalActorIsolatedTypesUsability' is already enabled as of Swift version 6
<unknown>:0: warning: upcoming feature 'DisableOutwardActorInference' is already enabled as of Swift version 6
[2535/2707] Compiling Vapor Response.swift
<unknown>:0: warning: upcoming feature 'InferSendableFromCaptures' is already enabled as of Swift version 6
<unknown>:0: warning: upcoming feature 'GlobalActorIsolatedTypesUsability' is already enabled as of Swift version 6
<unknown>:0: warning: upcoming feature 'DisableOutwardActorInference' is already enabled as of Swift version 6
[2536/2707] Compiling Vapor ResponseCodable.swift
<unknown>:0: warning: upcoming feature 'InferSendableFromCaptures' is already enabled as of Swift version 6
<unknown>:0: warning: upcoming feature 'GlobalActorIsolatedTypesUsability' is already enabled as of Swift version 6
<unknown>:0: warning: upcoming feature 'DisableOutwardActorInference' is already enabled as of Swift version 6
[2537/2707] Compiling Vapor Application+Routes.swift
<unknown>:0: warning: upcoming feature 'InferSendableFromCaptures' is already enabled as of Swift version 6
<unknown>:0: warning: upcoming feature 'GlobalActorIsolatedTypesUsability' is already enabled as of Swift version 6
<unknown>:0: warning: upcoming feature 'DisableOutwardActorInference' is already enabled as of Swift version 6
[2538/2707] Compiling Vapor Parameters+Require.swift
<unknown>:0: warning: upcoming feature 'InferSendableFromCaptures' is already enabled as of Swift version 6
<unknown>:0: warning: upcoming feature 'GlobalActorIsolatedTypesUsability' is already enabled as of Swift version 6
<unknown>:0: warning: upcoming feature 'DisableOutwardActorInference' is already enabled as of Swift version 6
[2539/2707] Compiling Vapor Request+WebSocket.swift
<unknown>:0: warning: upcoming feature 'InferSendableFromCaptures' is already enabled as of Swift version 6
<unknown>:0: warning: upcoming feature 'GlobalActorIsolatedTypesUsability' is already enabled as of Swift version 6
<unknown>:0: warning: upcoming feature 'DisableOutwardActorInference' is already enabled as of Swift version 6
[2540/2707] Compiling Vapor Route.swift
<unknown>:0: warning: upcoming feature 'InferSendableFromCaptures' is already enabled as of Swift version 6
<unknown>:0: warning: upcoming feature 'GlobalActorIsolatedTypesUsability' is already enabled as of Swift version 6
<unknown>:0: warning: upcoming feature 'DisableOutwardActorInference' is already enabled as of Swift version 6
[2541/2707] Compiling Vapor RouteCollection.swift
<unknown>:0: warning: upcoming feature 'InferSendableFromCaptures' is already enabled as of Swift version 6
<unknown>:0: warning: upcoming feature 'GlobalActorIsolatedTypesUsability' is already enabled as of Swift version 6
<unknown>:0: warning: upcoming feature 'DisableOutwardActorInference' is already enabled as of Swift version 6
[2542/2707] Compiling Vapor Routes.swift
<unknown>:0: warning: upcoming feature 'InferSendableFromCaptures' is already enabled as of Swift version 6
<unknown>:0: warning: upcoming feature 'GlobalActorIsolatedTypesUsability' is already enabled as of Swift version 6
<unknown>:0: warning: upcoming feature 'DisableOutwardActorInference' is already enabled as of Swift version 6
[2543/2707] Compiling Vapor RoutesBuilder+Group.swift
<unknown>:0: warning: upcoming feature 'InferSendableFromCaptures' is already enabled as of Swift version 6
<unknown>:0: warning: upcoming feature 'GlobalActorIsolatedTypesUsability' is already enabled as of Swift version 6
<unknown>:0: warning: upcoming feature 'DisableOutwardActorInference' is already enabled as of Swift version 6
[2544/2707] Compiling Vapor RoutesBuilder+Method.swift
<unknown>:0: warning: upcoming feature 'InferSendableFromCaptures' is already enabled as of Swift version 6
<unknown>:0: warning: upcoming feature 'GlobalActorIsolatedTypesUsability' is already enabled as of Swift version 6
<unknown>:0: warning: upcoming feature 'DisableOutwardActorInference' is already enabled as of Swift version 6
[2545/2707] Compiling Vapor RoutesBuilder+Middleware.swift
<unknown>:0: warning: upcoming feature 'InferSendableFromCaptures' is already enabled as of Swift version 6
<unknown>:0: warning: upcoming feature 'GlobalActorIsolatedTypesUsability' is already enabled as of Swift version 6
<unknown>:0: warning: upcoming feature 'DisableOutwardActorInference' is already enabled as of Swift version 6
[2546/2707] Compiling Vapor RoutesBuilder+WebSocket.swift
<unknown>:0: warning: upcoming feature 'InferSendableFromCaptures' is already enabled as of Swift version 6
<unknown>:0: warning: upcoming feature 'GlobalActorIsolatedTypesUsability' is already enabled as of Swift version 6
<unknown>:0: warning: upcoming feature 'DisableOutwardActorInference' is already enabled as of Swift version 6
[2547/2707] Compiling Vapor RoutesBuilder.swift
<unknown>:0: warning: upcoming feature 'InferSendableFromCaptures' is already enabled as of Swift version 6
<unknown>:0: warning: upcoming feature 'GlobalActorIsolatedTypesUsability' is already enabled as of Swift version 6
<unknown>:0: warning: upcoming feature 'DisableOutwardActorInference' is already enabled as of Swift version 6
[2548/2707] Compiling Vapor OTP.swift
<unknown>:0: warning: upcoming feature 'InferSendableFromCaptures' is already enabled as of Swift version 6
<unknown>:0: warning: upcoming feature 'GlobalActorIsolatedTypesUsability' is already enabled as of Swift version 6
<unknown>:0: warning: upcoming feature 'DisableOutwardActorInference' is already enabled as of Swift version 6
[2549/2707] Compiling Vapor ValidatedCertificateChain.swift
<unknown>:0: warning: upcoming feature 'InferSendableFromCaptures' is already enabled as of Swift version 6
<unknown>:0: warning: upcoming feature 'GlobalActorIsolatedTypesUsability' is already enabled as of Swift version 6
<unknown>:0: warning: upcoming feature 'DisableOutwardActorInference' is already enabled as of Swift version 6
[2550/2707] Compiling Vapor Application+Servers.swift
<unknown>:0: warning: upcoming feature 'InferSendableFromCaptures' is already enabled as of Swift version 6
<unknown>:0: warning: upcoming feature 'GlobalActorIsolatedTypesUsability' is already enabled as of Swift version 6
<unknown>:0: warning: upcoming feature 'DisableOutwardActorInference' is already enabled as of Swift version 6
[2551/2707] Compiling Vapor Server.swift
<unknown>:0: warning: upcoming feature 'InferSendableFromCaptures' is already enabled as of Swift version 6
<unknown>:0: warning: upcoming feature 'GlobalActorIsolatedTypesUsability' is already enabled as of Swift version 6
<unknown>:0: warning: upcoming feature 'DisableOutwardActorInference' is already enabled as of Swift version 6
[2552/2707] Compiling Vapor App+Service.swift
<unknown>:0: warning: upcoming feature 'InferSendableFromCaptures' is already enabled as of Swift version 6
<unknown>:0: warning: upcoming feature 'GlobalActorIsolatedTypesUsability' is already enabled as of Swift version 6
<unknown>:0: warning: upcoming feature 'DisableOutwardActorInference' is already enabled as of Swift version 6
[2553/2707] Compiling Vapor Req+Service.swift
<unknown>:0: warning: upcoming feature 'InferSendableFromCaptures' is already enabled as of Swift version 6
<unknown>:0: warning: upcoming feature 'GlobalActorIsolatedTypesUsability' is already enabled as of Swift version 6
<unknown>:0: warning: upcoming feature 'DisableOutwardActorInference' is already enabled as of Swift version 6
[2554/2707] Compiling Vapor Service.swift
<unknown>:0: warning: upcoming feature 'InferSendableFromCaptures' is already enabled as of Swift version 6
<unknown>:0: warning: upcoming feature 'GlobalActorIsolatedTypesUsability' is already enabled as of Swift version 6
<unknown>:0: warning: upcoming feature 'DisableOutwardActorInference' is already enabled as of Swift version 6
[2555/2731] Emitting module Vapor
<unknown>:0: warning: upcoming feature 'InferSendableFromCaptures' is already enabled as of Swift version 6
<unknown>:0: warning: upcoming feature 'GlobalActorIsolatedTypesUsability' is already enabled as of Swift version 6
<unknown>:0: warning: upcoming feature 'DisableOutwardActorInference' is already enabled as of Swift version 6
[2556/2731] Compiling Vapor AsyncMiddleware.swift
<unknown>:0: warning: upcoming feature 'InferSendableFromCaptures' is already enabled as of Swift version 6
<unknown>:0: warning: upcoming feature 'GlobalActorIsolatedTypesUsability' is already enabled as of Swift version 6
<unknown>:0: warning: upcoming feature 'DisableOutwardActorInference' is already enabled as of Swift version 6
[2557/2731] Compiling Vapor AsyncPasswordHasher+Concurrency.swift
<unknown>:0: warning: upcoming feature 'InferSendableFromCaptures' is already enabled as of Swift version 6
<unknown>:0: warning: upcoming feature 'GlobalActorIsolatedTypesUsability' is already enabled as of Swift version 6
<unknown>:0: warning: upcoming feature 'DisableOutwardActorInference' is already enabled as of Swift version 6
[2558/2731] Compiling Vapor AsyncSessionDriver.swift
<unknown>:0: warning: upcoming feature 'InferSendableFromCaptures' is already enabled as of Swift version 6
<unknown>:0: warning: upcoming feature 'GlobalActorIsolatedTypesUsability' is already enabled as of Swift version 6
<unknown>:0: warning: upcoming feature 'DisableOutwardActorInference' is already enabled as of Swift version 6
[2559/2731] Compiling Vapor Authentication+Concurrency.swift
<unknown>:0: warning: upcoming feature 'InferSendableFromCaptures' is already enabled as of Swift version 6
<unknown>:0: warning: upcoming feature 'GlobalActorIsolatedTypesUsability' is already enabled as of Swift version 6
<unknown>:0: warning: upcoming feature 'DisableOutwardActorInference' is already enabled as of Swift version 6
[2560/2731] Compiling Vapor Cache+Concurrency.swift
<unknown>:0: warning: upcoming feature 'InferSendableFromCaptures' is already enabled as of Swift version 6
<unknown>:0: warning: upcoming feature 'GlobalActorIsolatedTypesUsability' is already enabled as of Swift version 6
<unknown>:0: warning: upcoming feature 'DisableOutwardActorInference' is already enabled as of Swift version 6
[2561/2731] Compiling Vapor Client+Concurrency.swift
<unknown>:0: warning: upcoming feature 'InferSendableFromCaptures' is already enabled as of Swift version 6
<unknown>:0: warning: upcoming feature 'GlobalActorIsolatedTypesUsability' is already enabled as of Swift version 6
<unknown>:0: warning: upcoming feature 'DisableOutwardActorInference' is already enabled as of Swift version 6
[2562/2731] Compiling Vapor RequestBody+Concurrency.swift
<unknown>:0: warning: upcoming feature 'InferSendableFromCaptures' is already enabled as of Swift version 6
<unknown>:0: warning: upcoming feature 'GlobalActorIsolatedTypesUsability' is already enabled as of Swift version 6
<unknown>:0: warning: upcoming feature 'DisableOutwardActorInference' is already enabled as of Swift version 6
[2563/2731] Compiling Vapor Responder+Concurrency.swift
<unknown>:0: warning: upcoming feature 'InferSendableFromCaptures' is already enabled as of Swift version 6
<unknown>:0: warning: upcoming feature 'GlobalActorIsolatedTypesUsability' is already enabled as of Swift version 6
<unknown>:0: warning: upcoming feature 'DisableOutwardActorInference' is already enabled as of Swift version 6
[2564/2731] Compiling Vapor ResponseCodable+Concurrency.swift
<unknown>:0: warning: upcoming feature 'InferSendableFromCaptures' is already enabled as of Swift version 6
<unknown>:0: warning: upcoming feature 'GlobalActorIsolatedTypesUsability' is already enabled as of Swift version 6
<unknown>:0: warning: upcoming feature 'DisableOutwardActorInference' is already enabled as of Swift version 6
[2565/2731] Compiling Vapor RoutesBuilder+Concurrency.swift
<unknown>:0: warning: upcoming feature 'InferSendableFromCaptures' is already enabled as of Swift version 6
<unknown>:0: warning: upcoming feature 'GlobalActorIsolatedTypesUsability' is already enabled as of Swift version 6
<unknown>:0: warning: upcoming feature 'DisableOutwardActorInference' is already enabled as of Swift version 6
[2566/2731] Compiling Vapor ViewRenderer+Concurrency.swift
<unknown>:0: warning: upcoming feature 'InferSendableFromCaptures' is already enabled as of Swift version 6
<unknown>:0: warning: upcoming feature 'GlobalActorIsolatedTypesUsability' is already enabled as of Swift version 6
<unknown>:0: warning: upcoming feature 'DisableOutwardActorInference' is already enabled as of Swift version 6
[2567/2731] Compiling Vapor WebSocket+Concurrency.swift
<unknown>:0: warning: upcoming feature 'InferSendableFromCaptures' is already enabled as of Swift version 6
<unknown>:0: warning: upcoming feature 'GlobalActorIsolatedTypesUsability' is already enabled as of Swift version 6
<unknown>:0: warning: upcoming feature 'DisableOutwardActorInference' is already enabled as of Swift version 6
[2568/2731] Compiling Vapor ContainerGetPathExecutor.swift
<unknown>:0: warning: upcoming feature 'InferSendableFromCaptures' is already enabled as of Swift version 6
<unknown>:0: warning: upcoming feature 'GlobalActorIsolatedTypesUsability' is already enabled as of Swift version 6
<unknown>:0: warning: upcoming feature 'DisableOutwardActorInference' is already enabled as of Swift version 6
[2569/2731] Compiling Vapor Content.swift
<unknown>:0: warning: upcoming feature 'InferSendableFromCaptures' is already enabled as of Swift version 6
<unknown>:0: warning: upcoming feature 'GlobalActorIsolatedTypesUsability' is already enabled as of Swift version 6
<unknown>:0: warning: upcoming feature 'DisableOutwardActorInference' is already enabled as of Swift version 6
[2570/2731] Compiling Vapor ContentCoders.swift
<unknown>:0: warning: upcoming feature 'InferSendableFromCaptures' is already enabled as of Swift version 6
<unknown>:0: warning: upcoming feature 'GlobalActorIsolatedTypesUsability' is already enabled as of Swift version 6
<unknown>:0: warning: upcoming feature 'DisableOutwardActorInference' is already enabled as of Swift version 6
[2571/2731] Compiling Vapor ContentConfiguration.swift
<unknown>:0: warning: upcoming feature 'InferSendableFromCaptures' is already enabled as of Swift version 6
<unknown>:0: warning: upcoming feature 'GlobalActorIsolatedTypesUsability' is already enabled as of Swift version 6
<unknown>:0: warning: upcoming feature 'DisableOutwardActorInference' is already enabled as of Swift version 6
[2572/2731] Compiling Vapor ContentContainer.swift
<unknown>:0: warning: upcoming feature 'InferSendableFromCaptures' is already enabled as of Swift version 6
<unknown>:0: warning: upcoming feature 'GlobalActorIsolatedTypesUsability' is already enabled as of Swift version 6
<unknown>:0: warning: upcoming feature 'DisableOutwardActorInference' is already enabled as of Swift version 6
[2573/2731] Compiling Vapor JSONCoder+Custom.swift
<unknown>:0: warning: upcoming feature 'InferSendableFromCaptures' is already enabled as of Swift version 6
<unknown>:0: warning: upcoming feature 'GlobalActorIsolatedTypesUsability' is already enabled as of Swift version 6
<unknown>:0: warning: upcoming feature 'DisableOutwardActorInference' is already enabled as of Swift version 6
[2574/2731] Compiling Vapor JSONCoders+Content.swift
<unknown>:0: warning: upcoming feature 'InferSendableFromCaptures' is already enabled as of Swift version 6
<unknown>:0: warning: upcoming feature 'GlobalActorIsolatedTypesUsability' is already enabled as of Swift version 6
<unknown>:0: warning: upcoming feature 'DisableOutwardActorInference' is already enabled as of Swift version 6
[2575/2731] Compiling Vapor PlaintextDecoder.swift
<unknown>:0: warning: upcoming feature 'InferSendableFromCaptures' is already enabled as of Swift version 6
<unknown>:0: warning: upcoming feature 'GlobalActorIsolatedTypesUsability' is already enabled as of Swift version 6
<unknown>:0: warning: upcoming feature 'DisableOutwardActorInference' is already enabled as of Swift version 6
[2576/2731] Compiling Vapor PlaintextEncoder.swift
<unknown>:0: warning: upcoming feature 'InferSendableFromCaptures' is already enabled as of Swift version 6
<unknown>:0: warning: upcoming feature 'GlobalActorIsolatedTypesUsability' is already enabled as of Swift version 6
<unknown>:0: warning: upcoming feature 'DisableOutwardActorInference' is already enabled as of Swift version 6
[2577/2731] Compiling Vapor URLQueryCoders.swift
<unknown>:0: warning: upcoming feature 'InferSendableFromCaptures' is already enabled as of Swift version 6
<unknown>:0: warning: upcoming feature 'GlobalActorIsolatedTypesUsability' is already enabled as of Swift version 6
<unknown>:0: warning: upcoming feature 'DisableOutwardActorInference' is already enabled as of Swift version 6
[2578/2731] Compiling Vapor URLQueryContainer.swift
<unknown>:0: warning: upcoming feature 'InferSendableFromCaptures' is already enabled as of Swift version 6
<unknown>:0: warning: upcoming feature 'GlobalActorIsolatedTypesUsability' is already enabled as of Swift version 6
<unknown>:0: warning: upcoming feature 'DisableOutwardActorInference' is already enabled as of Swift version 6
[2579/2731] Compiling Vapor Core.swift
<unknown>:0: warning: upcoming feature 'InferSendableFromCaptures' is already enabled as of Swift version 6
<unknown>:0: warning: upcoming feature 'GlobalActorIsolatedTypesUsability' is already enabled as of Swift version 6
<unknown>:0: warning: upcoming feature 'DisableOutwardActorInference' is already enabled as of Swift version 6
[2580/2731] Compiling Vapor Running.swift
<unknown>:0: warning: upcoming feature 'InferSendableFromCaptures' is already enabled as of Swift version 6
<unknown>:0: warning: upcoming feature 'GlobalActorIsolatedTypesUsability' is already enabled as of Swift version 6
<unknown>:0: warning: upcoming feature 'DisableOutwardActorInference' is already enabled as of Swift version 6
[2581/2731] Compiling Vapor Application.swift
<unknown>:0: warning: upcoming feature 'InferSendableFromCaptures' is already enabled as of Swift version 6
<unknown>:0: warning: upcoming feature 'GlobalActorIsolatedTypesUsability' is already enabled as of Swift version 6
<unknown>:0: warning: upcoming feature 'DisableOutwardActorInference' is already enabled as of Swift version 6
[2582/2731] Compiling Vapor AuthenticationCache.swift
<unknown>:0: warning: upcoming feature 'InferSendableFromCaptures' is already enabled as of Swift version 6
<unknown>:0: warning: upcoming feature 'GlobalActorIsolatedTypesUsability' is already enabled as of Swift version 6
<unknown>:0: warning: upcoming feature 'DisableOutwardActorInference' is already enabled as of Swift version 6
[2583/2731] Compiling Vapor Authenticator.swift
<unknown>:0: warning: upcoming feature 'InferSendableFromCaptures' is already enabled as of Swift version 6
<unknown>:0: warning: upcoming feature 'GlobalActorIsolatedTypesUsability' is already enabled as of Swift version 6
<unknown>:0: warning: upcoming feature 'DisableOutwardActorInference' is already enabled as of Swift version 6
[2584/2731] Compiling Vapor BasicAuthorization.swift
<unknown>:0: warning: upcoming feature 'InferSendableFromCaptures' is already enabled as of Swift version 6
<unknown>:0: warning: upcoming feature 'GlobalActorIsolatedTypesUsability' is already enabled as of Swift version 6
<unknown>:0: warning: upcoming feature 'DisableOutwardActorInference' is already enabled as of Swift version 6
[2585/2731] Compiling Vapor BearerAuthorization.swift
<unknown>:0: warning: upcoming feature 'InferSendableFromCaptures' is already enabled as of Swift version 6
<unknown>:0: warning: upcoming feature 'GlobalActorIsolatedTypesUsability' is already enabled as of Swift version 6
<unknown>:0: warning: upcoming feature 'DisableOutwardActorInference' is already enabled as of Swift version 6
[2586/2731] Compiling Vapor GuardMiddleware.swift
<unknown>:0: warning: upcoming feature 'InferSendableFromCaptures' is already enabled as of Swift version 6
<unknown>:0: warning: upcoming feature 'GlobalActorIsolatedTypesUsability' is already enabled as of Swift version 6
<unknown>:0: warning: upcoming feature 'DisableOutwardActorInference' is already enabled as of Swift version 6
[2587/2731] Compiling Vapor RedirectMiddleware.swift
<unknown>:0: warning: upcoming feature 'InferSendableFromCaptures' is already enabled as of Swift version 6
<unknown>:0: warning: upcoming feature 'GlobalActorIsolatedTypesUsability' is already enabled as of Swift version 6
<unknown>:0: warning: upcoming feature 'DisableOutwardActorInference' is already enabled as of Swift version 6
[2588/2731] Compiling Vapor SessionAuthenticatable.swift
<unknown>:0: warning: upcoming feature 'InferSendableFromCaptures' is already enabled as of Swift version 6
<unknown>:0: warning: upcoming feature 'GlobalActorIsolatedTypesUsability' is already enabled as of Swift version 6
<unknown>:0: warning: upcoming feature 'DisableOutwardActorInference' is already enabled as of Swift version 6
[2589/2731] Compiling Vapor Bcrypt.swift
<unknown>:0: warning: upcoming feature 'InferSendableFromCaptures' is already enabled as of Swift version 6
<unknown>:0: warning: upcoming feature 'GlobalActorIsolatedTypesUsability' is already enabled as of Swift version 6
<unknown>:0: warning: upcoming feature 'DisableOutwardActorInference' is already enabled as of Swift version 6
[2590/2731] Compiling Vapor Application+Cache.swift
<unknown>:0: warning: upcoming feature 'InferSendableFromCaptures' is already enabled as of Swift version 6
<unknown>:0: warning: upcoming feature 'GlobalActorIsolatedTypesUsability' is already enabled as of Swift version 6
<unknown>:0: warning: upcoming feature 'DisableOutwardActorInference' is already enabled as of Swift version 6
[2591/2731] Compiling Vapor Cache.swift
<unknown>:0: warning: upcoming feature 'InferSendableFromCaptures' is already enabled as of Swift version 6
<unknown>:0: warning: upcoming feature 'GlobalActorIsolatedTypesUsability' is already enabled as of Swift version 6
<unknown>:0: warning: upcoming feature 'DisableOutwardActorInference' is already enabled as of Swift version 6
[2592/2731] Compiling Vapor CacheExpirationTime.swift
<unknown>:0: warning: upcoming feature 'InferSendableFromCaptures' is already enabled as of Swift version 6
<unknown>:0: warning: upcoming feature 'GlobalActorIsolatedTypesUsability' is already enabled as of Swift version 6
<unknown>:0: warning: upcoming feature 'DisableOutwardActorInference' is already enabled as of Swift version 6
[2593/2731] Compiling Vapor MemoryCache.swift
<unknown>:0: warning: upcoming feature 'InferSendableFromCaptures' is already enabled as of Swift version 6
<unknown>:0: warning: upcoming feature 'GlobalActorIsolatedTypesUsability' is already enabled as of Swift version 6
<unknown>:0: warning: upcoming feature 'DisableOutwardActorInference' is already enabled as of Swift version 6
[2594/2731] Compiling Vapor Request+Cache.swift
<unknown>:0: warning: upcoming feature 'InferSendableFromCaptures' is already enabled as of Swift version 6
<unknown>:0: warning: upcoming feature 'GlobalActorIsolatedTypesUsability' is already enabled as of Swift version 6
<unknown>:0: warning: upcoming feature 'DisableOutwardActorInference' is already enabled as of Swift version 6
[2595/2731] Compiling Vapor Application+Clients.swift
<unknown>:0: warning: upcoming feature 'InferSendableFromCaptures' is already enabled as of Swift version 6
<unknown>:0: warning: upcoming feature 'GlobalActorIsolatedTypesUsability' is already enabled as of Swift version 6
<unknown>:0: warning: upcoming feature 'DisableOutwardActorInference' is already enabled as of Swift version 6
[2596/2731] Compiling Vapor Client.swift
<unknown>:0: warning: upcoming feature 'InferSendableFromCaptures' is already enabled as of Swift version 6
<unknown>:0: warning: upcoming feature 'GlobalActorIsolatedTypesUsability' is already enabled as of Swift version 6
<unknown>:0: warning: upcoming feature 'DisableOutwardActorInference' is already enabled as of Swift version 6
[2597/2731] Compiling Vapor ClientRequest.swift
<unknown>:0: warning: upcoming feature 'InferSendableFromCaptures' is already enabled as of Swift version 6
<unknown>:0: warning: upcoming feature 'GlobalActorIsolatedTypesUsability' is already enabled as of Swift version 6
<unknown>:0: warning: upcoming feature 'DisableOutwardActorInference' is already enabled as of Swift version 6
[2598/2731] Compiling Vapor ClientResponse.swift
<unknown>:0: warning: upcoming feature 'InferSendableFromCaptures' is already enabled as of Swift version 6
<unknown>:0: warning: upcoming feature 'GlobalActorIsolatedTypesUsability' is already enabled as of Swift version 6
<unknown>:0: warning: upcoming feature 'DisableOutwardActorInference' is already enabled as of Swift version 6
[2599/2731] Compiling Vapor Request+Client.swift
<unknown>:0: warning: upcoming feature 'InferSendableFromCaptures' is already enabled as of Swift version 6
<unknown>:0: warning: upcoming feature 'GlobalActorIsolatedTypesUsability' is already enabled as of Swift version 6
<unknown>:0: warning: upcoming feature 'DisableOutwardActorInference' is already enabled as of Swift version 6
[2600/2731] Compiling Vapor BootCommand.swift
<unknown>:0: warning: upcoming feature 'InferSendableFromCaptures' is already enabled as of Swift version 6
<unknown>:0: warning: upcoming feature 'GlobalActorIsolatedTypesUsability' is already enabled as of Swift version 6
<unknown>:0: warning: upcoming feature 'DisableOutwardActorInference' is already enabled as of Swift version 6
[2601/2731] Compiling Vapor CommandContext+Application.swift
<unknown>:0: warning: upcoming feature 'InferSendableFromCaptures' is already enabled as of Swift version 6
<unknown>:0: warning: upcoming feature 'GlobalActorIsolatedTypesUsability' is already enabled as of Swift version 6
<unknown>:0: warning: upcoming feature 'DisableOutwardActorInference' is already enabled as of Swift version 6
[2602/2731] Compiling Vapor RoutesCommand.swift
<unknown>:0: warning: upcoming feature 'InferSendableFromCaptures' is already enabled as of Swift version 6
<unknown>:0: warning: upcoming feature 'GlobalActorIsolatedTypesUsability' is already enabled as of Swift version 6
<unknown>:0: warning: upcoming feature 'DisableOutwardActorInference' is already enabled as of Swift version 6
[2603/2731] Compiling Vapor ServeCommand.swift
<unknown>:0: warning: upcoming feature 'InferSendableFromCaptures' is already enabled as of Swift version 6
<unknown>:0: warning: upcoming feature 'GlobalActorIsolatedTypesUsability' is already enabled as of Swift version 6
<unknown>:0: warning: upcoming feature 'DisableOutwardActorInference' is already enabled as of Swift version 6
[2604/2731] Compiling Vapor AnyResponse+Concurrency.swift
<unknown>:0: warning: upcoming feature 'InferSendableFromCaptures' is already enabled as of Swift version 6
<unknown>:0: warning: upcoming feature 'GlobalActorIsolatedTypesUsability' is already enabled as of Swift version 6
<unknown>:0: warning: upcoming feature 'DisableOutwardActorInference' is already enabled as of Swift version 6
[2605/2731] Compiling Vapor AsyncBasicResponder.swift
<unknown>:0: warning: upcoming feature 'InferSendableFromCaptures' is already enabled as of Swift version 6
<unknown>:0: warning: upcoming feature 'GlobalActorIsolatedTypesUsability' is already enabled as of Swift version 6
<unknown>:0: warning: upcoming feature 'DisableOutwardActorInference' is already enabled as of Swift version 6
[2606/2731] Compiling Vapor Validator.swift
<unknown>:0: warning: upcoming feature 'InferSendableFromCaptures' is already enabled as of Swift version 6
<unknown>:0: warning: upcoming feature 'GlobalActorIsolatedTypesUsability' is already enabled as of Swift version 6
<unknown>:0: warning: upcoming feature 'DisableOutwardActorInference' is already enabled as of Swift version 6
[2607/2731] Compiling Vapor ValidatorResult.swift
<unknown>:0: warning: upcoming feature 'InferSendableFromCaptures' is already enabled as of Swift version 6
<unknown>:0: warning: upcoming feature 'GlobalActorIsolatedTypesUsability' is already enabled as of Swift version 6
<unknown>:0: warning: upcoming feature 'DisableOutwardActorInference' is already enabled as of Swift version 6
[2608/2731] Compiling Vapor And.swift
<unknown>:0: warning: upcoming feature 'InferSendableFromCaptures' is already enabled as of Swift version 6
<unknown>:0: warning: upcoming feature 'GlobalActorIsolatedTypesUsability' is already enabled as of Swift version 6
<unknown>:0: warning: upcoming feature 'DisableOutwardActorInference' is already enabled as of Swift version 6
[2609/2731] Compiling Vapor Case.swift
<unknown>:0: warning: upcoming feature 'InferSendableFromCaptures' is already enabled as of Swift version 6
<unknown>:0: warning: upcoming feature 'GlobalActorIsolatedTypesUsability' is already enabled as of Swift version 6
<unknown>:0: warning: upcoming feature 'DisableOutwardActorInference' is already enabled as of Swift version 6
[2610/2731] Compiling Vapor CharacterSet.swift
<unknown>:0: warning: upcoming feature 'InferSendableFromCaptures' is already enabled as of Swift version 6
<unknown>:0: warning: upcoming feature 'GlobalActorIsolatedTypesUsability' is already enabled as of Swift version 6
<unknown>:0: warning: upcoming feature 'DisableOutwardActorInference' is already enabled as of Swift version 6
[2611/2731] Compiling Vapor Count.swift
<unknown>:0: warning: upcoming feature 'InferSendableFromCaptures' is already enabled as of Swift version 6
<unknown>:0: warning: upcoming feature 'GlobalActorIsolatedTypesUsability' is already enabled as of Swift version 6
<unknown>:0: warning: upcoming feature 'DisableOutwardActorInference' is already enabled as of Swift version 6
[2612/2731] Compiling Vapor Custom.swift
<unknown>:0: warning: upcoming feature 'InferSendableFromCaptures' is already enabled as of Swift version 6
<unknown>:0: warning: upcoming feature 'GlobalActorIsolatedTypesUsability' is already enabled as of Swift version 6
<unknown>:0: warning: upcoming feature 'DisableOutwardActorInference' is already enabled as of Swift version 6
[2613/2731] Compiling Vapor Email.swift
<unknown>:0: warning: upcoming feature 'InferSendableFromCaptures' is already enabled as of Swift version 6
<unknown>:0: warning: upcoming feature 'GlobalActorIsolatedTypesUsability' is already enabled as of Swift version 6
<unknown>:0: warning: upcoming feature 'DisableOutwardActorInference' is already enabled as of Swift version 6
[2614/2731] Compiling Vapor Empty.swift
<unknown>:0: warning: upcoming feature 'InferSendableFromCaptures' is already enabled as of Swift version 6
<unknown>:0: warning: upcoming feature 'GlobalActorIsolatedTypesUsability' is already enabled as of Swift version 6
<unknown>:0: warning: upcoming feature 'DisableOutwardActorInference' is already enabled as of Swift version 6
[2615/2731] Compiling Vapor In.swift
<unknown>:0: warning: upcoming feature 'InferSendableFromCaptures' is already enabled as of Swift version 6
<unknown>:0: warning: upcoming feature 'GlobalActorIsolatedTypesUsability' is already enabled as of Swift version 6
<unknown>:0: warning: upcoming feature 'DisableOutwardActorInference' is already enabled as of Swift version 6
[2616/2731] Compiling Vapor Nil.swift
<unknown>:0: warning: upcoming feature 'InferSendableFromCaptures' is already enabled as of Swift version 6
<unknown>:0: warning: upcoming feature 'GlobalActorIsolatedTypesUsability' is already enabled as of Swift version 6
<unknown>:0: warning: upcoming feature 'DisableOutwardActorInference' is already enabled as of Swift version 6
[2617/2731] Compiling Vapor NilIgnoring.swift
<unknown>:0: warning: upcoming feature 'InferSendableFromCaptures' is already enabled as of Swift version 6
<unknown>:0: warning: upcoming feature 'GlobalActorIsolatedTypesUsability' is already enabled as of Swift version 6
<unknown>:0: warning: upcoming feature 'DisableOutwardActorInference' is already enabled as of Swift version 6
[2618/2731] Compiling Vapor Not.swift
<unknown>:0: warning: upcoming feature 'InferSendableFromCaptures' is already enabled as of Swift version 6
<unknown>:0: warning: upcoming feature 'GlobalActorIsolatedTypesUsability' is already enabled as of Swift version 6
<unknown>:0: warning: upcoming feature 'DisableOutwardActorInference' is already enabled as of Swift version 6
[2619/2731] Compiling Vapor Or.swift
<unknown>:0: warning: upcoming feature 'InferSendableFromCaptures' is already enabled as of Swift version 6
<unknown>:0: warning: upcoming feature 'GlobalActorIsolatedTypesUsability' is already enabled as of Swift version 6
<unknown>:0: warning: upcoming feature 'DisableOutwardActorInference' is already enabled as of Swift version 6
[2620/2731] Compiling Vapor Pattern.swift
<unknown>:0: warning: upcoming feature 'InferSendableFromCaptures' is already enabled as of Swift version 6
<unknown>:0: warning: upcoming feature 'GlobalActorIsolatedTypesUsability' is already enabled as of Swift version 6
<unknown>:0: warning: upcoming feature 'DisableOutwardActorInference' is already enabled as of Swift version 6
[2621/2731] Compiling Vapor Range.swift
<unknown>:0: warning: upcoming feature 'InferSendableFromCaptures' is already enabled as of Swift version 6
<unknown>:0: warning: upcoming feature 'GlobalActorIsolatedTypesUsability' is already enabled as of Swift version 6
<unknown>:0: warning: upcoming feature 'DisableOutwardActorInference' is already enabled as of Swift version 6
[2622/2731] Compiling Vapor URL.swift
<unknown>:0: warning: upcoming feature 'InferSendableFromCaptures' is already enabled as of Swift version 6
<unknown>:0: warning: upcoming feature 'GlobalActorIsolatedTypesUsability' is already enabled as of Swift version 6
<unknown>:0: warning: upcoming feature 'DisableOutwardActorInference' is already enabled as of Swift version 6
[2623/2731] Compiling Vapor Valid.swift
<unknown>:0: warning: upcoming feature 'InferSendableFromCaptures' is already enabled as of Swift version 6
<unknown>:0: warning: upcoming feature 'GlobalActorIsolatedTypesUsability' is already enabled as of Swift version 6
<unknown>:0: warning: upcoming feature 'DisableOutwardActorInference' is already enabled as of Swift version 6
[2624/2731] Compiling Vapor Application+Views.swift
<unknown>:0: warning: upcoming feature 'InferSendableFromCaptures' is already enabled as of Swift version 6
<unknown>:0: warning: upcoming feature 'GlobalActorIsolatedTypesUsability' is already enabled as of Swift version 6
<unknown>:0: warning: upcoming feature 'DisableOutwardActorInference' is already enabled as of Swift version 6
[2625/2731] Compiling Vapor PlaintextRenderer.swift
<unknown>:0: warning: upcoming feature 'InferSendableFromCaptures' is already enabled as of Swift version 6
<unknown>:0: warning: upcoming feature 'GlobalActorIsolatedTypesUsability' is already enabled as of Swift version 6
<unknown>:0: warning: upcoming feature 'DisableOutwardActorInference' is already enabled as of Swift version 6
[2626/2731] Compiling Vapor Request+View.swift
<unknown>:0: warning: upcoming feature 'InferSendableFromCaptures' is already enabled as of Swift version 6
<unknown>:0: warning: upcoming feature 'GlobalActorIsolatedTypesUsability' is already enabled as of Swift version 6
<unknown>:0: warning: upcoming feature 'DisableOutwardActorInference' is already enabled as of Swift version 6
[2627/2731] Compiling Vapor View.swift
<unknown>:0: warning: upcoming feature 'InferSendableFromCaptures' is already enabled as of Swift version 6
<unknown>:0: warning: upcoming feature 'GlobalActorIsolatedTypesUsability' is already enabled as of Swift version 6
<unknown>:0: warning: upcoming feature 'DisableOutwardActorInference' is already enabled as of Swift version 6
[2628/2731] Compiling Vapor ViewRenderer.swift
<unknown>:0: warning: upcoming feature 'InferSendableFromCaptures' is already enabled as of Swift version 6
<unknown>:0: warning: upcoming feature 'GlobalActorIsolatedTypesUsability' is already enabled as of Swift version 6
<unknown>:0: warning: upcoming feature 'DisableOutwardActorInference' is already enabled as of Swift version 6
[2629/2731] Compiling Vapor _Deprecations.swift
<unknown>:0: warning: upcoming feature 'InferSendableFromCaptures' is already enabled as of Swift version 6
<unknown>:0: warning: upcoming feature 'GlobalActorIsolatedTypesUsability' is already enabled as of Swift version 6
<unknown>:0: warning: upcoming feature 'DisableOutwardActorInference' is already enabled as of Swift version 6
[2630/2731] Compiling Vapor Bytes+SecureCompare.swift
<unknown>:0: warning: upcoming feature 'InferSendableFromCaptures' is already enabled as of Swift version 6
<unknown>:0: warning: upcoming feature 'GlobalActorIsolatedTypesUsability' is already enabled as of Swift version 6
<unknown>:0: warning: upcoming feature 'DisableOutwardActorInference' is already enabled as of Swift version 6
[2631/2731] Compiling Vapor Collection+Safe.swift
<unknown>:0: warning: upcoming feature 'InferSendableFromCaptures' is already enabled as of Swift version 6
<unknown>:0: warning: upcoming feature 'GlobalActorIsolatedTypesUsability' is already enabled as of Swift version 6
<unknown>:0: warning: upcoming feature 'DisableOutwardActorInference' is already enabled as of Swift version 6
[2632/2731] Compiling Vapor DataProtocol+Copy.swift
<unknown>:0: warning: upcoming feature 'InferSendableFromCaptures' is already enabled as of Swift version 6
<unknown>:0: warning: upcoming feature 'GlobalActorIsolatedTypesUsability' is already enabled as of Swift version 6
<unknown>:0: warning: upcoming feature 'DisableOutwardActorInference' is already enabled as of Swift version 6
[2633/2731] Compiling Vapor DecoderUnwrapper.swift
<unknown>:0: warning: upcoming feature 'InferSendableFromCaptures' is already enabled as of Swift version 6
<unknown>:0: warning: upcoming feature 'GlobalActorIsolatedTypesUsability' is already enabled as of Swift version 6
<unknown>:0: warning: upcoming feature 'DisableOutwardActorInference' is already enabled as of Swift version 6
[2634/2731] Compiling Vapor DirectoryConfiguration.swift
<unknown>:0: warning: upcoming feature 'InferSendableFromCaptures' is already enabled as of Swift version 6
<unknown>:0: warning: upcoming feature 'GlobalActorIsolatedTypesUsability' is already enabled as of Swift version 6
<unknown>:0: warning: upcoming feature 'DisableOutwardActorInference' is already enabled as of Swift version 6
[2635/2731] Compiling Vapor DotEnv.swift
<unknown>:0: warning: upcoming feature 'InferSendableFromCaptures' is already enabled as of Swift version 6
<unknown>:0: warning: upcoming feature 'GlobalActorIsolatedTypesUsability' is already enabled as of Swift version 6
<unknown>:0: warning: upcoming feature 'DisableOutwardActorInference' is already enabled as of Swift version 6
[2636/2731] Compiling Vapor Extendable.swift
<unknown>:0: warning: upcoming feature 'InferSendableFromCaptures' is already enabled as of Swift version 6
<unknown>:0: warning: upcoming feature 'GlobalActorIsolatedTypesUsability' is already enabled as of Swift version 6
<unknown>:0: warning: upcoming feature 'DisableOutwardActorInference' is already enabled as of Swift version 6
[2637/2731] Compiling Vapor File.swift
<unknown>:0: warning: upcoming feature 'InferSendableFromCaptures' is already enabled as of Swift version 6
<unknown>:0: warning: upcoming feature 'GlobalActorIsolatedTypesUsability' is already enabled as of Swift version 6
<unknown>:0: warning: upcoming feature 'DisableOutwardActorInference' is already enabled as of Swift version 6
[2638/2731] Compiling Vapor FileIO.swift
<unknown>:0: warning: upcoming feature 'InferSendableFromCaptures' is already enabled as of Swift version 6
<unknown>:0: warning: upcoming feature 'GlobalActorIsolatedTypesUsability' is already enabled as of Swift version 6
<unknown>:0: warning: upcoming feature 'DisableOutwardActorInference' is already enabled as of Swift version 6
[2639/2731] Compiling Vapor LifecycleHandler.swift
<unknown>:0: warning: upcoming feature 'InferSendableFromCaptures' is already enabled as of Swift version 6
<unknown>:0: warning: upcoming feature 'GlobalActorIsolatedTypesUsability' is already enabled as of Swift version 6
<unknown>:0: warning: upcoming feature 'DisableOutwardActorInference' is already enabled as of Swift version 6
[2640/2731] Compiling Vapor OptionalType.swift
<unknown>:0: warning: upcoming feature 'InferSendableFromCaptures' is already enabled as of Swift version 6
<unknown>:0: warning: upcoming feature 'GlobalActorIsolatedTypesUsability' is already enabled as of Swift version 6
<unknown>:0: warning: upcoming feature 'DisableOutwardActorInference' is already enabled as of Swift version 6
[2641/2731] Compiling Vapor RFC1123.swift
<unknown>:0: warning: upcoming feature 'InferSendableFromCaptures' is already enabled as of Swift version 6
<unknown>:0: warning: upcoming feature 'GlobalActorIsolatedTypesUsability' is already enabled as of Swift version 6
<unknown>:0: warning: upcoming feature 'DisableOutwardActorInference' is already enabled as of Swift version 6
[2642/2731] Compiling Vapor SocketAddress+Hostname.swift
<unknown>:0: warning: upcoming feature 'InferSendableFromCaptures' is already enabled as of Swift version 6
<unknown>:0: warning: upcoming feature 'GlobalActorIsolatedTypesUsability' is already enabled as of Swift version 6
<unknown>:0: warning: upcoming feature 'DisableOutwardActorInference' is already enabled as of Swift version 6
[2643/2731] Compiling Vapor Storage.swift
<unknown>:0: warning: upcoming feature 'InferSendableFromCaptures' is already enabled as of Swift version 6
<unknown>:0: warning: upcoming feature 'GlobalActorIsolatedTypesUsability' is already enabled as of Swift version 6
<unknown>:0: warning: upcoming feature 'DisableOutwardActorInference' is already enabled as of Swift version 6
[2644/2731] Compiling Vapor String+IsIPAddress.swift
<unknown>:0: warning: upcoming feature 'InferSendableFromCaptures' is already enabled as of Swift version 6
<unknown>:0: warning: upcoming feature 'GlobalActorIsolatedTypesUsability' is already enabled as of Swift version 6
<unknown>:0: warning: upcoming feature 'DisableOutwardActorInference' is already enabled as of Swift version 6
[2645/2731] Compiling Vapor Thread.swift
<unknown>:0: warning: upcoming feature 'InferSendableFromCaptures' is already enabled as of Swift version 6
<unknown>:0: warning: upcoming feature 'GlobalActorIsolatedTypesUsability' is already enabled as of Swift version 6
<unknown>:0: warning: upcoming feature 'DisableOutwardActorInference' is already enabled as of Swift version 6
[2646/2731] Compiling Vapor URI.swift
<unknown>:0: warning: upcoming feature 'InferSendableFromCaptures' is already enabled as of Swift version 6
<unknown>:0: warning: upcoming feature 'GlobalActorIsolatedTypesUsability' is already enabled as of Swift version 6
<unknown>:0: warning: upcoming feature 'DisableOutwardActorInference' is already enabled as of Swift version 6
[2647/2731] Compiling Vapor VaporSendableMetadataType.swift
<unknown>:0: warning: upcoming feature 'InferSendableFromCaptures' is already enabled as of Swift version 6
<unknown>:0: warning: upcoming feature 'GlobalActorIsolatedTypesUsability' is already enabled as of Swift version 6
<unknown>:0: warning: upcoming feature 'DisableOutwardActorInference' is already enabled as of Swift version 6
[2648/2731] Compiling Vapor RangeResult.swift
<unknown>:0: warning: upcoming feature 'InferSendableFromCaptures' is already enabled as of Swift version 6
<unknown>:0: warning: upcoming feature 'GlobalActorIsolatedTypesUsability' is already enabled as of Swift version 6
<unknown>:0: warning: upcoming feature 'DisableOutwardActorInference' is already enabled as of Swift version 6
[2649/2731] Compiling Vapor Validatable.swift
<unknown>:0: warning: upcoming feature 'InferSendableFromCaptures' is already enabled as of Swift version 6
<unknown>:0: warning: upcoming feature 'GlobalActorIsolatedTypesUsability' is already enabled as of Swift version 6
<unknown>:0: warning: upcoming feature 'DisableOutwardActorInference' is already enabled as of Swift version 6
[2650/2731] Compiling Vapor Validation.swift
<unknown>:0: warning: upcoming feature 'InferSendableFromCaptures' is already enabled as of Swift version 6
<unknown>:0: warning: upcoming feature 'GlobalActorIsolatedTypesUsability' is already enabled as of Swift version 6
<unknown>:0: warning: upcoming feature 'DisableOutwardActorInference' is already enabled as of Swift version 6
[2651/2731] Compiling Vapor ValidationKey.swift
<unknown>:0: warning: upcoming feature 'InferSendableFromCaptures' is already enabled as of Swift version 6
<unknown>:0: warning: upcoming feature 'GlobalActorIsolatedTypesUsability' is already enabled as of Swift version 6
<unknown>:0: warning: upcoming feature 'DisableOutwardActorInference' is already enabled as of Swift version 6
[2652/2731] Compiling Vapor Validations.swift
<unknown>:0: warning: upcoming feature 'InferSendableFromCaptures' is already enabled as of Swift version 6
<unknown>:0: warning: upcoming feature 'GlobalActorIsolatedTypesUsability' is already enabled as of Swift version 6
<unknown>:0: warning: upcoming feature 'DisableOutwardActorInference' is already enabled as of Swift version 6
[2653/2731] Compiling Vapor ValidationsError.swift
<unknown>:0: warning: upcoming feature 'InferSendableFromCaptures' is already enabled as of Swift version 6
<unknown>:0: warning: upcoming feature 'GlobalActorIsolatedTypesUsability' is already enabled as of Swift version 6
<unknown>:0: warning: upcoming feature 'DisableOutwardActorInference' is already enabled as of Swift version 6
[2654/2731] Compiling Vapor CORSMiddleware+AllowOriginSetting.swift
<unknown>:0: warning: upcoming feature 'InferSendableFromCaptures' is already enabled as of Swift version 6
<unknown>:0: warning: upcoming feature 'GlobalActorIsolatedTypesUsability' is already enabled as of Swift version 6
<unknown>:0: warning: upcoming feature 'DisableOutwardActorInference' is already enabled as of Swift version 6
[2655/2731] Compiling Vapor CORSMiddleware+Configuration+exposedHeaders.swift
<unknown>:0: warning: upcoming feature 'InferSendableFromCaptures' is already enabled as of Swift version 6
<unknown>:0: warning: upcoming feature 'GlobalActorIsolatedTypesUsability' is already enabled as of Swift version 6
<unknown>:0: warning: upcoming feature 'DisableOutwardActorInference' is already enabled as of Swift version 6
[2656/2731] Compiling Vapor DotEnvFile+load.swift
<unknown>:0: warning: upcoming feature 'InferSendableFromCaptures' is already enabled as of Swift version 6
<unknown>:0: warning: upcoming feature 'GlobalActorIsolatedTypesUsability' is already enabled as of Swift version 6
<unknown>:0: warning: upcoming feature 'DisableOutwardActorInference' is already enabled as of Swift version 6
[2657/2731] Compiling Vapor Routes+caseInsenstive.swift
<unknown>:0: warning: upcoming feature 'InferSendableFromCaptures' is already enabled as of Swift version 6
<unknown>:0: warning: upcoming feature 'GlobalActorIsolatedTypesUsability' is already enabled as of Swift version 6
<unknown>:0: warning: upcoming feature 'DisableOutwardActorInference' is already enabled as of Swift version 6
[2658/2731] Compiling Vapor Validatable+validate.swift
<unknown>:0: warning: upcoming feature 'InferSendableFromCaptures' is already enabled as of Swift version 6
<unknown>:0: warning: upcoming feature 'GlobalActorIsolatedTypesUsability' is already enabled as of Swift version 6
<unknown>:0: warning: upcoming feature 'DisableOutwardActorInference' is already enabled as of Swift version 6
[2659/2731] Compiling Vapor Environment+Process.swift
<unknown>:0: warning: upcoming feature 'InferSendableFromCaptures' is already enabled as of Swift version 6
<unknown>:0: warning: upcoming feature 'GlobalActorIsolatedTypesUsability' is already enabled as of Swift version 6
<unknown>:0: warning: upcoming feature 'DisableOutwardActorInference' is already enabled as of Swift version 6
[2660/2731] Compiling Vapor Environment+Secret.swift
<unknown>:0: warning: upcoming feature 'InferSendableFromCaptures' is already enabled as of Swift version 6
<unknown>:0: warning: upcoming feature 'GlobalActorIsolatedTypesUsability' is already enabled as of Swift version 6
<unknown>:0: warning: upcoming feature 'DisableOutwardActorInference' is already enabled as of Swift version 6
[2661/2731] Compiling Vapor Environment.swift
<unknown>:0: warning: upcoming feature 'InferSendableFromCaptures' is already enabled as of Swift version 6
<unknown>:0: warning: upcoming feature 'GlobalActorIsolatedTypesUsability' is already enabled as of Swift version 6
<unknown>:0: warning: upcoming feature 'DisableOutwardActorInference' is already enabled as of Swift version 6
[2662/2731] Compiling Vapor Abort.swift
<unknown>:0: warning: upcoming feature 'InferSendableFromCaptures' is already enabled as of Swift version 6
<unknown>:0: warning: upcoming feature 'GlobalActorIsolatedTypesUsability' is already enabled as of Swift version 6
<unknown>:0: warning: upcoming feature 'DisableOutwardActorInference' is already enabled as of Swift version 6
[2663/2731] Compiling Vapor AbortError.swift
<unknown>:0: warning: upcoming feature 'InferSendableFromCaptures' is already enabled as of Swift version 6
<unknown>:0: warning: upcoming feature 'GlobalActorIsolatedTypesUsability' is already enabled as of Swift version 6
<unknown>:0: warning: upcoming feature 'DisableOutwardActorInference' is already enabled as of Swift version 6
[2664/2731] Compiling Vapor DebuggableError.swift
<unknown>:0: warning: upcoming feature 'InferSendableFromCaptures' is already enabled as of Swift version 6
<unknown>:0: warning: upcoming feature 'GlobalActorIsolatedTypesUsability' is already enabled as of Swift version 6
<unknown>:0: warning: upcoming feature 'DisableOutwardActorInference' is already enabled as of Swift version 6
[2665/2731] Compiling Vapor Demangler.swift
<unknown>:0: warning: upcoming feature 'InferSendableFromCaptures' is already enabled as of Swift version 6
<unknown>:0: warning: upcoming feature 'GlobalActorIsolatedTypesUsability' is already enabled as of Swift version 6
<unknown>:0: warning: upcoming feature 'DisableOutwardActorInference' is already enabled as of Swift version 6
[2666/2731] Compiling Vapor ErrorSource.swift
<unknown>:0: warning: upcoming feature 'InferSendableFromCaptures' is already enabled as of Swift version 6
<unknown>:0: warning: upcoming feature 'GlobalActorIsolatedTypesUsability' is already enabled as of Swift version 6
<unknown>:0: warning: upcoming feature 'DisableOutwardActorInference' is already enabled as of Swift version 6
[2667/2731] Compiling Vapor StackTrace.swift
<unknown>:0: warning: upcoming feature 'InferSendableFromCaptures' is already enabled as of Swift version 6
<unknown>:0: warning: upcoming feature 'GlobalActorIsolatedTypesUsability' is already enabled as of Swift version 6
<unknown>:0: warning: upcoming feature 'DisableOutwardActorInference' is already enabled as of Swift version 6
[2668/2731] Compiling Vapor Exports.swift
<unknown>:0: warning: upcoming feature 'InferSendableFromCaptures' is already enabled as of Swift version 6
<unknown>:0: warning: upcoming feature 'GlobalActorIsolatedTypesUsability' is already enabled as of Swift version 6
<unknown>:0: warning: upcoming feature 'DisableOutwardActorInference' is already enabled as of Swift version 6
[2669/2731] Compiling Vapor Application+HTTP.swift
<unknown>:0: warning: upcoming feature 'InferSendableFromCaptures' is already enabled as of Swift version 6
<unknown>:0: warning: upcoming feature 'GlobalActorIsolatedTypesUsability' is already enabled as of Swift version 6
<unknown>:0: warning: upcoming feature 'DisableOutwardActorInference' is already enabled as of Swift version 6
[2670/2731] Compiling Vapor BasicResponder.swift
<unknown>:0: warning: upcoming feature 'InferSendableFromCaptures' is already enabled as of Swift version 6
<unknown>:0: warning: upcoming feature 'GlobalActorIsolatedTypesUsability' is already enabled as of Swift version 6
<unknown>:0: warning: upcoming feature 'DisableOutwardActorInference' is already enabled as of Swift version 6
[2671/2731] Compiling Vapor BodyStream.swift
<unknown>:0: warning: upcoming feature 'InferSendableFromCaptures' is already enabled as of Swift version 6
<unknown>:0: warning: upcoming feature 'GlobalActorIsolatedTypesUsability' is already enabled as of Swift version 6
<unknown>:0: warning: upcoming feature 'DisableOutwardActorInference' is already enabled as of Swift version 6
[2672/2731] Compiling Vapor Application+HTTP+Client.swift
<unknown>:0: warning: upcoming feature 'InferSendableFromCaptures' is already enabled as of Swift version 6
<unknown>:0: warning: upcoming feature 'GlobalActorIsolatedTypesUsability' is already enabled as of Swift version 6
<unknown>:0: warning: upcoming feature 'DisableOutwardActorInference' is already enabled as of Swift version 6
[2673/2731] Compiling Vapor EventLoopHTTPClient.swift
<unknown>:0: warning: upcoming feature 'InferSendableFromCaptures' is already enabled as of Swift version 6
<unknown>:0: warning: upcoming feature 'GlobalActorIsolatedTypesUsability' is already enabled as of Swift version 6
<unknown>:0: warning: upcoming feature 'DisableOutwardActorInference' is already enabled as of Swift version 6
[2674/2731] Compiling Vapor EndpointCache.swift
<unknown>:0: warning: upcoming feature 'InferSendableFromCaptures' is already enabled as of Swift version 6
<unknown>:0: warning: upcoming feature 'GlobalActorIsolatedTypesUsability' is already enabled as of Swift version 6
<unknown>:0: warning: upcoming feature 'DisableOutwardActorInference' is already enabled as of Swift version 6
[2675/2731] Compiling Vapor HTTPMethod+String.swift
<unknown>:0: warning: upcoming feature 'InferSendableFromCaptures' is already enabled as of Swift version 6
<unknown>:0: warning: upcoming feature 'GlobalActorIsolatedTypesUsability' is already enabled as of Swift version 6
<unknown>:0: warning: upcoming feature 'DisableOutwardActorInference' is already enabled as of Swift version 6
[2676/2731] Compiling Vapor HTTPStatus.swift
<unknown>:0: warning: upcoming feature 'InferSendableFromCaptures' is already enabled as of Swift version 6
<unknown>:0: warning: upcoming feature 'GlobalActorIsolatedTypesUsability' is already enabled as of Swift version 6
<unknown>:0: warning: upcoming feature 'DisableOutwardActorInference' is already enabled as of Swift version 6
[2677/2731] Compiling Vapor HTTPCookies.swift
<unknown>:0: warning: upcoming feature 'InferSendableFromCaptures' is already enabled as of Swift version 6
<unknown>:0: warning: upcoming feature 'GlobalActorIsolatedTypesUsability' is already enabled as of Swift version 6
<unknown>:0: warning: upcoming feature 'DisableOutwardActorInference' is already enabled as of Swift version 6
[2678/2731] Compiling Vapor HTTPHeaderCacheControl.swift
<unknown>:0: warning: upcoming feature 'InferSendableFromCaptures' is already enabled as of Swift version 6
<unknown>:0: warning: upcoming feature 'GlobalActorIsolatedTypesUsability' is already enabled as of Swift version 6
<unknown>:0: warning: upcoming feature 'DisableOutwardActorInference' is already enabled as of Swift version 6
[2679/2731] Compiling Vapor HTTPHeaderExpires.swift
<unknown>:0: warning: upcoming feature 'InferSendableFromCaptures' is already enabled as of Swift version 6
<unknown>:0: warning: upcoming feature 'GlobalActorIsolatedTypesUsability' is already enabled as of Swift version 6
<unknown>:0: warning: upcoming feature 'DisableOutwardActorInference' is already enabled as of Swift version 6
[2680/2731] Compiling Vapor HTTPHeaderLastModified.swift
<unknown>:0: warning: upcoming feature 'InferSendableFromCaptures' is already enabled as of Swift version 6
<unknown>:0: warning: upcoming feature 'GlobalActorIsolatedTypesUsability' is already enabled as of Swift version 6
<unknown>:0: warning: upcoming feature 'DisableOutwardActorInference' is already enabled as of Swift version 6
[2681/2731] Compiling Vapor HTTPHeaders+Cache.swift
<unknown>:0: warning: upcoming feature 'InferSendableFromCaptures' is already enabled as of Swift version 6
<unknown>:0: warning: upcoming feature 'GlobalActorIsolatedTypesUsability' is already enabled as of Swift version 6
<unknown>:0: warning: upcoming feature 'DisableOutwardActorInference' is already enabled as of Swift version 6
[2682/2731] Compiling Vapor HTTPHeaders+Connection.swift
<unknown>:0: warning: upcoming feature 'InferSendableFromCaptures' is already enabled as of Swift version 6
<unknown>:0: warning: upcoming feature 'GlobalActorIsolatedTypesUsability' is already enabled as of Swift version 6
<unknown>:0: warning: upcoming feature 'DisableOutwardActorInference' is already enabled as of Swift version 6
[2683/2731] Compiling Vapor HTTPHeaders+ContentDisposition.swift
<unknown>:0: warning: upcoming feature 'InferSendableFromCaptures' is already enabled as of Swift version 6
<unknown>:0: warning: upcoming feature 'GlobalActorIsolatedTypesUsability' is already enabled as of Swift version 6
<unknown>:0: warning: upcoming feature 'DisableOutwardActorInference' is already enabled as of Swift version 6
[2684/2731] Compiling Vapor HTTPHeaders+ContentRange.swift
<unknown>:0: warning: upcoming feature 'InferSendableFromCaptures' is already enabled as of Swift version 6
<unknown>:0: warning: upcoming feature 'GlobalActorIsolatedTypesUsability' is already enabled as of Swift version 6
<unknown>:0: warning: upcoming feature 'DisableOutwardActorInference' is already enabled as of Swift version 6
[2685/2731] Compiling Vapor HTTPHeaders+Directive.swift
<unknown>:0: warning: upcoming feature 'InferSendableFromCaptures' is already enabled as of Swift version 6
<unknown>:0: warning: upcoming feature 'GlobalActorIsolatedTypesUsability' is already enabled as of Swift version 6
<unknown>:0: warning: upcoming feature 'DisableOutwardActorInference' is already enabled as of Swift version 6
[2686/2731] Compiling Vapor HTTPHeaders+Forwarded.swift
<unknown>:0: warning: upcoming feature 'InferSendableFromCaptures' is already enabled as of Swift version 6
<unknown>:0: warning: upcoming feature 'GlobalActorIsolatedTypesUsability' is already enabled as of Swift version 6
<unknown>:0: warning: upcoming feature 'DisableOutwardActorInference' is already enabled as of Swift version 6
[2687/2731] Compiling Vapor HTTPHeaders+Link.swift
<unknown>:0: warning: upcoming feature 'InferSendableFromCaptures' is already enabled as of Swift version 6
<unknown>:0: warning: upcoming feature 'GlobalActorIsolatedTypesUsability' is already enabled as of Swift version 6
<unknown>:0: warning: upcoming feature 'DisableOutwardActorInference' is already enabled as of Swift version 6
[2688/2731] Compiling Vapor HTTPHeaders+Name.swift
<unknown>:0: warning: upcoming feature 'InferSendableFromCaptures' is already enabled as of Swift version 6
<unknown>:0: warning: upcoming feature 'GlobalActorIsolatedTypesUsability' is already enabled as of Swift version 6
<unknown>:0: warning: upcoming feature 'DisableOutwardActorInference' is already enabled as of Swift version 6
[2689/2731] Compiling Vapor HTTPHeaders+ResponseCompression.swift
<unknown>:0: warning: upcoming feature 'InferSendableFromCaptures' is already enabled as of Swift version 6
<unknown>:0: warning: upcoming feature 'GlobalActorIsolatedTypesUsability' is already enabled as of Swift version 6
<unknown>:0: warning: upcoming feature 'DisableOutwardActorInference' is already enabled as of Swift version 6
[2690/2731] Compiling Vapor HTTPHeaders.swift
<unknown>:0: warning: upcoming feature 'InferSendableFromCaptures' is already enabled as of Swift version 6
<unknown>:0: warning: upcoming feature 'GlobalActorIsolatedTypesUsability' is already enabled as of Swift version 6
<unknown>:0: warning: upcoming feature 'DisableOutwardActorInference' is already enabled as of Swift version 6
[2691/2731] Compiling Vapor HTTPMediaType.swift
<unknown>:0: warning: upcoming feature 'InferSendableFromCaptures' is already enabled as of Swift version 6
<unknown>:0: warning: upcoming feature 'GlobalActorIsolatedTypesUsability' is already enabled as of Swift version 6
<unknown>:0: warning: upcoming feature 'DisableOutwardActorInference' is already enabled as of Swift version 6
[2692/2731] Compiling Vapor HTTPMediaTypePreference.swift
<unknown>:0: warning: upcoming feature 'InferSendableFromCaptures' is already enabled as of Swift version 6
<unknown>:0: warning: upcoming feature 'GlobalActorIsolatedTypesUsability' is already enabled as of Swift version 6
<unknown>:0: warning: upcoming feature 'DisableOutwardActorInference' is already enabled as of Swift version 6
[2693/2731] Compiling Vapor Responder.swift
<unknown>:0: warning: upcoming feature 'InferSendableFromCaptures' is already enabled as of Swift version 6
<unknown>:0: warning: upcoming feature 'GlobalActorIsolatedTypesUsability' is already enabled as of Swift version 6
<unknown>:0: warning: upcoming feature 'DisableOutwardActorInference' is already enabled as of Swift version 6
[2694/2731] Compiling Vapor Application+HTTP+Server.swift
<unknown>:0: warning: upcoming feature 'InferSendableFromCaptures' is already enabled as of Swift version 6
<unknown>:0: warning: upcoming feature 'GlobalActorIsolatedTypesUsability' is already enabled as of Swift version 6
<unknown>:0: warning: upcoming feature 'DisableOutwardActorInference' is already enabled as of Swift version 6
[2695/2731] Compiling Vapor CloseOnIdleHandler.swift
<unknown>:0: warning: upcoming feature 'InferSendableFromCaptures' is already enabled as of Swift version 6
<unknown>:0: warning: upcoming feature 'GlobalActorIsolatedTypesUsability' is already enabled as of Swift version 6
<unknown>:0: warning: upcoming feature 'DisableOutwardActorInference' is already enabled as of Swift version 6
[2696/2731] Compiling Vapor HTTPServer.swift
<unknown>:0: warning: upcoming feature 'InferSendableFromCaptures' is already enabled as of Swift version 6
<unknown>:0: warning: upcoming feature 'GlobalActorIsolatedTypesUsability' is already enabled as of Swift version 6
<unknown>:0: warning: upcoming feature 'DisableOutwardActorInference' is already enabled as of Swift version 6
[2697/2731] Compiling Vapor HTTPServerConfiguration+RequestDecompressionConfiguration.swift
<unknown>:0: warning: upcoming feature 'InferSendableFromCaptures' is already enabled as of Swift version 6
<unknown>:0: warning: upcoming feature 'GlobalActorIsolatedTypesUsability' is already enabled as of Swift version 6
<unknown>:0: warning: upcoming feature 'DisableOutwardActorInference' is already enabled as of Swift version 6
[2698/2731] Compiling Vapor HTTPServerConfiguration+ResponseCompressionConfiguration.swift
<unknown>:0: warning: upcoming feature 'InferSendableFromCaptures' is already enabled as of Swift version 6
<unknown>:0: warning: upcoming feature 'GlobalActorIsolatedTypesUsability' is already enabled as of Swift version 6
<unknown>:0: warning: upcoming feature 'DisableOutwardActorInference' is already enabled as of Swift version 6
[2699/2731] Compiling Vapor HTTPServerHandler.swift
<unknown>:0: warning: upcoming feature 'InferSendableFromCaptures' is already enabled as of Swift version 6
<unknown>:0: warning: upcoming feature 'GlobalActorIsolatedTypesUsability' is already enabled as of Swift version 6
<unknown>:0: warning: upcoming feature 'DisableOutwardActorInference' is already enabled as of Swift version 6
[2700/2731] Compiling Vapor HTTPServerRequestDecoder.swift
<unknown>:0: warning: upcoming feature 'InferSendableFromCaptures' is already enabled as of Swift version 6
<unknown>:0: warning: upcoming feature 'GlobalActorIsolatedTypesUsability' is already enabled as of Swift version 6
<unknown>:0: warning: upcoming feature 'DisableOutwardActorInference' is already enabled as of Swift version 6
[2701/2731] Compiling Vapor HTTPServerResponseEncoder.swift
<unknown>:0: warning: upcoming feature 'InferSendableFromCaptures' is already enabled as of Swift version 6
<unknown>:0: warning: upcoming feature 'GlobalActorIsolatedTypesUsability' is already enabled as of Swift version 6
<unknown>:0: warning: upcoming feature 'DisableOutwardActorInference' is already enabled as of Swift version 6
[2702/2731] Compiling Vapor HTTPServerUpgradeHandler.swift
<unknown>:0: warning: upcoming feature 'InferSendableFromCaptures' is already enabled as of Swift version 6
<unknown>:0: warning: upcoming feature 'GlobalActorIsolatedTypesUsability' is already enabled as of Swift version 6
<unknown>:0: warning: upcoming feature 'DisableOutwardActorInference' is already enabled as of Swift version 6
[2703/2731] Compiling Vapor Application+Sessions.swift
<unknown>:0: warning: upcoming feature 'InferSendableFromCaptures' is already enabled as of Swift version 6
<unknown>:0: warning: upcoming feature 'GlobalActorIsolatedTypesUsability' is already enabled as of Swift version 6
<unknown>:0: warning: upcoming feature 'DisableOutwardActorInference' is already enabled as of Swift version 6
[2704/2731] Compiling Vapor MemorySessions.swift
<unknown>:0: warning: upcoming feature 'InferSendableFromCaptures' is already enabled as of Swift version 6
<unknown>:0: warning: upcoming feature 'GlobalActorIsolatedTypesUsability' is already enabled as of Swift version 6
<unknown>:0: warning: upcoming feature 'DisableOutwardActorInference' is already enabled as of Swift version 6
[2705/2731] Compiling Vapor Request+Session.swift
<unknown>:0: warning: upcoming feature 'InferSendableFromCaptures' is already enabled as of Swift version 6
<unknown>:0: warning: upcoming feature 'GlobalActorIsolatedTypesUsability' is already enabled as of Swift version 6
<unknown>:0: warning: upcoming feature 'DisableOutwardActorInference' is already enabled as of Swift version 6
[2706/2731] Compiling Vapor Session.swift
<unknown>:0: warning: upcoming feature 'InferSendableFromCaptures' is already enabled as of Swift version 6
<unknown>:0: warning: upcoming feature 'GlobalActorIsolatedTypesUsability' is already enabled as of Swift version 6
<unknown>:0: warning: upcoming feature 'DisableOutwardActorInference' is already enabled as of Swift version 6
[2707/2731] Compiling Vapor SessionCache.swift
<unknown>:0: warning: upcoming feature 'InferSendableFromCaptures' is already enabled as of Swift version 6
<unknown>:0: warning: upcoming feature 'GlobalActorIsolatedTypesUsability' is already enabled as of Swift version 6
<unknown>:0: warning: upcoming feature 'DisableOutwardActorInference' is already enabled as of Swift version 6
[2708/2731] Compiling Vapor SessionData.swift
<unknown>:0: warning: upcoming feature 'InferSendableFromCaptures' is already enabled as of Swift version 6
<unknown>:0: warning: upcoming feature 'GlobalActorIsolatedTypesUsability' is already enabled as of Swift version 6
<unknown>:0: warning: upcoming feature 'DisableOutwardActorInference' is already enabled as of Swift version 6
[2709/2731] Compiling Vapor SessionDriver.swift
<unknown>:0: warning: upcoming feature 'InferSendableFromCaptures' is already enabled as of Swift version 6
<unknown>:0: warning: upcoming feature 'GlobalActorIsolatedTypesUsability' is already enabled as of Swift version 6
<unknown>:0: warning: upcoming feature 'DisableOutwardActorInference' is already enabled as of Swift version 6
[2710/2731] Compiling Vapor SessionsConfiguration.swift
<unknown>:0: warning: upcoming feature 'InferSendableFromCaptures' is already enabled as of Swift version 6
<unknown>:0: warning: upcoming feature 'GlobalActorIsolatedTypesUsability' is already enabled as of Swift version 6
<unknown>:0: warning: upcoming feature 'DisableOutwardActorInference' is already enabled as of Swift version 6
[2711/2731] Compiling Vapor SessionsMiddleware.swift
<unknown>:0: warning: upcoming feature 'InferSendableFromCaptures' is already enabled as of Swift version 6
<unknown>:0: warning: upcoming feature 'GlobalActorIsolatedTypesUsability' is already enabled as of Swift version 6
<unknown>:0: warning: upcoming feature 'DisableOutwardActorInference' is already enabled as of Swift version 6
[2712/2731] Compiling Vapor URLEncodedFormData.swift
<unknown>:0: warning: upcoming feature 'InferSendableFromCaptures' is already enabled as of Swift version 6
<unknown>:0: warning: upcoming feature 'GlobalActorIsolatedTypesUsability' is already enabled as of Swift version 6
<unknown>:0: warning: upcoming feature 'DisableOutwardActorInference' is already enabled as of Swift version 6
[2713/2731] Compiling Vapor URLEncodedFormDecoder.swift
<unknown>:0: warning: upcoming feature 'InferSendableFromCaptures' is already enabled as of Swift version 6
<unknown>:0: warning: upcoming feature 'GlobalActorIsolatedTypesUsability' is already enabled as of Swift version 6
<unknown>:0: warning: upcoming feature 'DisableOutwardActorInference' is already enabled as of Swift version 6
[2714/2731] Compiling Vapor URLEncodedFormEncoder.swift
<unknown>:0: warning: upcoming feature 'InferSendableFromCaptures' is already enabled as of Swift version 6
<unknown>:0: warning: upcoming feature 'GlobalActorIsolatedTypesUsability' is already enabled as of Swift version 6
<unknown>:0: warning: upcoming feature 'DisableOutwardActorInference' is already enabled as of Swift version 6
[2715/2731] Compiling Vapor URLEncodedFormError.swift
<unknown>:0: warning: upcoming feature 'InferSendableFromCaptures' is already enabled as of Swift version 6
<unknown>:0: warning: upcoming feature 'GlobalActorIsolatedTypesUsability' is already enabled as of Swift version 6
<unknown>:0: warning: upcoming feature 'DisableOutwardActorInference' is already enabled as of Swift version 6
[2716/2731] Compiling Vapor URLEncodedFormParser.swift
<unknown>:0: warning: upcoming feature 'InferSendableFromCaptures' is already enabled as of Swift version 6
<unknown>:0: warning: upcoming feature 'GlobalActorIsolatedTypesUsability' is already enabled as of Swift version 6
<unknown>:0: warning: upcoming feature 'DisableOutwardActorInference' is already enabled as of Swift version 6
[2717/2731] Compiling Vapor URLEncodedFormSerializer.swift
<unknown>:0: warning: upcoming feature 'InferSendableFromCaptures' is already enabled as of Swift version 6
<unknown>:0: warning: upcoming feature 'GlobalActorIsolatedTypesUsability' is already enabled as of Swift version 6
<unknown>:0: warning: upcoming feature 'DisableOutwardActorInference' is already enabled as of Swift version 6
[2718/2731] Compiling Vapor URLQueryFragmentConvertible.swift
<unknown>:0: warning: upcoming feature 'InferSendableFromCaptures' is already enabled as of Swift version 6
<unknown>:0: warning: upcoming feature 'GlobalActorIsolatedTypesUsability' is already enabled as of Swift version 6
<unknown>:0: warning: upcoming feature 'DisableOutwardActorInference' is already enabled as of Swift version 6
[2719/2731] Compiling Vapor AnyResponse.swift
<unknown>:0: warning: upcoming feature 'InferSendableFromCaptures' is already enabled as of Swift version 6
<unknown>:0: warning: upcoming feature 'GlobalActorIsolatedTypesUsability' is already enabled as of Swift version 6
<unknown>:0: warning: upcoming feature 'DisableOutwardActorInference' is already enabled as of Swift version 6
[2720/2731] Compiling Vapor Array+Random.swift
<unknown>:0: warning: upcoming feature 'InferSendableFromCaptures' is already enabled as of Swift version 6
<unknown>:0: warning: upcoming feature 'GlobalActorIsolatedTypesUsability' is already enabled as of Swift version 6
<unknown>:0: warning: upcoming feature 'DisableOutwardActorInference' is already enabled as of Swift version 6
[2721/2731] Compiling Vapor Base32.swift
<unknown>:0: warning: upcoming feature 'InferSendableFromCaptures' is already enabled as of Swift version 6
<unknown>:0: warning: upcoming feature 'GlobalActorIsolatedTypesUsability' is already enabled as of Swift version 6
<unknown>:0: warning: upcoming feature 'DisableOutwardActorInference' is already enabled as of Swift version 6
[2722/2731] Compiling Vapor Base64.swift
<unknown>:0: warning: upcoming feature 'InferSendableFromCaptures' is already enabled as of Swift version 6
<unknown>:0: warning: upcoming feature 'GlobalActorIsolatedTypesUsability' is already enabled as of Swift version 6
<unknown>:0: warning: upcoming feature 'DisableOutwardActorInference' is already enabled as of Swift version 6
[2723/2731] Compiling Vapor BaseN.swift
<unknown>:0: warning: upcoming feature 'InferSendableFromCaptures' is already enabled as of Swift version 6
<unknown>:0: warning: upcoming feature 'GlobalActorIsolatedTypesUsability' is already enabled as of Swift version 6
<unknown>:0: warning: upcoming feature 'DisableOutwardActorInference' is already enabled as of Swift version 6
[2724/2731] Compiling Vapor BasicCodingKey.swift
<unknown>:0: warning: upcoming feature 'InferSendableFromCaptures' is already enabled as of Swift version 6
<unknown>:0: warning: upcoming feature 'GlobalActorIsolatedTypesUsability' is already enabled as of Swift version 6
<unknown>:0: warning: upcoming feature 'DisableOutwardActorInference' is already enabled as of Swift version 6
[2725/2731] Compiling Vapor ByteCount.swift
<unknown>:0: warning: upcoming feature 'InferSendableFromCaptures' is already enabled as of Swift version 6
<unknown>:0: warning: upcoming feature 'GlobalActorIsolatedTypesUsability' is already enabled as of Swift version 6
<unknown>:0: warning: upcoming feature 'DisableOutwardActorInference' is already enabled as of Swift version 6
[2726/2731] Compiling Vapor Bytes+Hex.swift
<unknown>:0: warning: upcoming feature 'InferSendableFromCaptures' is already enabled as of Swift version 6
<unknown>:0: warning: upcoming feature 'GlobalActorIsolatedTypesUsability' is already enabled as of Swift version 6
<unknown>:0: warning: upcoming feature 'DisableOutwardActorInference' is already enabled as of Swift version 6
[2727/2732] Wrapping AST for Vapor for debugging
[2729/2739] Compiling Leaf LeafRenderer+ViewRenderer.swift
<unknown>:0: warning: upcoming feature 'InferSendableFromCaptures' is already enabled as of Swift version 6
<unknown>:0: warning: upcoming feature 'GlobalActorIsolatedTypesUsability' is already enabled as of Swift version 6
<unknown>:0: warning: upcoming feature 'DisableOutwardActorInference' is already enabled as of Swift version 6
[2730/2739] Compiling Leaf Request+Leaf.swift
<unknown>:0: warning: upcoming feature 'InferSendableFromCaptures' is already enabled as of Swift version 6
<unknown>:0: warning: upcoming feature 'GlobalActorIsolatedTypesUsability' is already enabled as of Swift version 6
<unknown>:0: warning: upcoming feature 'DisableOutwardActorInference' is already enabled as of Swift version 6
[2731/2739] Emitting module Leaf
<unknown>:0: warning: upcoming feature 'InferSendableFromCaptures' is already enabled as of Swift version 6
<unknown>:0: warning: upcoming feature 'GlobalActorIsolatedTypesUsability' is already enabled as of Swift version 6
<unknown>:0: warning: upcoming feature 'DisableOutwardActorInference' is already enabled as of Swift version 6
[2732/2739] Compiling Leaf LeafError+AbortError.swift
<unknown>:0: warning: upcoming feature 'InferSendableFromCaptures' is already enabled as of Swift version 6
<unknown>:0: warning: upcoming feature 'GlobalActorIsolatedTypesUsability' is already enabled as of Swift version 6
<unknown>:0: warning: upcoming feature 'DisableOutwardActorInference' is already enabled as of Swift version 6
[2733/2739] Compiling Leaf Application+Leaf.swift
<unknown>:0: warning: upcoming feature 'InferSendableFromCaptures' is already enabled as of Swift version 6
<unknown>:0: warning: upcoming feature 'GlobalActorIsolatedTypesUsability' is already enabled as of Swift version 6
<unknown>:0: warning: upcoming feature 'DisableOutwardActorInference' is already enabled as of Swift version 6
[2734/2739] Compiling Leaf Exports.swift
<unknown>:0: warning: upcoming feature 'InferSendableFromCaptures' is already enabled as of Swift version 6
<unknown>:0: warning: upcoming feature 'GlobalActorIsolatedTypesUsability' is already enabled as of Swift version 6
<unknown>:0: warning: upcoming feature 'DisableOutwardActorInference' is already enabled as of Swift version 6
[2735/2739] Compiling Leaf LeafEncoder.swift
<unknown>:0: warning: upcoming feature 'InferSendableFromCaptures' is already enabled as of Swift version 6
<unknown>:0: warning: upcoming feature 'GlobalActorIsolatedTypesUsability' is already enabled as of Swift version 6
<unknown>:0: warning: upcoming feature 'DisableOutwardActorInference' is already enabled as of Swift version 6
[2736/2740] Wrapping AST for Leaf for debugging
[2738/2746] Compiling App configure.swift
[2739/2746] Emitting module App
[2740/2746] Compiling App CommonErrorMiddleware.swift
[2741/2746] Compiling App CustomHeaderMiddleware.swift
[2742/2746] Compiling App routes.swift
/host/spi-builder-workspace/Sources/App/routes.swift:7:32: warning: capture of 'index' with non-sendable type '(Request) async throws -> View' in a '@Sendable' closure
5 | app.get("healthz") { _ in ["status": "pass"] }
6 |
7 | app.get { (req) in try await index(req) }
| |- warning: capture of 'index' with non-sendable type '(Request) async throws -> View' in a '@Sendable' closure
| `- note: a function type must be marked '@Sendable' to conform to 'Sendable'
8 | app.get("index.html") { (req) in try await index(req) }
9 | func index(_ req: Request) async throws -> View {
/host/spi-builder-workspace/Sources/App/routes.swift:9:8: warning: concurrently-executed local function 'index' must be marked as '@Sendable'
7 | app.get { (req) in try await index(req) }
8 | app.get("index.html") { (req) in try await index(req) }
9 | func index(_ req: Request) async throws -> View {
| `- warning: concurrently-executed local function 'index' must be marked as '@Sendable'
10 | try await req.view.render(
11 | "index", [
/host/spi-builder-workspace/Sources/App/routes.swift:8:46: warning: capture of 'index' with non-sendable type '(Request) async throws -> View' in a '@Sendable' closure
6 |
7 | app.get { (req) in try await index(req) }
8 | app.get("index.html") { (req) in try await index(req) }
| |- warning: capture of 'index' with non-sendable type '(Request) async throws -> View' in a '@Sendable' closure
| `- note: a function type must be marked '@Sendable' to conform to 'Sendable'
9 | func index(_ req: Request) async throws -> View {
10 | try await req.view.render(
/host/spi-builder-workspace/Sources/App/routes.swift:52:30: warning: capture of 'parserCommand(branch:code:arguments:)' with non-sendable type '(String, String, [String]) async throws -> (stdout: String, stderr: String)' in a '@Sendable' closure
50 | app.on(.POST, "update", body: .collect(maxSize: "10mb")) { (req) -> SyntaxResponse in
51 | let parameter = try req.content.decode(RequestParameter.self)
52 | let response = try await parserCommand(
| |- warning: capture of 'parserCommand(branch:code:arguments:)' with non-sendable type '(String, String, [String]) async throws -> (stdout: String, stderr: String)' in a '@Sendable' closure
| `- note: a function type must be marked '@Sendable' to conform to 'Sendable'
53 | branch: parameter.branch ?? "50800",
54 | code: parameter.code,
/host/spi-builder-workspace/Sources/App/routes.swift:60:8: warning: concurrently-executed local function 'parserCommand(branch:code:arguments:)' must be marked as '@Sendable'
58 | }
59 |
60 | func parserCommand(branch: String, code: String, arguments: [String]) async throws -> (stdout: String, stderr: String) {
| `- warning: concurrently-executed local function 'parserCommand(branch:code:arguments:)' must be marked as '@Sendable'
61 | let process = TSCBasic.Process.init(
62 | arguments: ["parser"] + arguments,
[2743/2746] Compiling App entrypoint.swift
[2744/2747] Wrapping AST for App for debugging
[2745/2747] Write Objects.LinkFileList
error: link command failed with exit code 1 (use -v to see invocation)
ld.lld: error: undefined symbol: posix_spawnp
>>> referenced by process.c:56 (.build/checkouts/swift-tools-support-core/Sources/TSCclibc/process.c:56)
>>> /host/spi-builder-workspace/.build/aarch64-unknown-linux-android24/debug/TSCclibc.build/process.c.o:(SPM_posix_spawnp)
ld.lld: error: undefined symbol: posix_spawnattr_destroy
>>> referenced by Process.swift:637 (/host/spi-builder-workspace/.build/checkouts/swift-tools-support-core/Sources/TSCBasic/Process/Process.swift:637)
>>> /host/spi-builder-workspace/.build/aarch64-unknown-linux-android24/debug/TSCBasic.build/Process.swift.o:($s8TSCBasic7ProcessC6launchAA18WritableByteStream_pyKF6$deferL_yyF)
ld.lld: error: undefined symbol: posix_spawn_file_actions_destroy
>>> referenced by Process.swift:684 (/host/spi-builder-workspace/.build/checkouts/swift-tools-support-core/Sources/TSCBasic/Process/Process.swift:684)
>>> /host/spi-builder-workspace/.build/aarch64-unknown-linux-android24/debug/TSCBasic.build/Process.swift.o:($s8TSCBasic7ProcessC6launchAA18WritableByteStream_pyKF6$deferL0_yyF)
ld.lld: error: undefined symbol: posix_spawnattr_init
>>> referenced by Process.swift:636 (/host/spi-builder-workspace/.build/checkouts/swift-tools-support-core/Sources/TSCBasic/Process/Process.swift:636)
>>> /host/spi-builder-workspace/.build/aarch64-unknown-linux-android24/debug/TSCBasic.build/Process.swift.o:($s8TSCBasic7ProcessC6launchAA18WritableByteStream_pyKF)
ld.lld: error: undefined symbol: posix_spawnattr_setsigmask
>>> referenced by Process.swift:642 (/host/spi-builder-workspace/.build/checkouts/swift-tools-support-core/Sources/TSCBasic/Process/Process.swift:642)
>>> /host/spi-builder-workspace/.build/aarch64-unknown-linux-android24/debug/TSCBasic.build/Process.swift.o:($s8TSCBasic7ProcessC6launchAA18WritableByteStream_pyKF)
ld.lld: error: undefined symbol: posix_spawnattr_setsigdefault
>>> referenced by Process.swift:662 (/host/spi-builder-workspace/.build/checkouts/swift-tools-support-core/Sources/TSCBasic/Process/Process.swift:662)
>>> /host/spi-builder-workspace/.build/aarch64-unknown-linux-android24/debug/TSCBasic.build/Process.swift.o:($s8TSCBasic7ProcessC6launchAA18WritableByteStream_pyKF)
ld.lld: error: undefined symbol: posix_spawnattr_setpgroup
>>> referenced by Process.swift:670 (/host/spi-builder-workspace/.build/checkouts/swift-tools-support-core/Sources/TSCBasic/Process/Process.swift:670)
>>> /host/spi-builder-workspace/.build/aarch64-unknown-linux-android24/debug/TSCBasic.build/Process.swift.o:($s8TSCBasic7ProcessC6launchAA18WritableByteStream_pyKF)
ld.lld: error: undefined symbol: posix_spawnattr_setflags
>>> referenced by Process.swift:673 (/host/spi-builder-workspace/.build/checkouts/swift-tools-support-core/Sources/TSCBasic/Process/Process.swift:673)
>>> /host/spi-builder-workspace/.build/aarch64-unknown-linux-android24/debug/TSCBasic.build/Process.swift.o:($s8TSCBasic7ProcessC6launchAA18WritableByteStream_pyKF)
ld.lld: error: undefined symbol: posix_spawn_file_actions_init
>>> referenced by Process.swift:683 (/host/spi-builder-workspace/.build/checkouts/swift-tools-support-core/Sources/TSCBasic/Process/Process.swift:683)
>>> /host/spi-builder-workspace/.build/aarch64-unknown-linux-android24/debug/TSCBasic.build/Process.swift.o:($s8TSCBasic7ProcessC6launchAA18WritableByteStream_pyKF)
ld.lld: error: undefined symbol: posix_spawn_file_actions_adddup2
>>> referenced by Process.swift:703 (/host/spi-builder-workspace/.build/checkouts/swift-tools-support-core/Sources/TSCBasic/Process/Process.swift:703)
>>> /host/spi-builder-workspace/.build/aarch64-unknown-linux-android24/debug/TSCBasic.build/Process.swift.o:($s8TSCBasic7ProcessC6launchAA18WritableByteStream_pyKF)
>>> referenced by Process.swift:716 (/host/spi-builder-workspace/.build/checkouts/swift-tools-support-core/Sources/TSCBasic/Process/Process.swift:716)
>>> /host/spi-builder-workspace/.build/aarch64-unknown-linux-android24/debug/TSCBasic.build/Process.swift.o:($s8TSCBasic7ProcessC6launchAA18WritableByteStream_pyKF)
>>> referenced by Process.swift:724 (/host/spi-builder-workspace/.build/checkouts/swift-tools-support-core/Sources/TSCBasic/Process/Process.swift:724)
>>> /host/spi-builder-workspace/.build/aarch64-unknown-linux-android24/debug/TSCBasic.build/Process.swift.o:($s8TSCBasic7ProcessC6launchAA18WritableByteStream_pyKF)
>>> referenced 3 more times
ld.lld: error: undefined symbol: posix_spawn_file_actions_addclose
>>> referenced by Process.swift:706 (/host/spi-builder-workspace/.build/checkouts/swift-tools-support-core/Sources/TSCBasic/Process/Process.swift:706)
>>> /host/spi-builder-workspace/.build/aarch64-unknown-linux-android24/debug/TSCBasic.build/Process.swift.o:($s8TSCBasic7ProcessC6launchAA18WritableByteStream_pyKF)
>>> referenced by Process.swift:707 (/host/spi-builder-workspace/.build/checkouts/swift-tools-support-core/Sources/TSCBasic/Process/Process.swift:707)
>>> /host/spi-builder-workspace/.build/aarch64-unknown-linux-android24/debug/TSCBasic.build/Process.swift.o:($s8TSCBasic7ProcessC6launchAA18WritableByteStream_pyKF)
>>> referenced by Process.swift:719 (/host/spi-builder-workspace/.build/checkouts/swift-tools-support-core/Sources/TSCBasic/Process/Process.swift:719)
>>> /host/spi-builder-workspace/.build/aarch64-unknown-linux-android24/debug/TSCBasic.build/Process.swift.o:($s8TSCBasic7ProcessC6launchAA18WritableByteStream_pyKF)
>>> referenced 3 more times
clang: error: linker command failed with exit code 1 (use -v to see invocation)
[2746/2747] Linking App
Running build ...
bash -c docker run --pull=always --rm -v "checkouts-53886768-0":/host -w "$PWD" -e JAVA_HOME="/root/.sdkman/candidates/java/current" -e SPI_BUILD="1" -e SPI_PROCESSING="1" registry.gitlab.com/saguaro1/spi-images:android-6.1-latest swift build --swift-sdk aarch64-unknown-linux-android24 2>&1
android-6.1-latest: Pulling from saguaro1/spi-images
Digest: sha256:639806e3270a7d76362a869fc7a464db4368085eea7ecdf63d02ce60a0298950
Status: Image is up to date for registry.gitlab.com/saguaro1/spi-images:android-6.1-latest
[0/1] Planning build
Building for debugging...
[0/65] Write swift-version-24593BA9C3E375BF.txt
[2/132] Compiling RealModule RealFunctions.swift
[3/133] Compiling CoreMetrics WithMetricsFactory.swift
[4/133] Compiling InternalCollectionsUtilities UnsafeMutableRawBufferPointer+Extras.swift
[5/133] Compiling InternalCollectionsUtilities UnsafeRawBufferPointer+Extras.swift
[6/135] Compiling CoreMetrics MappingMetricsFactory.swift
[7/135] Compiling RealModule Float80+Real.swift
[8/135] Compiling RealModule Real.swift
[9/135] Compiling InternalCollectionsUtilities Integer rank.swift
[10/135] Compiling InternalCollectionsUtilities UInt+first and last set bit.swift
[11/135] Emitting module ServiceContextModule
[12/135] Compiling ServiceContextModule ServiceContext.swift
[13/135] Compiling ServiceContextModule ServiceContextKey.swift
[14/136] Compiling RealModule RelaxedArithmetic.swift
[15/136] Compiling NIOConcurrencyHelpers NIOLockedValueBox.swift
[16/136] Compiling InternalCollectionsUtilities RandomAccessCollection+Offsets.swift
[17/136] Compiling InternalCollectionsUtilities Span+Extras.swift
[18/136] Compiling InternalCollectionsUtilities _SortedCollection.swift
[19/136] Compiling InternalCollectionsUtilities _UniqueCollection.swift
[20/137] Compiling RealModule Float16+Real.swift
[21/137] Compiling CryptoBoringWrapper FiniteFieldArithmeticContext.swift
[22/137] Compiling CryptoBoringWrapper RandomBytes.swift
[23/137] Compiling InternalCollectionsUtilities UInt+reversed.swift
[24/137] Compiling InternalCollectionsUtilities LifetimeOverride.swift
[25/137] Compiling NIOConcurrencyHelpers NIOLock.swift
[26/137] Compiling Logging LoggingSystem.swift
[27/137] Emitting module CryptoBoringWrapper
[28/137] Compiling _NIODataStructures Heap.swift
[35/137] Compiling NIOConcurrencyHelpers NIOThreadPoolWorkAvailable.swift
[38/137] Compiling NIOConcurrencyHelpers NIOAtomic.swift
[40/137] Compiling CryptoBoringWrapper BoringSSLAEAD.swift
[41/137] Compiling CryptoBoringWrapper EllipticCurve.swift
[42/137] Compiling InternalCollectionsUtilities UnsafeBufferPointer+Extras.swift
[43/137] Compiling InternalCollectionsUtilities UnsafeMutableBufferPointer+Extras.swift
[44/136] Compiling NIOConcurrencyHelpers lock.swift
[45/136] Compiling NIOConcurrencyHelpers atomics.swift
[46/136] Compiling Logging MetadataProvider.swift
[47/136] Emitting module RealModule
[50/137] Compiling Logging Logger+With.swift
unable to find node: pound
unable to find node: pound
[51/137] Compiling Logging Logger.swift
[52/137] Compiling _NIODataStructures PriorityQueue.swift
[53/137] Compiling _NIODataStructures _TinyArray.swift
[54/137] Emitting module _NIODataStructures
[55/138] Compiling Logging Logger+Attributes.swift
[57/140] Compiling InternalCollectionsUtilities String+Padding.swift
[58/140] Compiling InternalCollectionsUtilities _UnsafeBitSet+Index.swift
[59/140] Compiling InternalCollectionsUtilities _UnsafeBitSet+_Word.swift
[60/140] Compiling InternalCollectionsUtilities _UnsafeBitSet.swift
[61/140] Emitting module NIOConcurrencyHelpers
[63/141] Emitting module Logging
unable to find node: pound
unable to find node: pound
[66/141] Compiling CryptoBoringWrapper EllipticCurvePoint.swift
[67/141] Compiling CryptoBoringWrapper ArbitraryPrecisionInteger.swift
[68/141] Compiling CryptoBoringWrapper CryptoKitErrors_boring.swift
[70/142] Compiling InternalCollectionsUtilities Debugging.swift
[71/142] Compiling InternalCollectionsUtilities Descriptions.swift
[72/142] Compiling InternalCollectionsUtilities FixedWidthInteger+roundUpToPowerOfTwo.swift
[73/142] Emitting module InternalCollectionsUtilities
[77/143] Emitting module _NIOBase64
[78/143] Emitting module TSCLibc
[79/143] Compiling TSCLibc libc.swift
[80/184] Emitting module CoreMetrics
[81/184] Compiling CoreMetrics Metrics.swift
[82/184] Compiling CoreMetrics Locks.swift
[84/210] Compiling _NIOBase64 Base64.swift
[85/211] Compiling SwiftASN1 UTCTime.swift
[86/211] Compiling SystemPackage IORequest.swift
[87/211] Compiling SystemPackage IORing+Util.swift
[88/211] Compiling SystemPackage IORing.swift
[89/211] Compiling SystemPackage RawIORequest.swift
[92/214] Compiling Instrumentation NoOpInstrument.swift
[93/214] Emitting module RoutingKit
[94/214] Compiling RoutingKit AnyRouter.swift
[95/214] Compiling Instrumentation Locks.swift
[96/214] Compiling Instrumentation MultiplexInstrument.swift
[97/268] Emitting module Instrumentation
[98/279] Compiling Instrumentation Instrument.swift
[99/279] Compiling Instrumentation InstrumentationSystem.swift
[100/285] Compiling RoutingKit Parameters.swift
[101/286] Emitting module _CertificateInternals
[102/286] Compiling _CertificateInternals _TinyArray.swift
[103/319] Compiling RoutingKit PathComponent.swift
[104/319] Compiling RoutingKit TrieRouter.swift
[105/319] Compiling RoutingKit Router.swift
[107/319] Compiling TSCBasic OrderedSet.swift
[108/319] Compiling TSCBasic Path.swift
[109/319] Compiling TSCBasic PathShims.swift
[110/319] Compiling TSCBasic Process.swift
[111/319] Compiling TSCBasic ProcessEnv.swift
[112/319] Compiling TSCBasic ProcessSet.swift
[113/319] Compiling TSCBasic RegEx.swift
[114/319] Compiling TSCBasic Result.swift
[115/319] Compiling TSCBasic SortedArray.swift
[116/319] Compiling TSCBasic StringConversions.swift
[117/319] Compiling TSCBasic JSON.swift
[118/319] Compiling TSCBasic JSONMapper.swift
[119/319] Compiling TSCBasic KeyedPair.swift
[120/319] Compiling TSCBasic Lock.swift
[121/319] Compiling TSCBasic OrderedDictionary.swift
[122/319] Compiling TSCBasic Await.swift
[123/319] Compiling TSCBasic ByteString.swift
[124/319] Compiling TSCBasic CStringArray.swift
[125/319] Compiling TSCBasic Closable.swift
[126/319] Compiling TSCBasic CollectionAlgorithms.swift
[127/319] Compiling TSCBasic EditDistance.swift
[128/319] Compiling TSCBasic FileInfo.swift
[129/319] Compiling TSCBasic FileSystem.swift
[130/319] Compiling TSCBasic GraphAlgorithms.swift
[131/319] Compiling TSCBasic HashAlgorithms.swift
[132/319] Compiling TSCBasic CollectionExtensions.swift
[133/319] Compiling TSCBasic Condition.swift
[134/319] Compiling TSCBasic DiagnosticsEngine.swift
[135/319] Compiling TSCBasic DictionaryExtensions.swift
[136/319] Compiling TSCBasic DictionaryLiteralExtensions.swift
[139/326] Compiling TSCBasic TemporaryFile.swift
[140/326] Compiling _RopeModule BigString+Append.swift
[141/326] Compiling _RopeModule BigString+Initializers.swift
[142/326] Compiling _RopeModule BigString+Insert.swift
[143/326] Compiling _RopeModule BigString+Managing Breaks.swift
[144/400] Compiling OrderedCollections _HashTable+Constants.swift
[145/400] Compiling OrderedCollections _HashTable+CustomStringConvertible.swift
[146/400] Compiling OrderedCollections _HashTable+Testing.swift
[147/400] Compiling OrderedCollections _HashTable+UnsafeHandle.swift
[148/400] Compiling OrderedCollections _HashTable.swift
[149/400] Compiling HeapModule _HeapNode.swift
[150/400] Compiling OrderedCollections OrderedDictionary+Sequence.swift
[151/400] Compiling OrderedCollections OrderedDictionary+Values.swift
[152/400] Compiling OrderedCollections OrderedDictionary.swift
[153/400] Compiling OrderedCollections OrderedSet+Codable.swift
[154/400] Compiling OrderedCollections OrderedSet+CustomReflectable.swift
[155/404] Compiling HeapModule Heap+ExpressibleByArrayLiteral.swift
[156/404] Compiling HeapModule Heap+Descriptions.swift
[157/404] Compiling Tracing InstrumentationSystem+Tracing.swift
[158/405] Compiling OrderedCollections OrderedDictionary+Invariants.swift
[159/405] Compiling OrderedCollections OrderedDictionary+Move.swift
[160/405] Compiling OrderedCollections OrderedDictionary+Partial MutableCollection.swift
[161/405] Compiling OrderedCollections OrderedDictionary+Partial RangeReplaceableCollection.swift
[162/405] Compiling OrderedCollections OrderedDictionary+Sendable.swift
[163/405] Emitting module Metrics
[164/405] Compiling Metrics Metrics.swift
[165/406] Compiling Tracing NoOpTracer.swift
[169/406] Compiling OrderedCollections _Hashtable+Header.swift
[170/406] Compiling TSCBasic TerminalController.swift
[171/406] Compiling TSCBasic Thread.swift
[172/406] Compiling TSCBasic WritableByteStream.swift
[173/406] Compiling TSCBasic misc.swift
[174/406] Compiling OrderedCollections OrderedSet+Move.swift
[175/406] Compiling OrderedCollections OrderedSet+Partial MutableCollection.swift
[176/406] Compiling OrderedCollections OrderedSet+Partial RangeReplaceableCollection.swift
[177/406] Compiling OrderedCollections OrderedSet+Partial SetAlgebra formIntersection.swift
[178/408] Compiling Tracing TracingTime.swift
[180/408] Compiling Tracing TracerProtocol.swift
[181/408] Compiling HeapModule Heap.swift
[182/408] Compiling OrderedCollections OrderedDictionary+Descriptions.swift
[183/408] Compiling OrderedCollections OrderedDictionary+Elements.SubSequence.swift
[184/407] Compiling HeapModule Heap+UnsafeHandle.swift
[185/407] Compiling HeapModule Heap+Invariants.swift
[186/407] Compiling Tracing Tracer.swift
[187/407] Compiling Tracing TracerProtocol+Legacy.swift
[188/407] Emitting module Tracing
[189/407] Compiling Tracing WithTracer.swift
[190/407] Compiling OrderedCollections OrderedDictionary+Elements.swift
[191/407] Compiling OrderedCollections OrderedDictionary+Equatable.swift
[192/407] Compiling OrderedCollections OrderedDictionary+ExpressibleByDictionaryLiteral.swift
[193/407] Compiling OrderedCollections OrderedDictionary+Hashable.swift
[194/407] Compiling OrderedCollections OrderedDictionary+Initializers.swift
[201/407] Compiling OrderedCollections OrderedSet+Partial SetAlgebra formSymmetricDifference.swift
[202/407] Compiling OrderedCollections OrderedSet+Partial SetAlgebra formUnion.swift
[203/407] Compiling OrderedCollections OrderedSet+Partial SetAlgebra intersection.swift
[204/407] Compiling OrderedCollections OrderedSet+Partial SetAlgebra isDisjoint.swift
[205/407] Compiling OrderedCollections OrderedSet+Partial SetAlgebra isEqualSet.swift
[206/407] Compiling OrderedCollections OrderedSet+Partial SetAlgebra isStrictSubset.swift
[207/407] Compiling OrderedCollections OrderedSet+Partial SetAlgebra isStrictSuperset.swift
[208/407] Compiling OrderedCollections OrderedSet+Partial SetAlgebra isSubset.swift
[209/407] Compiling OrderedCollections OrderedSet+Partial SetAlgebra isSuperset.swift
[210/407] Compiling OrderedCollections OrderedSet+Partial SetAlgebra subtract.swift
[211/407] Compiling OrderedCollections OrderedSet+Partial SetAlgebra subtracting.swift
[212/407] Compiling OrderedCollections OrderedSet+Partial SetAlgebra symmetricDifference.swift
[213/407] Compiling OrderedCollections OrderedSet+Partial SetAlgebra union.swift
[214/407] Compiling OrderedCollections OrderedSet+Partial SetAlgebra+Basics.swift
[215/407] Compiling OrderedCollections OrderedSet+RandomAccessCollection.swift
[216/407] Compiling OrderedCollections OrderedSet+ReserveCapacity.swift
[217/410] Emitting module HeapModule
[218/415] Emitting module SystemPackage
[224/415] Compiling OrderedCollections _HashTable+Bucket.swift
[225/415] Compiling OrderedCollections _HashTable+BucketIterator.swift
[233/490] Emitting module TSCBasic
[234/490] Compiling Tracing SpanProtocol.swift
[236/490] Compiling HashTreeCollections _HashNode+Builder.swift
[237/490] Compiling HashTreeCollections _HashNode+Debugging.swift
[238/490] Compiling HashTreeCollections _HashNode+Initializers.swift
[239/490] Compiling HashTreeCollections _AncestorHashSlots.swift
[240/490] Compiling HashTreeCollections _Bitmap.swift
[241/490] Compiling HashTreeCollections _Bucket.swift
[242/575] Compiling Crypto X25519Keys.swift
[243/575] Compiling Crypto SymmetricKeys.swift
[244/575] Compiling Crypto HMAC.swift
[245/575] Compiling Crypto MACFunctions.swift
[246/575] Compiling Crypto MessageAuthenticationCode.swift
[247/575] Compiling Crypto AES.swift
[248/575] Compiling Crypto ECDSASignature_boring.swift
[249/575] Compiling Crypto ECDSA_boring.swift
[250/575] Compiling Crypto EdDSA_boring.swift
[251/600] Compiling ContainersPreview Container.swift
[252/600] Compiling ContainersPreview ContainerIterator.swift
[253/610] Compiling Crypto HPKE-Errors.swift
[254/610] Compiling Crypto HPKE.swift
[255/610] Compiling Crypto HPKE-Context.swift
[256/610] Compiling Crypto HPKE-KeySchedule.swift
[257/610] Compiling Crypto HPKE-Modes.swift
[258/610] Compiling Crypto Insecure.swift
[259/610] Compiling Crypto HKDF.swift
[260/610] Compiling Crypto AESWrap.swift
[261/610] Compiling Crypto AESWrap_boring.swift
[262/610] Compiling Crypto Ed25519_boring.swift
[263/620] Compiling ContainersPreview RangeExpression2.swift
[264/620] Compiling ContainersPreview RangeReplaceableContainer.swift
[265/620] Compiling ContainersPreview Strideable+Limits.swift
[266/620] Compiling ContainersPreview Drain+Map.swift
[267/620] Compiling ContainersPreview Drain+Reduce.swift
[268/620] Compiling ContainersPreview Drain.swift
[269/620] Compiling ContainersPreview Producer+Collect.swift
[270/620] Compiling ContainersPreview Producer+Filter.swift
[271/620] Compiling ContainersPreview Producer+Map.swift
[272/620] Compiling ContainersPreview Producer+Reduce.swift
[275/620] Compiling ContainersPreview DynamicContainer.swift
[276/620] Compiling ContainersPreview MutableContainer.swift
[277/620] Compiling ContainersPreview PermutableContainer.swift
[278/620] Compiling ContainersPreview RandomAccessContainer.swift
[281/620] Compiling ContainersPreview Producer.swift
[282/620] Compiling ContainersPreview InputSpan.swift
[283/620] Compiling ContainersPreview MutableRef.swift
[284/620] Compiling Crypto ASN1Integer.swift
[285/620] Compiling Crypto Insecure_HashFunctions.swift
[286/620] Compiling Crypto MLKEM_boring.swift
[287/620] Compiling Crypto MLKEM_wrapper.swift
[288/620] Compiling Crypto XWing_boring.swift
[289/620] Compiling ContainersPreview BidirectionalContainer.swift
[290/620] Compiling ContainersPreview Container+Filter.swift
[291/620] Compiling ContainersPreview OutputSpan+Extras.swift
[292/620] Compiling ContainersPreview TemporaryAllocation.swift
[293/620] Compiling ContainersPreview BorrowingIteratorProtocol+Copy.swift
[294/620] Compiling ContainersPreview BorrowingIteratorProtocol+ElementsEqual.swift
[295/620] Compiling ContainersPreview BorrowingIteratorProtocol+Filter.swift
[296/620] Compiling ContainersPreview Container+SpanwiseZip.swift
[297/620] Compiling ContainersPreview BorrowingIteratorProtocol+Map.swift
[298/620] Compiling ContainersPreview BorrowingIteratorProtocol+Reduce.swift
[299/620] Compiling ContainersPreview BorrowingIteratorProtocol+SpanwiseZip.swift
[300/620] Compiling ContainersPreview BorrowingIteratorProtocol.swift
[301/620] Compiling ContainersPreview BorrowingSequence+Algorithms.swift
[302/620] Compiling ContainersPreview BorrowingSequence+Standard Conformances.swift
[303/620] Compiling ContainersPreview BorrowingSequence+Utilities.swift
[304/620] Compiling ContainersPreview BorrowingSequence.swift
[309/620] Compiling Crypto NISTCurvesKeys_boring.swift
[310/620] Compiling Crypto X25519Keys_boring.swift
[311/620] Compiling Crypto Curve25519.swift
[312/620] Compiling Crypto Ed25519Keys.swift
[313/620] Compiling Crypto NISTCurvesKeys.swift
[322/620] Compiling Crypto KEM-Errors.swift
[323/620] Compiling Crypto KEM.swift
[324/620] Compiling Crypto MLKEM.swift
[325/620] Compiling Crypto XWing.swift
[326/620] Compiling Crypto ECDH_boring.swift
[327/620] Compiling Crypto DH.swift
[328/620] Compiling Crypto ECDH.swift
[329/620] Compiling Crypto ANSIx963.swift
[330/620] Compiling Crypto HPKE-LabeledExtract.swift
[331/620] Compiling Crypto HPKE-Utils.swift
[332/620] Compiling Crypto DHKEM.swift
[333/620] Compiling Crypto HPKE-KEM-Curve25519.swift
[334/620] Compiling Crypto HPKE-NIST-EC-KEMs.swift
[335/620] Compiling Crypto HPKE-KEM.swift
[388/624] Emitting module ContainersPreview
[400/624] Compiling ContainersPreview Ref.swift
[401/624] Compiling ContainersPreview Shared.swift
[402/624] Compiling ContainersPreview SpanIterator.swift
[403/624] Compiling ContainersPreview UniqueBox.swift
[413/625] Emitting module SwiftASN1
[414/625] Emitting module _RopeModule
[415/626] Compiling HashTreeCollections TreeSet+SetAlgebra isEqualSet.swift
[416/626] Compiling HashTreeCollections TreeSet+SetAlgebra isStrictSubset.swift
[417/626] Compiling HashTreeCollections TreeSet+SetAlgebra isStrictSuperset.swift
[418/626] Compiling HashTreeCollections TreeSet+SetAlgebra isSubset.swift
[419/626] Compiling HashTreeCollections TreeSet+SetAlgebra isSuperset.swift
[420/626] Compiling HashTreeCollections TreeSet+SetAlgebra subtract.swift
[421/626] Compiling HashTreeCollections TreeSet+SetAlgebra subtracting.swift
[422/626] Compiling HashTreeCollections TreeSet+SetAlgebra symmetricDifference.swift
[423/626] Compiling HashTreeCollections TreeSet+SetAlgebra union.swift
[424/626] Compiling HashTreeCollections TreeSet.swift
[442/692] Compiling DequeModule UniqueDeque+Hashable.swift
[443/692] Compiling DequeModule UniqueDeque+Initializers.swift
[444/692] Compiling DequeModule UniqueDeque+Insertions.swift
[445/692] Compiling DequeModule UniqueDeque+Prepend.swift
[446/692] Compiling DequeModule UniqueDeque+Removals.swift
[447/697] Compiling DequeModule RigidDeque+Equatable.swift
[448/697] Compiling DequeModule RigidDeque+Experimental.swift
[449/697] Compiling DequeModule RigidDeque+Hashable.swift
[450/697] Compiling DequeModule RigidDeque+Initializers.swift
[451/697] Compiling DequeModule RigidDeque+Insertions.swift
[452/697] Compiling DequeModule RigidDeque+Prepend.swift
[453/697] Compiling DequeModule UniqueDeque+Container.swift
[454/697] Compiling DequeModule UniqueDeque+Deprecated.swift
[455/697] Compiling DequeModule UniqueDeque+Descriptions.swift
[456/697] Compiling DequeModule UniqueDeque+Equatable.swift
[457/697] Compiling DequeModule UniqueDeque+Experimental.swift
[458/697] Compiling DequeModule RigidDeque+Removals.swift
[459/697] Compiling DequeModule RigidDeque+Replacements.swift
[460/697] Compiling DequeModule RigidDeque+Testing.swift
[461/697] Compiling DequeModule RigidDeque.swift
[462/697] Compiling DequeModule UniqueDeque+Append.swift
[463/697] Compiling DequeModule UniqueDeque+Consumption.swift
[464/765] Compiling BitCollections BitSet+Initializers.swift
[465/765] Compiling BitCollections BitSet+Invariants.swift
[466/765] Compiling BitCollections BitSet+Random.swift
[467/765] Compiling BitCollections BitSet+SetAlgebra basics.swift
[468/765] Compiling BitCollections BitSet+SetAlgebra conformance.swift
[469/765] Compiling BitCollections BitSet+SetAlgebra formIntersection.swift
[470/769] Compiling BitCollections BitArray+Equatable.swift
[471/769] Compiling BitCollections BitArray+ExpressibleByArrayLiteral.swift
[472/769] Compiling BitCollections BitArray+ExpressibleByStringLiteral.swift
[473/769] Compiling BitCollections BitArray+Extras.swift
[474/772] Compiling BitCollections BinaryInteger extensions.swift
[475/772] Compiling BitCollections BitArray+BitwiseOperations.swift
[476/772] Compiling BitCollections BitArray+ChunkedBitsIterators.swift
[477/772] Compiling BitCollections BitArray+Codable.swift
[478/772] Compiling BitCollections BitArray+Collection.swift
[479/772] Compiling BitCollections BitArray+Copy.swift
[480/772] Compiling BitCollections BitArray+CustomReflectable.swift
[481/772] Compiling BitCollections BitArray+Descriptions.swift
[489/772] Compiling BitCollections BitArray+Testing.swift
[490/772] Compiling BitCollections BitArray._UnsafeHandle.swift
[491/772] Compiling BitCollections BitArray.swift
[492/772] Compiling BitCollections BitSet+BidirectionalCollection.swift
[495/772] Compiling BitCollections BitArray+Fill.swift
[496/772] Compiling BitCollections BitArray+Hashable.swift
[497/772] Compiling BitCollections BitArray+Initializers.swift
[498/772] Emitting module ConsoleKitTerminal
[505/774] Compiling BitCollections BitArray+Invariants.swift
[506/774] Compiling BitCollections BitArray+LosslessStringConvertible.swift
[508/774] Compiling Atomics IntegerOperations.swift
[509/774] Compiling Atomics Unmanaged extensions.swift
[526/774] Compiling BitCollections BitArray+Shifts.swift
[529/774] Compiling BitCollections BitSet+SetAlgebra intersection.swift
[530/774] Compiling BitCollections BitSet+SetAlgebra isDisjoint.swift
[531/774] Compiling BitCollections BitSet+SetAlgebra isEqualSet.swift
[532/774] Compiling BitCollections BitSet+SetAlgebra isStrictSubset.swift
[533/774] Compiling BitCollections BitSet+SetAlgebra isStrictSuperset.swift
[534/774] Compiling BitCollections BitSet+SetAlgebra isSubset.swift
[535/774] Compiling BitCollections BitSet+Codable.swift
[536/774] Compiling BitCollections BitSet+CustomDebugStringConvertible.swift
[537/774] Compiling BitCollections BitSet+CustomReflectable.swift
[538/774] Compiling BitCollections BitSet+CustomStringConvertible.swift
[539/774] Compiling BitCollections BitSet+Equatable.swift
[573/778] Emitting module OrderedCollections
[588/787] Compiling BitCollections BitSet+SetAlgebra isSuperset.swift
[589/787] Compiling BitCollections BitSet+SetAlgebra subtract.swift
[590/787] Compiling BitCollections BitSet+SetAlgebra subtracting.swift
[591/787] Compiling BitCollections BitSet+SetAlgebra symmetricDifference.swift
[592/787] Compiling BitCollections BitSet+SetAlgebra union.swift
[593/787] Compiling BitCollections BitSet+Sorted Collection APIs.swift
[594/787] Compiling BitCollections BitSet.Counted.swift
[596/794] Compiling ConsoleKitTerminal AnySendableHashable.swift
[597/794] Compiling ConsoleKitTerminal ConsoleLogger.swift
[598/794] Compiling ConsoleKitTerminal LoggerFragment.swift
[601/794] Compiling BitCollections BitSet+SetAlgebra formSymmetricDifference.swift
[602/794] Compiling BitCollections BitSet+SetAlgebra formUnion.swift
[626/794] Compiling BitCollections BitSet+ExpressibleByArrayLiteral.swift
[627/794] Compiling BitCollections BitSet+Extras.swift
[628/794] Compiling BitCollections BitSet+Hashable.swift
[654/819] Wrapping AST for _RopeModule for debugging
[657/819] Compiling Algorithms FirstNonNil.swift
[658/819] Compiling Algorithms AdjacentPairs.swift
[659/819] Compiling Algorithms Chain.swift
[660/819] Compiling Algorithms Chunked.swift
[661/819] Compiling Algorithms Combinations.swift
[662/819] Compiling Algorithms FlattenCollection.swift
[663/818] Compiling Algorithms Joined.swift
[664/818] Compiling Algorithms Keyed.swift
[665/818] Compiling Algorithms MinMax.swift
[666/818] Compiling Algorithms Compacted.swift
[667/818] Compiling Algorithms Cycle.swift
[668/818] Compiling Algorithms EitherSequence.swift
[669/818] Emitting module BitCollections
[669/818] Wrapping AST for TSCBasic for debugging
[670/818] Wrapping AST for RealModule for debugging
[672/840] Emitting module Crypto
[678/840] Compiling BitCollections BitSet.Index.swift
[679/840] Compiling BitCollections BitSet._UnsafeHandle.swift
[680/840] Compiling BitCollections BitSet.swift
[681/840] Compiling BitCollections Range+Utilities.swift
[682/840] Compiling BitCollections Slice+Utilities.swift
[683/840] Compiling BitCollections UInt+Tricks.swift
[684/840] Compiling BitCollections _Word.swift
[697/840] Compiling ConsoleKitCommands AsyncCommands.swift
[698/840] Compiling ConsoleKitCommands GenerateAsyncAutocompleteCommand.swift
[699/840] Compiling ConsoleKitCommands AnyCommand.swift
[700/840] Compiling ConsoleKitCommands AnyAsyncCommand.swift
[701/840] Compiling ConsoleKitCommands AsyncCommand.swift
[702/840] Compiling ConsoleKitCommands AsyncCommandGroup.swift
[703/840] Compiling ConsoleKitCommands Command.swift
[704/840] Compiling ConsoleKitCommands CommandContext.swift
[705/840] Compiling ConsoleKitCommands CommandError.swift
[706/840] Compiling ConsoleKitCommands Console+Run.swift
[707/840] Compiling ConsoleKitCommands ConsoleError.swift
[708/840] Compiling ConsoleKitCommands Completion.swift
[709/840] Compiling ConsoleKitCommands CommandGroup.swift
[710/840] Compiling ConsoleKitCommands CommandInput.swift
[711/840] Compiling ConsoleKitCommands Commands.swift
[712/840] Compiling ConsoleKitCommands GenerateAutocompleteCommand.swift
[713/840] Compiling ConsoleKitCommands MergedAsyncCommandGroup.swift
[714/840] Compiling ConsoleKitCommands Argument.swift
[715/840] Compiling ConsoleKitCommands CommandSignature.swift
[716/840] Compiling ConsoleKitCommands Flag.swift
[717/840] Compiling ConsoleKitCommands Option.swift
[718/840] Compiling Algorithms Split.swift
[719/840] Compiling Algorithms Stride.swift
[720/840] Compiling Algorithms Suffix.swift
[729/842] Emitting module ConsoleKitCommands
[750/843] Compiling ConsoleKitCommands String+LevenshteinDistance.swift
[751/843] Compiling ConsoleKitCommands Utilities.swift
[756/845] Emitting module DequeModule
[757/846] Emitting module HashTreeCollections
[767/846] Compiling Crypto Signature.swift
[768/846] Compiling Crypto CryptoKitErrors_boring.swift
[769/846] Compiling Crypto Optional+withUnsafeBytes_boring.swift
[770/846] Compiling Crypto RNG_boring.swift
[771/846] Compiling Crypto SafeCompare_boring.swift
[772/846] Compiling Crypto Zeroization_boring.swift
[773/846] Compiling Crypto _CryptoModuleAnchor.swift
[774/846] Compiling Crypto PrettyBytes.swift
[775/846] Compiling Crypto SafeCompare.swift
[776/846] Compiling Crypto SecureBytes.swift
[777/846] Compiling Crypto Zeroization.swift
[778/846] Emitting module Atomics
[796/846] Compiling Algorithms Trim.swift
[797/846] Compiling Algorithms Unique.swift
[798/846] Compiling Algorithms Windows.swift
[798/852] Wrapping AST for Atomics for debugging
[800/852] Compiling Collections DequeModule reexports.swift
[801/852] Emitting module Collections
[802/852] Compiling Collections BitCollections reexports.swift
[803/852] Compiling Collections HeapModule reexports.swift
[804/852] Compiling Collections OrderedCollections reexports.swift
[811/852] Compiling Collections HashTreeCollections reexports.swift
[814/919] Compiling NIOCore ChannelOption.swift
[815/919] Compiling NIOCore ChannelPipeline.swift
[816/919] Compiling NIOCore NIOThrowingAsyncSequenceProducer.swift
[817/919] Compiling NIOCore BSDSocketAPI.swift
[818/980] Emitting module ConsoleKit
[819/980] Compiling ConsoleKit Exports.swift
[821/980] Compiling CryptoExtras Data+Extensions.swift
[822/980] Compiling CryptoExtras DigestType.swift
[823/980] Compiling CryptoExtras Error.swift
[824/980] Compiling CryptoExtras I2OSP.swift
[825/980] Compiling CryptoExtras IntegerEncoding.swift
[826/980] Compiling CryptoExtras PEMDocument.swift
[827/980] Compiling CryptoExtras PrettyBytes.swift
[828/980] Compiling CryptoExtras SubjectPublicKeyInfo.swift
[829/988] Emitting module Algorithms
[830/989] Wrapping AST for Algorithms for debugging
[838/989] Compiling CryptoExtras ARCServer.swift
[839/989] Compiling CryptoExtras ChaCha20CTR_boring.swift
[841/989] Compiling CryptoExtras ChaCha20CTR.swift
[842/989] Compiling CryptoExtras BoringSSLSHA512256Context.swift
[843/989] Compiling CryptoExtras BoringSSLSHA512256HashFunction.swift
[844/989] Compiling CryptoExtras SHA512256.swift
[845/989] Compiling CryptoExtras SHA512256Digest.swift
[846/989] Compiling CryptoExtras Curve25519+PEM.swift
[847/989] Compiling CryptoExtras ObjectIdentifier.swift
[848/989] Compiling CryptoExtras PKCS8DERRepresentation.swift
[849/989] Compiling CryptoExtras PKCS8PrivateKey.swift
[850/989] Compiling CryptoExtras BoringSSLPassphraseCallbackManager.swift
[851/989] Compiling CryptoExtras RSA+BlindSigning.swift
[852/989] Compiling CryptoExtras RSA.swift
[853/989] Compiling CryptoExtras RSA_boring.swift
[854/989] Compiling CryptoExtras Reexport.swift
[855/989] Compiling CryptoExtras Zeroization_boring.swift
[856/989] Compiling CryptoExtras BoringSSLHelpers.swift
[857/989] Compiling CryptoExtras CryptoKitErrors_boring.swift
[859/989] Emitting module CryptoExtras
[860/989] Compiling CryptoExtras RFC8410AlgorithmIdentifier.swift
[861/989] Compiling CryptoExtras ECToolbox_boring.swift
[862/989] Compiling CryptoExtras ECToolbox.swift
[863/989] Compiling CryptoExtras HashToField.swift
[864/989] Compiling CryptoExtras KDF.swift
[865/989] Compiling CryptoExtras PBKDF2_boring.swift
[866/989] Compiling CryptoExtras PBKDF2_commoncrypto.swift
[867/989] Compiling CryptoExtras ThreadOps.swift
[868/989] Compiling CryptoExtras ThreadPosix.swift
[887/997] Compiling CryptoExtras PBKDF2.swift
[888/997] Compiling CryptoExtras Scrypt_boring.swift
[889/997] Compiling CryptoExtras Scrypt.swift
[890/997] Compiling CryptoExtras OPRF.swift
[891/997] Compiling CryptoExtras OPRFClient.swift
[892/997] Compiling CryptoExtras OPRFServer.swift
[893/997] Compiling CryptoExtras VOPRF+API.swift
[894/997] Compiling CryptoExtras VOPRFClient.swift
[895/997] Compiling CryptoExtras VOPRFServer.swift
[906/997] Compiling NIOCore SingleStepByteToMessageDecoder.swift
[907/997] Compiling NIOCore SocketAddresses.swift
[908/997] Compiling NIOCore SocketOptionProvider.swift
[909/997] Compiling NIOCore SystemCallHelpers.swift
[910/997] Compiling NIOCore TimeAmount+Duration.swift
[911/997] Compiling NIOCore TypeAssistedChannelHandler.swift
[912/997] Compiling CryptoExtras CMAC.swift
[913/997] Compiling CryptoExtras ARC+API.swift
[914/997] Compiling CryptoExtras ARC.swift
[915/997] Compiling CryptoExtras ARCCredential.swift
[916/997] Compiling CryptoExtras ARCEncoding.swift
[917/997] Compiling CryptoExtras ARCPrecredential.swift
[918/997] Compiling CryptoExtras ARCPresentation.swift
[919/997] Compiling CryptoExtras ARCRequest.swift
[920/997] Compiling CryptoExtras ARCResponse.swift
[921/997] Compiling CryptoExtras AES_CBC.swift
[922/997] Compiling CryptoExtras AES_CFB.swift
[923/997] Compiling CryptoExtras AES_CTR.swift
[924/997] Compiling CryptoExtras AES_GCM_SIV.swift
[925/997] Compiling CryptoExtras Block Function.swift
[926/997] Compiling CryptoExtras AES_CBC_boring.swift
[927/997] Compiling CryptoExtras AES_CFB_boring.swift
[928/997] Compiling CryptoExtras AES_CTR_boring.swift
[929/997] Compiling CryptoExtras AES_GCM_SIV_boring.swift
[940/999] Emitting module _CryptoExtras
[941/999] Compiling _CryptoExtras Exports.swift
[949/999] Compiling NIOCore UniversalBootstrapSupport.swift
[950/999] Compiling NIOCore Utilities.swift
[951/1094] Compiling X509 DomainComponent.swift
[952/1094] Compiling X509 EmailAddress.swift
[953/1094] Compiling X509 LocalityName.swift
[954/1094] Compiling X509 OrganizationName.swift
[955/1094] Compiling X509 OrganizationalUnitName.swift
[956/1094] Compiling X509 StateOrProvinceName.swift
[957/1094] Compiling X509 StreetAddress.swift
[958/1094] Compiling X509 Error.swift
[959/1094] Compiling X509 AuthorityInformationAccess.swift
[960/1094] Compiling X509 AuthorityKeyIdentifier.swift
[961/1094] Compiling X509 BasicConstraints.swift
[962/1094] Compiling X509 ExtendedKeyUsage.swift
[963/1094] Compiling X509 ExtensionIdentifiers.swift
[964/1094] Compiling X509 KeyUsage.swift
[965/1107] Compiling X509 CMSIssuerAndSerialNumber.swift
[966/1107] Compiling X509 CMSOperations.swift
[967/1107] Compiling X509 CMSSignature.swift
[968/1107] Compiling X509 CMSSignedData.swift
[969/1107] Compiling X509 CMSSignerIdentifier.swift
[970/1107] Compiling X509 CMSSignerInfo.swift
[971/1107] Compiling X509 CMSVersion.swift
[972/1107] Compiling X509 Curve25519+DER.swift
[973/1107] Compiling X509 CustomPrivateKey.swift
[974/1107] Compiling X509 Digests.swift
[975/1107] Compiling X509 DistinguishedName.swift
[976/1107] Compiling X509 CommonName.swift
[977/1107] Compiling X509 CountryName.swift
[978/1107] Compiling X509 DNBuilder.swift
[993/1107] Compiling X509 NameConstraints.swift
[994/1107] Compiling X509 SubjectAlternativeName.swift
[995/1107] Compiling X509 SubjectKeyIdentifier.swift
[996/1107] Compiling X509 Extension.swift
[997/1107] Compiling X509 OCSPExtensionID.swift
[998/1107] Compiling X509 OCSPNonce.swift
[999/1107] Compiling X509 OCSPPolicy.swift
[1000/1107] Compiling X509 OCSPRequest.swift
[1001/1107] Compiling X509 OCSPResponse.swift
[1002/1107] Compiling X509 OCSPResponseBytes.swift
[1003/1107] Compiling X509 OCSPResponseData.swift
[1004/1107] Compiling X509 OCSPResponseStatus.swift
[1005/1107] Compiling X509 OCSPSignature.swift
[1006/1107] Compiling X509 OCSPSingleRequest.swift
[1007/1107] Compiling X509 OCSPSingleResponse.swift
[1008/1107] Compiling X509 OCSPTBSRequest.swift
[1009/1107] Compiling X509 OCSPVersion.swift
[1010/1107] Compiling X509 PKCS8PrivateKey.swift
[1011/1107] Compiling X509 PromiseAndFuture.swift
[1012/1107] Compiling X509 RDNAttribute.swift
[1013/1107] Compiling X509 RandomNumberGenerator+bytes.swift
[1014/1107] Compiling X509 RelativeDistinguishedName.swift
[1015/1107] Compiling X509 SEC1PrivateKey.swift
[1016/1107] Compiling X509 SecKeyWrapper.swift
[1017/1107] Compiling X509 Signature.swift
[1018/1107] Compiling X509 SignatureAlgorithm.swift
[1019/1107] Compiling X509 AllOfPolicies.swift
[1020/1107] Compiling X509 AnyPolicy.swift
[1021/1107] Compiling X509 CertificateStore.swift
[1022/1107] Compiling X509 CustomCertificateStore.swift
[1023/1107] Compiling X509 OneOfPolicies.swift
[1024/1107] Compiling X509 PolicyBuilder.swift
[1025/1107] Compiling X509 BasicConstraintsPolicy.swift
[1026/1107] Compiling X509 DNSNames.swift
[1027/1107] Compiling X509 ExpiryPolicy.swift
[1028/1107] Compiling X509 IPConstraints.swift
[1029/1107] Compiling X509 NameConstraintsPolicy.swift
[1030/1107] Compiling X509 RFC5280Policy.swift
[1031/1107] Compiling X509 URIConstraints.swift
[1032/1107] Compiling X509 VersionPolicy.swift
[1033/1107] Compiling X509 ServerIdentityPolicy.swift
[1034/1107] Compiling X509 TrustRootLoading.swift
[1035/1107] Compiling X509 UnverifiedChain.swift
[1040/1107] Compiling X509 Extensions.swift
[1041/1107] Compiling X509 ExtensionsBuilder.swift
[1042/1107] Compiling X509 GeneralName.swift
[1043/1107] Compiling X509 Lock.swift
[1044/1107] Compiling X509 LockedValueBox.swift
[1045/1107] Compiling X509 BasicOCSPResponse.swift
[1046/1107] Compiling X509 DirectoryString.swift
[1047/1107] Compiling X509 OCSPCertID.swift
[1048/1107] Compiling X509 OCSPCertStatus.swift
[1049/1107] Compiling X509 CSRAttribute.swift
[1050/1107] Compiling X509 CSRAttributes.swift
[1051/1107] Compiling X509 CSRVersion.swift
[1052/1107] Compiling X509 CertificateSigningRequest.swift
[1053/1107] Compiling X509 CertificationRequestInfo.swift
[1054/1107] Compiling X509 ExtensionRequest.swift
[1055/1107] Compiling X509 Certificate.swift
[1056/1107] Compiling X509 CertificatePrivateKey.swift
[1057/1107] Compiling X509 CertificatePublicKey.swift
[1058/1107] Compiling X509 CertificateSerialNumber.swift
[1059/1107] Compiling X509 CertificateVersion.swift
[1060/1107] Compiling X509 CMSAttribute.swift
[1061/1107] Compiling X509 CMSContentInfo.swift
[1062/1107] Compiling X509 CMSEncapsulatedContentInfo.swift
[1063/1107] Emitting module NIOCore
[1065/1108] Compiling X509 ValidatedCertificateChain.swift
[1066/1108] Compiling X509 VerificationDiagnostic.swift
[1067/1108] Compiling X509 Verifier.swift
[1068/1108] Compiling X509 VerifierPolicy.swift
[1069/1108] Compiling X509 AlgorithmIdentifier.swift
[1070/1108] Compiling X509 ECDSASignature.swift
[1071/1108] Compiling X509 RSAPKCS1PublicKey.swift
[1072/1108] Compiling X509 SubjectPublicKeyInfo.swift
[1073/1108] Compiling X509 TBSCertificate.swift
[1074/1108] Compiling X509 Time.swift
[1075/1108] Compiling X509 TimeCalculations.swift
[1076/1108] Compiling X509 Validity.swift
[1077/1108] Compiling X509 X509SendableMetatype.swift
[1078/1107] Emitting module X509
[1080/1164] Compiling NIOFoundationEssentialsCompat ByteBuffer-foundation.swift
[1081/1164] Compiling NIOFoundationEssentialsCompat Codable+ByteBuffer.swift
[1082/1164] Emitting module NIOFoundationEssentialsCompat
[1083/1165] Emitting module NIOEmbedded
[1085/1164] Compiling NIOEmbedded Embedded.swift
[1086/1164] Compiling NIOEmbedded AsyncTestingChannel.swift
[1087/1164] Compiling NIOEmbedded AsyncTestingEventLoop.swift
[1089/1164] Compiling NIOPosix Selectable.swift
[1090/1164] Compiling NIOPosix SelectableChannel.swift
[1091/1164] Compiling NIOPosix SelectableEventLoop.swift
[1092/1164] Compiling NIOPosix SelectorEpoll.swift
[1093/1164] Compiling NIOPosix SelectorGeneric.swift
[1094/1164] Compiling NIOPosix SelectorKqueue.swift
[1095/1164] Compiling NIOPosix SelectorUring.swift
[1096/1164] Compiling NIOPosix PipeChannel.swift
[1097/1164] Compiling NIOPosix PipePair.swift
[1098/1164] Compiling NIOPosix Pool.swift
[1099/1164] Compiling NIOPosix PosixSingletons+ConcurrencyTakeOver.swift
[1100/1164] Compiling NIOPosix PosixSingletons.swift
[1101/1164] Compiling NIOPosix RawSocketBootstrap.swift
[1102/1164] Compiling NIOPosix Resolver.swift
[1103/1171] Compiling NIOPosix SelectorWSAPoll.swift
[1104/1171] Compiling NIOPosix ServerSocket.swift
[1105/1171] Compiling NIOPosix Socket.swift
[1106/1171] Compiling NIOPosix SocketChannel.swift
[1107/1171] Compiling NIOPosix SocketProtocols.swift
[1108/1171] Compiling NIOPosix StructuredConcurrencyHelpers.swift
[1109/1171] Compiling NIOPosix System.swift
[1110/1171] Emitting module NIOPosix
[1111/1171] Compiling NIOPosix HappyEyeballs.swift
[1112/1171] Compiling NIOPosix IO.swift
[1113/1171] Compiling NIOPosix IntegerBitPacking.swift
[1114/1171] Compiling NIOPosix IntegerTypes.swift
[1115/1171] Compiling NIOPosix Linux.swift
[1116/1171] Compiling NIOPosix LinuxCPUSet.swift
[1117/1171] Compiling NIOPosix LinuxUring.swift
[1118/1171] Compiling NIOPosix MultiThreadedEventLoopGroup.swift
[1119/1171] Compiling NIOPosix NIOPosixSendableMetatype.swift
[1120/1171] Compiling NIOPosix NIORandomizedDNSResolver.swift
[1121/1171] Compiling NIOPosix NIOThreadPool.swift
[1122/1171] Compiling NIOPosix NonBlockingFileIO.swift
[1123/1171] Compiling NIOPosix PendingDatagramWritesManager.swift
[1124/1171] Compiling NIOPosix PendingWritesManager.swift
[1125/1171] Compiling NIOPosix BaseStreamSocketChannel.swift
[1126/1171] Compiling NIOPosix Bootstrap.swift
[1127/1171] Compiling NIOPosix ControlMessage.swift
[1128/1171] Compiling NIOPosix DatagramVectorReadManager.swift
[1129/1171] Compiling NIOPosix Errors+Any.swift
[1130/1171] Compiling NIOPosix FileDescriptor.swift
[1131/1171] Compiling NIOPosix GetaddrinfoResolver.swift
[1132/1171] Compiling NIOPosix BSDSocketAPICommon.swift
[1133/1171] Compiling NIOPosix BSDSocketAPIPosix.swift
[1134/1171] Compiling NIOPosix BSDSocketAPIWindows.swift
[1135/1171] Compiling NIOPosix BaseSocket.swift
[1136/1171] Compiling NIOPosix BaseSocketChannel+AccessibleTransport.swift
[1137/1171] Compiling NIOPosix BaseSocketChannel+SocketOptionProvider.swift
[1138/1171] Compiling NIOPosix BaseSocketChannel.swift
[1139/1171] Compiling NIOPosix Thread.swift
[1140/1171] Compiling NIOPosix ThreadPosix.swift
[1141/1171] Compiling NIOPosix ThreadWindows.swift
[1142/1171] Compiling NIOPosix Utilities.swift
[1143/1171] Compiling NIOPosix VsockAddress.swift
[1144/1171] Compiling NIOPosix VsockChannelEvents.swift
[1145/1171] Compiling NIOPosix Windows.swift
[1147/1231] Emitting module NIO
[1148/1231] Compiling NIO Exports.swift
[1149/1232] Compiling _NIOFileSystem FileChunks.swift
[1150/1232] Compiling _NIOFileSystem FileHandle.swift
[1151/1232] Compiling _NIOFileSystem FileHandleProtocol.swift
[1153/1233] Compiling _NIOFileSystem Array+FileSystem.swift
[1154/1233] Compiling _NIOFileSystem ArraySlice+FileSystem.swift
[1155/1233] Compiling _NIOFileSystem BufferedReader.swift
[1156/1233] Compiling _NIOFileSystem BufferedWriter.swift
[1157/1233] Compiling _NIOFileSystem ByteBuffer+FileSystem.swift
[1158/1233] Compiling _NIOFileSystem BufferedOrAnyStream.swift
[1159/1272] Compiling AsyncKit Optional+StrictMap.swift
[1160/1272] Compiling AsyncKit Exports.swift
[1161/1272] Compiling NIOTLS TLSEvents.swift
[1162/1272] Compiling NIOTLS ApplicationProtocolNegotiationHandler.swift
[1163/1272] Compiling NIOFoundationCompat Exports.swift
[1164/1272] Compiling NIOTLS NIOTypedApplicationProtocolNegotiationHandler.swift
[1165/1272] Emitting module NIOTLS
[1166/1272] Compiling NIOSOCKS SOCKSResponse.swift
[1167/1273] Emitting module _NIOFileSystem
[1168/1278] Compiling NIOFoundationCompat WaitSpinningRunLoop.swift
[1169/1278] Emitting module NIOFoundationCompat
[1170/1278] Compiling NIOFoundationCompat JSONSerialization+ByteBuffer.swift
[1171/1279] Compiling NIOSOCKS SelectedAuthenticationMethod.swift
[1172/1279] Compiling NIOSOCKS ClientStateMachine.swift
[1173/1279] Compiling NIOHTTP1 ByteCollectionUtils.swift
[1174/1279] Compiling NIOHTTP1 HTTPDecoder.swift
[1175/1279] Compiling NIOHTTP1 HTTPEncoder.swift
[1177/1279] Emitting module NIOSOCKS
[1178/1279] Compiling NIOHTTP1 HTTPHeaderValidator.swift
[1179/1279] Compiling NIOHTTP1 HTTPHeaders+Validation.swift
[1180/1278] Compiling NIOTLS ProtocolNegotiationHandlerStateMachine.swift
[1181/1278] Compiling NIOTLS SNIHandler.swift
[1184/1279] Compiling NIOHTTP1 HTTPServerPipelineHandler.swift
[1185/1279] Compiling NIOHTTP1 HTTPServerProtocolErrorHandler.swift
[1186/1279] Compiling NIOHTTP1 HTTPPipelineSetup.swift
[1191/1279] Compiling _NIOFileSystem TokenBucket.swift
[1192/1279] Compiling _NIOFileSystem ParallelDirCopy.swift
[1194/1279] Compiling NIOHTTP1 HTTPTypedPipelineSetup.swift
[1195/1279] Compiling NIOHTTP1 HTTPTypes.swift
[1196/1279] Compiling NIOHTTP1 NIOTypedHTTPClientUpgradeHandler.swift
[1197/1279] Compiling NIOHTTP1 NIOTypedHTTPClientUpgraderStateMachine.swift
[1198/1279] Compiling NIOHTTP1 NIOHTTPClientUpgradeHandler.swift
[1199/1278] Compiling NIOSOCKS ServerStateMachine.swift
[1206/1281] Emitting module NIOHTTP1
[1207/1308] Compiling NIOSSL CustomPrivateKey.swift
[1208/1308] Compiling NIOSSL FreeBSDCABundle.swift
[1209/1332] Compiling _NIOFileSystem ParallelRemoval.swift
[1210/1332] Compiling _NIOFileSystem String+UnsafeUnititializedCapacity.swift
[1211/1332] Compiling _NIOFileSystem CInterop.swift
[1212/1332] Compiling _NIOFileSystem Errno.swift
[1213/1332] Compiling _NIOFileSystem FileDescriptor+Syscalls.swift
[1214/1332] Compiling NIOSSL SubjectAlternativeName.swift
[1215/1332] Compiling NIOSSL NIOSSLSecureBytes.swift
[1216/1332] Compiling NIOSSL RNG.swift
[1217/1332] Compiling NIOSSL SafeCompare.swift
[1218/1332] Compiling _NIOFileSystem SystemFileHandle.swift
[1219/1332] Compiling _NIOFileSystem Utilities.swift
[1220/1332] Compiling _NIOFileSystem NIOFilePath.swift
[1221/1332] Compiling _NIOFileSystem NIOFileSystemSendableMetatype.swift
[1222/1332] Compiling _NIOFileSystem OpenOptions.swift
[1223/1332] Compiling _NIOFileSystem String+FileSystem.swift
[1224/1332] Compiling NIOTransportServices NIOTSConnectionChannel.swift
[1225/1332] Compiling NIOTransportServices NIOTSErrors.swift
[1226/1332] Compiling NIOTransportServices NIOTSEventLoop.swift
[1227/1332] Compiling NIOTransportServices NIOTSBootstraps.swift
[1228/1332] Compiling NIOTransportServices NIOTSChannelOptions.swift
[1229/1332] Compiling NIOTransportServices NIOTSConnectionBootstrap.swift
[1230/1334] Compiling NIOTransportServices NIOTSEventLoopGroup.swift
[1231/1334] Compiling NIOTransportServices NIOTSListenerBootstrap.swift
[1232/1334] Compiling NIOTransportServices NIOTSListenerChannel.swift
[1233/1334] Compiling NIOTransportServices NIOTSNetworkEvents.swift
[1234/1334] Compiling NIOTransportServices NIOTSSingletons.swift
[1235/1334] Compiling NIOTransportServices SocketAddress+NWEndpoint.swift
[1236/1334] Compiling NIOTransportServices StateManagedChannel.swift
[1237/1334] Compiling NIOTransportServices StateManagedListenerChannel.swift
[1238/1334] Compiling NIOTransportServices StateManagedNWConnectionChannel.swift
[1239/1334] Emitting module NIOTransportServices
[1240/1334] Compiling NIOTransportServices NIOFilterEmptyWritesHandler.swift
[1242/1334] Compiling NIOTransportServices NIOTSDatagramListenerBootstrap.swift
[1243/1334] Compiling NIOTransportServices NIOTSDatagramListenerChannel.swift
[1246/1334] Compiling NIOTransportServices TCPOptions+SocketChannelOption.swift
[1247/1334] Compiling NIOTransportServices UDPOptions+SocketChannelOption.swift
[1248/1334] Compiling NIOTransportServices AcceptHandler.swift
[1249/1334] Compiling NIOTransportServices NIOTSDatagramConnectionBootstrap.swift
[1250/1334] Compiling NIOTransportServices NIOTSDatagramConnectionChannel.swift
[1276/1335] Emitting module AsyncKit
[1282/1339] Emitting module NIOSSL
[1289/1343] Compiling NIOSSL SecurityFrameworkCertificateVerification.swift
[1290/1343] Compiling NIOSSL String+unsafeUninitializedCapacity.swift
[1291/1380] Compiling _NIOFileSystemFoundationCompat Date+FileInfo.swift
[1292/1385] Compiling NIOFileSystem Exports.swift
[1293/1387] Emitting module NIOFileSystem
[1294/1389] Compiling _NIOFileSystemFoundationCompat Data+FileSystem.swift
[1295/1389] Emitting module _NIOFileSystemFoundationCompat
[1296/1391] Compiling MultipartKit MultipartError.swift
[1297/1391] Compiling MultipartKit Exports.swift
[1298/1391] Compiling MultipartKit FormDataEncoder.swift
[1299/1391] Compiling MultipartKit Storage.swift
[1300/1391] Compiling MultipartKit FormDataDecoder.UnkeyedContainer.swift
[1301/1391] Compiling MultipartKit FormDataDecoder.swift
[1302/1391] Compiling MultipartKit FormDataEncoder.Encoder.swift
[1303/1391] Compiling MultipartKit MultipartFormData.swift
[1306/1389] Compiling NIOHTTPCompression HTTPRequestCompressor.swift
[1307/1389] Compiling NIOWebSocket WebSocketOpcode.swift
[1308/1390] Emitting module NIOHTTPCompression
[1309/1390] Compiling NIOHTTPCompression HTTPCompression.swift
[1310/1390] Compiling NIOHTTPCompression HTTPDecompressor.swift
[1311/1390] Compiling MultipartKit MultipartPartConvertible.swift
[1315/1390] Compiling MultipartKit MultipartParser.swift
[1316/1390] Compiling MultipartKit FormDataEncoder.KeyedContainer.swift
[1317/1390] Compiling MultipartKit FormDataEncoder.SingleValueContainer.swift
[1318/1390] Compiling MultipartKit FormDataEncoder.UnkeyedContainer.swift
[1319/1390] Compiling MultipartKit MultipartPart.swift
[1320/1390] Compiling NIOHPACK IndexedHeaderTable.swift
[1321/1390] Compiling NIOHPACK IntegerCoding.swift
[1322/1391] Emitting module NIOWebSocket
[1323/1391] Compiling NIOHTTPCompression HTTPResponseCompressor.swift
[1324/1391] Compiling NIOWebSocket WebSocketFrameEncoder.swift
[1325/1391] Compiling NIOHTTPCompression HTTPDecompression.swift
[1326/1392] Compiling NIOWebSocket NIOWebSocketServerUpgrader.swift
[1327/1392] Compiling NIOWebSocket SHA1.swift
[1330/1394] Compiling NIOWebSocket WebSocketProtocolErrorHandler.swift
[1331/1412] Compiling NIOExtras DebugInboundEventsHandler.swift
[1332/1412] Compiling NIOExtras DebugOutboundEventsHandler.swift
[1333/1412] Compiling NIOExtras FixedLengthFrameDecoder.swift
[1334/1412] Compiling NIOExtras HTTP1ProxyConnectHandler.swift
[1335/1412] Compiling NIOHPACK HuffmanCoding.swift
[1336/1412] Compiling NIOHPACK HuffmanTables.swift
[1337/1412] Emitting module MultipartKit
[1342/1412] Compiling NIOExtras JSONRPCFraming+ContentLengthHeader.swift
[1343/1412] Compiling NIOExtras JSONRPCFraming.swift
[1344/1412] Compiling NIOWebSocket WebSocketFrameDecoder.swift
[1350/1436] Compiling LeafKit LeafSources.swift
[1351/1436] Compiling LeafKit NIOLeafFiles.swift
[1352/1435] Emitting module NIOHPACK
[1353/1435] Compiling NIOHPACK StaticHeaderTable.swift
[1354/1436] Compiling NIOWebSocket WebSocketErrorCodes.swift
[1355/1436] Compiling NIOWebSocket WebSocketFrame.swift
[1357/1436] Compiling NIOSSL Zeroization.swift
[1358/1436] Compiling NIOSSL TLSConfiguration.swift
[1359/1436] Compiling NIOSSL UniversalBootstrapSupport.swift
[1360/1436] Compiling NIOSSL UnsafeKeyAndChainTarget.swift
[1362/1437] Compiling LeafKit LeafDataRepresentable.swift
[1363/1437] Compiling LeafKit LeafDataStorage.swift
[1364/1437] Compiling LeafKit LeafRawTemplate.swift
[1365/1437] Compiling LeafKit LeafToken.swift
[1366/1438] Compiling LeafKit LeafRenderer.swift
[1367/1438] Compiling LeafKit Dictionary+LeafData.swift
[1368/1438] Compiling LeafKit LeafParameter.swift
[1369/1438] Compiling LeafKit LeafParser.swift
[1377/1438] Compiling LeafKit LeafError.swift
[1378/1438] Compiling LeafKit LeafLexer.swift
[1379/1438] Compiling LeafKit LeafParameterTypes.swift
[1381/1439] Emitting module NIOExtras
[1386/1503] Compiling NIOHTTP2 HTTP2StreamID.swift
[1387/1503] Compiling NIOHTTP2 HTTP2ChannelHandler+InlineStreamMultiplexer.swift
[1388/1503] Compiling NIOHTTP2 HTTP2ChannelHandler.swift
[1389/1503] Emitting module LeafKit
[1390/1503] Compiling NIOHTTP2 ControlFrameBuffer.swift
[1391/1503] Compiling NIOHTTP2 OutboundFlowControlBuffer.swift
[1392/1503] Compiling NIOHTTP2 OutboundFrameBuffer.swift
[1393/1503] Compiling NIOHTTP2 DOSHeuristics.swift
[1394/1503] Compiling NIOHTTP2 Error+Any.swift
[1395/1503] Compiling NIOHTTP2 ConcurrentStreamBuffer.swift
[1396/1503] Compiling NIOHTTP2 HTTP2ChannelHandler+InboundStreamMultiplexer.swift
[1397/1503] Compiling NIOHTTP2 HTTP2FrameParser.swift
[1398/1503] Compiling NIOHTTP2 HTTP2PingData.swift
[1402/1503] Compiling NIOHTTP2 HTTP2CommonInboundStreamMultiplexer.swift
[1403/1503] Compiling NIOHTTP2 HTTP2ConnectionStateChange.swift
[1404/1503] Compiling NIOHTTP2 HTTP2Error.swift
[1405/1503] Compiling NIOHTTP2 HTTP2StreamChannel+OutboundStreamMultiplexer.swift
[1406/1503] Compiling NIOHTTP2 HTTP2StreamChannel.swift
[1407/1503] Compiling NIOHTTP2 HTTP2StreamDelegate.swift
[1408/1503] Compiling NIOHTTP2 HTTP2Settings.swift
[1409/1503] Compiling NIOHTTP2 HTTP2Stream.swift
[1413/1503] Compiling NIOHTTP2 HTTP2PipelineHelpers.swift
[1414/1503] Compiling NIOHTTP2 GlitchesMonitor.swift
[1415/1503] Compiling NIOHTTP2 HPACKHeaders+Validation.swift
[1428/1504] Compiling NIOHTTP2 HTTP2ErrorCode.swift
[1429/1504] Compiling NIOHTTP2 HTTP2FlowControlWindow.swift
[1430/1504] Compiling NIOHTTP2 HTTP2Frame.swift
[1433/1511] Compiling NIOHTTP2 HTTP2StreamMultiplexer.swift
[1434/1511] Compiling NIOHTTP2 HTTP2ToHTTP1Codec.swift
[1435/1511] Compiling NIOHTTP2 HTTP2UserEvents.swift
[1436/1511] Compiling NIOHTTP2 InboundEventBuffer.swift
[1437/1511] Compiling NIOHTTP2 InboundWindowManager.swift
[1438/1511] Compiling NIOHTTP2 MultiplexerAbstractChannel.swift
[1439/1511] Compiling NIOHTTP2 NIOHTTP2FrameDelegate.swift
[1440/1511] Compiling NIOHTTP2 NIOHTTP2ServerConnectionManagementHandler+StateMachine.swift
[1441/1519] Emitting module WebSocketKit
[1442/1519] Compiling WebSocketKit WebSocketHandler.swift
[1443/1519] Compiling WebSocketKit Exports.swift
[1444/1519] Emitting module NIOHTTP2
[1445/1519] Compiling WebSocketKit WebSocket.swift
[1446/1519] Compiling WebSocketKit WebSocket+Connect.swift
[1447/1519] Compiling WebSocketKit WebSocket+Concurrency.swift
[1448/1519] Compiling WebSocketKit WebSocketClient.swift
[1449/1519] Compiling WebSocketKit HTTPUpgradeRequestHandler.swift
[1450/1520] Wrapping AST for WebSocketKit for debugging
[1452/1520] Compiling NIOHTTP2 NIOHTTP2ServerConnectionManagementHandler.swift
[1453/1520] Compiling NIOHTTP2 StreamChannelFlowController.swift
[1454/1520] Compiling NIOHTTP2 StreamChannelList.swift
[1455/1520] Compiling NIOHTTP2 StreamMap.swift
[1456/1520] Compiling NIOHTTP2 StreamStateMachine.swift
[1457/1520] Compiling NIOHTTP2 Timer.swift
[1458/1520] Compiling NIOHTTP2 UnsafeTransfer.swift
[1459/1520] Compiling NIOHTTP2 WatermarkedFlowController.swift
[1469/1520] Compiling NIOHTTP2 HasFlowControlWindows.swift
[1470/1520] Compiling NIOHTTP2 HasLocalSettings.swift
[1471/1520] Compiling NIOHTTP2 HasRemoteSettings.swift
[1472/1520] Compiling NIOHTTP2 LocallyQuiescingState.swift
[1473/1520] Compiling NIOHTTP2 QuiescingState.swift
[1474/1520] Compiling NIOHTTP2 RemotelyQuiescingState.swift
[1475/1520] Compiling NIOHTTP2 SendAndReceiveGoawayState.swift
[1476/1520] Compiling NIOHTTP2 StateMachineResult.swift
[1477/1520] Compiling NIOHTTP2 ContentLengthVerifier.swift
[1478/1520] Compiling NIOHTTP2 MaySendFrames.swift
[1479/1520] Compiling NIOHTTP2 SendingDataState.swift
[1480/1520] Compiling NIOHTTP2 SendingGoawayState.swift
[1481/1520] Compiling NIOHTTP2 SendingHeadersState.swift
[1482/1520] Compiling NIOHTTP2 SendingPushPromiseState.swift
[1483/1520] Compiling NIOHTTP2 SendingRstStreamState.swift
[1484/1520] Compiling NIOHTTP2 SendingWindowUpdateState.swift
[1485/1520] Compiling NIOHTTP2 HTTP2SettingsState.swift
[1486/1520] Compiling NIOHTTP2 HasExtendedConnectSettings.swift
[1496/1520] Compiling NIOHTTP2 ConnectionStateMachine.swift
[1497/1520] Compiling NIOHTTP2 ConnectionStreamsState.swift
[1498/1520] Compiling NIOHTTP2 MayReceiveFrames.swift
[1499/1520] Compiling NIOHTTP2 ReceivingDataState.swift
[1500/1520] Compiling NIOHTTP2 ReceivingGoAwayState.swift
[1501/1520] Compiling NIOHTTP2 ReceivingHeadersState.swift
[1502/1520] Compiling NIOHTTP2 ReceivingPushPromiseState.swift
[1503/1520] Compiling NIOHTTP2 ReceivingRstStreamState.swift
[1504/1520] Compiling NIOHTTP2 ReceivingWindowUpdateState.swift
[1513/1520] Compiling NIOHTTP2 HTTP2FrameEncoder.swift
[1515/1584] Emitting module AsyncHTTPClient
[1516/1592] Compiling AsyncHTTPClient AnyAsyncSequence.swift
[1517/1592] Compiling AsyncHTTPClient AnyAsyncSequenceProucerDelete.swift
[1518/1592] Compiling AsyncHTTPClient AsyncLazySequence.swift
[1519/1592] Compiling AsyncHTTPClient HTTPClient+execute.swift
[1520/1592] Compiling AsyncHTTPClient HTTPClient+shutdown.swift
[1521/1592] Compiling AsyncHTTPClient HTTPClient+tracing.swift
[1522/1592] Compiling AsyncHTTPClient HTTPClientRequest+Prepared.swift
[1523/1592] Compiling AsyncHTTPClient HTTPClientRequest+auth.swift
[1524/1592] Compiling AsyncHTTPClient HTTPClientRequest.swift
[1525/1592] Compiling AsyncHTTPClient LRUCache.swift
[1526/1592] Compiling AsyncHTTPClient NIOLoopBound+Execute.swift
[1527/1592] Compiling AsyncHTTPClient NWErrorHandler.swift
[1528/1592] Compiling AsyncHTTPClient NWWaitingHandler.swift
[1529/1592] Compiling AsyncHTTPClient TLSConfiguration.swift
[1530/1592] Compiling AsyncHTTPClient RedirectState.swift
[1531/1592] Compiling AsyncHTTPClient RequestBag+StateMachine.swift
[1532/1592] Compiling AsyncHTTPClient RequestBag+Tracing.swift
[1533/1592] Compiling AsyncHTTPClient RequestBag.swift
[1534/1592] Compiling AsyncHTTPClient HTTPClientResponse.swift
[1535/1592] Compiling AsyncHTTPClient SingleIteratorPrecondition.swift
[1536/1592] Compiling AsyncHTTPClient Transaction+StateMachine.swift
[1537/1592] Compiling AsyncHTTPClient Transaction.swift
[1538/1592] Compiling AsyncHTTPClient Base64.swift
[1539/1592] Compiling AsyncHTTPClient BasicAuth.swift
[1540/1592] Compiling AsyncHTTPClient BestEffortHashableTLSConfiguration.swift
[1541/1592] Compiling AsyncHTTPClient Configuration+BrowserLike.swift
[1542/1592] Compiling AsyncHTTPClient ConnectionPool.swift
[1543/1592] Compiling AsyncHTTPClient RequestValidation.swift
[1544/1592] Compiling AsyncHTTPClient SSLContextCache.swift
[1545/1592] Compiling AsyncHTTPClient Scheme.swift
[1546/1592] Compiling AsyncHTTPClient Singleton.swift
[1547/1592] Compiling AsyncHTTPClient StringConvertibleInstances.swift
[1548/1592] Compiling AsyncHTTPClient StructuredConcurrencyHelpers.swift
[1549/1592] Compiling AsyncHTTPClient TracingSupport.swift
[1550/1592] Compiling AsyncHTTPClient Utils.swift
[1551/1592] Compiling AsyncHTTPClient HTTP1ProxyConnectHandler.swift
[1552/1592] Compiling AsyncHTTPClient SOCKSEventsHandler.swift
[1553/1592] Compiling AsyncHTTPClient TLSEventsHandler.swift
[1554/1592] Compiling AsyncHTTPClient HTTP1ClientChannelHandler.swift
[1555/1592] Compiling AsyncHTTPClient HTTP1Connection.swift
[1556/1592] Compiling AsyncHTTPClient HTTP1ConnectionStateMachine.swift
[1557/1592] Compiling AsyncHTTPClient HTTP2ClientRequestHandler.swift
[1558/1592] Compiling AsyncHTTPClient HTTP2Connection.swift
[1559/1592] Compiling AsyncHTTPClient HTTP2IdleHandler.swift
[1560/1592] Compiling AsyncHTTPClient HTTPConnectionEvent.swift
[1561/1592] Compiling AsyncHTTPClient HTTPConnectionPool+Factory.swift
[1562/1592] Compiling AsyncHTTPClient HTTPConnectionPool+Manager.swift
[1563/1592] Compiling AsyncHTTPClient HTTPConnectionPool.swift
[1564/1592] Compiling AsyncHTTPClient HTTPExecutableRequest.swift
[1565/1592] Compiling AsyncHTTPClient HTTPRequestStateMachine+Demand.swift
[1566/1592] Compiling AsyncHTTPClient HTTPRequestStateMachine.swift
[1567/1592] Compiling AsyncHTTPClient RequestBodyLength.swift
[1568/1592] Compiling AsyncHTTPClient RequestFramingMetadata.swift
[1569/1592] Compiling AsyncHTTPClient RequestOptions.swift
[1570/1592] Compiling AsyncHTTPClient HTTPConnectionPool+Backoff.swift
[1571/1592] Compiling AsyncHTTPClient HTTPConnectionPool+HTTP1Connections.swift
[1572/1592] Compiling AsyncHTTPClient HTTPConnectionPool+HTTP1StateMachine.swift
[1573/1592] Compiling AsyncHTTPClient HTTPConnectionPool+HTTP2Connections.swift
[1574/1592] Compiling AsyncHTTPClient HTTPConnectionPool+HTTP2StateMachine.swift
[1575/1592] Compiling AsyncHTTPClient HTTPConnectionPool+RequestQueue.swift
[1576/1592] Compiling AsyncHTTPClient HTTPConnectionPool+StateMachine.swift
[1577/1592] Compiling AsyncHTTPClient ConnectionTarget.swift
[1578/1592] Compiling AsyncHTTPClient DeconstructedURL.swift
[1579/1592] Compiling AsyncHTTPClient FileDownloadDelegate.swift
[1580/1592] Compiling AsyncHTTPClient FoundationExtensions.swift
[1581/1592] Compiling AsyncHTTPClient HTTPClient+HTTPCookie.swift
[1582/1592] Compiling AsyncHTTPClient HTTPClient+Proxy.swift
[1583/1592] Compiling AsyncHTTPClient HTTPClient+StructuredConcurrency.swift
[1584/1592] Compiling AsyncHTTPClient HTTPClient.swift
[1585/1592] Compiling AsyncHTTPClient HTTPClientConfiguration+SwiftConfiguration.swift
[1586/1592] Compiling AsyncHTTPClient HTTPHandler.swift
[1588/1764] Compiling Vapor AsyncMiddleware.swift
[1589/1764] Compiling Vapor AsyncPasswordHasher+Concurrency.swift
[1590/1764] Compiling Vapor AsyncSessionDriver.swift
[1591/1764] Compiling Vapor Authentication+Concurrency.swift
[1592/1764] Compiling Vapor Cache+Concurrency.swift
[1593/1764] Compiling Vapor Client+Concurrency.swift
[1594/1764] Compiling Vapor RequestBody+Concurrency.swift
[1595/1764] Compiling Vapor Responder+Concurrency.swift
[1596/1764] Compiling Vapor ResponseCodable+Concurrency.swift
[1597/1764] Compiling Vapor RoutesBuilder+Concurrency.swift
[1598/1764] Compiling Vapor ViewRenderer+Concurrency.swift
[1599/1764] Compiling Vapor WebSocket+Concurrency.swift
[1600/1764] Compiling Vapor ContainerGetPathExecutor.swift
[1601/1764] Compiling Vapor Content.swift
[1602/1764] Compiling Vapor ContentCoders.swift
[1603/1764] Compiling Vapor ContentConfiguration.swift
[1604/1764] Compiling Vapor ContentContainer.swift
[1605/1764] Compiling Vapor JSONCoder+Custom.swift
[1606/1764] Compiling Vapor JSONCoders+Content.swift
[1607/1764] Compiling Vapor PlaintextDecoder.swift
[1608/1764] Compiling Vapor PlaintextEncoder.swift
[1609/1764] Compiling Vapor URLQueryCoders.swift
[1610/1764] Compiling Vapor URLQueryContainer.swift
[1611/1764] Compiling Vapor Core.swift
[1612/1764] Compiling Vapor Running.swift
[1613/1764] Compiling Vapor Application.swift
[1614/1764] Compiling Vapor AuthenticationCache.swift
[1615/1764] Compiling Vapor Authenticator.swift
[1616/1764] Compiling Vapor BasicAuthorization.swift
[1617/1764] Compiling Vapor BearerAuthorization.swift
[1618/1764] Compiling Vapor GuardMiddleware.swift
[1619/1764] Compiling Vapor RedirectMiddleware.swift
[1620/1764] Compiling Vapor SessionAuthenticatable.swift
[1621/1764] Compiling Vapor Bcrypt.swift
[1622/1764] Compiling Vapor Application+Cache.swift
[1623/1764] Compiling Vapor Cache.swift
[1624/1764] Compiling Vapor CacheExpirationTime.swift
[1625/1764] Compiling Vapor MemoryCache.swift
[1626/1764] Compiling Vapor Request+Cache.swift
[1627/1764] Compiling Vapor Application+Clients.swift
[1628/1764] Compiling Vapor Client.swift
[1629/1764] Compiling Vapor ClientRequest.swift
[1630/1764] Compiling Vapor ClientResponse.swift
[1631/1764] Compiling Vapor Request+Client.swift
[1632/1764] Compiling Vapor BootCommand.swift
[1633/1764] Compiling Vapor CommandContext+Application.swift
[1634/1764] Compiling Vapor RoutesCommand.swift
[1635/1764] Compiling Vapor ServeCommand.swift
[1636/1764] Compiling Vapor AnyResponse+Concurrency.swift
[1637/1764] Compiling Vapor AsyncBasicResponder.swift
[1638/1812] Compiling Vapor Request.swift
[1639/1812] Compiling Vapor Application+Responder.swift
[1640/1812] Compiling Vapor DefaultResponder.swift
[1641/1812] Compiling Vapor Response+Body.swift
[1642/1812] Compiling Vapor Response.swift
[1643/1812] Compiling Vapor ResponseCodable.swift
[1644/1812] Compiling Vapor Application+Routes.swift
[1645/1812] Compiling Vapor Parameters+Require.swift
[1646/1812] Compiling Vapor Request+WebSocket.swift
[1647/1812] Compiling Vapor Route.swift
[1648/1812] Compiling Vapor RouteCollection.swift
[1649/1812] Compiling Vapor Routes.swift
[1650/1812] Compiling Vapor RoutesBuilder+Group.swift
[1651/1812] Compiling Vapor RoutesBuilder+Method.swift
[1652/1812] Compiling Vapor RoutesBuilder+Middleware.swift
[1653/1812] Compiling Vapor RoutesBuilder+WebSocket.swift
[1654/1812] Compiling Vapor RoutesBuilder.swift
[1655/1812] Compiling Vapor OTP.swift
[1656/1812] Compiling Vapor ValidatedCertificateChain.swift
[1657/1812] Compiling Vapor Application+Servers.swift
[1658/1812] Compiling Vapor Server.swift
[1659/1812] Compiling Vapor App+Service.swift
[1660/1812] Compiling Vapor Req+Service.swift
[1661/1812] Compiling Vapor Service.swift
[1662/1812] Compiling Vapor Application+Sessions.swift
[1663/1812] Compiling Vapor MemorySessions.swift
[1664/1812] Compiling Vapor Request+Session.swift
[1665/1812] Compiling Vapor Session.swift
[1666/1812] Compiling Vapor SessionCache.swift
[1667/1812] Compiling Vapor SessionData.swift
[1668/1812] Compiling Vapor SessionDriver.swift
[1669/1812] Compiling Vapor SessionsConfiguration.swift
[1670/1812] Compiling Vapor SessionsMiddleware.swift
[1671/1812] Compiling Vapor URLEncodedFormData.swift
[1672/1812] Compiling Vapor URLEncodedFormDecoder.swift
[1673/1812] Compiling Vapor URLEncodedFormEncoder.swift
[1674/1812] Compiling Vapor URLEncodedFormError.swift
[1675/1812] Compiling Vapor URLEncodedFormParser.swift
[1676/1812] Compiling Vapor URLEncodedFormSerializer.swift
[1677/1812] Compiling Vapor URLQueryFragmentConvertible.swift
[1678/1812] Compiling Vapor AnyResponse.swift
[1679/1812] Compiling Vapor Array+Random.swift
[1680/1812] Compiling Vapor Base32.swift
[1681/1812] Compiling Vapor Base64.swift
[1682/1812] Compiling Vapor BaseN.swift
[1683/1812] Compiling Vapor BasicCodingKey.swift
[1684/1812] Compiling Vapor ByteCount.swift
[1685/1812] Compiling Vapor Bytes+Hex.swift
[1686/1812] Compiling Vapor Validator.swift
[1687/1812] Compiling Vapor ValidatorResult.swift
[1688/1812] Compiling Vapor And.swift
[1689/1812] Compiling Vapor Case.swift
[1690/1812] Compiling Vapor CharacterSet.swift
[1691/1812] Compiling Vapor Count.swift
[1692/1812] Compiling Vapor Custom.swift
[1693/1812] Compiling Vapor Email.swift
[1694/1812] Compiling Vapor Empty.swift
[1695/1812] Compiling Vapor In.swift
[1696/1812] Compiling Vapor Nil.swift
[1697/1812] Compiling Vapor NilIgnoring.swift
[1698/1812] Compiling Vapor Not.swift
[1699/1812] Compiling Vapor Or.swift
[1700/1812] Compiling Vapor Pattern.swift
[1701/1812] Compiling Vapor Range.swift
[1702/1812] Compiling Vapor URL.swift
[1703/1812] Compiling Vapor Valid.swift
[1704/1812] Compiling Vapor Application+Views.swift
[1705/1812] Compiling Vapor PlaintextRenderer.swift
[1706/1812] Compiling Vapor Request+View.swift
[1707/1812] Compiling Vapor View.swift
[1708/1812] Compiling Vapor ViewRenderer.swift
[1709/1812] Compiling Vapor _Deprecations.swift
[1710/1812] Compiling Vapor Bytes+SecureCompare.swift
[1711/1812] Compiling Vapor Collection+Safe.swift
[1712/1812] Compiling Vapor DataProtocol+Copy.swift
[1713/1812] Compiling Vapor DecoderUnwrapper.swift
[1714/1812] Compiling Vapor DirectoryConfiguration.swift
[1715/1812] Compiling Vapor DotEnv.swift
[1716/1812] Compiling Vapor Extendable.swift
[1717/1812] Compiling Vapor File.swift
[1718/1812] Compiling Vapor FileIO.swift
[1719/1812] Compiling Vapor LifecycleHandler.swift
[1720/1812] Compiling Vapor OptionalType.swift
[1721/1812] Compiling Vapor RFC1123.swift
[1722/1812] Compiling Vapor SocketAddress+Hostname.swift
[1723/1812] Compiling Vapor Storage.swift
[1724/1812] Compiling Vapor String+IsIPAddress.swift
[1725/1812] Compiling Vapor Thread.swift
[1726/1812] Compiling Vapor URI.swift
[1727/1812] Compiling Vapor VaporSendableMetadataType.swift
[1728/1812] Compiling Vapor RangeResult.swift
[1729/1812] Compiling Vapor Validatable.swift
[1730/1812] Compiling Vapor Validation.swift
[1731/1812] Compiling Vapor ValidationKey.swift
[1732/1812] Compiling Vapor Validations.swift
[1733/1812] Compiling Vapor ValidationsError.swift
[1734/1812] Compiling Vapor CORSMiddleware+AllowOriginSetting.swift
[1735/1812] Compiling Vapor CORSMiddleware+Configuration+exposedHeaders.swift
[1736/1812] Compiling Vapor DotEnvFile+load.swift
[1737/1812] Compiling Vapor Routes+caseInsenstive.swift
[1738/1812] Compiling Vapor Validatable+validate.swift
[1739/1812] Compiling Vapor Environment+Process.swift
[1740/1812] Compiling Vapor Environment+Secret.swift
[1741/1812] Compiling Vapor Environment.swift
[1742/1812] Compiling Vapor Abort.swift
[1743/1812] Compiling Vapor AbortError.swift
[1744/1812] Compiling Vapor DebuggableError.swift
[1745/1812] Compiling Vapor Demangler.swift
[1746/1812] Compiling Vapor ErrorSource.swift
[1747/1812] Compiling Vapor StackTrace.swift
[1748/1812] Compiling Vapor Exports.swift
[1749/1812] Compiling Vapor Application+HTTP.swift
[1750/1812] Compiling Vapor BasicResponder.swift
[1751/1812] Compiling Vapor BodyStream.swift
[1752/1812] Compiling Vapor Application+HTTP+Client.swift
[1753/1812] Compiling Vapor EventLoopHTTPClient.swift
[1754/1812] Compiling Vapor EndpointCache.swift
[1755/1812] Compiling Vapor HTTPMethod+String.swift
[1756/1812] Compiling Vapor HTTPStatus.swift
[1757/1812] Compiling Vapor HTTPCookies.swift
[1758/1812] Compiling Vapor HTTPHeaderCacheControl.swift
[1759/1812] Compiling Vapor Logger+Report.swift
[1760/1812] Compiling Vapor LoggingSystem+Environment.swift
[1761/1812] Compiling Vapor Application+Middleware.swift
[1762/1812] Compiling Vapor CORSMiddleware.swift
[1763/1812] Compiling Vapor ErrorMiddleware.swift
[1764/1812] Compiling Vapor FileMiddleware.swift
[1765/1812] Compiling Vapor Middleware.swift
[1766/1812] Compiling Vapor MiddlewareConfiguration.swift
[1767/1812] Compiling Vapor ResponseCompressionMiddleware.swift
[1768/1812] Compiling Vapor RouteLoggingMiddleware.swift
[1769/1812] Compiling Vapor TracingMiddleware.swift
[1770/1812] Compiling Vapor File+Multipart.swift
[1771/1812] Compiling Vapor FormDataDecoder+Content.swift
[1772/1812] Compiling Vapor FormDataEncoder+Content.swift
[1773/1812] Compiling Vapor Application+Password.swift
[1774/1812] Compiling Vapor Application+Passwords.swift
[1775/1812] Compiling Vapor AsyncPasswordHasher.swift
[1776/1812] Compiling Vapor BcryptHasher.swift
[1777/1812] Compiling Vapor PasswordHasher.swift
[1778/1812] Compiling Vapor PlaintextHasher.swift
[1779/1812] Compiling Vapor Request+Password.swift
[1780/1812] Compiling Vapor Redirect.swift
[1781/1812] Compiling Vapor Request+Body.swift
[1782/1812] Compiling Vapor Request+BodyStream.swift
[1783/1812] Emitting module Vapor
[1784/1812] Compiling Vapor HTTPHeaderExpires.swift
[1785/1812] Compiling Vapor HTTPHeaderLastModified.swift
[1786/1812] Compiling Vapor HTTPHeaders+Cache.swift
[1787/1812] Compiling Vapor HTTPHeaders+Connection.swift
[1788/1812] Compiling Vapor HTTPHeaders+ContentDisposition.swift
[1789/1812] Compiling Vapor HTTPHeaders+ContentRange.swift
[1790/1812] Compiling Vapor HTTPHeaders+Directive.swift
[1791/1812] Compiling Vapor HTTPHeaders+Forwarded.swift
[1792/1812] Compiling Vapor HTTPHeaders+Link.swift
[1793/1812] Compiling Vapor HTTPHeaders+Name.swift
[1794/1812] Compiling Vapor HTTPHeaders+ResponseCompression.swift
[1795/1812] Compiling Vapor HTTPHeaders.swift
[1796/1812] Compiling Vapor HTTPMediaType.swift
[1797/1812] Compiling Vapor HTTPMediaTypePreference.swift
[1798/1812] Compiling Vapor Responder.swift
[1799/1812] Compiling Vapor Application+HTTP+Server.swift
[1800/1812] Compiling Vapor CloseOnIdleHandler.swift
[1801/1812] Compiling Vapor HTTPServer.swift
[1802/1812] Compiling Vapor HTTPServerConfiguration+RequestDecompressionConfiguration.swift
[1803/1812] Compiling Vapor HTTPServerConfiguration+ResponseCompressionConfiguration.swift
[1804/1812] Compiling Vapor HTTPServerHandler.swift
[1805/1812] Compiling Vapor HTTPServerRequestDecoder.swift
[1806/1812] Compiling Vapor HTTPServerResponseEncoder.swift
[1807/1812] Compiling Vapor HTTPServerUpgradeHandler.swift
[1808/1813] Wrapping AST for Vapor for debugging
[1810/1820] Compiling Leaf Request+Leaf.swift
[1811/1820] Compiling Leaf LeafRenderer+ViewRenderer.swift
[1812/1820] Compiling Leaf LeafError+AbortError.swift
[1813/1820] Emitting module Leaf
[1814/1820] Compiling Leaf Exports.swift
[1815/1820] Compiling Leaf Application+Leaf.swift
[1816/1820] Compiling Leaf LeafEncoder.swift
[1818/1826] Emitting module App
[1819/1826] Compiling App CommonErrorMiddleware.swift
[1820/1826] Compiling App CustomHeaderMiddleware.swift
[1821/1826] Compiling App routes.swift
[1822/1826] Compiling App configure.swift
[1823/1826] Compiling App entrypoint.swift
[1824/1826] Write Objects.LinkFileList
error: link command failed with exit code 1 (use -v to see invocation)
ld.lld: error: undefined symbol: posix_spawnp
>>> referenced by process.c:56 (.build/checkouts/swift-tools-support-core/Sources/TSCclibc/process.c:56)
>>> /host/spi-builder-workspace/.build/aarch64-unknown-linux-android24/debug/TSCclibc.build/process.c.o:(SPM_posix_spawnp)
ld.lld: error: undefined symbol: posix_spawnattr_destroy
>>> referenced by Process.swift:637 (/host/spi-builder-workspace/.build/checkouts/swift-tools-support-core/Sources/TSCBasic/Process/Process.swift:637)
>>> /host/spi-builder-workspace/.build/aarch64-unknown-linux-android24/debug/TSCBasic.build/Process.swift.o:($s8TSCBasic7ProcessC6launchAA18WritableByteStream_pyKF6$deferL_yyF)
ld.lld: error: undefined symbol: posix_spawn_file_actions_destroy
>>> referenced by Process.swift:684 (/host/spi-builder-workspace/.build/checkouts/swift-tools-support-core/Sources/TSCBasic/Process/Process.swift:684)
>>> /host/spi-builder-workspace/.build/aarch64-unknown-linux-android24/debug/TSCBasic.build/Process.swift.o:($s8TSCBasic7ProcessC6launchAA18WritableByteStream_pyKF6$deferL0_yyF)
ld.lld: error: undefined symbol: posix_spawnattr_init
>>> referenced by Process.swift:636 (/host/spi-builder-workspace/.build/checkouts/swift-tools-support-core/Sources/TSCBasic/Process/Process.swift:636)
>>> /host/spi-builder-workspace/.build/aarch64-unknown-linux-android24/debug/TSCBasic.build/Process.swift.o:($s8TSCBasic7ProcessC6launchAA18WritableByteStream_pyKF)
ld.lld: error: undefined symbol: posix_spawnattr_setsigmask
>>> referenced by Process.swift:642 (/host/spi-builder-workspace/.build/checkouts/swift-tools-support-core/Sources/TSCBasic/Process/Process.swift:642)
>>> /host/spi-builder-workspace/.build/aarch64-unknown-linux-android24/debug/TSCBasic.build/Process.swift.o:($s8TSCBasic7ProcessC6launchAA18WritableByteStream_pyKF)
ld.lld: error: undefined symbol: posix_spawnattr_setsigdefault
>>> referenced by Process.swift:662 (/host/spi-builder-workspace/.build/checkouts/swift-tools-support-core/Sources/TSCBasic/Process/Process.swift:662)
>>> /host/spi-builder-workspace/.build/aarch64-unknown-linux-android24/debug/TSCBasic.build/Process.swift.o:($s8TSCBasic7ProcessC6launchAA18WritableByteStream_pyKF)
ld.lld: error: undefined symbol: posix_spawnattr_setpgroup
>>> referenced by Process.swift:670 (/host/spi-builder-workspace/.build/checkouts/swift-tools-support-core/Sources/TSCBasic/Process/Process.swift:670)
>>> /host/spi-builder-workspace/.build/aarch64-unknown-linux-android24/debug/TSCBasic.build/Process.swift.o:($s8TSCBasic7ProcessC6launchAA18WritableByteStream_pyKF)
ld.lld: error: undefined symbol: posix_spawnattr_setflags
>>> referenced by Process.swift:673 (/host/spi-builder-workspace/.build/checkouts/swift-tools-support-core/Sources/TSCBasic/Process/Process.swift:673)
>>> /host/spi-builder-workspace/.build/aarch64-unknown-linux-android24/debug/TSCBasic.build/Process.swift.o:($s8TSCBasic7ProcessC6launchAA18WritableByteStream_pyKF)
ld.lld: error: undefined symbol: posix_spawn_file_actions_init
>>> referenced by Process.swift:683 (/host/spi-builder-workspace/.build/checkouts/swift-tools-support-core/Sources/TSCBasic/Process/Process.swift:683)
>>> /host/spi-builder-workspace/.build/aarch64-unknown-linux-android24/debug/TSCBasic.build/Process.swift.o:($s8TSCBasic7ProcessC6launchAA18WritableByteStream_pyKF)
ld.lld: error: undefined symbol: posix_spawn_file_actions_adddup2
>>> referenced by Process.swift:703 (/host/spi-builder-workspace/.build/checkouts/swift-tools-support-core/Sources/TSCBasic/Process/Process.swift:703)
>>> /host/spi-builder-workspace/.build/aarch64-unknown-linux-android24/debug/TSCBasic.build/Process.swift.o:($s8TSCBasic7ProcessC6launchAA18WritableByteStream_pyKF)
>>> referenced by Process.swift:716 (/host/spi-builder-workspace/.build/checkouts/swift-tools-support-core/Sources/TSCBasic/Process/Process.swift:716)
>>> /host/spi-builder-workspace/.build/aarch64-unknown-linux-android24/debug/TSCBasic.build/Process.swift.o:($s8TSCBasic7ProcessC6launchAA18WritableByteStream_pyKF)
>>> referenced by Process.swift:724 (/host/spi-builder-workspace/.build/checkouts/swift-tools-support-core/Sources/TSCBasic/Process/Process.swift:724)
>>> /host/spi-builder-workspace/.build/aarch64-unknown-linux-android24/debug/TSCBasic.build/Process.swift.o:($s8TSCBasic7ProcessC6launchAA18WritableByteStream_pyKF)
>>> referenced 3 more times
ld.lld: error: undefined symbol: posix_spawn_file_actions_addclose
>>> referenced by Process.swift:706 (/host/spi-builder-workspace/.build/checkouts/swift-tools-support-core/Sources/TSCBasic/Process/Process.swift:706)
>>> /host/spi-builder-workspace/.build/aarch64-unknown-linux-android24/debug/TSCBasic.build/Process.swift.o:($s8TSCBasic7ProcessC6launchAA18WritableByteStream_pyKF)
>>> referenced by Process.swift:707 (/host/spi-builder-workspace/.build/checkouts/swift-tools-support-core/Sources/TSCBasic/Process/Process.swift:707)
>>> /host/spi-builder-workspace/.build/aarch64-unknown-linux-android24/debug/TSCBasic.build/Process.swift.o:($s8TSCBasic7ProcessC6launchAA18WritableByteStream_pyKF)
>>> referenced by Process.swift:719 (/host/spi-builder-workspace/.build/checkouts/swift-tools-support-core/Sources/TSCBasic/Process/Process.swift:719)
>>> /host/spi-builder-workspace/.build/aarch64-unknown-linux-android24/debug/TSCBasic.build/Process.swift.o:($s8TSCBasic7ProcessC6launchAA18WritableByteStream_pyKF)
>>> referenced 3 more times
clang: error: linker command failed with exit code 1 (use -v to see invocation)
[1825/1826] Linking App
BUILD FAILURE 6.1 android