Build Information
Failed to build SwiftyLinearAlgebra, reference 1.0.1 (4ffe6e), with Swift 6.4 for tvOS using Xcode 27.0 on 16 Sep 2026 10:37:52 UTC.
Build Command
No build command. This typically means the build failed at an early stage where we determine the build command.Build Log
========================================
RunAll
========================================
Builder version: 5.1.0
Interrupt handler set up.
========================================
Checkout
========================================
Clone URL: https://github.com/taketo1024/swiftymath-linalg.git
Reference: 1.0.1
Initialized empty Git repository in /Users/admin/builder/spi-builder-workspace/.git/
From https://github.com/taketo1024/swiftymath-linalg
* tag 1.0.1 -> FETCH_HEAD
HEAD is now at 4ffe6e3 update: core-1.0.14
Cloned https://github.com/taketo1024/swiftymath-linalg.git
Revision (git rev-parse @):
4ffe6e32844613fc3f456493f3115b4786e031b4
SUCCESS checkout https://github.com/taketo1024/swiftymath-linalg.git at 1.0.1
========================================
Build
========================================
Selected platform: tvOS
Swift version: 6.4
Building package at path: $PWD
https://github.com/taketo1024/swiftymath-linalg.git
Command line invocation:
/Applications/Xcode-27.0.0-Release.Candidate.app/Contents/Developer/usr/bin/xcodebuild -IDEClonedSourcePackagesDirPathOverride=/Users/admin/builder/spi-builder-workspace/.dependencies -resolvePackageDependencies
Resolve Package Graph
Fetching from https://github.com/taketo1024/SwiftyMath.git
Resolve Package Graph
Updating from https://github.com/taketo1024/SwiftyMath.git
Resolved source packages:
spi-builder-workspace: (null)
2026-09-16 06:37:50.515 xcodebuild[529:3030] Writing error result bundle to /var/folders/xq/y_g06wb113726d38xsyx71_h0000gn/T/ResultBundle_2026-16-09_06-37-0050.xcresult
xcodebuild: error: Could not resolve package dependencies:
Failed to resolve dependencies Dependencies could not be resolved because no versions of 'swiftymath' match the requirement 1.0.14 and root depends on 'swiftymath' 1.0.14.
Command line invocation:
/Applications/Xcode-27.0.0-Release.Candidate.app/Contents/Developer/usr/bin/xcodebuild -IDEClonedSourcePackagesDirPathOverride=/Users/admin/builder/spi-builder-workspace/.dependencies -resolvePackageDependencies
Resolve Package Graph
Updating from https://github.com/taketo1024/SwiftyMath.git
Resolved source packages:
spi-builder-workspace: (null)
2026-09-16 06:37:52.129 xcodebuild[620:3738] Writing error result bundle to /var/folders/xq/y_g06wb113726d38xsyx71_h0000gn/T/ResultBundle_2026-16-09_06-37-0052.xcresult
xcodebuild: error: Could not resolve package dependencies:
Failed to resolve dependencies Dependencies could not be resolved because no versions of 'swiftymath' match the requirement 1.0.14 and root depends on 'swiftymath' 1.0.14.
BUILD FAILURE 6.4 tvOS