The Swift Package Index logo.Swift Package Index

Build Information

Failed to build CrystalButtonKit, reference 1.0.6 (330fc1), with Swift 6.4 for watchOS using Xcode 27.0 on 19 Sep 2026 00:47:11 UTC.

Build Command

env DEVELOPER_DIR=/Applications/Xcode-27.0.0-Release.Candidate.app xcrun xcodebuild -IDEClonedSourcePackagesDirPathOverride=$PWD/.dependencies -skipMacroValidation -skipPackagePluginValidation -derivedDataPath $PWD/.derivedData build -scheme CrystalButtonKit -destination generic/platform=watchOS

Build Log

========================================
RunAll
========================================
Builder version: 5.1.0
Interrupt handler set up.
========================================
Checkout
========================================
Clone URL: https://github.com/robhasacamera/CrystalButtonKit.git
Reference: 1.0.6
Initialized empty Git repository in /Users/admin/builder/spi-builder-workspace/.git/
From https://github.com/robhasacamera/CrystalButtonKit
 * tag               1.0.6      -> FETCH_HEAD
HEAD is now at 330fc16 Merge pull request #6 from robhasacamera/1_0_6
Cloned https://github.com/robhasacamera/CrystalButtonKit.git
Revision (git rev-parse @):
330fc1680cce71b41cf06047cbac384cbd0ed52b
SPI manifest file found: $PWD/.spi.yml
SUCCESS checkout https://github.com/robhasacamera/CrystalButtonKit.git at 1.0.6
========================================
Build
========================================
Selected platform:         watchOS
Swift version:             6.4
Building package at path:  $PWD
https://github.com/robhasacamera/CrystalButtonKit.git
Command line invocation:
    /Applications/Xcode-27.0.0-Release.Candidate.app/Contents/Developer/usr/bin/xcodebuild -IDEClonedSourcePackagesDirPathOverride=/Users/admin/builder/spi-builder-workspace/.dependencies -resolvePackageDependencies
Resolve Package Graph
Fetching from https://github.com/robhasacamera/CrystalViewUtilities.git
Fetching from https://github.com/pointfreeco/swift-snapshot-testing.git
Fetching from https://github.com/robhasacamera/CUISeparator.git
Fetching from https://github.com/robhasacamera/CUIPreviewKit.git
Fetching from https://github.com/pointfreeco/swift-custom-dump
Fetching from https://github.com/swiftlang/swift-syntax
Fetching from https://github.com/pointfreeco/swift-issue-reporting
Creating working copy of package ‘CUIPreviewKit’
Checking out 0.1.2 of package ‘CUIPreviewKit’
Creating working copy of package ‘swift-custom-dump’
Checking out 1.7.3 of package ‘swift-custom-dump’
Creating working copy of package ‘swift-syntax’
Checking out 604.0.0 of package ‘swift-syntax’
Creating working copy of package ‘swift-issue-reporting’
Checking out 2.1.0 of package ‘swift-issue-reporting’
Creating working copy of package ‘CrystalViewUtilities’
Checking out 0.12.1 of package ‘CrystalViewUtilities’
Creating working copy of package ‘CUISeparator’
Checking out 0.3.1 of package ‘CUISeparator’
Creating working copy of package ‘swift-snapshot-testing’
Checking out 1.19.5 of package ‘swift-snapshot-testing’
Invalid Exclude '/Users/admin/builder/spi-builder-workspace/Tests/CrystalButtonKitTests/__Snapshots__': File not found.Resolve Package Graph
Invalid Exclude '/Users/admin/builder/spi-builder-workspace/Tests/CrystalButtonKitTests/__Snapshots__': File not found.
Resolved source packages:
  swift-snapshot-testing: https://github.com/pointfreeco/swift-snapshot-testing.git @ 1.19.5
  swift-custom-dump: https://github.com/pointfreeco/swift-custom-dump @ 1.7.3
  swift-issue-reporting: https://github.com/pointfreeco/swift-issue-reporting @ 2.1.0
  swift-syntax: https://github.com/swiftlang/swift-syntax @ 604.0.0
  CrystalViewUtilities: https://github.com/robhasacamera/CrystalViewUtilities.git @ 0.12.1
  CUIPreviewKit: https://github.com/robhasacamera/CUIPreviewKit.git @ 0.1.2
  CrystalButtonKit: /Users/admin/builder/spi-builder-workspace
  CUISeparator: https://github.com/robhasacamera/CUISeparator.git @ 0.3.1
resolved source packages: swift-snapshot-testing, swift-custom-dump, swift-issue-reporting, swift-syntax, CrystalViewUtilities, CUIPreviewKit, CrystalButtonKit, CUISeparator
2026-09-18 20:46:10.644 xcodebuild[529:3030] [MT] IDERunDestination: Supported platforms for the buildables in the current scheme is empty.
{
  "dependencies" : [
    {
      "identity" : "cuiseparator",
      "requirement" : {
        "range" : [
          {
            "lower_bound" : "0.1.2",
            "upper_bound" : "1.0.0"
          }
        ]
      },
      "type" : "sourceControl",
      "url" : "https://github.com/robhasacamera/CUISeparator.git"
    },
    {
      "identity" : "crystalviewutilities",
      "requirement" : {
        "range" : [
          {
            "lower_bound" : "0.11.0",
            "upper_bound" : "1.0.0"
          }
        ]
      },
      "type" : "sourceControl",
      "url" : "https://github.com/robhasacamera/CrystalViewUtilities.git"
    },
    {
      "identity" : "swift-snapshot-testing",
      "requirement" : {
        "range" : [
          {
            "lower_bound" : "1.11.0",
            "upper_bound" : "2.0.0"
          }
        ]
      },
      "type" : "sourceControl",
      "url" : "https://github.com/pointfreeco/swift-snapshot-testing.git"
    }
  ],
  "manifest_display_name" : "CrystalButtonKit",
  "name" : "CrystalButtonKit",
  "path" : "/Users/admin/builder/spi-builder-workspace",
  "platforms" : [
    {
      "name" : "ios",
      "version" : "15.0"
    },
    {
      "name" : "macos",
      "version" : "12.0"
    }
  ],
  "products" : [
    {
      "name" : "CrystalButtonKit",
      "targets" : [
        "CrystalButtonKit"
      ],
      "type" : {
        "library" : [
          "automatic"
        ]
      }
    }
  ],
  "targets" : [
    {
      "c99name" : "CrystalButtonKitTests",
      "module_type" : "SwiftTarget",
      "name" : "CrystalButtonKitTests",
      "path" : "Tests/CrystalButtonKitTests",
      "product_dependencies" : [
        "CrystalViewUtilities",
        "SnapshotTesting"
      ],
      "sources" : [
        "CUIButtonTests.swift",
        "CUIExpandableButtonTests.swift",
        "XCTestCase_Extension.swift"
      ],
      "target_dependencies" : [
        "CrystalButtonKit"
      ],
      "type" : "test"
    },
    {
      "c99name" : "CrystalButtonKit",
      "module_type" : "SwiftTarget",
      "name" : "CrystalButtonKit",
      "path" : "Sources/CrystalButtonKit",
      "product_dependencies" : [
        "CrystalViewUtilities",
        "CUISeparator"
      ],
      "product_memberships" : [
        "CrystalButtonKit"
      ],
      "sources" : [
        "Protocols/CUIStylizedControl.swift",
        "Protocols/CUIStylizedWindow.swift",
        "Protocols/_CUIStylizedControl.swift",
        "Views/CUIButton.swift",
        "Views/CUIExpandableButton.swift",
        "Views/CUIExpandableButton_Modifiers.swift",
        "Views/CUIExpandableButton_Previews.swift",
        "Views/CUISFSymbolIcon.swift",
        "Views/CloseButton.swift"
      ],
      "type" : "library"
    }
  ],
  "tools_version" : "5.5"
}
warning: 'spi-builder-workspace': Invalid Exclude '/Users/admin/builder/spi-builder-workspace/Tests/CrystalButtonKitTests/__Snapshots__': File not found.
{
  "workspace" : {
    "name" : "CrystalButtonKit",
    "schemes" : [
      "CrystalButtonKit"
    ]
  }
}
2026-09-18 20:46:52.983 xcodebuild[916:5377] [MT] IDERunDestination: Supported platforms for the buildables in the current scheme is empty.
Running build ...
env DEVELOPER_DIR=/Applications/Xcode-27.0.0-Release.Candidate.app xcrun xcodebuild -IDEClonedSourcePackagesDirPathOverride=$PWD/.dependencies -skipMacroValidation -skipPackagePluginValidation -derivedDataPath $PWD/.derivedData build -scheme CrystalButtonKit -destination generic/platform=watchOS
Command line invocation:
    /Applications/Xcode-27.0.0-Release.Candidate.app/Contents/Developer/usr/bin/xcodebuild -IDEClonedSourcePackagesDirPathOverride=/Users/admin/builder/spi-builder-workspace/.dependencies -skipMacroValidation -skipPackagePluginValidation -derivedDataPath /Users/admin/builder/spi-builder-workspace/.derivedData build -scheme CrystalButtonKit -destination generic/platform=watchOS
Resolve Package Graph
Invalid Exclude '/Users/admin/builder/spi-builder-workspace/Tests/CrystalButtonKitTests/__Snapshots__': File not found.
Resolve Package Graph
Invalid Exclude '/Users/admin/builder/spi-builder-workspace/Tests/CrystalButtonKitTests/__Snapshots__': File not found.
Resolved source packages:
  CrystalViewUtilities: https://github.com/robhasacamera/CrystalViewUtilities.git @ 0.12.1
  swift-snapshot-testing: https://github.com/pointfreeco/swift-snapshot-testing.git @ 1.19.5
  CUIPreviewKit: https://github.com/robhasacamera/CUIPreviewKit.git @ 0.1.2
  swift-syntax: https://github.com/swiftlang/swift-syntax @ 604.0.0
  swift-custom-dump: https://github.com/pointfreeco/swift-custom-dump @ 1.7.3
  CrystalButtonKit: /Users/admin/builder/spi-builder-workspace
  swift-issue-reporting: https://github.com/pointfreeco/swift-issue-reporting @ 2.1.0
  CUISeparator: https://github.com/robhasacamera/CUISeparator.git @ 0.3.1
ComputePackagePrebuildTargetDependencyGraph
Prepare packages
CreateBuildRequest
SendProjectDescription
CreateBuildOperation
ComputeTargetDependencyGraph
note: Building targets in dependency order
note: Target dependency graph (8 targets)
    Target 'CrystalButtonKit-product' in project 'CrystalButtonKit'
        ➜ Explicit dependency on target 'CrystalButtonKit' in project 'CrystalButtonKit'
        ➜ Explicit dependency on target 'CrystalViewUtilities-product' in project 'CrystalViewUtilities'
        ➜ Explicit dependency on target 'CUISeparator-product' in project 'CUISeparator'
    Target 'CrystalButtonKit' in project 'CrystalButtonKit'
        ➜ Explicit dependency on target 'CrystalViewUtilities-product' in project 'CrystalViewUtilities'
        ➜ Explicit dependency on target 'CUISeparator-product' in project 'CUISeparator'
    Target 'CUISeparator-product' in project 'CUISeparator'
        ➜ Explicit dependency on target 'CUISeparator' in project 'CUISeparator'
        ➜ Explicit dependency on target 'CUIPreviewKit-product' in project 'CUIPreviewKit'
    Target 'CUISeparator' in project 'CUISeparator'
        ➜ Explicit dependency on target 'CUIPreviewKit-product' in project 'CUIPreviewKit'
    Target 'CUIPreviewKit-product' in project 'CUIPreviewKit'
        ➜ Explicit dependency on target 'CUIPreviewKit' in project 'CUIPreviewKit'
    Target 'CUIPreviewKit' in project 'CUIPreviewKit' (no dependencies)
    Target 'CrystalViewUtilities-product' in project 'CrystalViewUtilities'
        ➜ Explicit dependency on target 'CrystalViewUtilities' in project 'CrystalViewUtilities'
    Target 'CrystalViewUtilities' in project 'CrystalViewUtilities' (no dependencies)
GatherProvisioningInputs
CreateBuildDescription
ExecuteExternalTool /Applications/Xcode-27.0.0-Release.Candidate.app/Contents/Developer/Toolchains/XcodeDefault.xctoolchain/usr/bin/swiftc --version
ExecuteExternalTool /Applications/Xcode-27.0.0-Release.Candidate.app/Contents/Developer/Toolchains/XcodeDefault.xctoolchain/usr/bin/clang -v -E -dM -isysroot /Applications/Xcode-27.0.0-Release.Candidate.app/Contents/Developer/Platforms/WatchOS.platform/Developer/SDKs/WatchOS27.0.sdk -x c -c /dev/null
ExecuteExternalTool /Applications/Xcode-27.0.0-Release.Candidate.app/Contents/Developer/Toolchains/XcodeDefault.xctoolchain/usr/bin/ld -version_details
ReadFileContents /Applications/Xcode-27.0.0-Release.Candidate.app/Contents/Developer/Toolchains/XcodeDefault.xctoolchain/usr/share/docc/features.json
Build description signature: 07ea66bf2538bb49148772beeec325e0
Build description path: /Users/admin/builder/spi-builder-workspace/.derivedData/Build/Intermediates.noindex/XCBuildData/07ea66bf2538bb49148772beeec325e0.xcbuilddata
CreateBuildDirectory /Users/admin/builder/spi-builder-workspace/.derivedData/SDKExplicitPrecompiledModules
    cd /Users/admin/builder/spi-builder-workspace/.swiftpm/xcode
    builtin-create-build-directory /Users/admin/builder/spi-builder-workspace/.derivedData/SDKExplicitPrecompiledModules
CreateBuildDirectory /Users/admin/builder/spi-builder-workspace/.derivedData/ModuleCache.noindex
    cd /Users/admin/builder/spi-builder-workspace/.swiftpm/xcode
    builtin-create-build-directory /Users/admin/builder/spi-builder-workspace/.derivedData/ModuleCache.noindex
CreateBuildDirectory /Users/admin/builder/spi-builder-workspace/.derivedData/CompilationCache.noindex
    cd /Users/admin/builder/spi-builder-workspace/.swiftpm/xcode
    builtin-create-build-directory /Users/admin/builder/spi-builder-workspace/.derivedData/CompilationCache.noindex
ClangStatCache /Applications/Xcode-27.0.0-Release.Candidate.app/Contents/Developer/Toolchains/XcodeDefault.xctoolchain/usr/bin/clang-stat-cache /Applications/Xcode-27.0.0-Release.Candidate.app/Contents/Developer/Platforms/WatchOS.platform/Developer/SDKs/WatchOS27.0.sdk /Users/admin/builder/spi-builder-workspace/.derivedData/SDKStatCaches.noindex/watchos27.0-24R360-e829b21a6f8c9b70876ba0858053c04477534ef55a1706bf4c1112bbb242f0a2.sdkstatcache
    cd /Users/admin/builder/spi-builder-workspace/.swiftpm/xcode
    /Applications/Xcode-27.0.0-Release.Candidate.app/Contents/Developer/Toolchains/XcodeDefault.xctoolchain/usr/bin/clang-stat-cache /Applications/Xcode-27.0.0-Release.Candidate.app/Contents/Developer/Platforms/WatchOS.platform/Developer/SDKs/WatchOS27.0.sdk -o /Users/admin/builder/spi-builder-workspace/.derivedData/SDKStatCaches.noindex/watchos27.0-24R360-e829b21a6f8c9b70876ba0858053c04477534ef55a1706bf4c1112bbb242f0a2.sdkstatcache
CreateBuildDirectory /Users/admin/builder/spi-builder-workspace/.derivedData/Build/Intermediates.noindex
    cd /Users/admin/builder/spi-builder-workspace/.swiftpm/xcode
    builtin-create-build-directory /Users/admin/builder/spi-builder-workspace/.derivedData/Build/Intermediates.noindex
CreateBuildDirectory /Users/admin/builder/spi-builder-workspace/.derivedData/Build/Products
    cd /Users/admin/builder/spi-builder-workspace/.swiftpm/xcode
    builtin-create-build-directory /Users/admin/builder/spi-builder-workspace/.derivedData/Build/Products
CreateBuildDirectory /Users/admin/builder/spi-builder-workspace/.derivedData/Build/Intermediates.noindex/SwiftExplicitPrecompiledModules
    cd /Users/admin/builder/spi-builder-workspace/.swiftpm/xcode
    builtin-create-build-directory /Users/admin/builder/spi-builder-workspace/.derivedData/Build/Intermediates.noindex/SwiftExplicitPrecompiledModules
CreateBuildDirectory /Users/admin/builder/spi-builder-workspace/.derivedData/Build/Intermediates.noindex/PrecompiledHeaders
    cd /Users/admin/builder/spi-builder-workspace/.swiftpm/xcode
    builtin-create-build-directory /Users/admin/builder/spi-builder-workspace/.derivedData/Build/Intermediates.noindex/PrecompiledHeaders
CreateBuildDirectory /Users/admin/builder/spi-builder-workspace/.derivedData/Build/Intermediates.noindex/ExplicitPrecompiledModules
    cd /Users/admin/builder/spi-builder-workspace/.swiftpm/xcode
    builtin-create-build-directory /Users/admin/builder/spi-builder-workspace/.derivedData/Build/Intermediates.noindex/ExplicitPrecompiledModules
CreateBuildDirectory /Users/admin/builder/spi-builder-workspace/.derivedData/Build/Intermediates.noindex/EagerLinkingTBDs/Debug-watchos
    cd /Users/admin/builder/spi-builder-workspace/.swiftpm/xcode
    builtin-create-build-directory /Users/admin/builder/spi-builder-workspace/.derivedData/Build/Intermediates.noindex/EagerLinkingTBDs/Debug-watchos
CreateBuildDirectory /Users/admin/builder/spi-builder-workspace/.derivedData/Build/Products/Debug-watchos
    cd /Users/admin/builder/spi-builder-workspace/.swiftpm/xcode
    builtin-create-build-directory /Users/admin/builder/spi-builder-workspace/.derivedData/Build/Products/Debug-watchos
CreateBuildDirectory /Users/admin/builder/spi-builder-workspace/.derivedData/Build/Products/Debug-watchos/PackageFrameworks
    cd /Users/admin/builder/spi-builder-workspace/.swiftpm/xcode
    builtin-create-build-directory /Users/admin/builder/spi-builder-workspace/.derivedData/Build/Products/Debug-watchos/PackageFrameworks
WriteAuxiliaryFile /Users/admin/builder/spi-builder-workspace/.derivedData/Build/Intermediates.noindex/CrystalViewUtilities.build/Debug-watchos/CrystalViewUtilities-t.build/CrystalViewUtilities.modulemap (in target 'CrystalViewUtilities' from project 'CrystalViewUtilities')
    cd /Users/admin/builder/spi-builder-workspace/.dependencies/checkouts/CrystalViewUtilities
    write-file /Users/admin/builder/spi-builder-workspace/.derivedData/Build/Intermediates.noindex/CrystalViewUtilities.build/Debug-watchos/CrystalViewUtilities-t.build/CrystalViewUtilities.modulemap
WriteAuxiliaryFile /Users/admin/builder/spi-builder-workspace/.derivedData/Build/Intermediates.noindex/CrystalViewUtilities.build/Debug-watchos/CrystalViewUtilities-t.build/Objects-normal/arm64_32/CrystalViewUtilities.LinkFileList (in target 'CrystalViewUtilities' from project 'CrystalViewUtilities')
    cd /Users/admin/builder/spi-builder-workspace/.dependencies/checkouts/CrystalViewUtilities
    write-file /Users/admin/builder/spi-builder-workspace/.derivedData/Build/Intermediates.noindex/CrystalViewUtilities.build/Debug-watchos/CrystalViewUtilities-t.build/Objects-normal/arm64_32/CrystalViewUtilities.LinkFileList
WriteAuxiliaryFile /Users/admin/builder/spi-builder-workspace/.derivedData/Build/Intermediates.noindex/CrystalViewUtilities.build/Debug-watchos/CrystalViewUtilities-t.build/Objects-normal/arm64_32/CrystalViewUtilities_const_extract_protocols.json (in target 'CrystalViewUtilities' from project 'CrystalViewUtilities')
    cd /Users/admin/builder/spi-builder-workspace/.dependencies/checkouts/CrystalViewUtilities
    write-file /Users/admin/builder/spi-builder-workspace/.derivedData/Build/Intermediates.noindex/CrystalViewUtilities.build/Debug-watchos/CrystalViewUtilities-t.build/Objects-normal/arm64_32/CrystalViewUtilities_const_extract_protocols.json
WriteAuxiliaryFile /Users/admin/builder/spi-builder-workspace/.derivedData/Build/Intermediates.noindex/CrystalViewUtilities.build/Debug-watchos/CrystalViewUtilities-t.build/Objects-normal/arm64_32/CrystalViewUtilities.SwiftFileList (in target 'CrystalViewUtilities' from project 'CrystalViewUtilities')
    cd /Users/admin/builder/spi-builder-workspace/.dependencies/checkouts/CrystalViewUtilities
    write-file /Users/admin/builder/spi-builder-workspace/.derivedData/Build/Intermediates.noindex/CrystalViewUtilities.build/Debug-watchos/CrystalViewUtilities-t.build/Objects-normal/arm64_32/CrystalViewUtilities.SwiftFileList
WriteAuxiliaryFile /Users/admin/builder/spi-builder-workspace/.derivedData/Build/Intermediates.noindex/CrystalViewUtilities.build/Debug-watchos/CrystalViewUtilities-t.build/Objects-normal/arm64_32/CrystalViewUtilities-OutputFileMap.json (in target 'CrystalViewUtilities' from project 'CrystalViewUtilities')
    cd /Users/admin/builder/spi-builder-workspace/.dependencies/checkouts/CrystalViewUtilities
    write-file /Users/admin/builder/spi-builder-workspace/.derivedData/Build/Intermediates.noindex/CrystalViewUtilities.build/Debug-watchos/CrystalViewUtilities-t.build/Objects-normal/arm64_32/CrystalViewUtilities-OutputFileMap.json
WriteAuxiliaryFile /Users/admin/builder/spi-builder-workspace/.derivedData/Build/Intermediates.noindex/CrystalViewUtilities.build/Debug-watchos/CrystalViewUtilities-t.build/Objects-normal/arm64/CrystalViewUtilities_const_extract_protocols.json (in target 'CrystalViewUtilities' from project 'CrystalViewUtilities')
    cd /Users/admin/builder/spi-builder-workspace/.dependencies/checkouts/CrystalViewUtilities
    write-file /Users/admin/builder/spi-builder-workspace/.derivedData/Build/Intermediates.noindex/CrystalViewUtilities.build/Debug-watchos/CrystalViewUtilities-t.build/Objects-normal/arm64/CrystalViewUtilities_const_extract_protocols.json
WriteAuxiliaryFile /Users/admin/builder/spi-builder-workspace/.derivedData/Build/Intermediates.noindex/CrystalViewUtilities.build/Debug-watchos/CrystalViewUtilities-t.build/Objects-normal/arm64_32/CrystalViewUtilities.SwiftConstValuesFileList (in target 'CrystalViewUtilities' from project 'CrystalViewUtilities')
    cd /Users/admin/builder/spi-builder-workspace/.dependencies/checkouts/CrystalViewUtilities
    write-file /Users/admin/builder/spi-builder-workspace/.derivedData/Build/Intermediates.noindex/CrystalViewUtilities.build/Debug-watchos/CrystalViewUtilities-t.build/Objects-normal/arm64_32/CrystalViewUtilities.SwiftConstValuesFileList
WriteAuxiliaryFile /Users/admin/builder/spi-builder-workspace/.derivedData/Build/Intermediates.noindex/CrystalViewUtilities.build/Debug-watchos/CrystalViewUtilities-t.build/Objects-normal/arm64/CrystalViewUtilities.SwiftFileList (in target 'CrystalViewUtilities' from project 'CrystalViewUtilities')
    cd /Users/admin/builder/spi-builder-workspace/.dependencies/checkouts/CrystalViewUtilities
    write-file /Users/admin/builder/spi-builder-workspace/.derivedData/Build/Intermediates.noindex/CrystalViewUtilities.build/Debug-watchos/CrystalViewUtilities-t.build/Objects-normal/arm64/CrystalViewUtilities.SwiftFileList
WriteAuxiliaryFile /Users/admin/builder/spi-builder-workspace/.derivedData/Build/Intermediates.noindex/CrystalViewUtilities.build/Debug-watchos/CrystalViewUtilities-t.build/Objects-normal/arm64/CrystalViewUtilities.SwiftConstValuesFileList (in target 'CrystalViewUtilities' from project 'CrystalViewUtilities')
    cd /Users/admin/builder/spi-builder-workspace/.dependencies/checkouts/CrystalViewUtilities
    write-file /Users/admin/builder/spi-builder-workspace/.derivedData/Build/Intermediates.noindex/CrystalViewUtilities.build/Debug-watchos/CrystalViewUtilities-t.build/Objects-normal/arm64/CrystalViewUtilities.SwiftConstValuesFileList
WriteAuxiliaryFile /Users/admin/builder/spi-builder-workspace/.derivedData/Build/Intermediates.noindex/CrystalViewUtilities.build/Debug-watchos/CrystalViewUtilities-t.build/Objects-normal/arm64/CrystalViewUtilities.LinkFileList (in target 'CrystalViewUtilities' from project 'CrystalViewUtilities')
    cd /Users/admin/builder/spi-builder-workspace/.dependencies/checkouts/CrystalViewUtilities
    write-file /Users/admin/builder/spi-builder-workspace/.derivedData/Build/Intermediates.noindex/CrystalViewUtilities.build/Debug-watchos/CrystalViewUtilities-t.build/Objects-normal/arm64/CrystalViewUtilities.LinkFileList
WriteAuxiliaryFile /Users/admin/builder/spi-builder-workspace/.derivedData/Build/Intermediates.noindex/CrystalViewUtilities.build/Debug-watchos/CrystalViewUtilities-t.build/Objects-normal/arm64/CrystalViewUtilities-OutputFileMap.json (in target 'CrystalViewUtilities' from project 'CrystalViewUtilities')
    cd /Users/admin/builder/spi-builder-workspace/.dependencies/checkouts/CrystalViewUtilities
    write-file /Users/admin/builder/spi-builder-workspace/.derivedData/Build/Intermediates.noindex/CrystalViewUtilities.build/Debug-watchos/CrystalViewUtilities-t.build/Objects-normal/arm64/CrystalViewUtilities-OutputFileMap.json
WriteAuxiliaryFile /Users/admin/builder/spi-builder-workspace/.derivedData/Build/Intermediates.noindex/CrystalViewUtilities.build/Debug-watchos/CrystalViewUtilities-t.build/CrystalViewUtilities.DependencyStaticMetadataFileList (in target 'CrystalViewUtilities' from project 'CrystalViewUtilities')
    cd /Users/admin/builder/spi-builder-workspace/.dependencies/checkouts/CrystalViewUtilities
    write-file /Users/admin/builder/spi-builder-workspace/.derivedData/Build/Intermediates.noindex/CrystalViewUtilities.build/Debug-watchos/CrystalViewUtilities-t.build/CrystalViewUtilities.DependencyStaticMetadataFileList
WriteAuxiliaryFile /Users/admin/builder/spi-builder-workspace/.derivedData/Build/Intermediates.noindex/CrystalViewUtilities.build/Debug-watchos/CrystalViewUtilities-t.build/CrystalViewUtilities.DependencyMetadataFileList (in target 'CrystalViewUtilities' from project 'CrystalViewUtilities')
    cd /Users/admin/builder/spi-builder-workspace/.dependencies/checkouts/CrystalViewUtilities
    write-file /Users/admin/builder/spi-builder-workspace/.derivedData/Build/Intermediates.noindex/CrystalViewUtilities.build/Debug-watchos/CrystalViewUtilities-t.build/CrystalViewUtilities.DependencyMetadataFileList
Copy /Users/admin/builder/spi-builder-workspace/.derivedData/Build/Intermediates.noindex/GeneratedModuleMaps-watchos/CrystalViewUtilities.modulemap /Users/admin/builder/spi-builder-workspace/.derivedData/Build/Intermediates.noindex/CrystalViewUtilities.build/Debug-watchos/CrystalViewUtilities-t.build/CrystalViewUtilities.modulemap (in target 'CrystalViewUtilities' from project 'CrystalViewUtilities')
    cd /Users/admin/builder/spi-builder-workspace/.dependencies/checkouts/CrystalViewUtilities
    builtin-copy -exclude .DS_Store -exclude CVS -exclude .svn -exclude .git -exclude .hg -resolve-src-symlinks /Users/admin/builder/spi-builder-workspace/.derivedData/Build/Intermediates.noindex/CrystalViewUtilities.build/Debug-watchos/CrystalViewUtilities-t.build/CrystalViewUtilities.modulemap /Users/admin/builder/spi-builder-workspace/.derivedData/Build/Intermediates.noindex/GeneratedModuleMaps-watchos
WriteAuxiliaryFile /Users/admin/builder/spi-builder-workspace/.derivedData/Build/Intermediates.noindex/CrystalButtonKit.build/Debug-watchos/CrystalButtonKit-t.build/Objects-normal/arm64_32/CrystalButtonKit.SwiftFileList (in target 'CrystalButtonKit' from project 'CrystalButtonKit')
    cd /Users/admin/builder/spi-builder-workspace
    write-file /Users/admin/builder/spi-builder-workspace/.derivedData/Build/Intermediates.noindex/CrystalButtonKit.build/Debug-watchos/CrystalButtonKit-t.build/Objects-normal/arm64_32/CrystalButtonKit.SwiftFileList
WriteAuxiliaryFile /Users/admin/builder/spi-builder-workspace/.derivedData/Build/Intermediates.noindex/CrystalButtonKit.build/Debug-watchos/CrystalButtonKit-t.build/Objects-normal/arm64_32/CrystalButtonKit.SwiftConstValuesFileList (in target 'CrystalButtonKit' from project 'CrystalButtonKit')
    cd /Users/admin/builder/spi-builder-workspace
    write-file /Users/admin/builder/spi-builder-workspace/.derivedData/Build/Intermediates.noindex/CrystalButtonKit.build/Debug-watchos/CrystalButtonKit-t.build/Objects-normal/arm64_32/CrystalButtonKit.SwiftConstValuesFileList
WriteAuxiliaryFile /Users/admin/builder/spi-builder-workspace/.derivedData/Build/Intermediates.noindex/CrystalButtonKit.build/Debug-watchos/CrystalButtonKit-t.build/Objects-normal/arm64_32/CrystalButtonKit-OutputFileMap.json (in target 'CrystalButtonKit' from project 'CrystalButtonKit')
    cd /Users/admin/builder/spi-builder-workspace
    write-file /Users/admin/builder/spi-builder-workspace/.derivedData/Build/Intermediates.noindex/CrystalButtonKit.build/Debug-watchos/CrystalButtonKit-t.build/Objects-normal/arm64_32/CrystalButtonKit-OutputFileMap.json
WriteAuxiliaryFile /Users/admin/builder/spi-builder-workspace/.derivedData/Build/Intermediates.noindex/CrystalButtonKit.build/Debug-watchos/CrystalButtonKit-t.build/Objects-normal/arm64_32/CrystalButtonKit.LinkFileList (in target 'CrystalButtonKit' from project 'CrystalButtonKit')
    cd /Users/admin/builder/spi-builder-workspace
    write-file /Users/admin/builder/spi-builder-workspace/.derivedData/Build/Intermediates.noindex/CrystalButtonKit.build/Debug-watchos/CrystalButtonKit-t.build/Objects-normal/arm64_32/CrystalButtonKit.LinkFileList
WriteAuxiliaryFile /Users/admin/builder/spi-builder-workspace/.derivedData/Build/Intermediates.noindex/CrystalButtonKit.build/Debug-watchos/CrystalButtonKit-t.build/Objects-normal/arm64_32/CrystalButtonKit_const_extract_protocols.json (in target 'CrystalButtonKit' from project 'CrystalButtonKit')
    cd /Users/admin/builder/spi-builder-workspace
    write-file /Users/admin/builder/spi-builder-workspace/.derivedData/Build/Intermediates.noindex/CrystalButtonKit.build/Debug-watchos/CrystalButtonKit-t.build/Objects-normal/arm64_32/CrystalButtonKit_const_extract_protocols.json
WriteAuxiliaryFile /Users/admin/builder/spi-builder-workspace/.derivedData/Build/Intermediates.noindex/CrystalButtonKit.build/Debug-watchos/CrystalButtonKit-t.build/Objects-normal/arm64/CrystalButtonKit_const_extract_protocols.json (in target 'CrystalButtonKit' from project 'CrystalButtonKit')
    cd /Users/admin/builder/spi-builder-workspace
    write-file /Users/admin/builder/spi-builder-workspace/.derivedData/Build/Intermediates.noindex/CrystalButtonKit.build/Debug-watchos/CrystalButtonKit-t.build/Objects-normal/arm64/CrystalButtonKit_const_extract_protocols.json
WriteAuxiliaryFile /Users/admin/builder/spi-builder-workspace/.derivedData/Build/Intermediates.noindex/CrystalButtonKit.build/Debug-watchos/CrystalButtonKit-t.build/Objects-normal/arm64/CrystalButtonKit.SwiftFileList (in target 'CrystalButtonKit' from project 'CrystalButtonKit')
    cd /Users/admin/builder/spi-builder-workspace
    write-file /Users/admin/builder/spi-builder-workspace/.derivedData/Build/Intermediates.noindex/CrystalButtonKit.build/Debug-watchos/CrystalButtonKit-t.build/Objects-normal/arm64/CrystalButtonKit.SwiftFileList
WriteAuxiliaryFile /Users/admin/builder/spi-builder-workspace/.derivedData/Build/Intermediates.noindex/CrystalButtonKit.build/Debug-watchos/CrystalButtonKit-t.build/Objects-normal/arm64/CrystalButtonKit.SwiftConstValuesFileList (in target 'CrystalButtonKit' from project 'CrystalButtonKit')
    cd /Users/admin/builder/spi-builder-workspace
    write-file /Users/admin/builder/spi-builder-workspace/.derivedData/Build/Intermediates.noindex/CrystalButtonKit.build/Debug-watchos/CrystalButtonKit-t.build/Objects-normal/arm64/CrystalButtonKit.SwiftConstValuesFileList
WriteAuxiliaryFile /Users/admin/builder/spi-builder-workspace/.derivedData/Build/Intermediates.noindex/CrystalButtonKit.build/Debug-watchos/CrystalButtonKit-t.build/Objects-normal/arm64/CrystalButtonKit.LinkFileList (in target 'CrystalButtonKit' from project 'CrystalButtonKit')
    cd /Users/admin/builder/spi-builder-workspace
    write-file /Users/admin/builder/spi-builder-workspace/.derivedData/Build/Intermediates.noindex/CrystalButtonKit.build/Debug-watchos/CrystalButtonKit-t.build/Objects-normal/arm64/CrystalButtonKit.LinkFileList
WriteAuxiliaryFile /Users/admin/builder/spi-builder-workspace/.derivedData/Build/Intermediates.noindex/CrystalButtonKit.build/Debug-watchos/CrystalButtonKit-t.build/CrystalButtonKit.DependencyStaticMetadataFileList (in target 'CrystalButtonKit' from project 'CrystalButtonKit')
    cd /Users/admin/builder/spi-builder-workspace
    write-file /Users/admin/builder/spi-builder-workspace/.derivedData/Build/Intermediates.noindex/CrystalButtonKit.build/Debug-watchos/CrystalButtonKit-t.build/CrystalButtonKit.DependencyStaticMetadataFileList
WriteAuxiliaryFile /Users/admin/builder/spi-builder-workspace/.derivedData/Build/Intermediates.noindex/CrystalButtonKit.build/Debug-watchos/CrystalButtonKit-t.build/CrystalButtonKit.DependencyMetadataFileList (in target 'CrystalButtonKit' from project 'CrystalButtonKit')
    cd /Users/admin/builder/spi-builder-workspace
    write-file /Users/admin/builder/spi-builder-workspace/.derivedData/Build/Intermediates.noindex/CrystalButtonKit.build/Debug-watchos/CrystalButtonKit-t.build/CrystalButtonKit.DependencyMetadataFileList
WriteAuxiliaryFile /Users/admin/builder/spi-builder-workspace/.derivedData/Build/Intermediates.noindex/CrystalButtonKit.build/Debug-watchos/CrystalButtonKit-t.build/CrystalButtonKit.modulemap (in target 'CrystalButtonKit' from project 'CrystalButtonKit')
    cd /Users/admin/builder/spi-builder-workspace
    write-file /Users/admin/builder/spi-builder-workspace/.derivedData/Build/Intermediates.noindex/CrystalButtonKit.build/Debug-watchos/CrystalButtonKit-t.build/CrystalButtonKit.modulemap
WriteAuxiliaryFile /Users/admin/builder/spi-builder-workspace/.derivedData/Build/Intermediates.noindex/CrystalButtonKit.build/Debug-watchos/CrystalButtonKit-t.build/Objects-normal/arm64/CrystalButtonKit-OutputFileMap.json (in target 'CrystalButtonKit' from project 'CrystalButtonKit')
    cd /Users/admin/builder/spi-builder-workspace
    write-file /Users/admin/builder/spi-builder-workspace/.derivedData/Build/Intermediates.noindex/CrystalButtonKit.build/Debug-watchos/CrystalButtonKit-t.build/Objects-normal/arm64/CrystalButtonKit-OutputFileMap.json
WriteAuxiliaryFile /Users/admin/builder/spi-builder-workspace/.derivedData/Build/Intermediates.noindex/CUISeparator.build/Debug-watchos/CUISeparator-t.build/Objects-normal/arm64_32/CUISeparator_const_extract_protocols.json (in target 'CUISeparator' from project 'CUISeparator')
    cd /Users/admin/builder/spi-builder-workspace/.dependencies/checkouts/CUISeparator
    write-file /Users/admin/builder/spi-builder-workspace/.derivedData/Build/Intermediates.noindex/CUISeparator.build/Debug-watchos/CUISeparator-t.build/Objects-normal/arm64_32/CUISeparator_const_extract_protocols.json
WriteAuxiliaryFile /Users/admin/builder/spi-builder-workspace/.derivedData/Build/Intermediates.noindex/CUISeparator.build/Debug-watchos/CUISeparator-t.build/Objects-normal/arm64_32/CUISeparator.SwiftFileList (in target 'CUISeparator' from project 'CUISeparator')
    cd /Users/admin/builder/spi-builder-workspace/.dependencies/checkouts/CUISeparator
    write-file /Users/admin/builder/spi-builder-workspace/.derivedData/Build/Intermediates.noindex/CUISeparator.build/Debug-watchos/CUISeparator-t.build/Objects-normal/arm64_32/CUISeparator.SwiftFileList
WriteAuxiliaryFile /Users/admin/builder/spi-builder-workspace/.derivedData/Build/Intermediates.noindex/CUISeparator.build/Debug-watchos/CUISeparator-t.build/Objects-normal/arm64_32/CUISeparator.SwiftConstValuesFileList (in target 'CUISeparator' from project 'CUISeparator')
    cd /Users/admin/builder/spi-builder-workspace/.dependencies/checkouts/CUISeparator
    write-file /Users/admin/builder/spi-builder-workspace/.derivedData/Build/Intermediates.noindex/CUISeparator.build/Debug-watchos/CUISeparator-t.build/Objects-normal/arm64_32/CUISeparator.SwiftConstValuesFileList
WriteAuxiliaryFile /Users/admin/builder/spi-builder-workspace/.derivedData/Build/Intermediates.noindex/CUISeparator.build/Debug-watchos/CUISeparator-t.build/Objects-normal/arm64_32/CUISeparator.LinkFileList (in target 'CUISeparator' from project 'CUISeparator')
    cd /Users/admin/builder/spi-builder-workspace/.dependencies/checkouts/CUISeparator
    write-file /Users/admin/builder/spi-builder-workspace/.derivedData/Build/Intermediates.noindex/CUISeparator.build/Debug-watchos/CUISeparator-t.build/Objects-normal/arm64_32/CUISeparator.LinkFileList
WriteAuxiliaryFile /Users/admin/builder/spi-builder-workspace/.derivedData/Build/Intermediates.noindex/CUISeparator.build/Debug-watchos/CUISeparator-t.build/Objects-normal/arm64_32/CUISeparator-OutputFileMap.json (in target 'CUISeparator' from project 'CUISeparator')
    cd /Users/admin/builder/spi-builder-workspace/.dependencies/checkouts/CUISeparator
    write-file /Users/admin/builder/spi-builder-workspace/.derivedData/Build/Intermediates.noindex/CUISeparator.build/Debug-watchos/CUISeparator-t.build/Objects-normal/arm64_32/CUISeparator-OutputFileMap.json
WriteAuxiliaryFile /Users/admin/builder/spi-builder-workspace/.derivedData/Build/Intermediates.noindex/CUISeparator.build/Debug-watchos/CUISeparator-t.build/Objects-normal/arm64/CUISeparator_const_extract_protocols.json (in target 'CUISeparator' from project 'CUISeparator')
    cd /Users/admin/builder/spi-builder-workspace/.dependencies/checkouts/CUISeparator
    write-file /Users/admin/builder/spi-builder-workspace/.derivedData/Build/Intermediates.noindex/CUISeparator.build/Debug-watchos/CUISeparator-t.build/Objects-normal/arm64/CUISeparator_const_extract_protocols.json
WriteAuxiliaryFile /Users/admin/builder/spi-builder-workspace/.derivedData/Build/Intermediates.noindex/CUISeparator.build/Debug-watchos/CUISeparator-t.build/Objects-normal/arm64/CUISeparator.SwiftFileList (in target 'CUISeparator' from project 'CUISeparator')
    cd /Users/admin/builder/spi-builder-workspace/.dependencies/checkouts/CUISeparator
    write-file /Users/admin/builder/spi-builder-workspace/.derivedData/Build/Intermediates.noindex/CUISeparator.build/Debug-watchos/CUISeparator-t.build/Objects-normal/arm64/CUISeparator.SwiftFileList
WriteAuxiliaryFile /Users/admin/builder/spi-builder-workspace/.derivedData/Build/Intermediates.noindex/CUISeparator.build/Debug-watchos/CUISeparator-t.build/Objects-normal/arm64/CUISeparator.LinkFileList (in target 'CUISeparator' from project 'CUISeparator')
    cd /Users/admin/builder/spi-builder-workspace/.dependencies/checkouts/CUISeparator
    write-file /Users/admin/builder/spi-builder-workspace/.derivedData/Build/Intermediates.noindex/CUISeparator.build/Debug-watchos/CUISeparator-t.build/Objects-normal/arm64/CUISeparator.LinkFileList
WriteAuxiliaryFile /Users/admin/builder/spi-builder-workspace/.derivedData/Build/Intermediates.noindex/CUISeparator.build/Debug-watchos/CUISeparator-t.build/Objects-normal/arm64/CUISeparator.SwiftConstValuesFileList (in target 'CUISeparator' from project 'CUISeparator')
    cd /Users/admin/builder/spi-builder-workspace/.dependencies/checkouts/CUISeparator
    write-file /Users/admin/builder/spi-builder-workspace/.derivedData/Build/Intermediates.noindex/CUISeparator.build/Debug-watchos/CUISeparator-t.build/Objects-normal/arm64/CUISeparator.SwiftConstValuesFileList
WriteAuxiliaryFile /Users/admin/builder/spi-builder-workspace/.derivedData/Build/Intermediates.noindex/CUISeparator.build/Debug-watchos/CUISeparator-t.build/Objects-normal/arm64/CUISeparator-OutputFileMap.json (in target 'CUISeparator' from project 'CUISeparator')
    cd /Users/admin/builder/spi-builder-workspace/.dependencies/checkouts/CUISeparator
    write-file /Users/admin/builder/spi-builder-workspace/.derivedData/Build/Intermediates.noindex/CUISeparator.build/Debug-watchos/CUISeparator-t.build/Objects-normal/arm64/CUISeparator-OutputFileMap.json
Copy /Users/admin/builder/spi-builder-workspace/.derivedData/Build/Intermediates.noindex/GeneratedModuleMaps-watchos/CrystalButtonKit.modulemap /Users/admin/builder/spi-builder-workspace/.derivedData/Build/Intermediates.noindex/CrystalButtonKit.build/Debug-watchos/CrystalButtonKit-t.build/CrystalButtonKit.modulemap (in target 'CrystalButtonKit' from project 'CrystalButtonKit')
    cd /Users/admin/builder/spi-builder-workspace
    builtin-copy -exclude .DS_Store -exclude CVS -exclude .svn -exclude .git -exclude .hg -resolve-src-symlinks /Users/admin/builder/spi-builder-workspace/.derivedData/Build/Intermediates.noindex/CrystalButtonKit.build/Debug-watchos/CrystalButtonKit-t.build/CrystalButtonKit.modulemap /Users/admin/builder/spi-builder-workspace/.derivedData/Build/Intermediates.noindex/GeneratedModuleMaps-watchos
WriteAuxiliaryFile /Users/admin/builder/spi-builder-workspace/.derivedData/Build/Intermediates.noindex/CUISeparator.build/Debug-watchos/CUISeparator-t.build/CUISeparator.modulemap (in target 'CUISeparator' from project 'CUISeparator')
    cd /Users/admin/builder/spi-builder-workspace/.dependencies/checkouts/CUISeparator
    write-file /Users/admin/builder/spi-builder-workspace/.derivedData/Build/Intermediates.noindex/CUISeparator.build/Debug-watchos/CUISeparator-t.build/CUISeparator.modulemap
WriteAuxiliaryFile /Users/admin/builder/spi-builder-workspace/.derivedData/Build/Intermediates.noindex/CUISeparator.build/Debug-watchos/CUISeparator-t.build/CUISeparator.DependencyStaticMetadataFileList (in target 'CUISeparator' from project 'CUISeparator')
    cd /Users/admin/builder/spi-builder-workspace/.dependencies/checkouts/CUISeparator
    write-file /Users/admin/builder/spi-builder-workspace/.derivedData/Build/Intermediates.noindex/CUISeparator.build/Debug-watchos/CUISeparator-t.build/CUISeparator.DependencyStaticMetadataFileList
WriteAuxiliaryFile /Users/admin/builder/spi-builder-workspace/.derivedData/Build/Intermediates.noindex/CUISeparator.build/Debug-watchos/CUISeparator-t.build/CUISeparator.DependencyMetadataFileList (in target 'CUISeparator' from project 'CUISeparator')
    cd /Users/admin/builder/spi-builder-workspace/.dependencies/checkouts/CUISeparator
    write-file /Users/admin/builder/spi-builder-workspace/.derivedData/Build/Intermediates.noindex/CUISeparator.build/Debug-watchos/CUISeparator-t.build/CUISeparator.DependencyMetadataFileList
WriteAuxiliaryFile /Users/admin/builder/spi-builder-workspace/.derivedData/Build/Intermediates.noindex/CUIPreviewKit.build/Debug-watchos/CUIPreviewKit-t.build/Objects-normal/arm64_32/CUIPreviewKit-OutputFileMap.json (in target 'CUIPreviewKit' from project 'CUIPreviewKit')
    cd /Users/admin/builder/spi-builder-workspace/.dependencies/checkouts/CUIPreviewKit
    write-file /Users/admin/builder/spi-builder-workspace/.derivedData/Build/Intermediates.noindex/CUIPreviewKit.build/Debug-watchos/CUIPreviewKit-t.build/Objects-normal/arm64_32/CUIPreviewKit-OutputFileMap.json
WriteAuxiliaryFile /Users/admin/builder/spi-builder-workspace/.derivedData/Build/Intermediates.noindex/CUIPreviewKit.build/Debug-watchos/CUIPreviewKit-t.build/Objects-normal/arm64_32/CUIPreviewKit.LinkFileList (in target 'CUIPreviewKit' from project 'CUIPreviewKit')
    cd /Users/admin/builder/spi-builder-workspace/.dependencies/checkouts/CUIPreviewKit
    write-file /Users/admin/builder/spi-builder-workspace/.derivedData/Build/Intermediates.noindex/CUIPreviewKit.build/Debug-watchos/CUIPreviewKit-t.build/Objects-normal/arm64_32/CUIPreviewKit.LinkFileList
WriteAuxiliaryFile /Users/admin/builder/spi-builder-workspace/.derivedData/Build/Intermediates.noindex/CUIPreviewKit.build/Debug-watchos/CUIPreviewKit-t.build/Objects-normal/arm64_32/CUIPreviewKit.SwiftFileList (in target 'CUIPreviewKit' from project 'CUIPreviewKit')
    cd /Users/admin/builder/spi-builder-workspace/.dependencies/checkouts/CUIPreviewKit
    write-file /Users/admin/builder/spi-builder-workspace/.derivedData/Build/Intermediates.noindex/CUIPreviewKit.build/Debug-watchos/CUIPreviewKit-t.build/Objects-normal/arm64_32/CUIPreviewKit.SwiftFileList
WriteAuxiliaryFile /Users/admin/builder/spi-builder-workspace/.derivedData/Build/Intermediates.noindex/CUIPreviewKit.build/Debug-watchos/CUIPreviewKit-t.build/Objects-normal/arm64_32/CUIPreviewKit_const_extract_protocols.json (in target 'CUIPreviewKit' from project 'CUIPreviewKit')
    cd /Users/admin/builder/spi-builder-workspace/.dependencies/checkouts/CUIPreviewKit
    write-file /Users/admin/builder/spi-builder-workspace/.derivedData/Build/Intermediates.noindex/CUIPreviewKit.build/Debug-watchos/CUIPreviewKit-t.build/Objects-normal/arm64_32/CUIPreviewKit_const_extract_protocols.json
WriteAuxiliaryFile /Users/admin/builder/spi-builder-workspace/.derivedData/Build/Intermediates.noindex/CUIPreviewKit.build/Debug-watchos/CUIPreviewKit-t.build/Objects-normal/arm64_32/CUIPreviewKit.SwiftConstValuesFileList (in target 'CUIPreviewKit' from project 'CUIPreviewKit')
    cd /Users/admin/builder/spi-builder-workspace/.dependencies/checkouts/CUIPreviewKit
    write-file /Users/admin/builder/spi-builder-workspace/.derivedData/Build/Intermediates.noindex/CUIPreviewKit.build/Debug-watchos/CUIPreviewKit-t.build/Objects-normal/arm64_32/CUIPreviewKit.SwiftConstValuesFileList
WriteAuxiliaryFile /Users/admin/builder/spi-builder-workspace/.derivedData/Build/Intermediates.noindex/CUIPreviewKit.build/Debug-watchos/CUIPreviewKit-t.build/Objects-normal/arm64/CUIPreviewKit_const_extract_protocols.json (in target 'CUIPreviewKit' from project 'CUIPreviewKit')
    cd /Users/admin/builder/spi-builder-workspace/.dependencies/checkouts/CUIPreviewKit
    write-file /Users/admin/builder/spi-builder-workspace/.derivedData/Build/Intermediates.noindex/CUIPreviewKit.build/Debug-watchos/CUIPreviewKit-t.build/Objects-normal/arm64/CUIPreviewKit_const_extract_protocols.json
Copy /Users/admin/builder/spi-builder-workspace/.derivedData/Build/Intermediates.noindex/GeneratedModuleMaps-watchos/CUISeparator.modulemap /Users/admin/builder/spi-builder-workspace/.derivedData/Build/Intermediates.noindex/CUISeparator.build/Debug-watchos/CUISeparator-t.build/CUISeparator.modulemap (in target 'CUISeparator' from project 'CUISeparator')
    cd /Users/admin/builder/spi-builder-workspace/.dependencies/checkouts/CUISeparator
    builtin-copy -exclude .DS_Store -exclude CVS -exclude .svn -exclude .git -exclude .hg -resolve-src-symlinks /Users/admin/builder/spi-builder-workspace/.derivedData/Build/Intermediates.noindex/CUISeparator.build/Debug-watchos/CUISeparator-t.build/CUISeparator.modulemap /Users/admin/builder/spi-builder-workspace/.derivedData/Build/Intermediates.noindex/GeneratedModuleMaps-watchos
WriteAuxiliaryFile /Users/admin/builder/spi-builder-workspace/.derivedData/Build/Intermediates.noindex/CUIPreviewKit.build/Debug-watchos/CUIPreviewKit-t.build/Objects-normal/arm64/CUIPreviewKit.SwiftFileList (in target 'CUIPreviewKit' from project 'CUIPreviewKit')
    cd /Users/admin/builder/spi-builder-workspace/.dependencies/checkouts/CUIPreviewKit
    write-file /Users/admin/builder/spi-builder-workspace/.derivedData/Build/Intermediates.noindex/CUIPreviewKit.build/Debug-watchos/CUIPreviewKit-t.build/Objects-normal/arm64/CUIPreviewKit.SwiftFileList
WriteAuxiliaryFile /Users/admin/builder/spi-builder-workspace/.derivedData/Build/Intermediates.noindex/CUIPreviewKit.build/Debug-watchos/CUIPreviewKit-t.build/Objects-normal/arm64/CUIPreviewKit.SwiftConstValuesFileList (in target 'CUIPreviewKit' from project 'CUIPreviewKit')
    cd /Users/admin/builder/spi-builder-workspace/.dependencies/checkouts/CUIPreviewKit
    write-file /Users/admin/builder/spi-builder-workspace/.derivedData/Build/Intermediates.noindex/CUIPreviewKit.build/Debug-watchos/CUIPreviewKit-t.build/Objects-normal/arm64/CUIPreviewKit.SwiftConstValuesFileList
WriteAuxiliaryFile /Users/admin/builder/spi-builder-workspace/.derivedData/Build/Intermediates.noindex/CUIPreviewKit.build/Debug-watchos/CUIPreviewKit-t.build/Objects-normal/arm64/CUIPreviewKit.LinkFileList (in target 'CUIPreviewKit' from project 'CUIPreviewKit')
    cd /Users/admin/builder/spi-builder-workspace/.dependencies/checkouts/CUIPreviewKit
    write-file /Users/admin/builder/spi-builder-workspace/.derivedData/Build/Intermediates.noindex/CUIPreviewKit.build/Debug-watchos/CUIPreviewKit-t.build/Objects-normal/arm64/CUIPreviewKit.LinkFileList
WriteAuxiliaryFile /Users/admin/builder/spi-builder-workspace/.derivedData/Build/Intermediates.noindex/CUIPreviewKit.build/Debug-watchos/CUIPreviewKit-t.build/Objects-normal/arm64/CUIPreviewKit-OutputFileMap.json (in target 'CUIPreviewKit' from project 'CUIPreviewKit')
    cd /Users/admin/builder/spi-builder-workspace/.dependencies/checkouts/CUIPreviewKit
    write-file /Users/admin/builder/spi-builder-workspace/.derivedData/Build/Intermediates.noindex/CUIPreviewKit.build/Debug-watchos/CUIPreviewKit-t.build/Objects-normal/arm64/CUIPreviewKit-OutputFileMap.json
WriteAuxiliaryFile /Users/admin/builder/spi-builder-workspace/.derivedData/Build/Intermediates.noindex/CUIPreviewKit.build/Debug-watchos/CUIPreviewKit-t.build/CUIPreviewKit.modulemap (in target 'CUIPreviewKit' from project 'CUIPreviewKit')
    cd /Users/admin/builder/spi-builder-workspace/.dependencies/checkouts/CUIPreviewKit
    write-file /Users/admin/builder/spi-builder-workspace/.derivedData/Build/Intermediates.noindex/CUIPreviewKit.build/Debug-watchos/CUIPreviewKit-t.build/CUIPreviewKit.modulemap
WriteAuxiliaryFile /Users/admin/builder/spi-builder-workspace/.derivedData/Build/Intermediates.noindex/CUIPreviewKit.build/Debug-watchos/CUIPreviewKit-t.build/CUIPreviewKit.DependencyStaticMetadataFileList (in target 'CUIPreviewKit' from project 'CUIPreviewKit')
    cd /Users/admin/builder/spi-builder-workspace/.dependencies/checkouts/CUIPreviewKit
    write-file /Users/admin/builder/spi-builder-workspace/.derivedData/Build/Intermediates.noindex/CUIPreviewKit.build/Debug-watchos/CUIPreviewKit-t.build/CUIPreviewKit.DependencyStaticMetadataFileList
WriteAuxiliaryFile /Users/admin/builder/spi-builder-workspace/.derivedData/Build/Intermediates.noindex/CUIPreviewKit.build/Debug-watchos/CUIPreviewKit-t.build/CUIPreviewKit.DependencyMetadataFileList (in target 'CUIPreviewKit' from project 'CUIPreviewKit')
    cd /Users/admin/builder/spi-builder-workspace/.dependencies/checkouts/CUIPreviewKit
    write-file /Users/admin/builder/spi-builder-workspace/.derivedData/Build/Intermediates.noindex/CUIPreviewKit.build/Debug-watchos/CUIPreviewKit-t.build/CUIPreviewKit.DependencyMetadataFileList
Copy /Users/admin/builder/spi-builder-workspace/.derivedData/Build/Intermediates.noindex/GeneratedModuleMaps-watchos/CUIPreviewKit.modulemap /Users/admin/builder/spi-builder-workspace/.derivedData/Build/Intermediates.noindex/CUIPreviewKit.build/Debug-watchos/CUIPreviewKit-t.build/CUIPreviewKit.modulemap (in target 'CUIPreviewKit' from project 'CUIPreviewKit')
    cd /Users/admin/builder/spi-builder-workspace/.dependencies/checkouts/CUIPreviewKit
    builtin-copy -exclude .DS_Store -exclude CVS -exclude .svn -exclude .git -exclude .hg -resolve-src-symlinks /Users/admin/builder/spi-builder-workspace/.derivedData/Build/Intermediates.noindex/CUIPreviewKit.build/Debug-watchos/CUIPreviewKit-t.build/CUIPreviewKit.modulemap /Users/admin/builder/spi-builder-workspace/.derivedData/Build/Intermediates.noindex/GeneratedModuleMaps-watchos
SwiftDriver CrystalViewUtilities normal arm64 com.apple.xcode.tools.swift.compiler (in target 'CrystalViewUtilities' from project 'CrystalViewUtilities')
    cd /Users/admin/builder/spi-builder-workspace/.swiftpm/xcode
    builtin-SwiftDriver -- /Applications/Xcode-27.0.0-Release.Candidate.app/Contents/Developer/Toolchains/XcodeDefault.xctoolchain/usr/bin/swiftc -parse-as-library -module-name CrystalViewUtilities -Onone @/Users/admin/builder/spi-builder-workspace/.derivedData/Build/Intermediates.noindex/CrystalViewUtilities.build/Debug-watchos/CrystalViewUtilities-t.build/Objects-normal/arm64/CrystalViewUtilities.SwiftFileList -DSWIFT_PACKAGE -DDEBUG -DSWIFT_MODULE_RESOURCE_BUNDLE_UNAVAILABLE -DXcode -plugin-path /Applications/Xcode-27.0.0-Release.Candidate.app/Contents/Developer/Toolchains/XcodeDefault.xctoolchain/usr/lib/swift/host/plugins/testing -enable-experimental-feature DebugDescriptionMacro -sdk /Applications/Xcode-27.0.0-Release.Candidate.app/Contents/Developer/Platforms/WatchOS.platform/Developer/SDKs/WatchOS27.0.sdk -target arm64-apple-watchos9.0 -g -module-cache-path /Users/admin/builder/spi-builder-workspace/.derivedData/ModuleCache.noindex -Xfrontend -serialize-debugging-options -profile-coverage-mapping -profile-generate -enable-testing -suppress-warnings -index-store-path /Users/admin/builder/spi-builder-workspace/.derivedData/Index.noindex/DataStore -Xcc -D_LIBCPP_HARDENING_MODE\=_LIBCPP_HARDENING_MODE_DEBUG -swift-version 5 -I /Users/admin/builder/spi-builder-workspace/.derivedData/Build/Products/Debug-watchos -Isystem /Applications/Xcode-27.0.0-Release.Candidate.app/Contents/Developer/Platforms/WatchOS.platform/Developer/usr/lib -F /Users/admin/builder/spi-builder-workspace/.derivedData/Build/Products/Debug-watchos -F /Applications/Xcode-27.0.0-Release.Candidate.app/Contents/Developer/Platforms/WatchOS.platform/Developer/Library/Frameworks -F /Applications/Xcode-27.0.0-Release.Candidate.app/Contents/Developer/Platforms/WatchOS.platform/Developer/SDKs/WatchOS27.0.sdk/Developer/Library/Frameworks -c -j10 -enable-batch-mode -incremental -Xcc -ivfsstatcache -Xcc /Users/admin/builder/spi-builder-workspace/.derivedData/SDKStatCaches.noindex/watchos27.0-24R360-e829b21a6f8c9b70876ba0858053c04477534ef55a1706bf4c1112bbb242f0a2.sdkstatcache -output-file-map /Users/admin/builder/spi-builder-workspace/.derivedData/Build/Intermediates.noindex/CrystalViewUtilities.build/Debug-watchos/CrystalViewUtilities-t.build/Objects-normal/arm64/CrystalViewUtilities-OutputFileMap.json -save-temps -no-color-diagnostics -explicit-module-build -module-cache-path /Users/admin/builder/spi-builder-workspace/.derivedData/Build/Intermediates.noindex/SwiftExplicitPrecompiledModules -clang-scanner-module-cache-path /Users/admin/builder/spi-builder-workspace/.derivedData/ModuleCache.noindex -sdk-module-cache-path /Users/admin/builder/spi-builder-workspace/.derivedData/SDKExplicitPrecompiledModules -emit-dependencies -emit-module -emit-module-path /Users/admin/builder/spi-builder-workspace/.derivedData/Build/Intermediates.noindex/CrystalViewUtilities.build/Debug-watchos/CrystalViewUtilities-t.build/Objects-normal/arm64/CrystalViewUtilities.swiftmodule -serialize-diagnostics -dependency-scan-serialize-diagnostics-path /Users/admin/builder/spi-builder-workspace/.derivedData/Build/Intermediates.noindex/CrystalViewUtilities.build/Debug-watchos/CrystalViewUtilities-t.build/Objects-normal/arm64/CrystalViewUtilities-dependency-scan.dia -validate-clang-modules-once -clang-build-session-file /Users/admin/builder/spi-builder-workspace/.derivedData/ModuleCache.noindex/Session.modulevalidation -Xcc -fmodules-prune-interval\=86400 -Xcc -fmodules-prune-after\=345600 -emit-const-values -const-gather-protocols-list /Users/admin/builder/spi-builder-workspace/.derivedData/Build/Intermediates.noindex/CrystalViewUtilities.build/Debug-watchos/CrystalViewUtilities-t.build/Objects-normal/arm64/CrystalViewUtilities_const_extract_protocols.json -Xcc -I/Users/admin/builder/spi-builder-workspace/.derivedData/Build/Products/Debug-watchos/include -Xcc -I/Users/admin/builder/spi-builder-workspace/.derivedData/Build/Intermediates.noindex/CrystalViewUtilities.build/Debug-watchos/CrystalViewUtilities-t.build/DerivedSources-normal/arm64 -Xcc -I/Users/admin/builder/spi-builder-workspace/.derivedData/Build/Intermediates.noindex/CrystalViewUtilities.build/Debug-watchos/CrystalViewUtilities-t.build/DerivedSources/arm64 -Xcc -I/Users/admin/builder/spi-builder-workspace/.derivedData/Build/Intermediates.noindex/CrystalViewUtilities.build/Debug-watchos/CrystalViewUtilities-t.build/DerivedSources -Xcc -DSWIFT_PACKAGE -Xcc -DDEBUG\=1 -emit-objc-header -emit-objc-header-path /Users/admin/builder/spi-builder-workspace/.derivedData/Build/Intermediates.noindex/CrystalViewUtilities.build/Debug-watchos/CrystalViewUtilities-t.build/Objects-normal/arm64/CrystalViewUtilities-Swift.h -working-directory /Users/admin/builder/spi-builder-workspace/.swiftpm/xcode -experimental-emit-module-separately -disable-cmo
SwiftDriver CUIPreviewKit normal arm64 com.apple.xcode.tools.swift.compiler (in target 'CUIPreviewKit' from project 'CUIPreviewKit')
    cd /Users/admin/builder/spi-builder-workspace/.swiftpm/xcode
    builtin-SwiftDriver -- /Applications/Xcode-27.0.0-Release.Candidate.app/Contents/Developer/Toolchains/XcodeDefault.xctoolchain/usr/bin/swiftc -parse-as-library -module-name CUIPreviewKit -Onone @/Users/admin/builder/spi-builder-workspace/.derivedData/Build/Intermediates.noindex/CUIPreviewKit.build/Debug-watchos/CUIPreviewKit-t.build/Objects-normal/arm64/CUIPreviewKit.SwiftFileList -DSWIFT_PACKAGE -DDEBUG -DSWIFT_MODULE_RESOURCE_BUNDLE_UNAVAILABLE -DXcode -plugin-path /Applications/Xcode-27.0.0-Release.Candidate.app/Contents/Developer/Toolchains/XcodeDefault.xctoolchain/usr/lib/swift/host/plugins/testing -enable-experimental-feature DebugDescriptionMacro -sdk /Applications/Xcode-27.0.0-Release.Candidate.app/Contents/Developer/Platforms/WatchOS.platform/Developer/SDKs/WatchOS27.0.sdk -target arm64-apple-watchos9.0 -g -module-cache-path /Users/admin/builder/spi-builder-workspace/.derivedData/ModuleCache.noindex -Xfrontend -serialize-debugging-options -profile-coverage-mapping -profile-generate -enable-testing -suppress-warnings -index-store-path /Users/admin/builder/spi-builder-workspace/.derivedData/Index.noindex/DataStore -Xcc -D_LIBCPP_HARDENING_MODE\=_LIBCPP_HARDENING_MODE_DEBUG -swift-version 5 -I /Users/admin/builder/spi-builder-workspace/.derivedData/Build/Products/Debug-watchos -Isystem /Applications/Xcode-27.0.0-Release.Candidate.app/Contents/Developer/Platforms/WatchOS.platform/Developer/usr/lib -F /Users/admin/builder/spi-builder-workspace/.derivedData/Build/Products/Debug-watchos -F /Applications/Xcode-27.0.0-Release.Candidate.app/Contents/Developer/Platforms/WatchOS.platform/Developer/Library/Frameworks -F /Applications/Xcode-27.0.0-Release.Candidate.app/Contents/Developer/Platforms/WatchOS.platform/Developer/SDKs/WatchOS27.0.sdk/Developer/Library/Frameworks -c -j10 -enable-batch-mode -incremental -Xcc -ivfsstatcache -Xcc /Users/admin/builder/spi-builder-workspace/.derivedData/SDKStatCaches.noindex/watchos27.0-24R360-e829b21a6f8c9b70876ba0858053c04477534ef55a1706bf4c1112bbb242f0a2.sdkstatcache -output-file-map /Users/admin/builder/spi-builder-workspace/.derivedData/Build/Intermediates.noindex/CUIPreviewKit.build/Debug-watchos/CUIPreviewKit-t.build/Objects-normal/arm64/CUIPreviewKit-OutputFileMap.json -save-temps -no-color-diagnostics -explicit-module-build -module-cache-path /Users/admin/builder/spi-builder-workspace/.derivedData/Build/Intermediates.noindex/SwiftExplicitPrecompiledModules -clang-scanner-module-cache-path /Users/admin/builder/spi-builder-workspace/.derivedData/ModuleCache.noindex -sdk-module-cache-path /Users/admin/builder/spi-builder-workspace/.derivedData/SDKExplicitPrecompiledModules -emit-dependencies -emit-module -emit-module-path /Users/admin/builder/spi-builder-workspace/.derivedData/Build/Intermediates.noindex/CUIPreviewKit.build/Debug-watchos/CUIPreviewKit-t.build/Objects-normal/arm64/CUIPreviewKit.swiftmodule -serialize-diagnostics -dependency-scan-serialize-diagnostics-path /Users/admin/builder/spi-builder-workspace/.derivedData/Build/Intermediates.noindex/CUIPreviewKit.build/Debug-watchos/CUIPreviewKit-t.build/Objects-normal/arm64/CUIPreviewKit-dependency-scan.dia -validate-clang-modules-once -clang-build-session-file /Users/admin/builder/spi-builder-workspace/.derivedData/ModuleCache.noindex/Session.modulevalidation -Xcc -fmodules-prune-interval\=86400 -Xcc -fmodules-prune-after\=345600 -emit-const-values -const-gather-protocols-list /Users/admin/builder/spi-builder-workspace/.derivedData/Build/Intermediates.noindex/CUIPreviewKit.build/Debug-watchos/CUIPreviewKit-t.build/Objects-normal/arm64/CUIPreviewKit_const_extract_protocols.json -Xcc -I/Users/admin/builder/spi-builder-workspace/.derivedData/Build/Products/Debug-watchos/include -Xcc -I/Users/admin/builder/spi-builder-workspace/.derivedData/Build/Intermediates.noindex/CUIPreviewKit.build/Debug-watchos/CUIPreviewKit-t.build/DerivedSources-normal/arm64 -Xcc -I/Users/admin/builder/spi-builder-workspace/.derivedData/Build/Intermediates.noindex/CUIPreviewKit.build/Debug-watchos/CUIPreviewKit-t.build/DerivedSources/arm64 -Xcc -I/Users/admin/builder/spi-builder-workspace/.derivedData/Build/Intermediates.noindex/CUIPreviewKit.build/Debug-watchos/CUIPreviewKit-t.build/DerivedSources -Xcc -DSWIFT_PACKAGE -Xcc -DDEBUG\=1 -emit-objc-header -emit-objc-header-path /Users/admin/builder/spi-builder-workspace/.derivedData/Build/Intermediates.noindex/CUIPreviewKit.build/Debug-watchos/CUIPreviewKit-t.build/Objects-normal/arm64/CUIPreviewKit-Swift.h -working-directory /Users/admin/builder/spi-builder-workspace/.swiftpm/xcode -experimental-emit-module-separately -disable-cmo
SwiftDriver CUIPreviewKit normal arm64_32 com.apple.xcode.tools.swift.compiler (in target 'CUIPreviewKit' from project 'CUIPreviewKit')
    cd /Users/admin/builder/spi-builder-workspace/.swiftpm/xcode
    builtin-SwiftDriver -- /Applications/Xcode-27.0.0-Release.Candidate.app/Contents/Developer/Toolchains/XcodeDefault.xctoolchain/usr/bin/swiftc -parse-as-library -module-name CUIPreviewKit -Onone @/Users/admin/builder/spi-builder-workspace/.derivedData/Build/Intermediates.noindex/CUIPreviewKit.build/Debug-watchos/CUIPreviewKit-t.build/Objects-normal/arm64_32/CUIPreviewKit.SwiftFileList -DSWIFT_PACKAGE -DDEBUG -DSWIFT_MODULE_RESOURCE_BUNDLE_UNAVAILABLE -DXcode -plugin-path /Applications/Xcode-27.0.0-Release.Candidate.app/Contents/Developer/Toolchains/XcodeDefault.xctoolchain/usr/lib/swift/host/plugins/testing -enable-experimental-feature DebugDescriptionMacro -sdk /Applications/Xcode-27.0.0-Release.Candidate.app/Contents/Developer/Platforms/WatchOS.platform/Developer/SDKs/WatchOS27.0.sdk -target arm64_32-apple-watchos9.0 -g -module-cache-path /Users/admin/builder/spi-builder-workspace/.derivedData/ModuleCache.noindex -Xfrontend -serialize-debugging-options -profile-coverage-mapping -profile-generate -enable-testing -suppress-warnings -index-store-path /Users/admin/builder/spi-builder-workspace/.derivedData/Index.noindex/DataStore -Xcc -D_LIBCPP_HARDENING_MODE\=_LIBCPP_HARDENING_MODE_DEBUG -swift-version 5 -I /Users/admin/builder/spi-builder-workspace/.derivedData/Build/Products/Debug-watchos -Isystem /Applications/Xcode-27.0.0-Release.Candidate.app/Contents/Developer/Platforms/WatchOS.platform/Developer/usr/lib -F /Users/admin/builder/spi-builder-workspace/.derivedData/Build/Products/Debug-watchos -F /Applications/Xcode-27.0.0-Release.Candidate.app/Contents/Developer/Platforms/WatchOS.platform/Developer/Library/Frameworks -F /Applications/Xcode-27.0.0-Release.Candidate.app/Contents/Developer/Platforms/WatchOS.platform/Developer/SDKs/WatchOS27.0.sdk/Developer/Library/Frameworks -c -j10 -enable-batch-mode -incremental -Xcc -ivfsstatcache -Xcc /Users/admin/builder/spi-builder-workspace/.derivedData/SDKStatCaches.noindex/watchos27.0-24R360-e829b21a6f8c9b70876ba0858053c04477534ef55a1706bf4c1112bbb242f0a2.sdkstatcache -output-file-map /Users/admin/builder/spi-builder-workspace/.derivedData/Build/Intermediates.noindex/CUIPreviewKit.build/Debug-watchos/CUIPreviewKit-t.build/Objects-normal/arm64_32/CUIPreviewKit-OutputFileMap.json -save-temps -no-color-diagnostics -explicit-module-build -module-cache-path /Users/admin/builder/spi-builder-workspace/.derivedData/Build/Intermediates.noindex/SwiftExplicitPrecompiledModules -clang-scanner-module-cache-path /Users/admin/builder/spi-builder-workspace/.derivedData/ModuleCache.noindex -sdk-module-cache-path /Users/admin/builder/spi-builder-workspace/.derivedData/SDKExplicitPrecompiledModules -emit-dependencies -emit-module -emit-module-path /Users/admin/builder/spi-builder-workspace/.derivedData/Build/Intermediates.noindex/CUIPreviewKit.build/Debug-watchos/CUIPreviewKit-t.build/Objects-normal/arm64_32/CUIPreviewKit.swiftmodule -serialize-diagnostics -dependency-scan-serialize-diagnostics-path /Users/admin/builder/spi-builder-workspace/.derivedData/Build/Intermediates.noindex/CUIPreviewKit.build/Debug-watchos/CUIPreviewKit-t.build/Objects-normal/arm64_32/CUIPreviewKit-dependency-scan.dia -validate-clang-modules-once -clang-build-session-file /Users/admin/builder/spi-builder-workspace/.derivedData/ModuleCache.noindex/Session.modulevalidation -Xcc -fmodules-prune-interval\=86400 -Xcc -fmodules-prune-after\=345600 -emit-const-values -const-gather-protocols-list /Users/admin/builder/spi-builder-workspace/.derivedData/Build/Intermediates.noindex/CUIPreviewKit.build/Debug-watchos/CUIPreviewKit-t.build/Objects-normal/arm64_32/CUIPreviewKit_const_extract_protocols.json -Xcc -I/Users/admin/builder/spi-builder-workspace/.derivedData/Build/Products/Debug-watchos/include -Xcc -I/Users/admin/builder/spi-builder-workspace/.derivedData/Build/Intermediates.noindex/CUIPreviewKit.build/Debug-watchos/CUIPreviewKit-t.build/DerivedSources-normal/arm64_32 -Xcc -I/Users/admin/builder/spi-builder-workspace/.derivedData/Build/Intermediates.noindex/CUIPreviewKit.build/Debug-watchos/CUIPreviewKit-t.build/DerivedSources/arm64_32 -Xcc -I/Users/admin/builder/spi-builder-workspace/.derivedData/Build/Intermediates.noindex/CUIPreviewKit.build/Debug-watchos/CUIPreviewKit-t.build/DerivedSources -Xcc -DSWIFT_PACKAGE -Xcc -DDEBUG\=1 -emit-objc-header -emit-objc-header-path /Users/admin/builder/spi-builder-workspace/.derivedData/Build/Intermediates.noindex/CUIPreviewKit.build/Debug-watchos/CUIPreviewKit-t.build/Objects-normal/arm64_32/CUIPreviewKit-Swift.h -working-directory /Users/admin/builder/spi-builder-workspace/.swiftpm/xcode -experimental-emit-module-separately -disable-cmo
SwiftDriver CrystalViewUtilities normal arm64_32 com.apple.xcode.tools.swift.compiler (in target 'CrystalViewUtilities' from project 'CrystalViewUtilities')
    cd /Users/admin/builder/spi-builder-workspace/.swiftpm/xcode
    builtin-SwiftDriver -- /Applications/Xcode-27.0.0-Release.Candidate.app/Contents/Developer/Toolchains/XcodeDefault.xctoolchain/usr/bin/swiftc -parse-as-library -module-name CrystalViewUtilities -Onone @/Users/admin/builder/spi-builder-workspace/.derivedData/Build/Intermediates.noindex/CrystalViewUtilities.build/Debug-watchos/CrystalViewUtilities-t.build/Objects-normal/arm64_32/CrystalViewUtilities.SwiftFileList -DSWIFT_PACKAGE -DDEBUG -DSWIFT_MODULE_RESOURCE_BUNDLE_UNAVAILABLE -DXcode -plugin-path /Applications/Xcode-27.0.0-Release.Candidate.app/Contents/Developer/Toolchains/XcodeDefault.xctoolchain/usr/lib/swift/host/plugins/testing -enable-experimental-feature DebugDescriptionMacro -sdk /Applications/Xcode-27.0.0-Release.Candidate.app/Contents/Developer/Platforms/WatchOS.platform/Developer/SDKs/WatchOS27.0.sdk -target arm64_32-apple-watchos9.0 -g -module-cache-path /Users/admin/builder/spi-builder-workspace/.derivedData/ModuleCache.noindex -Xfrontend -serialize-debugging-options -profile-coverage-mapping -profile-generate -enable-testing -suppress-warnings -index-store-path /Users/admin/builder/spi-builder-workspace/.derivedData/Index.noindex/DataStore -Xcc -D_LIBCPP_HARDENING_MODE\=_LIBCPP_HARDENING_MODE_DEBUG -swift-version 5 -I /Users/admin/builder/spi-builder-workspace/.derivedData/Build/Products/Debug-watchos -Isystem /Applications/Xcode-27.0.0-Release.Candidate.app/Contents/Developer/Platforms/WatchOS.platform/Developer/usr/lib -F /Users/admin/builder/spi-builder-workspace/.derivedData/Build/Products/Debug-watchos -F /Applications/Xcode-27.0.0-Release.Candidate.app/Contents/Developer/Platforms/WatchOS.platform/Developer/Library/Frameworks -F /Applications/Xcode-27.0.0-Release.Candidate.app/Contents/Developer/Platforms/WatchOS.platform/Developer/SDKs/WatchOS27.0.sdk/Developer/Library/Frameworks -c -j10 -enable-batch-mode -incremental -Xcc -ivfsstatcache -Xcc /Users/admin/builder/spi-builder-workspace/.derivedData/SDKStatCaches.noindex/watchos27.0-24R360-e829b21a6f8c9b70876ba0858053c04477534ef55a1706bf4c1112bbb242f0a2.sdkstatcache -output-file-map /Users/admin/builder/spi-builder-workspace/.derivedData/Build/Intermediates.noindex/CrystalViewUtilities.build/Debug-watchos/CrystalViewUtilities-t.build/Objects-normal/arm64_32/CrystalViewUtilities-OutputFileMap.json -save-temps -no-color-diagnostics -explicit-module-build -module-cache-path /Users/admin/builder/spi-builder-workspace/.derivedData/Build/Intermediates.noindex/SwiftExplicitPrecompiledModules -clang-scanner-module-cache-path /Users/admin/builder/spi-builder-workspace/.derivedData/ModuleCache.noindex -sdk-module-cache-path /Users/admin/builder/spi-builder-workspace/.derivedData/SDKExplicitPrecompiledModules -emit-dependencies -emit-module -emit-module-path /Users/admin/builder/spi-builder-workspace/.derivedData/Build/Intermediates.noindex/CrystalViewUtilities.build/Debug-watchos/CrystalViewUtilities-t.build/Objects-normal/arm64_32/CrystalViewUtilities.swiftmodule -serialize-diagnostics -dependency-scan-serialize-diagnostics-path /Users/admin/builder/spi-builder-workspace/.derivedData/Build/Intermediates.noindex/CrystalViewUtilities.build/Debug-watchos/CrystalViewUtilities-t.build/Objects-normal/arm64_32/CrystalViewUtilities-dependency-scan.dia -validate-clang-modules-once -clang-build-session-file /Users/admin/builder/spi-builder-workspace/.derivedData/ModuleCache.noindex/Session.modulevalidation -Xcc -fmodules-prune-interval\=86400 -Xcc -fmodules-prune-after\=345600 -emit-const-values -const-gather-protocols-list /Users/admin/builder/spi-builder-workspace/.derivedData/Build/Intermediates.noindex/CrystalViewUtilities.build/Debug-watchos/CrystalViewUtilities-t.build/Objects-normal/arm64_32/CrystalViewUtilities_const_extract_protocols.json -Xcc -I/Users/admin/builder/spi-builder-workspace/.derivedData/Build/Products/Debug-watchos/include -Xcc -I/Users/admin/builder/spi-builder-workspace/.derivedData/Build/Intermediates.noindex/CrystalViewUtilities.build/Debug-watchos/CrystalViewUtilities-t.build/DerivedSources-normal/arm64_32 -Xcc -I/Users/admin/builder/spi-builder-workspace/.derivedData/Build/Intermediates.noindex/CrystalViewUtilities.build/Debug-watchos/CrystalViewUtilities-t.build/DerivedSources/arm64_32 -Xcc -I/Users/admin/builder/spi-builder-workspace/.derivedData/Build/Intermediates.noindex/CrystalViewUtilities.build/Debug-watchos/CrystalViewUtilities-t.build/DerivedSources -Xcc -DSWIFT_PACKAGE -Xcc -DDEBUG\=1 -emit-objc-header -emit-objc-header-path /Users/admin/builder/spi-builder-workspace/.derivedData/Build/Intermediates.noindex/CrystalViewUtilities.build/Debug-watchos/CrystalViewUtilities-t.build/Objects-normal/arm64_32/CrystalViewUtilities-Swift.h -working-directory /Users/admin/builder/spi-builder-workspace/.swiftpm/xcode -experimental-emit-module-separately -disable-cmo
SwiftExplicitDependencyGeneratePcm arm64_32 /Users/admin/builder/spi-builder-workspace/.derivedData/SDKExplicitPrecompiledModules/ptrcheck-7ELIH9BTIGVKX3UBITM9N72WD.pcm
SwiftExplicitDependencyGeneratePcm arm64_32 /Users/admin/builder/spi-builder-workspace/.derivedData/SDKExplicitPrecompiledModules/DeveloperToolsSupport-DZU5G1OCMNWU0AQRULIFHUJ1Z.pcm
SwiftExplicitDependencyGeneratePcm arm64_32 /Users/admin/builder/spi-builder-workspace/.derivedData/SDKExplicitPrecompiledModules/_SwiftConcurrencyShims-6RTBPQ03V7BM9SPRK8SUE055H.pcm
SwiftExplicitDependencyGeneratePcm arm64_32 /Users/admin/builder/spi-builder-workspace/.derivedData/SDKExplicitPrecompiledModules/ptrauth-BFXF358ME5AK535N5A9Z766WU.pcm
SwiftExplicitDependencyGeneratePcm arm64_32 /Users/admin/builder/spi-builder-workspace/.derivedData/SDKExplicitPrecompiledModules/_AvailabilityInternal-244WAN3Z1QBT7PIA64EZEFY1R.pcm
SwiftExplicitDependencyGeneratePcm arm64_32 /Users/admin/builder/spi-builder-workspace/.derivedData/SDKExplicitPrecompiledModules/_Builtin_stdarg-D305JG44A2WPI6CJY37X3QJE8.pcm
SwiftExplicitDependencyGeneratePcm arm64_32 /Users/admin/builder/spi-builder-workspace/.derivedData/SDKExplicitPrecompiledModules/_Builtin_stddef-H44EFHQX6XSS5MZ7QP6YJZ76.pcm
SwiftExplicitDependencyGeneratePcm arm64 /Users/admin/builder/spi-builder-workspace/.derivedData/SDKExplicitPrecompiledModules/ptrcheck-AIF0NDOYZ8ORBNHQAQR5NNB8M.pcm
SwiftExplicitDependencyGeneratePcm arm64_32 /Users/admin/builder/spi-builder-workspace/.derivedData/SDKExplicitPrecompiledModules/_Builtin_stdbool-A967K8W8YUYEC9SN52KJ7OO88.pcm
SwiftExplicitDependencyGeneratePcm arm64 /Users/admin/builder/spi-builder-workspace/.derivedData/SDKExplicitPrecompiledModules/_Builtin_float-C0CW5Q4HGBQYKE77TC42IAFB5.pcm
SwiftExplicitDependencyGeneratePcm arm64 /Users/admin/builder/spi-builder-workspace/.derivedData/SDKExplicitPrecompiledModules/ptrauth-3TZ9WJCGLYD25HQPWH4968ONX.pcm
SwiftExplicitDependencyGeneratePcm arm64_32 /Users/admin/builder/spi-builder-workspace/.derivedData/SDKExplicitPrecompiledModules/SwiftShims-9CQQGWTSNTN9EB5NSHDWUJICH.pcm
SwiftExplicitDependencyGeneratePcm arm64 /Users/admin/builder/spi-builder-workspace/.derivedData/SDKExplicitPrecompiledModules/_SwiftConcurrencyShims-659N52XSKR5F0QSB880BH2FJR.pcm
SwiftExplicitDependencyGeneratePcm arm64 /Users/admin/builder/spi-builder-workspace/.derivedData/SDKExplicitPrecompiledModules/_Builtin_stdbool-83J96QSOFE9VX04AAS6310UAE.pcm
SwiftExplicitDependencyGeneratePcm arm64 /Users/admin/builder/spi-builder-workspace/.derivedData/SDKExplicitPrecompiledModules/SwiftShims-4MXFZPV6FEB0XBYXCGPWAMQGL.pcm
SwiftExplicitDependencyGeneratePcm arm64 /Users/admin/builder/spi-builder-workspace/.derivedData/SDKExplicitPrecompiledModules/DeveloperToolsSupport-E7CNISCB36UE8XQ9IOHK9XDX1.pcm
SwiftExplicitDependencyGeneratePcm arm64 /Users/admin/builder/spi-builder-workspace/.derivedData/SDKExplicitPrecompiledModules/_Builtin_stddef-1FU30Y8SWFB7OUUHMJQH5J6FM.pcm
SwiftExplicitDependencyGeneratePcm arm64 /Users/admin/builder/spi-builder-workspace/.derivedData/SDKExplicitPrecompiledModules/_AvailabilityInternal-BUNV3UXM65NT37THI4W1AM0SF.pcm
SwiftExplicitDependencyGeneratePcm arm64_32 /Users/admin/builder/spi-builder-workspace/.derivedData/SDKExplicitPrecompiledModules/_Builtin_float-6KO8O3PEWRCA4WC6PPLOYO6WJ.pcm
SwiftExplicitDependencyGeneratePcm arm64 /Users/admin/builder/spi-builder-workspace/.derivedData/SDKExplicitPrecompiledModules/_Builtin_stdarg-A7UU8LE6MP85SM26YO7PBZNUQ.pcm
SwiftExplicitDependencyGeneratePcm arm64_32 /Users/admin/builder/spi-builder-workspace/.derivedData/SDKExplicitPrecompiledModules/_DarwinFoundation1-2GWF9RFMPLQW4PDHS3NARVI3G.pcm
SwiftExplicitDependencyGeneratePcm arm64 /Users/admin/builder/spi-builder-workspace/.derivedData/SDKExplicitPrecompiledModules/_DarwinFoundation1-7SPX3MD0HMP55E4OLNCPNDQ53.pcm
SwiftExplicitDependencyGeneratePcm arm64_32 /Users/admin/builder/spi-builder-workspace/.derivedData/SDKExplicitPrecompiledModules/_DarwinFoundation2-9MY8GOSYRO0M9MKNXF6D3MBNK.pcm
SwiftExplicitDependencyGeneratePcm arm64_32 /Users/admin/builder/spi-builder-workspace/.derivedData/SDKExplicitPrecompiledModules/_Builtin_limits-3VKBU2AFTD65PAJZ5CJ3LHFM2.pcm
SwiftExplicitDependencyGeneratePcm arm64 /Users/admin/builder/spi-builder-workspace/.derivedData/SDKExplicitPrecompiledModules/_Builtin_limits-9GWPA2B0H20DYUNYHYCWKABJG.pcm
SwiftExplicitDependencyGeneratePcm arm64 /Users/admin/builder/spi-builder-workspace/.derivedData/SDKExplicitPrecompiledModules/_DarwinFoundation2-D0XAPJU49S5E9XMKYOFGSTB1Q.pcm
SwiftExplicitDependencyGeneratePcm arm64_32 /Users/admin/builder/spi-builder-workspace/.derivedData/SDKExplicitPrecompiledModules/string_h-BFVLUQUSBZWYMLCU9QI7VZALW.pcm
SwiftExplicitDependencyGeneratePcm arm64_32 /Users/admin/builder/spi-builder-workspace/.derivedData/SDKExplicitPrecompiledModules/sys_types-8TLLMW08ZJWDGIIPKOYFGHHZW.pcm
SwiftExplicitDependencyGeneratePcm arm64_32 /Users/admin/builder/spi-builder-workspace/.derivedData/SDKExplicitPrecompiledModules/_Builtin_tgmath-23PGCKURCQILXMK0MYZRYDCOU.pcm
SwiftExplicitDependencyGeneratePcm arm64_32 /Users/admin/builder/spi-builder-workspace/.derivedData/SDKExplicitPrecompiledModules/_Builtin_stdint-1HMXWI3V0V4TXHRWZOMZGZ80Y.pcm
SwiftExplicitDependencyGeneratePcm arm64 /Users/admin/builder/spi-builder-workspace/.derivedData/SDKExplicitPrecompiledModules/string_h-E6PRXK75PHIPCZFWOFCQ3QBMK.pcm
SwiftExplicitDependencyGeneratePcm arm64 /Users/admin/builder/spi-builder-workspace/.derivedData/SDKExplicitPrecompiledModules/sys_types-2KXQLI78OUCDP779AE68GZJ2.pcm
SwiftExplicitDependencyGeneratePcm arm64 /Users/admin/builder/spi-builder-workspace/.derivedData/SDKExplicitPrecompiledModules/_Builtin_tgmath-8NQ96OZ0YHXEC24JI95P01UF8.pcm
SwiftExplicitDependencyGeneratePcm arm64 /Users/admin/builder/spi-builder-workspace/.derivedData/SDKExplicitPrecompiledModules/_Builtin_stdint-8XMILLJZEGRN2XG7XZUXZ5RLX.pcm
SwiftExplicitDependencyGeneratePcm arm64_32 /Users/admin/builder/spi-builder-workspace/.derivedData/SDKExplicitPrecompiledModules/_Builtin_stdatomic-1TY035TURL76BF2U98PZPPZRX.pcm
SwiftExplicitDependencyGeneratePcm arm64_32 /Users/admin/builder/spi-builder-workspace/.derivedData/SDKExplicitPrecompiledModules/_DarwinFoundation3-3DUTYQDQSD9HUAAVY947NMWOI.pcm
SwiftExplicitDependencyGeneratePcm arm64_32 /Users/admin/builder/spi-builder-workspace/.derivedData/SDKExplicitPrecompiledModules/_Builtin_intrinsics-196IIAKDQVU42DLOZP9OQCV76.pcm
SwiftExplicitDependencyGeneratePcm arm64 /Users/admin/builder/spi-builder-workspace/.derivedData/SDKExplicitPrecompiledModules/_Builtin_stdatomic-7JEFA3KBJJJN6TKJWY3OG1VG5.pcm
SwiftExplicitDependencyGeneratePcm arm64 /Users/admin/builder/spi-builder-workspace/.derivedData/SDKExplicitPrecompiledModules/_Builtin_intrinsics-75960HIPCIYA06IUW8FIIPQT.pcm
SwiftExplicitDependencyGeneratePcm arm64 /Users/admin/builder/spi-builder-workspace/.derivedData/SDKExplicitPrecompiledModules/_DarwinFoundation3-B97LRG0E9GON2NUE65TVG81HU.pcm
SwiftExplicitDependencyGeneratePcm arm64_32 /Users/admin/builder/spi-builder-workspace/.derivedData/SDKExplicitPrecompiledModules/_Builtin_inttypes-D2KPCR4PEX9AQA33NGLUT5SBR.pcm
SwiftExplicitDependencyGeneratePcm arm64 /Users/admin/builder/spi-builder-workspace/.derivedData/SDKExplicitPrecompiledModules/_Builtin_inttypes-3UQSCM7WNM9EK4HZML8TY5J3D.pcm
SwiftExplicitDependencyGeneratePcm arm64_32 /Users/admin/builder/spi-builder-workspace/.derivedData/SDKExplicitPrecompiledModules/Darwin-3FVT1SKLN2ZQ5RVOABMTQBB34.pcm
SwiftExplicitDependencyGeneratePcm arm64 /Users/admin/builder/spi-builder-workspace/.derivedData/SDKExplicitPrecompiledModules/Darwin-3984OXKFNSPE77NT743WK8SEX.pcm
SwiftExplicitDependencyGeneratePcm arm64_32 /Users/admin/builder/spi-builder-workspace/.derivedData/SDKExplicitPrecompiledModules/simd-21UNWYOBUZI1LVSQ99S1XBLMO.pcm
SwiftExplicitDependencyGeneratePcm arm64 /Users/admin/builder/spi-builder-workspace/.derivedData/SDKExplicitPrecompiledModules/simd-EH08NODU6574T74ZKU61VP9BW.pcm
SwiftExplicitDependencyGeneratePcm arm64_32 /Users/admin/builder/spi-builder-workspace/.derivedData/SDKExplicitPrecompiledModules/ObjectiveC-6IJNELR2E80E7LUKESVCP2KET.pcm
SwiftExplicitDependencyGeneratePcm arm64_32 /Users/admin/builder/spi-builder-workspace/.derivedData/SDKExplicitPrecompiledModules/MachO-56838ZJ0NC1EBAJ0O6O8QMPDX.pcm
SwiftExplicitDependencyGeneratePcm arm64 /Users/admin/builder/spi-builder-workspace/.derivedData/SDKExplicitPrecompiledModules/ObjectiveC-72IVD3VS2RS8Q28D9PIMY0KQP.pcm
SwiftExplicitDependencyGeneratePcm arm64 /Users/admin/builder/spi-builder-workspace/.derivedData/SDKExplicitPrecompiledModules/MachO-2U90NNSAQILBNBPS1SA4F8TYP.pcm
SwiftExplicitDependencyGeneratePcm arm64_32 /Users/admin/builder/spi-builder-workspace/.derivedData/SDKExplicitPrecompiledModules/os_object-5YWTC6L4756IWSTPGXS5NM0D0.pcm
SwiftExplicitDependencyGeneratePcm arm64 /Users/admin/builder/spi-builder-workspace/.derivedData/SDKExplicitPrecompiledModules/os_object-3SDKD7F87FTZ26OON37DRYT6O.pcm
SwiftExplicitDependencyGeneratePcm arm64_32 /Users/admin/builder/spi-builder-workspace/.derivedData/SDKExplicitPrecompiledModules/os_workgroup-5JHTPDMNBUNHLJI8LPHKQK1JK.pcm
SwiftExplicitDependencyGeneratePcm arm64 /Users/admin/builder/spi-builder-workspace/.derivedData/SDKExplicitPrecompiledModules/os_workgroup-89GG5G7YC2D0ZTK6AZXXQ20DH.pcm
SwiftExplicitDependencyGeneratePcm arm64_32 /Users/admin/builder/spi-builder-workspace/.derivedData/SDKExplicitPrecompiledModules/Spatial-CWVWNML3T0NXVHZDKVLD3X1YZ.pcm
SwiftExplicitDependencyGeneratePcm arm64_32 /Users/admin/builder/spi-builder-workspace/.derivedData/SDKExplicitPrecompiledModules/Dispatch-2P62F1T4XV63S4P99TUDTOK2Q.pcm
SwiftExplicitDependencyGeneratePcm arm64 /Users/admin/builder/spi-builder-workspace/.derivedData/SDKExplicitPrecompiledModules/Spatial-44FJGYXFAT2AQAW9Z6T7YS02U.pcm
SwiftExplicitDependencyGeneratePcm arm64 /Users/admin/builder/spi-builder-workspace/.derivedData/SDKExplicitPrecompiledModules/Dispatch-1NLJOVAK60XP0DUB05XA59EIM.pcm
SwiftExplicitDependencyGeneratePcm arm64_32 /Users/admin/builder/spi-builder-workspace/.derivedData/SDKExplicitPrecompiledModules/XPC-81Y45QFY96XYYFCW2GT6FY8S4.pcm
SwiftExplicitDependencyGeneratePcm arm64_32 /Users/admin/builder/spi-builder-workspace/.derivedData/SDKExplicitPrecompiledModules/CoreFoundation-8E6Y4BA3EXYKUGJ24GT9LGV3N.pcm
SwiftExplicitDependencyGeneratePcm arm64 /Users/admin/builder/spi-builder-workspace/.derivedData/SDKExplicitPrecompiledModules/XPC-40DR0X1DHKGCV4J1IOLFS8MOU.pcm
SwiftExplicitDependencyGeneratePcm arm64 /Users/admin/builder/spi-builder-workspace/.derivedData/SDKExplicitPrecompiledModules/CoreFoundation-8T2L24YC5NU7WO6WQJWRY7W08.pcm
SwiftExplicitDependencyGeneratePcm arm64_32 /Users/admin/builder/spi-builder-workspace/.derivedData/SDKExplicitPrecompiledModules/os-E5IGB442IA6SBB25TTCOLK2OC.pcm
SwiftExplicitDependencyGeneratePcm arm64 /Users/admin/builder/spi-builder-workspace/.derivedData/SDKExplicitPrecompiledModules/os-5DIL6Z9LFIGLMZAHM7X2T5435.pcm
SwiftExplicitDependencyGeneratePcm arm64_32 /Users/admin/builder/spi-builder-workspace/.derivedData/SDKExplicitPrecompiledModules/Security-D7TOWF88VWF67TB9HAFP5UWB1.pcm
SwiftExplicitDependencyGeneratePcm arm64_32 /Users/admin/builder/spi-builder-workspace/.derivedData/SDKExplicitPrecompiledModules/CoreGraphics-9FDXYX6BKBUT6TJ2VF819E7T5.pcm
SwiftExplicitDependencyGeneratePcm arm64_32 /Users/admin/builder/spi-builder-workspace/.derivedData/SDKExplicitPrecompiledModules/CoreAudioTypes-9GVB1DHA32M46R4A9NWSI3I2K.pcm
SwiftExplicitDependencyGeneratePcm arm64 /Users/admin/builder/spi-builder-workspace/.derivedData/SDKExplicitPrecompiledModules/CoreAudioTypes-A9MF7N5LT63G21HNFVM6BT14B.pcm
SwiftExplicitDependencyGeneratePcm arm64 /Users/admin/builder/spi-builder-workspace/.derivedData/SDKExplicitPrecompiledModules/Security-6RZ6YBRU8WCUHRFFRVUK5WKMM.pcm
SwiftExplicitDependencyGeneratePcm arm64 /Users/admin/builder/spi-builder-workspace/.derivedData/SDKExplicitPrecompiledModules/CoreGraphics-DWNZ73GEH98SBJXZ7DEXB420K.pcm
SwiftExplicitDependencyGeneratePcm arm64_32 /Users/admin/builder/spi-builder-workspace/.derivedData/SDKExplicitPrecompiledModules/CoreAudio-5W6MX6OUPWBMUR8VD5LHT1PZF.pcm
SwiftExplicitDependencyGeneratePcm arm64 /Users/admin/builder/spi-builder-workspace/.derivedData/SDKExplicitPrecompiledModules/CoreAudio-1B79RJJTP71GE6UY9WLESAN3C.pcm
SwiftExplicitDependencyGeneratePcm arm64_32 /Users/admin/builder/spi-builder-workspace/.derivedData/SDKExplicitPrecompiledModules/Foundation-BJ2VQGI3OGR34500MEQ1VKHPH.pcm
SwiftExplicitDependencyGeneratePcm arm64 /Users/admin/builder/spi-builder-workspace/.derivedData/SDKExplicitPrecompiledModules/Foundation-DLBKUSGXN8QHAT8W0OARR9S8A.pcm
SwiftExplicitDependencyGeneratePcm arm64_32 /Users/admin/builder/spi-builder-workspace/.derivedData/SDKExplicitPrecompiledModules/CoreText-C9X2REPZN2V5BSU4G80FCETDR.pcm
SwiftExplicitDependencyGeneratePcm arm64_32 /Users/admin/builder/spi-builder-workspace/.derivedData/SDKExplicitPrecompiledModules/CoreVideo-2P8HI0403J99LBDPKNFJ5D4DL.pcm
SwiftExplicitDependencyGeneratePcm arm64 /Users/admin/builder/spi-builder-workspace/.derivedData/SDKExplicitPrecompiledModules/CoreText-970YJN6NIYGK1316L35Z0O8QT.pcm
SwiftExplicitDependencyGeneratePcm arm64 /Users/admin/builder/spi-builder-workspace/.derivedData/SDKExplicitPrecompiledModules/CoreVideo-8MRR5MNWUOAW2DBPGUQ8FKK4.pcm
SwiftExplicitDependencyGeneratePcm arm64_32 /Users/admin/builder/spi-builder-workspace/.derivedData/SDKExplicitPrecompiledModules/CoreMedia-AO387T8CHWTTZODD1DGT0UAFA.pcm
SwiftExplicitDependencyGeneratePcm arm64 /Users/admin/builder/spi-builder-workspace/.derivedData/SDKExplicitPrecompiledModules/CoreMedia-1AJVCUZNAO74KIKMFVFUUHWDI.pcm
SwiftExplicitDependencyGeneratePcm arm64_32 /Users/admin/builder/spi-builder-workspace/.derivedData/SDKExplicitPrecompiledModules/UIUtilities-9YFVNIMRC5HRVOIARNWHP1E3H.pcm
SwiftExplicitDependencyGeneratePcm arm64_32 /Users/admin/builder/spi-builder-workspace/.derivedData/SDKExplicitPrecompiledModules/SceneKit-DKNLHKM5FJBQ79LSNMSSMBUBR.pcm
SwiftExplicitDependencyGeneratePcm arm64_32 /Users/admin/builder/spi-builder-workspace/.derivedData/SDKExplicitPrecompiledModules/Symbols-1H97WMG76HU94F5VGJR19PXFY.pcm
SwiftExplicitDependencyGeneratePcm arm64_32 /Users/admin/builder/spi-builder-workspace/.derivedData/SDKExplicitPrecompiledModules/QuartzCore-6375NPYACK5NYVHPMC1QQ8MC2.pcm
SwiftExplicitDependencyGeneratePcm arm64_32 /Users/admin/builder/spi-builder-workspace/.derivedData/SDKExplicitPrecompiledModules/OSLog-D9AVFY0KWO7RVBIQ73CBIJVCN.pcm
SwiftExplicitDependencyGeneratePcm arm64_32 /Users/admin/builder/spi-builder-workspace/.derivedData/SDKExplicitPrecompiledModules/_LocationEssentials-AQ1OL9QKC3LQLY5CNSRM1HB53.pcm
SwiftExplicitDependencyGeneratePcm arm64_32 /Users/admin/builder/spi-builder-workspace/.derivedData/SDKExplicitPrecompiledModules/Accessibility-F385OMZ5GYBUY5O4QAJB4NRII.pcm
SwiftExplicitDependencyGeneratePcm arm64_32 /Users/admin/builder/spi-builder-workspace/.derivedData/SDKExplicitPrecompiledModules/CoreData-7AU1AFQWUH88EAPDKVMLJPKVD.pcm
SwiftExplicitDependencyGeneratePcm arm64_32 /Users/admin/builder/spi-builder-workspace/.derivedData/SDKExplicitPrecompiledModules/DataDetection-U9BF7WHFVA6BZGFXXXP272PS.pcm
SwiftExplicitDependencyGeneratePcm arm64_32 /Users/admin/builder/spi-builder-workspace/.derivedData/SDKExplicitPrecompiledModules/UserNotifications-6TBN8TEAKO014N1T2QD926XED.pcm
SwiftExplicitDependencyGeneratePcm arm64 /Users/admin/builder/spi-builder-workspace/.derivedData/SDKExplicitPrecompiledModules/CoreTransferable-9PPG3SLJ55T4LITIFYX2M0NOZ.pcm
SwiftExplicitDependencyGeneratePcm arm64 /Users/admin/builder/spi-builder-workspace/.derivedData/SDKExplicitPrecompiledModules/CoreData-9JFJC4UET8BAO5IPV2JU6W9V8.pcm
SwiftExplicitDependencyGeneratePcm arm64 /Users/admin/builder/spi-builder-workspace/.derivedData/SDKExplicitPrecompiledModules/UIUtilities-IR7RNW23VAUKYI9MLCS9NL9A.pcm
SwiftExplicitDependencyGeneratePcm arm64 /Users/admin/builder/spi-builder-workspace/.derivedData/SDKExplicitPrecompiledModules/Accessibility-27QMG6ZQ1NKYTNBYFPM1XKNFC.pcm
SwiftExplicitDependencyGeneratePcm arm64 /Users/admin/builder/spi-builder-workspace/.derivedData/SDKExplicitPrecompiledModules/SceneKit-5HZKIL7XETTTD8TOHYPN8JKRJ.pcm
SwiftExplicitDependencyGeneratePcm arm64 /Users/admin/builder/spi-builder-workspace/.derivedData/SDKExplicitPrecompiledModules/QuartzCore-94KFMWNOU7ZLUZNB4T5DLZC9D.pcm
SwiftExplicitDependencyGeneratePcm arm64 /Users/admin/builder/spi-builder-workspace/.derivedData/SDKExplicitPrecompiledModules/UniformTypeIdentifiers-8L08Q8DQJV8C4AW84YVGFGTRN.pcm
SwiftExplicitDependencyGeneratePcm arm64 /Users/admin/builder/spi-builder-workspace/.derivedData/SDKExplicitPrecompiledModules/OSLog-B7VGO357Y3GJG35TST7DKDSI3.pcm
SwiftExplicitDependencyGeneratePcm arm64_32 /Users/admin/builder/spi-builder-workspace/.derivedData/SDKExplicitPrecompiledModules/SwiftUICore-3Q7WLRD8MR9R3NGIPUBQCP6F6.pcm
SwiftExplicitDependencyGeneratePcm arm64 /Users/admin/builder/spi-builder-workspace/.derivedData/SDKExplicitPrecompiledModules/_LocationEssentials-5ZZDGDXB6HLQUC72SJW7YJ7MK.pcm
SwiftExplicitDependencyGeneratePcm arm64 /Users/admin/builder/spi-builder-workspace/.derivedData/SDKExplicitPrecompiledModules/Symbols-3EFABTJ9L5PQDJ7RQCYQWEJMM.pcm
SwiftExplicitDependencyGeneratePcm arm64 /Users/admin/builder/spi-builder-workspace/.derivedData/SDKExplicitPrecompiledModules/DataDetection-7BNVI1SZW5ISQL5SX4WL2X7I5.pcm
SwiftExplicitDependencyGeneratePcm arm64_32 /Users/admin/builder/spi-builder-workspace/.derivedData/SDKExplicitPrecompiledModules/UniformTypeIdentifiers-CJZ3NTHPSBH4XWX5EVOG56UZS.pcm
SwiftExplicitDependencyGeneratePcm arm64_32 /Users/admin/builder/spi-builder-workspace/.derivedData/SDKExplicitPrecompiledModules/CoreTransferable-5D4IR6X37682FPHJ5CBPTKQV6.pcm
SwiftExplicitDependencyGeneratePcm arm64_32 /Users/admin/builder/spi-builder-workspace/.derivedData/SDKExplicitPrecompiledModules/CoreLocation-8XU5YMYM4P11RQMYCQAG65ITK.pcm
SwiftExplicitDependencyGeneratePcm arm64 /Users/admin/builder/spi-builder-workspace/.derivedData/SDKExplicitPrecompiledModules/UserNotifications-ARAH8MEQ0C2L0FBO39HITJMAO.pcm
SwiftExplicitDependencyGeneratePcm arm64 /Users/admin/builder/spi-builder-workspace/.derivedData/SDKExplicitPrecompiledModules/SwiftUICore-C1DST1IX2Z0PTH5SJJZ1IULRB.pcm
SwiftExplicitDependencyGeneratePcm arm64 /Users/admin/builder/spi-builder-workspace/.derivedData/SDKExplicitPrecompiledModules/CoreLocation-ACKJ9K7ABI14F97Y46Y6SRR17.pcm
SwiftExplicitDependencyGeneratePcm arm64_32 /Users/admin/builder/spi-builder-workspace/.derivedData/SDKExplicitPrecompiledModules/CoreMotion-1XGTVTE5PP32UHME8AC63TL6.pcm
SwiftExplicitDependencyGeneratePcm arm64 /Users/admin/builder/spi-builder-workspace/.derivedData/SDKExplicitPrecompiledModules/CoreMotion-6RD5K48QT1F4L9CATNFD2O7YB.pcm
SwiftExplicitDependencyGeneratePcm arm64_32 /Users/admin/builder/spi-builder-workspace/.derivedData/SDKExplicitPrecompiledModules/UIKit-6PPV7YPZ89CZPHYAP072QH8B6.pcm
SwiftExplicitDependencyGeneratePcm arm64 /Users/admin/builder/spi-builder-workspace/.derivedData/SDKExplicitPrecompiledModules/UIKit-27R3P1YMV4C6JLDT661G3MRIA.pcm
SwiftExplicitDependencyGeneratePcm arm64_32 /Users/admin/builder/spi-builder-workspace/.derivedData/SDKExplicitPrecompiledModules/MapKit-CWGB4YMP1VX1NYQN5FULFD5DR.pcm
SwiftExplicitDependencyGeneratePcm arm64_32 /Users/admin/builder/spi-builder-workspace/.derivedData/SDKExplicitPrecompiledModules/HomeKit-DUDZOMSN3UK8GNTNBNMPIWJRN.pcm
SwiftExplicitDependencyGeneratePcm arm64 /Users/admin/builder/spi-builder-workspace/.derivedData/SDKExplicitPrecompiledModules/HomeKit-DTS1N4AWILAL1URZ5IOXV5221.pcm
SwiftExplicitDependencyGeneratePcm arm64 /Users/admin/builder/spi-builder-workspace/.derivedData/SDKExplicitPrecompiledModules/MapKit-EJJWC7IL56MPLQMI93GJRE5OG.pcm
SwiftExplicitDependencyGeneratePcm arm64_32 /Users/admin/builder/spi-builder-workspace/.derivedData/SDKExplicitPrecompiledModules/WatchKit-FHF6WTKLC2APGK3LA2XJ6516.pcm
SwiftExplicitDependencyGeneratePcm arm64 /Users/admin/builder/spi-builder-workspace/.derivedData/SDKExplicitPrecompiledModules/WatchKit-3VT3K8YON6FJ6OWSUFJMFMP8J.pcm
SwiftExplicitDependencyGeneratePcm arm64_32 /Users/admin/builder/spi-builder-workspace/.derivedData/SDKExplicitPrecompiledModules/SwiftUI-9AYG9OCT5VOJK7V4MX1WYR86T.pcm
SwiftExplicitDependencyGeneratePcm arm64 /Users/admin/builder/spi-builder-workspace/.derivedData/SDKExplicitPrecompiledModules/SwiftUI-APXDH8ULYLM6FD17YRA73TULO.pcm
SwiftCompile normal arm64_32 Compiling\ CUITitledGroup.swift /Users/admin/builder/spi-builder-workspace/.dependencies/checkouts/CrystalViewUtilities/Sources/CrystalViewUtilities/Views/CUITitledGroup.swift (in target 'CrystalViewUtilities' from project 'CrystalViewUtilities')
SwiftCompile normal arm64_32 /Users/admin/builder/spi-builder-workspace/.dependencies/checkouts/CrystalViewUtilities/Sources/CrystalViewUtilities/Views/CUITitledGroup.swift (in target 'CrystalViewUtilities' from project 'CrystalViewUtilities')
    cd /Users/admin/builder/spi-builder-workspace/.swiftpm/xcode
    builtin-SwiftPerFileCompile CUITitledGroup.swift
SwiftCompile normal arm64_32 Compiling\ UIScreen_Extension.swift,\ View_Extension.swift /Users/admin/builder/spi-builder-workspace/.dependencies/checkouts/CrystalViewUtilities/Sources/CrystalViewUtilities/Extensions/UIScreen_Extension.swift /Users/admin/builder/spi-builder-workspace/.dependencies/checkouts/CrystalViewUtilities/Sources/CrystalViewUtilities/Extensions/View_Extension.swift (in target 'CrystalViewUtilities' from project 'CrystalViewUtilities')
SwiftCompile normal arm64_32 /Users/admin/builder/spi-builder-workspace/.dependencies/checkouts/CrystalViewUtilities/Sources/CrystalViewUtilities/Extensions/UIScreen_Extension.swift (in target 'CrystalViewUtilities' from project 'CrystalViewUtilities')
    cd /Users/admin/builder/spi-builder-workspace/.swiftpm/xcode
    builtin-SwiftPerFileCompile UIScreen_Extension.swift
SwiftCompile normal arm64_32 /Users/admin/builder/spi-builder-workspace/.dependencies/checkouts/CrystalViewUtilities/Sources/CrystalViewUtilities/Extensions/View_Extension.swift (in target 'CrystalViewUtilities' from project 'CrystalViewUtilities')
    cd /Users/admin/builder/spi-builder-workspace/.swiftpm/xcode
    builtin-SwiftPerFileCompile View_Extension.swift
SwiftCompile normal arm64_32 Compiling\ CUIChildGeometryReader.swift,\ CUIChildSizeReader.swift /Users/admin/builder/spi-builder-workspace/.dependencies/checkouts/CrystalViewUtilities/Sources/CrystalViewUtilities/Views/CUIChildGeometryReader.swift /Users/admin/builder/spi-builder-workspace/.dependencies/checkouts/CrystalViewUtilities/Sources/CrystalViewUtilities/Views/CUIChildSizeReader.swift (in target 'CrystalViewUtilities' from project 'CrystalViewUtilities')
SwiftCompile normal arm64_32 /Users/admin/builder/spi-builder-workspace/.dependencies/checkouts/CrystalViewUtilities/Sources/CrystalViewUtilities/Views/CUIChildGeometryReader.swift (in target 'CrystalViewUtilities' from project 'CrystalViewUtilities')
    cd /Users/admin/builder/spi-builder-workspace/.swiftpm/xcode
    builtin-SwiftPerFileCompile CUIChildGeometryReader.swift
SwiftCompile normal arm64_32 /Users/admin/builder/spi-builder-workspace/.dependencies/checkouts/CrystalViewUtilities/Sources/CrystalViewUtilities/Views/CUIChildSizeReader.swift (in target 'CrystalViewUtilities' from project 'CrystalViewUtilities')
    cd /Users/admin/builder/spi-builder-workspace/.swiftpm/xcode
    builtin-SwiftPerFileCompile CUIChildSizeReader.swift
SwiftCompile normal arm64_32 Compiling\ CUIRoundedCornerShape.swift,\ CUIPositionSet.swift /Users/admin/builder/spi-builder-workspace/.dependencies/checkouts/CrystalViewUtilities/Sources/CrystalViewUtilities/Shapes/CUIRoundedCornerShape.swift /Users/admin/builder/spi-builder-workspace/.dependencies/checkouts/CrystalViewUtilities/Sources/CrystalViewUtilities/Structs/CUIPositionSet.swift (in target 'CrystalViewUtilities' from project 'CrystalViewUtilities')
SwiftCompile normal arm64_32 /Users/admin/builder/spi-builder-workspace/.dependencies/checkouts/CrystalViewUtilities/Sources/CrystalViewUtilities/Shapes/CUIRoundedCornerShape.swift (in target 'CrystalViewUtilities' from project 'CrystalViewUtilities')
    cd /Users/admin/builder/spi-builder-workspace/.swiftpm/xcode
    builtin-SwiftPerFileCompile CUIRoundedCornerShape.swift
SwiftCompile normal arm64_32 /Users/admin/builder/spi-builder-workspace/.dependencies/checkouts/CrystalViewUtilities/Sources/CrystalViewUtilities/Structs/CUIPositionSet.swift (in target 'CrystalViewUtilities' from project 'CrystalViewUtilities')
    cd /Users/admin/builder/spi-builder-workspace/.swiftpm/xcode
    builtin-SwiftPerFileCompile CUIPositionSet.swift
SwiftCompile normal arm64_32 Compiling\ TypeAliases.swift,\ CUIAdaptiveStackView.swift /Users/admin/builder/spi-builder-workspace/.dependencies/checkouts/CrystalViewUtilities/Sources/CrystalViewUtilities/TypeAliases.swift /Users/admin/builder/spi-builder-workspace/.dependencies/checkouts/CrystalViewUtilities/Sources/CrystalViewUtilities/Views/CUIAdaptiveStackView.swift (in target 'CrystalViewUtilities' from project 'CrystalViewUtilities')
SwiftCompile normal arm64_32 /Users/admin/builder/spi-builder-workspace/.dependencies/checkouts/CrystalViewUtilities/Sources/CrystalViewUtilities/TypeAliases.swift (in target 'CrystalViewUtilities' from project 'CrystalViewUtilities')
    cd /Users/admin/builder/spi-builder-workspace/.swiftpm/xcode
    builtin-SwiftPerFileCompile TypeAliases.swift
SwiftCompile normal arm64_32 /Users/admin/builder/spi-builder-workspace/.dependencies/checkouts/CrystalViewUtilities/Sources/CrystalViewUtilities/Views/CUIAdaptiveStackView.swift (in target 'CrystalViewUtilities' from project 'CrystalViewUtilities')
    cd /Users/admin/builder/spi-builder-workspace/.swiftpm/xcode
    builtin-SwiftPerFileCompile CUIAdaptiveStackView.swift
SwiftCompile normal arm64_32 Compiling\ CUIFlowLayout.swift,\ CUICorner.swift /Users/admin/builder/spi-builder-workspace/.dependencies/checkouts/CrystalViewUtilities/Sources/CrystalViewUtilities/Layout/CUIFlowLayout.swift /Users/admin/builder/spi-builder-workspace/.dependencies/checkouts/CrystalViewUtilities/Sources/CrystalViewUtilities/OptionSets/CUICorner.swift (in target 'CrystalViewUtilities' from project 'CrystalViewUtilities')
SwiftCompile normal arm64_32 /Users/admin/builder/spi-builder-workspace/.dependencies/checkouts/CrystalViewUtilities/Sources/CrystalViewUtilities/Layout/CUIFlowLayout.swift (in target 'CrystalViewUtilities' from project 'CrystalViewUtilities')
    cd /Users/admin/builder/spi-builder-workspace/.swiftpm/xcode
    builtin-SwiftPerFileCompile CUIFlowLayout.swift
SwiftCompile normal arm64_32 /Users/admin/builder/spi-builder-workspace/.dependencies/checkouts/CrystalViewUtilities/Sources/CrystalViewUtilities/OptionSets/CUICorner.swift (in target 'CrystalViewUtilities' from project 'CrystalViewUtilities')
    cd /Users/admin/builder/spi-builder-workspace/.swiftpm/xcode
    builtin-SwiftPerFileCompile CUICorner.swift
SwiftCompile normal arm64_32 Compiling\ CUITitledGroupTextLabel.swift /Users/admin/builder/spi-builder-workspace/.dependencies/checkouts/CrystalViewUtilities/Sources/CrystalViewUtilities/Views/CUITitledGroupTextLabel.swift (in target 'CrystalViewUtilities' from project 'CrystalViewUtilities')
SwiftCompile normal arm64_32 /Users/admin/builder/spi-builder-workspace/.dependencies/checkouts/CrystalViewUtilities/Sources/CrystalViewUtilities/Views/CUITitledGroupTextLabel.swift (in target 'CrystalViewUtilities' from project 'CrystalViewUtilities')
    cd /Users/admin/builder/spi-builder-workspace/.swiftpm/xcode
    builtin-SwiftPerFileCompile CUITitledGroupTextLabel.swift
SwiftCompile normal arm64_32 Compiling\ CUIBezierPath_Extension.swift,\ Color_Extension.swift /Users/admin/builder/spi-builder-workspace/.dependencies/checkouts/CrystalViewUtilities/Sources/CrystalViewUtilities/Extensions/CUIBezierPath_Extension.swift /Users/admin/builder/spi-builder-workspace/.dependencies/checkouts/CrystalViewUtilities/Sources/CrystalViewUtilities/Extensions/Color_Extension.swift (in target 'CrystalViewUtilities' from project 'CrystalViewUtilities')
SwiftCompile normal arm64_32 /Users/admin/builder/spi-builder-workspace/.dependencies/checkouts/CrystalViewUtilities/Sources/CrystalViewUtilities/Extensions/CUIBezierPath_Extension.swift (in target 'CrystalViewUtilities' from project 'CrystalViewUtilities')
    cd /Users/admin/builder/spi-builder-workspace/.swiftpm/xcode
    builtin-SwiftPerFileCompile CUIBezierPath_Extension.swift
SwiftCompile normal arm64_32 /Users/admin/builder/spi-builder-workspace/.dependencies/checkouts/CrystalViewUtilities/Sources/CrystalViewUtilities/Extensions/Color_Extension.swift (in target 'CrystalViewUtilities' from project 'CrystalViewUtilities')
    cd /Users/admin/builder/spi-builder-workspace/.swiftpm/xcode
    builtin-SwiftPerFileCompile Color_Extension.swift
SwiftEmitModule normal arm64_32 Emitting\ module\ for\ CrystalViewUtilities (in target 'CrystalViewUtilities' from project 'CrystalViewUtilities')
/Users/admin/builder/spi-builder-workspace/.dependencies/checkouts/CrystalViewUtilities/Sources/CrystalViewUtilities/Extensions/CUIBezierPath_Extension.swift:82:11: error: cannot find type 'CUIBezierPath' in scope
 80 | ///
 81 | /// Adapted from https://github.com/janheiermann/BezierPath-Corners
 82 | extension CUIBezierPath {
    |           `- error: cannot find type 'CUIBezierPath' in scope
 83 |     #if os(iOS) || os(tvOS)
 84 |     func curve(to point: CGPoint, controlPoint1: CGPoint, controlPoint2: CGPoint) {
Failed frontend command:
/Applications/Xcode-27.0.0-Release.Candidate.app/Contents/Developer/Toolchains/XcodeDefault.xctoolchain/usr/bin/swift-frontend -frontend -emit-module -experimental-skip-non-inlinable-function-bodies-without-types /Users/admin/builder/spi-builder-workspace/.dependencies/checkouts/CrystalViewUtilities/Sources/CrystalViewUtilities/Extensions/Alignment_Extension.swift /Users/admin/builder/spi-builder-workspace/.dependencies/checkouts/CrystalViewUtilities/Sources/CrystalViewUtilities/Extensions/CGFloat_Extension.swift /Users/admin/builder/spi-builder-workspace/.dependencies/checkouts/CrystalViewUtilities/Sources/CrystalViewUtilities/Extensions/CUIBezierPath_Extension.swift /Users/admin/builder/spi-builder-workspace/.dependencies/checkouts/CrystalViewUtilities/Sources/CrystalViewUtilities/Extensions/Color_Extension.swift /Users/admin/builder/spi-builder-workspace/.dependencies/checkouts/CrystalViewUtilities/Sources/CrystalViewUtilities/Extensions/GeometryProxy_extension.swift /Users/admin/builder/spi-builder-workspace/.dependencies/checkouts/CrystalViewUtilities/Sources/CrystalViewUtilities/Extensions/Image_Extension.swift /Users/admin/builder/spi-builder-workspace/.dependencies/checkouts/CrystalViewUtilities/Sources/CrystalViewUtilities/Extensions/UIScreen_Extension.swift /Users/admin/builder/spi-builder-workspace/.dependencies/checkouts/CrystalViewUtilities/Sources/CrystalViewUtilities/Extensions/View_Extension.swift /Users/admin/builder/spi-builder-workspace/.dependencies/checkouts/CrystalViewUtilities/Sources/CrystalViewUtilities/Layout/CUIFlowLayout.swift /Users/admin/builder/spi-builder-workspace/.dependencies/checkouts/CrystalViewUtilities/Sources/CrystalViewUtilities/OptionSets/CUICorner.swift /Users/admin/builder/spi-builder-workspace/.dependencies/checkouts/CrystalViewUtilities/Sources/CrystalViewUtilities/Shapes/CUIRoundedCornerShape.swift /Users/admin/builder/spi-builder-workspace/.dependencies/checkouts/CrystalViewUtilities/Sources/CrystalViewUtilities/Structs/CUIPositionSet.swift /Users/admin/builder/spi-builder-workspace/.dependencies/checkouts/CrystalViewUtilities/Sources/CrystalViewUtilities/TypeAliases.swift /Users/admin/builder/spi-builder-workspace/.dependencies/checkouts/CrystalViewUtilities/Sources/CrystalViewUtilities/Views/CUIAdaptiveStackView.swift /Users/admin/builder/spi-builder-workspace/.dependencies/checkouts/CrystalViewUtilities/Sources/CrystalViewUtilities/Views/CUIChildGeometryReader.swift /Users/admin/builder/spi-builder-workspace/.dependencies/checkouts/CrystalViewUtilities/Sources/CrystalViewUtilities/Views/CUIChildSizeReader.swift /Users/admin/builder/spi-builder-workspace/.dependencies/checkouts/CrystalViewUtilities/Sources/CrystalViewUtilities/Views/CUITitledGroup.swift /Users/admin/builder/spi-builder-workspace/.dependencies/checkouts/CrystalViewUtilities/Sources/CrystalViewUtilities/Views/CUITitledGroupTextLabel.swift -target arm64_32-apple-watchos9.0 -disable-cross-import-overlay-search -load-resolved-plugin /Applications/Xcode-27.0.0-Release.Candidate.app/Contents/Developer/Platforms/WatchOS.platform/Developer/usr/lib/swift/host/plugins/libFoundationMacros.dylib\#/Applications/Xcode-27.0.0-Release.Candidate.app/Contents/Developer/Platforms/WatchOS.platform/Developer/usr/bin/swift-plugin-server\#FoundationMacros -load-resolved-plugin /Applications/Xcode-27.0.0-Release.Candidate.app/Contents/Developer/Platforms/WatchOS.platform/Developer/usr/lib/swift/host/plugins/libObservationMacros.dylib\#/Applications/Xcode-27.0.0-Release.Candidate.app/Contents/Developer/Platforms/WatchOS.platform/Developer/usr/bin/swift-plugin-server\#ObservationMacros -load-resolved-plugin /Applications/Xcode-27.0.0-Release.Candidate.app/Contents/Developer/Platforms/WatchOS.platform/Developer/usr/lib/swift/host/plugins/libPreviewsMacros.dylib\#/Applications/Xcode-27.0.0-Release.Candidate.app/Contents/Developer/Platforms/WatchOS.platform/Developer/usr/bin/swift-plugin-server\#PreviewsMacros -load-resolved-plugin /Applications/Xcode-27.0.0-Release.Candidate.app/Contents/Developer/Platforms/WatchOS.platform/Developer/usr/lib/swift/host/plugins/libSwiftMacros.dylib\#/Applications/Xcode-27.0.0-Release.Candidate.app/Contents/Developer/Platforms/WatchOS.platform/Developer/usr/bin/swift-plugin-server\#SwiftMacros -load-resolved-plugin /Applications/Xcode-27.0.0-Release.Candidate.app/Contents/Developer/Platforms/WatchOS.platform/Developer/usr/lib/swift/host/plugins/libSwiftUIMacros.dylib\#/Applications/Xcode-27.0.0-Release.Candidate.app/Contents/Developer/Platforms/WatchOS.platform/Developer/usr/bin/swift-plugin-server\#SwiftUIMacros -disable-implicit-swift-modules -Xcc -fno-implicit-modules -Xcc -fno-implicit-module-maps -explicit-swift-module-map-file /Users/admin/builder/spi-builder-workspace/.derivedData/Build/Intermediates.noindex/CrystalViewUtilities.build/Debug-watchos/CrystalViewUtilities-t.build/Objects-normal/arm64_32/CrystalViewUtilities-dependencies-1.json -enable-objc-interop -sdk /Applications/Xcode-27.0.0-Release.Candidate.app/Contents/Developer/Platforms/WatchOS.platform/Developer/SDKs/WatchOS27.0.sdk -I /Users/admin/builder/spi-builder-workspace/.derivedData/Build/Products/Debug-watchos -Isystem /Applications/Xcode-27.0.0-Release.Candidate.app/Contents/Developer/Platforms/WatchOS.platform/Developer/usr/lib -F /Users/admin/builder/spi-builder-workspace/.derivedData/Build/Products/Debug-watchos -F /Applications/Xcode-27.0.0-Release.Candidate.app/Contents/Developer/Platforms/WatchOS.platform/Developer/Library/Frameworks -F /Applications/Xcode-27.0.0-Release.Candidate.app/Contents/Developer/Platforms/WatchOS.platform/Developer/SDKs/WatchOS27.0.sdk/Developer/Library/Frameworks -module-cache-path /Users/admin/builder/spi-builder-workspace/.derivedData/Build/Intermediates.noindex/SwiftExplicitPrecompiledModules -no-color-diagnostics -Xcc -fno-color-diagnostics -enable-testing -g -debug-info-format\=dwarf -dwarf-version\=4 -suppress-warnings -profile-generate -profile-coverage-mapping -swift-version 5 -Onone -D SWIFT_PACKAGE -D DEBUG -D SWIFT_MODULE_RESOURCE_BUNDLE_UNAVAILABLE -D Xcode -serialize-debugging-options -enable-experimental-feature DebugDescriptionMacro -empty-abi-descriptor -validate-clang-modules-once -clang-build-session-file /Users/admin/builder/spi-builder-workspace/.derivedData/ModuleCache.noindex/Session.modulevalidation -Xcc -working-directory -Xcc /Users/admin/builder/spi-builder-workspace/.swiftpm/xcode -enable-anonymous-context-mangled-names -file-compilation-dir /Users/admin/builder/spi-builder-workspace/.swiftpm/xcode -Xcc -D_LIBCPP_HARDENING_MODE\=_LIBCPP_HARDENING_MODE_DEBUG -Xcc -ivfsstatcache -Xcc /Users/admin/builder/spi-builder-workspace/.derivedData/SDKStatCaches.noindex/watchos27.0-24R360-e829b21a6f8c9b70876ba0858053c04477534ef55a1706bf4c1112bbb242f0a2.sdkstatcache -Xcc -fmodules-prune-interval\=86400 -Xcc -fmodules-prune-after\=345600 -Xcc -I/Users/admin/builder/spi-builder-workspace/.derivedData/Build/Products/Debug-watchos/include -Xcc -I/Users/admin/builder/spi-builder-workspace/.derivedData/Build/Intermediates.noindex/CrystalViewUtilities.build/Debug-watchos/CrystalViewUtilities-t.build/DerivedSources-normal/arm64_32 -Xcc -I/Users/admin/builder/spi-builder-workspace/.derivedData/Build/Intermediates.noindex/CrystalViewUtilities.build/Debug-watchos/CrystalViewUtilities-t.build/DerivedSources/arm64_32 -Xcc -I/Users/admin/builder/spi-builder-workspace/.derivedData/Build/Intermediates.noindex/CrystalViewUtilities.build/Debug-watchos/CrystalViewUtilities-t.build/DerivedSources -Xcc -DSWIFT_PACKAGE -Xcc -DDEBUG\=1 -no-auto-bridging-header-chaining -module-name CrystalViewUtilities -const-gather-protocols-file /Users/admin/builder/spi-builder-workspace/.derivedData/Build/Intermediates.noindex/CrystalViewUtilities.build/Debug-watchos/CrystalViewUtilities-t.build/Objects-normal/arm64_32/CrystalViewUtilities_const_extract_protocols.json -disable-clang-spi -clang-target arm64_32-apple-watchos27.0 -target-sdk-version 27.0 -target-sdk-name watchos27.0 -in-process-plugin-server-path /Applications/Xcode-27.0.0-Release.Candidate.app/Contents/Developer/Toolchains/XcodeDefault.xctoolchain/usr/lib/swift/host/libSwiftInProcPluginServer.dylib -emit-module-doc-path /Users/admin/builder/spi-builder-workspace/.derivedData/Build/Intermediates.noindex/CrystalViewUtilities.build/Debug-watchos/CrystalViewUtilities-t.build/Objects-normal/arm64_32/CrystalViewUtilities.swiftdoc -emit-module-source-info-path /Users/admin/builder/spi-builder-workspace/.derivedData/Build/Intermediates.noindex/CrystalViewUtilities.build/Debug-watchos/CrystalViewUtilities-t.build/Objects-normal/arm64_32/CrystalViewUtilities.swiftsourceinfo -emit-objc-header-path /Users/admin/builder/spi-builder-workspace/.derivedData/Build/Intermediates.noindex/CrystalViewUtilities.build/Debug-watchos/CrystalViewUtilities-t.build/Objects-normal/arm64_32/CrystalViewUtilities-Swift.h -serialize-diagnostics-path /Users/admin/builder/spi-builder-workspace/.derivedData/Build/Intermediates.noindex/CrystalViewUtilities.build/Debug-watchos/CrystalViewUtilities-t.build/Objects-normal/arm64_32/CrystalViewUtilities-primary-emit-module.dia -emit-dependencies-path /Users/admin/builder/spi-builder-workspace/.derivedData/Build/Intermediates.noindex/CrystalViewUtilities.build/Debug-watchos/CrystalViewUtilities-t.build/Objects-normal/arm64_32/CrystalViewUtilities-primary-emit-module.d -parse-as-library -o /Users/admin/builder/spi-builder-workspace/.derivedData/Build/Intermediates.noindex/CrystalViewUtilities.build/Debug-watchos/CrystalViewUtilities-t.build/Objects-normal/arm64_32/CrystalViewUtilities.swiftmodule -emit-abi-descriptor-path /Users/admin/builder/spi-builder-workspace/.derivedData/Build/Intermediates.noindex/CrystalViewUtilities.build/Debug-watchos/CrystalViewUtilities-t.build/Objects-normal/arm64_32/CrystalViewUtilities.abi.json
SwiftCompile normal arm64_32 (in target 'CrystalViewUtilities' from project 'CrystalViewUtilities')
    cd /Users/admin/builder/spi-builder-workspace/.swiftpm/xcode

SwiftEmitModule normal arm64_32 Emitting\ module\ for\ CUIPreviewKit (in target 'CUIPreviewKit' from project 'CUIPreviewKit')
SwiftCompile normal arm64_32 (in target 'CUIPreviewKit' from project 'CUIPreviewKit')
    cd /Users/admin/builder/spi-builder-workspace/.swiftpm/xcode

SwiftEmitModule normal arm64 Emitting\ module\ for\ CrystalViewUtilities (in target 'CrystalViewUtilities' from project 'CrystalViewUtilities')
SwiftCompile normal arm64 (in target 'CrystalViewUtilities' from project 'CrystalViewUtilities')
    cd /Users/admin/builder/spi-builder-workspace/.swiftpm/xcode

SwiftDriverJobDiscovery normal arm64_32 Emitting module for CUIPreviewKit (in target 'CUIPreviewKit' from project 'CUIPreviewKit')
PruneExplicitPrecompiledModules /Users/admin/builder/spi-builder-workspace/.derivedData/Build/Intermediates.noindex/SwiftExplicitPrecompiledModules
PruneExplicitPrecompiledModules /Users/admin/builder/spi-builder-workspace/.derivedData/Build/Intermediates.noindex/ExplicitPrecompiledModules
PruneExplicitPrecompiledModules /Users/admin/builder/spi-builder-workspace/.derivedData/SDKExplicitPrecompiledModules
2026-09-18 20:46:58.142 xcodebuild[918:5428] [MT] IDERunDestination: Supported platforms for the buildables in the current scheme is empty.
** BUILD FAILED **
The following build commands failed:
	SwiftEmitModule normal arm64_32 Emitting\ module\ for\ CrystalViewUtilities (in target 'CrystalViewUtilities' from project 'CrystalViewUtilities')
	SwiftCompile normal arm64_32 (in target 'CrystalViewUtilities' from project 'CrystalViewUtilities')
	Building workspace CrystalButtonKit with scheme CrystalButtonKit
(3 failures)
Command line invocation:
    /Applications/Xcode-27.0.0-Release.Candidate.app/Contents/Developer/usr/bin/xcodebuild -IDEClonedSourcePackagesDirPathOverride=/Users/admin/builder/spi-builder-workspace/.dependencies -resolvePackageDependencies
Resolve Package Graph
Invalid Exclude '/Users/admin/builder/spi-builder-workspace/Tests/CrystalButtonKitTests/__Snapshots__': File not found.
Resolved source packages:
  swift-syntax: https://github.com/swiftlang/swift-syntax @ 604.0.0
  swift-custom-dump: https://github.com/pointfreeco/swift-custom-dump @ 1.7.3
  CUISeparator: https://github.com/robhasacamera/CUISeparator.git @ 0.3.1
  swift-snapshot-testing: https://github.com/pointfreeco/swift-snapshot-testing.git @ 1.19.5
  CUIPreviewKit: https://github.com/robhasacamera/CUIPreviewKit.git @ 0.1.2
  CrystalButtonKit: /Users/admin/builder/spi-builder-workspace
  CrystalViewUtilities: https://github.com/robhasacamera/CrystalViewUtilities.git @ 0.12.1
  swift-issue-reporting: https://github.com/pointfreeco/swift-issue-reporting @ 2.1.0
resolved source packages: swift-syntax, swift-custom-dump, CUISeparator, swift-snapshot-testing, CUIPreviewKit, CrystalButtonKit, CrystalViewUtilities, swift-issue-reporting
2026-09-18 20:47:06.315 xcodebuild[1126:6431] [MT] IDERunDestination: Supported platforms for the buildables in the current scheme is empty.
{
  "dependencies" : [
    {
      "identity" : "cuiseparator",
      "requirement" : {
        "range" : [
          {
            "lower_bound" : "0.1.2",
            "upper_bound" : "1.0.0"
          }
        ]
      },
      "type" : "sourceControl",
      "url" : "https://github.com/robhasacamera/CUISeparator.git"
    },
    {
      "identity" : "crystalviewutilities",
      "requirement" : {
        "range" : [
          {
            "lower_bound" : "0.11.0",
            "upper_bound" : "1.0.0"
          }
        ]
      },
      "type" : "sourceControl",
      "url" : "https://github.com/robhasacamera/CrystalViewUtilities.git"
    },
    {
      "identity" : "swift-snapshot-testing",
      "requirement" : {
        "range" : [
          {
            "lower_bound" : "1.11.0",
            "upper_bound" : "2.0.0"
          }
        ]
      },
      "type" : "sourceControl",
      "url" : "https://github.com/pointfreeco/swift-snapshot-testing.git"
    }
  ],
  "manifest_display_name" : "CrystalButtonKit",
  "name" : "CrystalButtonKit",
  "path" : "/Users/admin/builder/spi-builder-workspace",
  "platforms" : [
    {
      "name" : "ios",
      "version" : "15.0"
    },
    {
      "name" : "macos",
      "version" : "12.0"
    }
  ],
  "products" : [
    {
      "name" : "CrystalButtonKit",
      "targets" : [
        "CrystalButtonKit"
      ],
      "type" : {
        "library" : [
          "automatic"
        ]
      }
    }
  ],
  "targets" : [
    {
      "c99name" : "CrystalButtonKitTests",
      "module_type" : "SwiftTarget",
      "name" : "CrystalButtonKitTests",
      "path" : "Tests/CrystalButtonKitTests",
      "product_dependencies" : [
        "CrystalViewUtilities",
        "SnapshotTesting"
      ],
      "sources" : [
        "CUIButtonTests.swift",
        "CUIExpandableButtonTests.swift",
        "XCTestCase_Extension.swift"
      ],
      "target_dependencies" : [
        "CrystalButtonKit"
      ],
      "type" : "test"
    },
    {
      "c99name" : "CrystalButtonKit",
      "module_type" : "SwiftTarget",
      "name" : "CrystalButtonKit",
      "path" : "Sources/CrystalButtonKit",
      "product_dependencies" : [
        "CrystalViewUtilities",
        "CUISeparator"
      ],
      "product_memberships" : [
        "CrystalButtonKit"
      ],
      "sources" : [
        "Protocols/CUIStylizedControl.swift",
        "Protocols/CUIStylizedWindow.swift",
        "Protocols/_CUIStylizedControl.swift",
        "Views/CUIButton.swift",
        "Views/CUIExpandableButton.swift",
        "Views/CUIExpandableButton_Modifiers.swift",
        "Views/CUIExpandableButton_Previews.swift",
        "Views/CUISFSymbolIcon.swift",
        "Views/CloseButton.swift"
      ],
      "type" : "library"
    }
  ],
  "tools_version" : "5.5"
}
warning: 'spi-builder-workspace': Invalid Exclude '/Users/admin/builder/spi-builder-workspace/Tests/CrystalButtonKitTests/__Snapshots__': File not found.
{
  "workspace" : {
    "name" : "CrystalButtonKit",
    "schemes" : [
      "CrystalButtonKit"
    ]
  }
}
2026-09-18 20:47:07.890 xcodebuild[1135:6508] [MT] IDERunDestination: Supported platforms for the buildables in the current scheme is empty.
Running build ...
env DEVELOPER_DIR=/Applications/Xcode-27.0.0-Release.Candidate.app xcrun xcodebuild -IDEClonedSourcePackagesDirPathOverride=$PWD/.dependencies -skipMacroValidation -skipPackagePluginValidation -derivedDataPath $PWD/.derivedData build -scheme CrystalButtonKit -destination generic/platform=watchOS
Command line invocation:
    /Applications/Xcode-27.0.0-Release.Candidate.app/Contents/Developer/usr/bin/xcodebuild -IDEClonedSourcePackagesDirPathOverride=/Users/admin/builder/spi-builder-workspace/.dependencies -skipMacroValidation -skipPackagePluginValidation -derivedDataPath /Users/admin/builder/spi-builder-workspace/.derivedData build -scheme CrystalButtonKit -destination generic/platform=watchOS
Resolve Package Graph
Invalid Exclude '/Users/admin/builder/spi-builder-workspace/Tests/CrystalButtonKitTests/__Snapshots__': File not found.
Resolved source packages:
  CrystalViewUtilities: https://github.com/robhasacamera/CrystalViewUtilities.git @ 0.12.1
  CUIPreviewKit: https://github.com/robhasacamera/CUIPreviewKit.git @ 0.1.2
  CrystalButtonKit: /Users/admin/builder/spi-builder-workspace
  swift-syntax: https://github.com/swiftlang/swift-syntax @ 604.0.0
  swift-issue-reporting: https://github.com/pointfreeco/swift-issue-reporting @ 2.1.0
  swift-snapshot-testing: https://github.com/pointfreeco/swift-snapshot-testing.git @ 1.19.5
  CUISeparator: https://github.com/robhasacamera/CUISeparator.git @ 0.3.1
  swift-custom-dump: https://github.com/pointfreeco/swift-custom-dump @ 1.7.3
ComputePackagePrebuildTargetDependencyGraph
Prepare packages
CreateBuildRequest
SendProjectDescription
CreateBuildOperation
ComputeTargetDependencyGraph
note: Building targets in dependency order
note: Target dependency graph (8 targets)
    Target 'CrystalButtonKit-product' in project 'CrystalButtonKit'
        ➜ Explicit dependency on target 'CrystalButtonKit' in project 'CrystalButtonKit'
        ➜ Explicit dependency on target 'CrystalViewUtilities-product' in project 'CrystalViewUtilities'
        ➜ Explicit dependency on target 'CUISeparator-product' in project 'CUISeparator'
    Target 'CrystalButtonKit' in project 'CrystalButtonKit'
        ➜ Explicit dependency on target 'CrystalViewUtilities-product' in project 'CrystalViewUtilities'
        ➜ Explicit dependency on target 'CUISeparator-product' in project 'CUISeparator'
    Target 'CUISeparator-product' in project 'CUISeparator'
        ➜ Explicit dependency on target 'CUISeparator' in project 'CUISeparator'
        ➜ Explicit dependency on target 'CUIPreviewKit-product' in project 'CUIPreviewKit'
    Target 'CUISeparator' in project 'CUISeparator'
        ➜ Explicit dependency on target 'CUIPreviewKit-product' in project 'CUIPreviewKit'
    Target 'CUIPreviewKit-product' in project 'CUIPreviewKit'
        ➜ Explicit dependency on target 'CUIPreviewKit' in project 'CUIPreviewKit'
    Target 'CUIPreviewKit' in project 'CUIPreviewKit' (no dependencies)
    Target 'CrystalViewUtilities-product' in project 'CrystalViewUtilities'
        ➜ Explicit dependency on target 'CrystalViewUtilities' in project 'CrystalViewUtilities'
    Target 'CrystalViewUtilities' in project 'CrystalViewUtilities' (no dependencies)
GatherProvisioningInputs
CreateBuildDescription
ClangStatCache /Applications/Xcode-27.0.0-Release.Candidate.app/Contents/Developer/Toolchains/XcodeDefault.xctoolchain/usr/bin/clang-stat-cache /Applications/Xcode-27.0.0-Release.Candidate.app/Contents/Developer/Platforms/WatchOS.platform/Developer/SDKs/WatchOS27.0.sdk /Users/admin/builder/spi-builder-workspace/.derivedData/SDKStatCaches.noindex/watchos27.0-24R360-e829b21a6f8c9b70876ba0858053c04477534ef55a1706bf4c1112bbb242f0a2.sdkstatcache
    cd /Users/admin/builder/spi-builder-workspace/.swiftpm/xcode
    /Applications/Xcode-27.0.0-Release.Candidate.app/Contents/Developer/Toolchains/XcodeDefault.xctoolchain/usr/bin/clang-stat-cache /Applications/Xcode-27.0.0-Release.Candidate.app/Contents/Developer/Platforms/WatchOS.platform/Developer/SDKs/WatchOS27.0.sdk -o /Users/admin/builder/spi-builder-workspace/.derivedData/SDKStatCaches.noindex/watchos27.0-24R360-e829b21a6f8c9b70876ba0858053c04477534ef55a1706bf4c1112bbb242f0a2.sdkstatcache
SwiftDriver CrystalViewUtilities normal arm64_32 com.apple.xcode.tools.swift.compiler (in target 'CrystalViewUtilities' from project 'CrystalViewUtilities')
    cd /Users/admin/builder/spi-builder-workspace/.swiftpm/xcode
    builtin-SwiftDriver -- /Applications/Xcode-27.0.0-Release.Candidate.app/Contents/Developer/Toolchains/XcodeDefault.xctoolchain/usr/bin/swiftc -parse-as-library -module-name CrystalViewUtilities -Onone @/Users/admin/builder/spi-builder-workspace/.derivedData/Build/Intermediates.noindex/CrystalViewUtilities.build/Debug-watchos/CrystalViewUtilities-t.build/Objects-normal/arm64_32/CrystalViewUtilities.SwiftFileList -DSWIFT_PACKAGE -DDEBUG -DSWIFT_MODULE_RESOURCE_BUNDLE_UNAVAILABLE -DXcode -plugin-path /Applications/Xcode-27.0.0-Release.Candidate.app/Contents/Developer/Toolchains/XcodeDefault.xctoolchain/usr/lib/swift/host/plugins/testing -enable-experimental-feature DebugDescriptionMacro -sdk /Applications/Xcode-27.0.0-Release.Candidate.app/Contents/Developer/Platforms/WatchOS.platform/Developer/SDKs/WatchOS27.0.sdk -target arm64_32-apple-watchos9.0 -g -module-cache-path /Users/admin/builder/spi-builder-workspace/.derivedData/ModuleCache.noindex -Xfrontend -serialize-debugging-options -profile-coverage-mapping -profile-generate -enable-testing -suppress-warnings -index-store-path /Users/admin/builder/spi-builder-workspace/.derivedData/Index.noindex/DataStore -Xcc -D_LIBCPP_HARDENING_MODE\=_LIBCPP_HARDENING_MODE_DEBUG -swift-version 5 -I /Users/admin/builder/spi-builder-workspace/.derivedData/Build/Products/Debug-watchos -Isystem /Applications/Xcode-27.0.0-Release.Candidate.app/Contents/Developer/Platforms/WatchOS.platform/Developer/usr/lib -F /Users/admin/builder/spi-builder-workspace/.derivedData/Build/Products/Debug-watchos -F /Applications/Xcode-27.0.0-Release.Candidate.app/Contents/Developer/Platforms/WatchOS.platform/Developer/Library/Frameworks -F /Applications/Xcode-27.0.0-Release.Candidate.app/Contents/Developer/Platforms/WatchOS.platform/Developer/SDKs/WatchOS27.0.sdk/Developer/Library/Frameworks -c -j10 -enable-batch-mode -incremental -Xcc -ivfsstatcache -Xcc /Users/admin/builder/spi-builder-workspace/.derivedData/SDKStatCaches.noindex/watchos27.0-24R360-e829b21a6f8c9b70876ba0858053c04477534ef55a1706bf4c1112bbb242f0a2.sdkstatcache -output-file-map /Users/admin/builder/spi-builder-workspace/.derivedData/Build/Intermediates.noindex/CrystalViewUtilities.build/Debug-watchos/CrystalViewUtilities-t.build/Objects-normal/arm64_32/CrystalViewUtilities-OutputFileMap.json -save-temps -no-color-diagnostics -explicit-module-build -module-cache-path /Users/admin/builder/spi-builder-workspace/.derivedData/Build/Intermediates.noindex/SwiftExplicitPrecompiledModules -clang-scanner-module-cache-path /Users/admin/builder/spi-builder-workspace/.derivedData/ModuleCache.noindex -sdk-module-cache-path /Users/admin/builder/spi-builder-workspace/.derivedData/SDKExplicitPrecompiledModules -emit-dependencies -emit-module -emit-module-path /Users/admin/builder/spi-builder-workspace/.derivedData/Build/Intermediates.noindex/CrystalViewUtilities.build/Debug-watchos/CrystalViewUtilities-t.build/Objects-normal/arm64_32/CrystalViewUtilities.swiftmodule -serialize-diagnostics -dependency-scan-serialize-diagnostics-path /Users/admin/builder/spi-builder-workspace/.derivedData/Build/Intermediates.noindex/CrystalViewUtilities.build/Debug-watchos/CrystalViewUtilities-t.build/Objects-normal/arm64_32/CrystalViewUtilities-dependency-scan.dia -validate-clang-modules-once -clang-build-session-file /Users/admin/builder/spi-builder-workspace/.derivedData/ModuleCache.noindex/Session.modulevalidation -Xcc -fmodules-prune-interval\=86400 -Xcc -fmodules-prune-after\=345600 -emit-const-values -const-gather-protocols-list /Users/admin/builder/spi-builder-workspace/.derivedData/Build/Intermediates.noindex/CrystalViewUtilities.build/Debug-watchos/CrystalViewUtilities-t.build/Objects-normal/arm64_32/CrystalViewUtilities_const_extract_protocols.json -Xcc -I/Users/admin/builder/spi-builder-workspace/.derivedData/Build/Products/Debug-watchos/include -Xcc -I/Users/admin/builder/spi-builder-workspace/.derivedData/Build/Intermediates.noindex/CrystalViewUtilities.build/Debug-watchos/CrystalViewUtilities-t.build/DerivedSources-normal/arm64_32 -Xcc -I/Users/admin/builder/spi-builder-workspace/.derivedData/Build/Intermediates.noindex/CrystalViewUtilities.build/Debug-watchos/CrystalViewUtilities-t.build/DerivedSources/arm64_32 -Xcc -I/Users/admin/builder/spi-builder-workspace/.derivedData/Build/Intermediates.noindex/CrystalViewUtilities.build/Debug-watchos/CrystalViewUtilities-t.build/DerivedSources -Xcc -DSWIFT_PACKAGE -Xcc -DDEBUG\=1 -emit-objc-header -emit-objc-header-path /Users/admin/builder/spi-builder-workspace/.derivedData/Build/Intermediates.noindex/CrystalViewUtilities.build/Debug-watchos/CrystalViewUtilities-t.build/Objects-normal/arm64_32/CrystalViewUtilities-Swift.h -working-directory /Users/admin/builder/spi-builder-workspace/.swiftpm/xcode -experimental-emit-module-separately -disable-cmo
SwiftDriver CUIPreviewKit normal arm64_32 com.apple.xcode.tools.swift.compiler (in target 'CUIPreviewKit' from project 'CUIPreviewKit')
    cd /Users/admin/builder/spi-builder-workspace/.swiftpm/xcode
    builtin-SwiftDriver -- /Applications/Xcode-27.0.0-Release.Candidate.app/Contents/Developer/Toolchains/XcodeDefault.xctoolchain/usr/bin/swiftc -parse-as-library -module-name CUIPreviewKit -Onone @/Users/admin/builder/spi-builder-workspace/.derivedData/Build/Intermediates.noindex/CUIPreviewKit.build/Debug-watchos/CUIPreviewKit-t.build/Objects-normal/arm64_32/CUIPreviewKit.SwiftFileList -DSWIFT_PACKAGE -DDEBUG -DSWIFT_MODULE_RESOURCE_BUNDLE_UNAVAILABLE -DXcode -plugin-path /Applications/Xcode-27.0.0-Release.Candidate.app/Contents/Developer/Toolchains/XcodeDefault.xctoolchain/usr/lib/swift/host/plugins/testing -enable-experimental-feature DebugDescriptionMacro -sdk /Applications/Xcode-27.0.0-Release.Candidate.app/Contents/Developer/Platforms/WatchOS.platform/Developer/SDKs/WatchOS27.0.sdk -target arm64_32-apple-watchos9.0 -g -module-cache-path /Users/admin/builder/spi-builder-workspace/.derivedData/ModuleCache.noindex -Xfrontend -serialize-debugging-options -profile-coverage-mapping -profile-generate -enable-testing -suppress-warnings -index-store-path /Users/admin/builder/spi-builder-workspace/.derivedData/Index.noindex/DataStore -Xcc -D_LIBCPP_HARDENING_MODE\=_LIBCPP_HARDENING_MODE_DEBUG -swift-version 5 -I /Users/admin/builder/spi-builder-workspace/.derivedData/Build/Products/Debug-watchos -Isystem /Applications/Xcode-27.0.0-Release.Candidate.app/Contents/Developer/Platforms/WatchOS.platform/Developer/usr/lib -F /Users/admin/builder/spi-builder-workspace/.derivedData/Build/Products/Debug-watchos -F /Applications/Xcode-27.0.0-Release.Candidate.app/Contents/Developer/Platforms/WatchOS.platform/Developer/Library/Frameworks -F /Applications/Xcode-27.0.0-Release.Candidate.app/Contents/Developer/Platforms/WatchOS.platform/Developer/SDKs/WatchOS27.0.sdk/Developer/Library/Frameworks -c -j10 -enable-batch-mode -incremental -Xcc -ivfsstatcache -Xcc /Users/admin/builder/spi-builder-workspace/.derivedData/SDKStatCaches.noindex/watchos27.0-24R360-e829b21a6f8c9b70876ba0858053c04477534ef55a1706bf4c1112bbb242f0a2.sdkstatcache -output-file-map /Users/admin/builder/spi-builder-workspace/.derivedData/Build/Intermediates.noindex/CUIPreviewKit.build/Debug-watchos/CUIPreviewKit-t.build/Objects-normal/arm64_32/CUIPreviewKit-OutputFileMap.json -save-temps -no-color-diagnostics -explicit-module-build -module-cache-path /Users/admin/builder/spi-builder-workspace/.derivedData/Build/Intermediates.noindex/SwiftExplicitPrecompiledModules -clang-scanner-module-cache-path /Users/admin/builder/spi-builder-workspace/.derivedData/ModuleCache.noindex -sdk-module-cache-path /Users/admin/builder/spi-builder-workspace/.derivedData/SDKExplicitPrecompiledModules -emit-dependencies -emit-module -emit-module-path /Users/admin/builder/spi-builder-workspace/.derivedData/Build/Intermediates.noindex/CUIPreviewKit.build/Debug-watchos/CUIPreviewKit-t.build/Objects-normal/arm64_32/CUIPreviewKit.swiftmodule -serialize-diagnostics -dependency-scan-serialize-diagnostics-path /Users/admin/builder/spi-builder-workspace/.derivedData/Build/Intermediates.noindex/CUIPreviewKit.build/Debug-watchos/CUIPreviewKit-t.build/Objects-normal/arm64_32/CUIPreviewKit-dependency-scan.dia -validate-clang-modules-once -clang-build-session-file /Users/admin/builder/spi-builder-workspace/.derivedData/ModuleCache.noindex/Session.modulevalidation -Xcc -fmodules-prune-interval\=86400 -Xcc -fmodules-prune-after\=345600 -emit-const-values -const-gather-protocols-list /Users/admin/builder/spi-builder-workspace/.derivedData/Build/Intermediates.noindex/CUIPreviewKit.build/Debug-watchos/CUIPreviewKit-t.build/Objects-normal/arm64_32/CUIPreviewKit_const_extract_protocols.json -Xcc -I/Users/admin/builder/spi-builder-workspace/.derivedData/Build/Products/Debug-watchos/include -Xcc -I/Users/admin/builder/spi-builder-workspace/.derivedData/Build/Intermediates.noindex/CUIPreviewKit.build/Debug-watchos/CUIPreviewKit-t.build/DerivedSources-normal/arm64_32 -Xcc -I/Users/admin/builder/spi-builder-workspace/.derivedData/Build/Intermediates.noindex/CUIPreviewKit.build/Debug-watchos/CUIPreviewKit-t.build/DerivedSources/arm64_32 -Xcc -I/Users/admin/builder/spi-builder-workspace/.derivedData/Build/Intermediates.noindex/CUIPreviewKit.build/Debug-watchos/CUIPreviewKit-t.build/DerivedSources -Xcc -DSWIFT_PACKAGE -Xcc -DDEBUG\=1 -emit-objc-header -emit-objc-header-path /Users/admin/builder/spi-builder-workspace/.derivedData/Build/Intermediates.noindex/CUIPreviewKit.build/Debug-watchos/CUIPreviewKit-t.build/Objects-normal/arm64_32/CUIPreviewKit-Swift.h -working-directory /Users/admin/builder/spi-builder-workspace/.swiftpm/xcode -experimental-emit-module-separately -disable-cmo
SwiftDriver CrystalViewUtilities normal arm64 com.apple.xcode.tools.swift.compiler (in target 'CrystalViewUtilities' from project 'CrystalViewUtilities')
    cd /Users/admin/builder/spi-builder-workspace/.swiftpm/xcode
    builtin-SwiftDriver -- /Applications/Xcode-27.0.0-Release.Candidate.app/Contents/Developer/Toolchains/XcodeDefault.xctoolchain/usr/bin/swiftc -parse-as-library -module-name CrystalViewUtilities -Onone @/Users/admin/builder/spi-builder-workspace/.derivedData/Build/Intermediates.noindex/CrystalViewUtilities.build/Debug-watchos/CrystalViewUtilities-t.build/Objects-normal/arm64/CrystalViewUtilities.SwiftFileList -DSWIFT_PACKAGE -DDEBUG -DSWIFT_MODULE_RESOURCE_BUNDLE_UNAVAILABLE -DXcode -plugin-path /Applications/Xcode-27.0.0-Release.Candidate.app/Contents/Developer/Toolchains/XcodeDefault.xctoolchain/usr/lib/swift/host/plugins/testing -enable-experimental-feature DebugDescriptionMacro -sdk /Applications/Xcode-27.0.0-Release.Candidate.app/Contents/Developer/Platforms/WatchOS.platform/Developer/SDKs/WatchOS27.0.sdk -target arm64-apple-watchos9.0 -g -module-cache-path /Users/admin/builder/spi-builder-workspace/.derivedData/ModuleCache.noindex -Xfrontend -serialize-debugging-options -profile-coverage-mapping -profile-generate -enable-testing -suppress-warnings -index-store-path /Users/admin/builder/spi-builder-workspace/.derivedData/Index.noindex/DataStore -Xcc -D_LIBCPP_HARDENING_MODE\=_LIBCPP_HARDENING_MODE_DEBUG -swift-version 5 -I /Users/admin/builder/spi-builder-workspace/.derivedData/Build/Products/Debug-watchos -Isystem /Applications/Xcode-27.0.0-Release.Candidate.app/Contents/Developer/Platforms/WatchOS.platform/Developer/usr/lib -F /Users/admin/builder/spi-builder-workspace/.derivedData/Build/Products/Debug-watchos -F /Applications/Xcode-27.0.0-Release.Candidate.app/Contents/Developer/Platforms/WatchOS.platform/Developer/Library/Frameworks -F /Applications/Xcode-27.0.0-Release.Candidate.app/Contents/Developer/Platforms/WatchOS.platform/Developer/SDKs/WatchOS27.0.sdk/Developer/Library/Frameworks -c -j10 -enable-batch-mode -incremental -Xcc -ivfsstatcache -Xcc /Users/admin/builder/spi-builder-workspace/.derivedData/SDKStatCaches.noindex/watchos27.0-24R360-e829b21a6f8c9b70876ba0858053c04477534ef55a1706bf4c1112bbb242f0a2.sdkstatcache -output-file-map /Users/admin/builder/spi-builder-workspace/.derivedData/Build/Intermediates.noindex/CrystalViewUtilities.build/Debug-watchos/CrystalViewUtilities-t.build/Objects-normal/arm64/CrystalViewUtilities-OutputFileMap.json -save-temps -no-color-diagnostics -explicit-module-build -module-cache-path /Users/admin/builder/spi-builder-workspace/.derivedData/Build/Intermediates.noindex/SwiftExplicitPrecompiledModules -clang-scanner-module-cache-path /Users/admin/builder/spi-builder-workspace/.derivedData/ModuleCache.noindex -sdk-module-cache-path /Users/admin/builder/spi-builder-workspace/.derivedData/SDKExplicitPrecompiledModules -emit-dependencies -emit-module -emit-module-path /Users/admin/builder/spi-builder-workspace/.derivedData/Build/Intermediates.noindex/CrystalViewUtilities.build/Debug-watchos/CrystalViewUtilities-t.build/Objects-normal/arm64/CrystalViewUtilities.swiftmodule -serialize-diagnostics -dependency-scan-serialize-diagnostics-path /Users/admin/builder/spi-builder-workspace/.derivedData/Build/Intermediates.noindex/CrystalViewUtilities.build/Debug-watchos/CrystalViewUtilities-t.build/Objects-normal/arm64/CrystalViewUtilities-dependency-scan.dia -validate-clang-modules-once -clang-build-session-file /Users/admin/builder/spi-builder-workspace/.derivedData/ModuleCache.noindex/Session.modulevalidation -Xcc -fmodules-prune-interval\=86400 -Xcc -fmodules-prune-after\=345600 -emit-const-values -const-gather-protocols-list /Users/admin/builder/spi-builder-workspace/.derivedData/Build/Intermediates.noindex/CrystalViewUtilities.build/Debug-watchos/CrystalViewUtilities-t.build/Objects-normal/arm64/CrystalViewUtilities_const_extract_protocols.json -Xcc -I/Users/admin/builder/spi-builder-workspace/.derivedData/Build/Products/Debug-watchos/include -Xcc -I/Users/admin/builder/spi-builder-workspace/.derivedData/Build/Intermediates.noindex/CrystalViewUtilities.build/Debug-watchos/CrystalViewUtilities-t.build/DerivedSources-normal/arm64 -Xcc -I/Users/admin/builder/spi-builder-workspace/.derivedData/Build/Intermediates.noindex/CrystalViewUtilities.build/Debug-watchos/CrystalViewUtilities-t.build/DerivedSources/arm64 -Xcc -I/Users/admin/builder/spi-builder-workspace/.derivedData/Build/Intermediates.noindex/CrystalViewUtilities.build/Debug-watchos/CrystalViewUtilities-t.build/DerivedSources -Xcc -DSWIFT_PACKAGE -Xcc -DDEBUG\=1 -emit-objc-header -emit-objc-header-path /Users/admin/builder/spi-builder-workspace/.derivedData/Build/Intermediates.noindex/CrystalViewUtilities.build/Debug-watchos/CrystalViewUtilities-t.build/Objects-normal/arm64/CrystalViewUtilities-Swift.h -working-directory /Users/admin/builder/spi-builder-workspace/.swiftpm/xcode -experimental-emit-module-separately -disable-cmo
SwiftDriver CUIPreviewKit normal arm64 com.apple.xcode.tools.swift.compiler (in target 'CUIPreviewKit' from project 'CUIPreviewKit')
    cd /Users/admin/builder/spi-builder-workspace/.swiftpm/xcode
    builtin-SwiftDriver -- /Applications/Xcode-27.0.0-Release.Candidate.app/Contents/Developer/Toolchains/XcodeDefault.xctoolchain/usr/bin/swiftc -parse-as-library -module-name CUIPreviewKit -Onone @/Users/admin/builder/spi-builder-workspace/.derivedData/Build/Intermediates.noindex/CUIPreviewKit.build/Debug-watchos/CUIPreviewKit-t.build/Objects-normal/arm64/CUIPreviewKit.SwiftFileList -DSWIFT_PACKAGE -DDEBUG -DSWIFT_MODULE_RESOURCE_BUNDLE_UNAVAILABLE -DXcode -plugin-path /Applications/Xcode-27.0.0-Release.Candidate.app/Contents/Developer/Toolchains/XcodeDefault.xctoolchain/usr/lib/swift/host/plugins/testing -enable-experimental-feature DebugDescriptionMacro -sdk /Applications/Xcode-27.0.0-Release.Candidate.app/Contents/Developer/Platforms/WatchOS.platform/Developer/SDKs/WatchOS27.0.sdk -target arm64-apple-watchos9.0 -g -module-cache-path /Users/admin/builder/spi-builder-workspace/.derivedData/ModuleCache.noindex -Xfrontend -serialize-debugging-options -profile-coverage-mapping -profile-generate -enable-testing -suppress-warnings -index-store-path /Users/admin/builder/spi-builder-workspace/.derivedData/Index.noindex/DataStore -Xcc -D_LIBCPP_HARDENING_MODE\=_LIBCPP_HARDENING_MODE_DEBUG -swift-version 5 -I /Users/admin/builder/spi-builder-workspace/.derivedData/Build/Products/Debug-watchos -Isystem /Applications/Xcode-27.0.0-Release.Candidate.app/Contents/Developer/Platforms/WatchOS.platform/Developer/usr/lib -F /Users/admin/builder/spi-builder-workspace/.derivedData/Build/Products/Debug-watchos -F /Applications/Xcode-27.0.0-Release.Candidate.app/Contents/Developer/Platforms/WatchOS.platform/Developer/Library/Frameworks -F /Applications/Xcode-27.0.0-Release.Candidate.app/Contents/Developer/Platforms/WatchOS.platform/Developer/SDKs/WatchOS27.0.sdk/Developer/Library/Frameworks -c -j10 -enable-batch-mode -incremental -Xcc -ivfsstatcache -Xcc /Users/admin/builder/spi-builder-workspace/.derivedData/SDKStatCaches.noindex/watchos27.0-24R360-e829b21a6f8c9b70876ba0858053c04477534ef55a1706bf4c1112bbb242f0a2.sdkstatcache -output-file-map /Users/admin/builder/spi-builder-workspace/.derivedData/Build/Intermediates.noindex/CUIPreviewKit.build/Debug-watchos/CUIPreviewKit-t.build/Objects-normal/arm64/CUIPreviewKit-OutputFileMap.json -save-temps -no-color-diagnostics -explicit-module-build -module-cache-path /Users/admin/builder/spi-builder-workspace/.derivedData/Build/Intermediates.noindex/SwiftExplicitPrecompiledModules -clang-scanner-module-cache-path /Users/admin/builder/spi-builder-workspace/.derivedData/ModuleCache.noindex -sdk-module-cache-path /Users/admin/builder/spi-builder-workspace/.derivedData/SDKExplicitPrecompiledModules -emit-dependencies -emit-module -emit-module-path /Users/admin/builder/spi-builder-workspace/.derivedData/Build/Intermediates.noindex/CUIPreviewKit.build/Debug-watchos/CUIPreviewKit-t.build/Objects-normal/arm64/CUIPreviewKit.swiftmodule -serialize-diagnostics -dependency-scan-serialize-diagnostics-path /Users/admin/builder/spi-builder-workspace/.derivedData/Build/Intermediates.noindex/CUIPreviewKit.build/Debug-watchos/CUIPreviewKit-t.build/Objects-normal/arm64/CUIPreviewKit-dependency-scan.dia -validate-clang-modules-once -clang-build-session-file /Users/admin/builder/spi-builder-workspace/.derivedData/ModuleCache.noindex/Session.modulevalidation -Xcc -fmodules-prune-interval\=86400 -Xcc -fmodules-prune-after\=345600 -emit-const-values -const-gather-protocols-list /Users/admin/builder/spi-builder-workspace/.derivedData/Build/Intermediates.noindex/CUIPreviewKit.build/Debug-watchos/CUIPreviewKit-t.build/Objects-normal/arm64/CUIPreviewKit_const_extract_protocols.json -Xcc -I/Users/admin/builder/spi-builder-workspace/.derivedData/Build/Products/Debug-watchos/include -Xcc -I/Users/admin/builder/spi-builder-workspace/.derivedData/Build/Intermediates.noindex/CUIPreviewKit.build/Debug-watchos/CUIPreviewKit-t.build/DerivedSources-normal/arm64 -Xcc -I/Users/admin/builder/spi-builder-workspace/.derivedData/Build/Intermediates.noindex/CUIPreviewKit.build/Debug-watchos/CUIPreviewKit-t.build/DerivedSources/arm64 -Xcc -I/Users/admin/builder/spi-builder-workspace/.derivedData/Build/Intermediates.noindex/CUIPreviewKit.build/Debug-watchos/CUIPreviewKit-t.build/DerivedSources -Xcc -DSWIFT_PACKAGE -Xcc -DDEBUG\=1 -emit-objc-header -emit-objc-header-path /Users/admin/builder/spi-builder-workspace/.derivedData/Build/Intermediates.noindex/CUIPreviewKit.build/Debug-watchos/CUIPreviewKit-t.build/Objects-normal/arm64/CUIPreviewKit-Swift.h -working-directory /Users/admin/builder/spi-builder-workspace/.swiftpm/xcode -experimental-emit-module-separately -disable-cmo
SwiftEmitModule normal arm64_32 Emitting\ module\ for\ CUIPreviewKit (in target 'CUIPreviewKit' from project 'CUIPreviewKit')
SwiftCompile normal arm64_32 (in target 'CUIPreviewKit' from project 'CUIPreviewKit')
    cd /Users/admin/builder/spi-builder-workspace/.swiftpm/xcode

SwiftCompile normal arm64_32 Compiling\ CUILoremIspum.swift /Users/admin/builder/spi-builder-workspace/.dependencies/checkouts/CUIPreviewKit/Sources/CUIPreviewKit/CUILoremIspum.swift (in target 'CUIPreviewKit' from project 'CUIPreviewKit')
SwiftCompile normal arm64_32 /Users/admin/builder/spi-builder-workspace/.dependencies/checkouts/CUIPreviewKit/Sources/CUIPreviewKit/CUILoremIspum.swift (in target 'CUIPreviewKit' from project 'CUIPreviewKit')
    cd /Users/admin/builder/spi-builder-workspace/.swiftpm/xcode
    builtin-SwiftPerFileCompile CUILoremIspum.swift
SwiftEmitModule normal arm64 Emitting\ module\ for\ CUIPreviewKit (in target 'CUIPreviewKit' from project 'CUIPreviewKit')
SwiftCompile normal arm64 (in target 'CUIPreviewKit' from project 'CUIPreviewKit')
    cd /Users/admin/builder/spi-builder-workspace/.swiftpm/xcode

SwiftCompile normal arm64 Compiling\ CUICaptionedView.swift /Users/admin/builder/spi-builder-workspace/.dependencies/checkouts/CUIPreviewKit/Sources/CUIPreviewKit/CUICaptionedView.swift (in target 'CUIPreviewKit' from project 'CUIPreviewKit')
SwiftCompile normal arm64 /Users/admin/builder/spi-builder-workspace/.dependencies/checkouts/CUIPreviewKit/Sources/CUIPreviewKit/CUICaptionedView.swift (in target 'CUIPreviewKit' from project 'CUIPreviewKit')
    cd /Users/admin/builder/spi-builder-workspace/.swiftpm/xcode
    builtin-SwiftPerFileCompile CUICaptionedView.swift
SwiftCompile normal arm64_32 Compiling\ CUICenteredPreview.swift /Users/admin/builder/spi-builder-workspace/.dependencies/checkouts/CUIPreviewKit/Sources/CUIPreviewKit/CUICenteredPreview.swift (in target 'CUIPreviewKit' from project 'CUIPreviewKit')
SwiftCompile normal arm64_32 /Users/admin/builder/spi-builder-workspace/.dependencies/checkouts/CUIPreviewKit/Sources/CUIPreviewKit/CUICenteredPreview.swift (in target 'CUIPreviewKit' from project 'CUIPreviewKit')
    cd /Users/admin/builder/spi-builder-workspace/.swiftpm/xcode
    builtin-SwiftPerFileCompile CUICenteredPreview.swift
SwiftCompile normal arm64 Compiling\ CUILoremIspum.swift /Users/admin/builder/spi-builder-workspace/.dependencies/checkouts/CUIPreviewKit/Sources/CUIPreviewKit/CUILoremIspum.swift (in target 'CUIPreviewKit' from project 'CUIPreviewKit')
SwiftCompile normal arm64 /Users/admin/builder/spi-builder-workspace/.dependencies/checkouts/CUIPreviewKit/Sources/CUIPreviewKit/CUILoremIspum.swift (in target 'CUIPreviewKit' from project 'CUIPreviewKit')
    cd /Users/admin/builder/spi-builder-workspace/.swiftpm/xcode
    builtin-SwiftPerFileCompile CUILoremIspum.swift
SwiftCompile normal arm64_32 Compiling\ CUICaptionedView.swift /Users/admin/builder/spi-builder-workspace/.dependencies/checkouts/CUIPreviewKit/Sources/CUIPreviewKit/CUICaptionedView.swift (in target 'CUIPreviewKit' from project 'CUIPreviewKit')
SwiftCompile normal arm64_32 /Users/admin/builder/spi-builder-workspace/.dependencies/checkouts/CUIPreviewKit/Sources/CUIPreviewKit/CUICaptionedView.swift (in target 'CUIPreviewKit' from project 'CUIPreviewKit')
    cd /Users/admin/builder/spi-builder-workspace/.swiftpm/xcode
    builtin-SwiftPerFileCompile CUICaptionedView.swift
SwiftCompile normal arm64 Compiling\ CUICenteredPreview.swift /Users/admin/builder/spi-builder-workspace/.dependencies/checkouts/CUIPreviewKit/Sources/CUIPreviewKit/CUICenteredPreview.swift (in target 'CUIPreviewKit' from project 'CUIPreviewKit')
SwiftCompile normal arm64 /Users/admin/builder/spi-builder-workspace/.dependencies/checkouts/CUIPreviewKit/Sources/CUIPreviewKit/CUICenteredPreview.swift (in target 'CUIPreviewKit' from project 'CUIPreviewKit')
    cd /Users/admin/builder/spi-builder-workspace/.swiftpm/xcode
    builtin-SwiftPerFileCompile CUICenteredPreview.swift
SwiftEmitModule normal arm64_32 Emitting\ module\ for\ CrystalViewUtilities (in target 'CrystalViewUtilities' from project 'CrystalViewUtilities')
/Users/admin/builder/spi-builder-workspace/.dependencies/checkouts/CrystalViewUtilities/Sources/CrystalViewUtilities/Extensions/CUIBezierPath_Extension.swift:82:11: error: cannot find type 'CUIBezierPath' in scope
 80 | ///
 81 | /// Adapted from https://github.com/janheiermann/BezierPath-Corners
 82 | extension CUIBezierPath {
    |           `- error: cannot find type 'CUIBezierPath' in scope
 83 |     #if os(iOS) || os(tvOS)
 84 |     func curve(to point: CGPoint, controlPoint1: CGPoint, controlPoint2: CGPoint) {
Failed frontend command:
/Applications/Xcode-27.0.0-Release.Candidate.app/Contents/Developer/Toolchains/XcodeDefault.xctoolchain/usr/bin/swift-frontend -frontend -emit-module -experimental-skip-non-inlinable-function-bodies-without-types /Users/admin/builder/spi-builder-workspace/.dependencies/checkouts/CrystalViewUtilities/Sources/CrystalViewUtilities/Extensions/Alignment_Extension.swift /Users/admin/builder/spi-builder-workspace/.dependencies/checkouts/CrystalViewUtilities/Sources/CrystalViewUtilities/Extensions/CGFloat_Extension.swift /Users/admin/builder/spi-builder-workspace/.dependencies/checkouts/CrystalViewUtilities/Sources/CrystalViewUtilities/Extensions/CUIBezierPath_Extension.swift /Users/admin/builder/spi-builder-workspace/.dependencies/checkouts/CrystalViewUtilities/Sources/CrystalViewUtilities/Extensions/Color_Extension.swift /Users/admin/builder/spi-builder-workspace/.dependencies/checkouts/CrystalViewUtilities/Sources/CrystalViewUtilities/Extensions/GeometryProxy_extension.swift /Users/admin/builder/spi-builder-workspace/.dependencies/checkouts/CrystalViewUtilities/Sources/CrystalViewUtilities/Extensions/Image_Extension.swift /Users/admin/builder/spi-builder-workspace/.dependencies/checkouts/CrystalViewUtilities/Sources/CrystalViewUtilities/Extensions/UIScreen_Extension.swift /Users/admin/builder/spi-builder-workspace/.dependencies/checkouts/CrystalViewUtilities/Sources/CrystalViewUtilities/Extensions/View_Extension.swift /Users/admin/builder/spi-builder-workspace/.dependencies/checkouts/CrystalViewUtilities/Sources/CrystalViewUtilities/Layout/CUIFlowLayout.swift /Users/admin/builder/spi-builder-workspace/.dependencies/checkouts/CrystalViewUtilities/Sources/CrystalViewUtilities/OptionSets/CUICorner.swift /Users/admin/builder/spi-builder-workspace/.dependencies/checkouts/CrystalViewUtilities/Sources/CrystalViewUtilities/Shapes/CUIRoundedCornerShape.swift /Users/admin/builder/spi-builder-workspace/.dependencies/checkouts/CrystalViewUtilities/Sources/CrystalViewUtilities/Structs/CUIPositionSet.swift /Users/admin/builder/spi-builder-workspace/.dependencies/checkouts/CrystalViewUtilities/Sources/CrystalViewUtilities/TypeAliases.swift /Users/admin/builder/spi-builder-workspace/.dependencies/checkouts/CrystalViewUtilities/Sources/CrystalViewUtilities/Views/CUIAdaptiveStackView.swift /Users/admin/builder/spi-builder-workspace/.dependencies/checkouts/CrystalViewUtilities/Sources/CrystalViewUtilities/Views/CUIChildGeometryReader.swift /Users/admin/builder/spi-builder-workspace/.dependencies/checkouts/CrystalViewUtilities/Sources/CrystalViewUtilities/Views/CUIChildSizeReader.swift /Users/admin/builder/spi-builder-workspace/.dependencies/checkouts/CrystalViewUtilities/Sources/CrystalViewUtilities/Views/CUITitledGroup.swift /Users/admin/builder/spi-builder-workspace/.dependencies/checkouts/CrystalViewUtilities/Sources/CrystalViewUtilities/Views/CUITitledGroupTextLabel.swift -target arm64_32-apple-watchos9.0 -disable-cross-import-overlay-search -load-resolved-plugin /Applications/Xcode-27.0.0-Release.Candidate.app/Contents/Developer/Platforms/WatchOS.platform/Developer/usr/lib/swift/host/plugins/libFoundationMacros.dylib\#/Applications/Xcode-27.0.0-Release.Candidate.app/Contents/Developer/Platforms/WatchOS.platform/Developer/usr/bin/swift-plugin-server\#FoundationMacros -load-resolved-plugin /Applications/Xcode-27.0.0-Release.Candidate.app/Contents/Developer/Platforms/WatchOS.platform/Developer/usr/lib/swift/host/plugins/libObservationMacros.dylib\#/Applications/Xcode-27.0.0-Release.Candidate.app/Contents/Developer/Platforms/WatchOS.platform/Developer/usr/bin/swift-plugin-server\#ObservationMacros -load-resolved-plugin /Applications/Xcode-27.0.0-Release.Candidate.app/Contents/Developer/Platforms/WatchOS.platform/Developer/usr/lib/swift/host/plugins/libPreviewsMacros.dylib\#/Applications/Xcode-27.0.0-Release.Candidate.app/Contents/Developer/Platforms/WatchOS.platform/Developer/usr/bin/swift-plugin-server\#PreviewsMacros -load-resolved-plugin /Applications/Xcode-27.0.0-Release.Candidate.app/Contents/Developer/Platforms/WatchOS.platform/Developer/usr/lib/swift/host/plugins/libSwiftMacros.dylib\#/Applications/Xcode-27.0.0-Release.Candidate.app/Contents/Developer/Platforms/WatchOS.platform/Developer/usr/bin/swift-plugin-server\#SwiftMacros -load-resolved-plugin /Applications/Xcode-27.0.0-Release.Candidate.app/Contents/Developer/Platforms/WatchOS.platform/Developer/usr/lib/swift/host/plugins/libSwiftUIMacros.dylib\#/Applications/Xcode-27.0.0-Release.Candidate.app/Contents/Developer/Platforms/WatchOS.platform/Developer/usr/bin/swift-plugin-server\#SwiftUIMacros -disable-implicit-swift-modules -Xcc -fno-implicit-modules -Xcc -fno-implicit-module-maps -explicit-swift-module-map-file /Users/admin/builder/spi-builder-workspace/.derivedData/Build/Intermediates.noindex/CrystalViewUtilities.build/Debug-watchos/CrystalViewUtilities-t.build/Objects-normal/arm64_32/CrystalViewUtilities-dependencies-1.json -enable-objc-interop -sdk /Applications/Xcode-27.0.0-Release.Candidate.app/Contents/Developer/Platforms/WatchOS.platform/Developer/SDKs/WatchOS27.0.sdk -I /Users/admin/builder/spi-builder-workspace/.derivedData/Build/Products/Debug-watchos -Isystem /Applications/Xcode-27.0.0-Release.Candidate.app/Contents/Developer/Platforms/WatchOS.platform/Developer/usr/lib -F /Users/admin/builder/spi-builder-workspace/.derivedData/Build/Products/Debug-watchos -F /Applications/Xcode-27.0.0-Release.Candidate.app/Contents/Developer/Platforms/WatchOS.platform/Developer/Library/Frameworks -F /Applications/Xcode-27.0.0-Release.Candidate.app/Contents/Developer/Platforms/WatchOS.platform/Developer/SDKs/WatchOS27.0.sdk/Developer/Library/Frameworks -module-cache-path /Users/admin/builder/spi-builder-workspace/.derivedData/Build/Intermediates.noindex/SwiftExplicitPrecompiledModules -no-color-diagnostics -Xcc -fno-color-diagnostics -enable-testing -g -debug-info-format\=dwarf -dwarf-version\=4 -suppress-warnings -profile-generate -profile-coverage-mapping -swift-version 5 -Onone -D SWIFT_PACKAGE -D DEBUG -D SWIFT_MODULE_RESOURCE_BUNDLE_UNAVAILABLE -D Xcode -serialize-debugging-options -enable-experimental-feature DebugDescriptionMacro -empty-abi-descriptor -validate-clang-modules-once -clang-build-session-file /Users/admin/builder/spi-builder-workspace/.derivedData/ModuleCache.noindex/Session.modulevalidation -Xcc -working-directory -Xcc /Users/admin/builder/spi-builder-workspace/.swiftpm/xcode -enable-anonymous-context-mangled-names -file-compilation-dir /Users/admin/builder/spi-builder-workspace/.swiftpm/xcode -Xcc -D_LIBCPP_HARDENING_MODE\=_LIBCPP_HARDENING_MODE_DEBUG -Xcc -ivfsstatcache -Xcc /Users/admin/builder/spi-builder-workspace/.derivedData/SDKStatCaches.noindex/watchos27.0-24R360-e829b21a6f8c9b70876ba0858053c04477534ef55a1706bf4c1112bbb242f0a2.sdkstatcache -Xcc -fmodules-prune-interval\=86400 -Xcc -fmodules-prune-after\=345600 -Xcc -I/Users/admin/builder/spi-builder-workspace/.derivedData/Build/Products/Debug-watchos/include -Xcc -I/Users/admin/builder/spi-builder-workspace/.derivedData/Build/Intermediates.noindex/CrystalViewUtilities.build/Debug-watchos/CrystalViewUtilities-t.build/DerivedSources-normal/arm64_32 -Xcc -I/Users/admin/builder/spi-builder-workspace/.derivedData/Build/Intermediates.noindex/CrystalViewUtilities.build/Debug-watchos/CrystalViewUtilities-t.build/DerivedSources/arm64_32 -Xcc -I/Users/admin/builder/spi-builder-workspace/.derivedData/Build/Intermediates.noindex/CrystalViewUtilities.build/Debug-watchos/CrystalViewUtilities-t.build/DerivedSources -Xcc -DSWIFT_PACKAGE -Xcc -DDEBUG\=1 -no-auto-bridging-header-chaining -module-name CrystalViewUtilities -const-gather-protocols-file /Users/admin/builder/spi-builder-workspace/.derivedData/Build/Intermediates.noindex/CrystalViewUtilities.build/Debug-watchos/CrystalViewUtilities-t.build/Objects-normal/arm64_32/CrystalViewUtilities_const_extract_protocols.json -disable-clang-spi -clang-target arm64_32-apple-watchos27.0 -target-sdk-version 27.0 -target-sdk-name watchos27.0 -in-process-plugin-server-path /Applications/Xcode-27.0.0-Release.Candidate.app/Contents/Developer/Toolchains/XcodeDefault.xctoolchain/usr/lib/swift/host/libSwiftInProcPluginServer.dylib -emit-module-doc-path /Users/admin/builder/spi-builder-workspace/.derivedData/Build/Intermediates.noindex/CrystalViewUtilities.build/Debug-watchos/CrystalViewUtilities-t.build/Objects-normal/arm64_32/CrystalViewUtilities.swiftdoc -emit-module-source-info-path /Users/admin/builder/spi-builder-workspace/.derivedData/Build/Intermediates.noindex/CrystalViewUtilities.build/Debug-watchos/CrystalViewUtilities-t.build/Objects-normal/arm64_32/CrystalViewUtilities.swiftsourceinfo -emit-objc-header-path /Users/admin/builder/spi-builder-workspace/.derivedData/Build/Intermediates.noindex/CrystalViewUtilities.build/Debug-watchos/CrystalViewUtilities-t.build/Objects-normal/arm64_32/CrystalViewUtilities-Swift.h -serialize-diagnostics-path /Users/admin/builder/spi-builder-workspace/.derivedData/Build/Intermediates.noindex/CrystalViewUtilities.build/Debug-watchos/CrystalViewUtilities-t.build/Objects-normal/arm64_32/CrystalViewUtilities-primary-emit-module.dia -emit-dependencies-path /Users/admin/builder/spi-builder-workspace/.derivedData/Build/Intermediates.noindex/CrystalViewUtilities.build/Debug-watchos/CrystalViewUtilities-t.build/Objects-normal/arm64_32/CrystalViewUtilities-primary-emit-module.d -parse-as-library -o /Users/admin/builder/spi-builder-workspace/.derivedData/Build/Intermediates.noindex/CrystalViewUtilities.build/Debug-watchos/CrystalViewUtilities-t.build/Objects-normal/arm64_32/CrystalViewUtilities.swiftmodule -emit-abi-descriptor-path /Users/admin/builder/spi-builder-workspace/.derivedData/Build/Intermediates.noindex/CrystalViewUtilities.build/Debug-watchos/CrystalViewUtilities-t.build/Objects-normal/arm64_32/CrystalViewUtilities.abi.json
SwiftCompile normal arm64_32 (in target 'CrystalViewUtilities' from project 'CrystalViewUtilities')
    cd /Users/admin/builder/spi-builder-workspace/.swiftpm/xcode

SwiftCompile normal arm64_32 Compiling\ UIScreen_Extension.swift,\ View_Extension.swift /Users/admin/builder/spi-builder-workspace/.dependencies/checkouts/CrystalViewUtilities/Sources/CrystalViewUtilities/Extensions/UIScreen_Extension.swift /Users/admin/builder/spi-builder-workspace/.dependencies/checkouts/CrystalViewUtilities/Sources/CrystalViewUtilities/Extensions/View_Extension.swift (in target 'CrystalViewUtilities' from project 'CrystalViewUtilities')
SwiftCompile normal arm64_32 /Users/admin/builder/spi-builder-workspace/.dependencies/checkouts/CrystalViewUtilities/Sources/CrystalViewUtilities/Extensions/UIScreen_Extension.swift (in target 'CrystalViewUtilities' from project 'CrystalViewUtilities')
    cd /Users/admin/builder/spi-builder-workspace/.swiftpm/xcode
    builtin-SwiftPerFileCompile UIScreen_Extension.swift
SwiftCompile normal arm64_32 /Users/admin/builder/spi-builder-workspace/.dependencies/checkouts/CrystalViewUtilities/Sources/CrystalViewUtilities/Extensions/View_Extension.swift (in target 'CrystalViewUtilities' from project 'CrystalViewUtilities')
    cd /Users/admin/builder/spi-builder-workspace/.swiftpm/xcode
    builtin-SwiftPerFileCompile View_Extension.swift
SwiftEmitModule normal arm64 Emitting\ module\ for\ CrystalViewUtilities (in target 'CrystalViewUtilities' from project 'CrystalViewUtilities')
SwiftCompile normal arm64 (in target 'CrystalViewUtilities' from project 'CrystalViewUtilities')
    cd /Users/admin/builder/spi-builder-workspace/.swiftpm/xcode

SwiftDriverJobDiscovery normal arm64_32 Emitting module for CUIPreviewKit (in target 'CUIPreviewKit' from project 'CUIPreviewKit')
SwiftDriver\ Compilation\ Requirements CUIPreviewKit normal arm64_32 com.apple.xcode.tools.swift.compiler (in target 'CUIPreviewKit' from project 'CUIPreviewKit')
    cd /Users/admin/builder/spi-builder-workspace/.swiftpm/xcode
    builtin-Swift-Compilation-Requirements -- /Applications/Xcode-27.0.0-Release.Candidate.app/Contents/Developer/Toolchains/XcodeDefault.xctoolchain/usr/bin/swiftc -parse-as-library -module-name CUIPreviewKit -Onone @/Users/admin/builder/spi-builder-workspace/.derivedData/Build/Intermediates.noindex/CUIPreviewKit.build/Debug-watchos/CUIPreviewKit-t.build/Objects-normal/arm64_32/CUIPreviewKit.SwiftFileList -DSWIFT_PACKAGE -DDEBUG -DSWIFT_MODULE_RESOURCE_BUNDLE_UNAVAILABLE -DXcode -plugin-path /Applications/Xcode-27.0.0-Release.Candidate.app/Contents/Developer/Toolchains/XcodeDefault.xctoolchain/usr/lib/swift/host/plugins/testing -enable-experimental-feature DebugDescriptionMacro -sdk /Applications/Xcode-27.0.0-Release.Candidate.app/Contents/Developer/Platforms/WatchOS.platform/Developer/SDKs/WatchOS27.0.sdk -target arm64_32-apple-watchos9.0 -g -module-cache-path /Users/admin/builder/spi-builder-workspace/.derivedData/ModuleCache.noindex -Xfrontend -serialize-debugging-options -profile-coverage-mapping -profile-generate -enable-testing -suppress-warnings -index-store-path /Users/admin/builder/spi-builder-workspace/.derivedData/Index.noindex/DataStore -Xcc -D_LIBCPP_HARDENING_MODE\=_LIBCPP_HARDENING_MODE_DEBUG -swift-version 5 -I /Users/admin/builder/spi-builder-workspace/.derivedData/Build/Products/Debug-watchos -Isystem /Applications/Xcode-27.0.0-Release.Candidate.app/Contents/Developer/Platforms/WatchOS.platform/Developer/usr/lib -F /Users/admin/builder/spi-builder-workspace/.derivedData/Build/Products/Debug-watchos -F /Applications/Xcode-27.0.0-Release.Candidate.app/Contents/Developer/Platforms/WatchOS.platform/Developer/Library/Frameworks -F /Applications/Xcode-27.0.0-Release.Candidate.app/Contents/Developer/Platforms/WatchOS.platform/Developer/SDKs/WatchOS27.0.sdk/Developer/Library/Frameworks -c -j10 -enable-batch-mode -incremental -Xcc -ivfsstatcache -Xcc /Users/admin/builder/spi-builder-workspace/.derivedData/SDKStatCaches.noindex/watchos27.0-24R360-e829b21a6f8c9b70876ba0858053c04477534ef55a1706bf4c1112bbb242f0a2.sdkstatcache -output-file-map /Users/admin/builder/spi-builder-workspace/.derivedData/Build/Intermediates.noindex/CUIPreviewKit.build/Debug-watchos/CUIPreviewKit-t.build/Objects-normal/arm64_32/CUIPreviewKit-OutputFileMap.json -save-temps -no-color-diagnostics -explicit-module-build -module-cache-path /Users/admin/builder/spi-builder-workspace/.derivedData/Build/Intermediates.noindex/SwiftExplicitPrecompiledModules -clang-scanner-module-cache-path /Users/admin/builder/spi-builder-workspace/.derivedData/ModuleCache.noindex -sdk-module-cache-path /Users/admin/builder/spi-builder-workspace/.derivedData/SDKExplicitPrecompiledModules -emit-dependencies -emit-module -emit-module-path /Users/admin/builder/spi-builder-workspace/.derivedData/Build/Intermediates.noindex/CUIPreviewKit.build/Debug-watchos/CUIPreviewKit-t.build/Objects-normal/arm64_32/CUIPreviewKit.swiftmodule -serialize-diagnostics -dependency-scan-serialize-diagnostics-path /Users/admin/builder/spi-builder-workspace/.derivedData/Build/Intermediates.noindex/CUIPreviewKit.build/Debug-watchos/CUIPreviewKit-t.build/Objects-normal/arm64_32/CUIPreviewKit-dependency-scan.dia -validate-clang-modules-once -clang-build-session-file /Users/admin/builder/spi-builder-workspace/.derivedData/ModuleCache.noindex/Session.modulevalidation -Xcc -fmodules-prune-interval\=86400 -Xcc -fmodules-prune-after\=345600 -emit-const-values -const-gather-protocols-list /Users/admin/builder/spi-builder-workspace/.derivedData/Build/Intermediates.noindex/CUIPreviewKit.build/Debug-watchos/CUIPreviewKit-t.build/Objects-normal/arm64_32/CUIPreviewKit_const_extract_protocols.json -Xcc -I/Users/admin/builder/spi-builder-workspace/.derivedData/Build/Products/Debug-watchos/include -Xcc -I/Users/admin/builder/spi-builder-workspace/.derivedData/Build/Intermediates.noindex/CUIPreviewKit.build/Debug-watchos/CUIPreviewKit-t.build/DerivedSources-normal/arm64_32 -Xcc -I/Users/admin/builder/spi-builder-workspace/.derivedData/Build/Intermediates.noindex/CUIPreviewKit.build/Debug-watchos/CUIPreviewKit-t.build/DerivedSources/arm64_32 -Xcc -I/Users/admin/builder/spi-builder-workspace/.derivedData/Build/Intermediates.noindex/CUIPreviewKit.build/Debug-watchos/CUIPreviewKit-t.build/DerivedSources -Xcc -DSWIFT_PACKAGE -Xcc -DDEBUG\=1 -emit-objc-header -emit-objc-header-path /Users/admin/builder/spi-builder-workspace/.derivedData/Build/Intermediates.noindex/CUIPreviewKit.build/Debug-watchos/CUIPreviewKit-t.build/Objects-normal/arm64_32/CUIPreviewKit-Swift.h -working-directory /Users/admin/builder/spi-builder-workspace/.swiftpm/xcode -experimental-emit-module-separately -disable-cmo
SwiftDriverJobDiscovery normal arm64 Emitting module for CUIPreviewKit (in target 'CUIPreviewKit' from project 'CUIPreviewKit')
SwiftDriver\ Compilation\ Requirements CUIPreviewKit normal arm64 com.apple.xcode.tools.swift.compiler (in target 'CUIPreviewKit' from project 'CUIPreviewKit')
    cd /Users/admin/builder/spi-builder-workspace/.swiftpm/xcode
    builtin-Swift-Compilation-Requirements -- /Applications/Xcode-27.0.0-Release.Candidate.app/Contents/Developer/Toolchains/XcodeDefault.xctoolchain/usr/bin/swiftc -parse-as-library -module-name CUIPreviewKit -Onone @/Users/admin/builder/spi-builder-workspace/.derivedData/Build/Intermediates.noindex/CUIPreviewKit.build/Debug-watchos/CUIPreviewKit-t.build/Objects-normal/arm64/CUIPreviewKit.SwiftFileList -DSWIFT_PACKAGE -DDEBUG -DSWIFT_MODULE_RESOURCE_BUNDLE_UNAVAILABLE -DXcode -plugin-path /Applications/Xcode-27.0.0-Release.Candidate.app/Contents/Developer/Toolchains/XcodeDefault.xctoolchain/usr/lib/swift/host/plugins/testing -enable-experimental-feature DebugDescriptionMacro -sdk /Applications/Xcode-27.0.0-Release.Candidate.app/Contents/Developer/Platforms/WatchOS.platform/Developer/SDKs/WatchOS27.0.sdk -target arm64-apple-watchos9.0 -g -module-cache-path /Users/admin/builder/spi-builder-workspace/.derivedData/ModuleCache.noindex -Xfrontend -serialize-debugging-options -profile-coverage-mapping -profile-generate -enable-testing -suppress-warnings -index-store-path /Users/admin/builder/spi-builder-workspace/.derivedData/Index.noindex/DataStore -Xcc -D_LIBCPP_HARDENING_MODE\=_LIBCPP_HARDENING_MODE_DEBUG -swift-version 5 -I /Users/admin/builder/spi-builder-workspace/.derivedData/Build/Products/Debug-watchos -Isystem /Applications/Xcode-27.0.0-Release.Candidate.app/Contents/Developer/Platforms/WatchOS.platform/Developer/usr/lib -F /Users/admin/builder/spi-builder-workspace/.derivedData/Build/Products/Debug-watchos -F /Applications/Xcode-27.0.0-Release.Candidate.app/Contents/Developer/Platforms/WatchOS.platform/Developer/Library/Frameworks -F /Applications/Xcode-27.0.0-Release.Candidate.app/Contents/Developer/Platforms/WatchOS.platform/Developer/SDKs/WatchOS27.0.sdk/Developer/Library/Frameworks -c -j10 -enable-batch-mode -incremental -Xcc -ivfsstatcache -Xcc /Users/admin/builder/spi-builder-workspace/.derivedData/SDKStatCaches.noindex/watchos27.0-24R360-e829b21a6f8c9b70876ba0858053c04477534ef55a1706bf4c1112bbb242f0a2.sdkstatcache -output-file-map /Users/admin/builder/spi-builder-workspace/.derivedData/Build/Intermediates.noindex/CUIPreviewKit.build/Debug-watchos/CUIPreviewKit-t.build/Objects-normal/arm64/CUIPreviewKit-OutputFileMap.json -save-temps -no-color-diagnostics -explicit-module-build -module-cache-path /Users/admin/builder/spi-builder-workspace/.derivedData/Build/Intermediates.noindex/SwiftExplicitPrecompiledModules -clang-scanner-module-cache-path /Users/admin/builder/spi-builder-workspace/.derivedData/ModuleCache.noindex -sdk-module-cache-path /Users/admin/builder/spi-builder-workspace/.derivedData/SDKExplicitPrecompiledModules -emit-dependencies -emit-module -emit-module-path /Users/admin/builder/spi-builder-workspace/.derivedData/Build/Intermediates.noindex/CUIPreviewKit.build/Debug-watchos/CUIPreviewKit-t.build/Objects-normal/arm64/CUIPreviewKit.swiftmodule -serialize-diagnostics -dependency-scan-serialize-diagnostics-path /Users/admin/builder/spi-builder-workspace/.derivedData/Build/Intermediates.noindex/CUIPreviewKit.build/Debug-watchos/CUIPreviewKit-t.build/Objects-normal/arm64/CUIPreviewKit-dependency-scan.dia -validate-clang-modules-once -clang-build-session-file /Users/admin/builder/spi-builder-workspace/.derivedData/ModuleCache.noindex/Session.modulevalidation -Xcc -fmodules-prune-interval\=86400 -Xcc -fmodules-prune-after\=345600 -emit-const-values -const-gather-protocols-list /Users/admin/builder/spi-builder-workspace/.derivedData/Build/Intermediates.noindex/CUIPreviewKit.build/Debug-watchos/CUIPreviewKit-t.build/Objects-normal/arm64/CUIPreviewKit_const_extract_protocols.json -Xcc -I/Users/admin/builder/spi-builder-workspace/.derivedData/Build/Products/Debug-watchos/include -Xcc -I/Users/admin/builder/spi-builder-workspace/.derivedData/Build/Intermediates.noindex/CUIPreviewKit.build/Debug-watchos/CUIPreviewKit-t.build/DerivedSources-normal/arm64 -Xcc -I/Users/admin/builder/spi-builder-workspace/.derivedData/Build/Intermediates.noindex/CUIPreviewKit.build/Debug-watchos/CUIPreviewKit-t.build/DerivedSources/arm64 -Xcc -I/Users/admin/builder/spi-builder-workspace/.derivedData/Build/Intermediates.noindex/CUIPreviewKit.build/Debug-watchos/CUIPreviewKit-t.build/DerivedSources -Xcc -DSWIFT_PACKAGE -Xcc -DDEBUG\=1 -emit-objc-header -emit-objc-header-path /Users/admin/builder/spi-builder-workspace/.derivedData/Build/Intermediates.noindex/CUIPreviewKit.build/Debug-watchos/CUIPreviewKit-t.build/Objects-normal/arm64/CUIPreviewKit-Swift.h -working-directory /Users/admin/builder/spi-builder-workspace/.swiftpm/xcode -experimental-emit-module-separately -disable-cmo
SwiftCompile normal arm64 Compiling\ CUIFlowLayout.swift,\ CUICorner.swift /Users/admin/builder/spi-builder-workspace/.dependencies/checkouts/CrystalViewUtilities/Sources/CrystalViewUtilities/Layout/CUIFlowLayout.swift /Users/admin/builder/spi-builder-workspace/.dependencies/checkouts/CrystalViewUtilities/Sources/CrystalViewUtilities/OptionSets/CUICorner.swift (in target 'CrystalViewUtilities' from project 'CrystalViewUtilities')
SwiftCompile normal arm64 /Users/admin/builder/spi-builder-workspace/.dependencies/checkouts/CrystalViewUtilities/Sources/CrystalViewUtilities/Layout/CUIFlowLayout.swift (in target 'CrystalViewUtilities' from project 'CrystalViewUtilities')
    cd /Users/admin/builder/spi-builder-workspace/.swiftpm/xcode
    builtin-SwiftPerFileCompile CUIFlowLayout.swift
SwiftCompile normal arm64 /Users/admin/builder/spi-builder-workspace/.dependencies/checkouts/CrystalViewUtilities/Sources/CrystalViewUtilities/OptionSets/CUICorner.swift (in target 'CrystalViewUtilities' from project 'CrystalViewUtilities')
    cd /Users/admin/builder/spi-builder-workspace/.swiftpm/xcode
    builtin-SwiftPerFileCompile CUICorner.swift
SwiftMergeGeneratedHeaders /Users/admin/builder/spi-builder-workspace/.derivedData/Build/Intermediates.noindex/GeneratedModuleMaps-watchos/CUIPreviewKit-Swift.h /Users/admin/builder/spi-builder-workspace/.derivedData/Build/Intermediates.noindex/CUIPreviewKit.build/Debug-watchos/CUIPreviewKit-t.build/Objects-normal/arm64/CUIPreviewKit-Swift.h /Users/admin/builder/spi-builder-workspace/.derivedData/Build/Intermediates.noindex/CUIPreviewKit.build/Debug-watchos/CUIPreviewKit-t.build/Objects-normal/arm64_32/CUIPreviewKit-Swift.h (in target 'CUIPreviewKit' from project 'CUIPreviewKit')
    cd /Users/admin/builder/spi-builder-workspace/.dependencies/checkouts/CUIPreviewKit
    builtin-swiftHeaderTool -arch arm64 /Users/admin/builder/spi-builder-workspace/.derivedData/Build/Intermediates.noindex/CUIPreviewKit.build/Debug-watchos/CUIPreviewKit-t.build/Objects-normal/arm64/CUIPreviewKit-Swift.h -arch arm64_32 /Users/admin/builder/spi-builder-workspace/.derivedData/Build/Intermediates.noindex/CUIPreviewKit.build/Debug-watchos/CUIPreviewKit-t.build/Objects-normal/arm64_32/CUIPreviewKit-Swift.h -o /Users/admin/builder/spi-builder-workspace/.derivedData/Build/Intermediates.noindex/GeneratedModuleMaps-watchos/CUIPreviewKit-Swift.h
PruneExplicitPrecompiledModules /Users/admin/builder/spi-builder-workspace/.derivedData/SDKExplicitPrecompiledModules
PruneExplicitPrecompiledModules /Users/admin/builder/spi-builder-workspace/.derivedData/Build/Intermediates.noindex/ExplicitPrecompiledModules
PruneExplicitPrecompiledModules /Users/admin/builder/spi-builder-workspace/.derivedData/Build/Intermediates.noindex/SwiftExplicitPrecompiledModules
2026-09-18 20:47:09.211 xcodebuild[1137:6539] [MT] IDERunDestination: Supported platforms for the buildables in the current scheme is empty.
** BUILD FAILED **
The following build commands failed:
	SwiftEmitModule normal arm64_32 Emitting\ module\ for\ CrystalViewUtilities (in target 'CrystalViewUtilities' from project 'CrystalViewUtilities')
	SwiftCompile normal arm64_32 (in target 'CrystalViewUtilities' from project 'CrystalViewUtilities')
	Building workspace CrystalButtonKit with scheme CrystalButtonKit
(3 failures)
BUILD FAILURE 6.4 watchOS