The Swift Package Index logo.Swift Package Index

Build Information

Failed to build IndexStore, reference 1.10.0 (7edb9a), with Swift 6.4 for Android on 24 Sep 2026 15:31:48 UTC.

Build Command

bash -c docker run --pull=always --rm -v "checkouts-53886770-3":/host -w "$PWD" -e JAVA_HOME="/root/.sdkman/candidates/java/current" -e SPI_BUILD="1" -e SPI_PROCESSING="1" registry.gitlab.com/saguaro1/spi-images:android-6.4-latest swift build --swift-sdk aarch64-unknown-linux-android28 2>&1

Build Log

========================================
RunAll
========================================
Builder version: 5.1.0
Interrupt handler set up.
========================================
Checkout
========================================
Clone URL: https://github.com/MobileNativeFoundation/swift-index-store.git
Reference: 1.10.0
Initialized empty Git repository in /host/spi-builder-workspace/.git/
hint: Using 'master' as the name for the initial branch. This default branch name
hint: is subject to change. To configure the initial branch name to use in all
hint: of your new repositories, which will suppress this warning, call:
hint:
hint: 	git config --global init.defaultBranch <name>
hint:
hint: Names commonly chosen instead of 'master' are 'main', 'trunk' and
hint: 'development'. The just-created branch can be renamed via this command:
hint:
hint: 	git branch -m <name>
From https://github.com/MobileNativeFoundation/swift-index-store
 * tag               1.10.0     -> FETCH_HEAD
HEAD is now at 7edb9a6 Expose symbol language in the Swift API (#83)
Cloned https://github.com/MobileNativeFoundation/swift-index-store.git
Revision (git rev-parse @):
7edb9a64e084ed64f83b84fb9269d3d1a20c0687
SUCCESS checkout https://github.com/MobileNativeFoundation/swift-index-store.git at 1.10.0
========================================
Build
========================================
Selected platform:         android
Swift version:             6.4
Building package at path:  $PWD
https://github.com/MobileNativeFoundation/swift-index-store.git
Running build ...
bash -c docker run --pull=always --rm -v "checkouts-53886770-3":/host -w "$PWD" -e JAVA_HOME="/root/.sdkman/candidates/java/current" -e SPI_BUILD="1" -e SPI_PROCESSING="1" registry.gitlab.com/saguaro1/spi-images:android-6.4-latest swift build --swift-sdk aarch64-unknown-linux-android28 2>&1
android-6.4-latest: Pulling from saguaro1/spi-images
Digest: sha256:abadcff584c273feba50641b454858d377ba30b35ea7287a94f45ebd8afd0ea0
Status: Image is up to date for registry.gitlab.com/saguaro1/spi-images:android-6.4-latest
Building for debugging...
[Computing dependencies]
[Pre-planning 1 / 329]
[Planning deferred tasks]
[11 / 83]
[57 / 94] IndexStore
/host/spi-builder-workspace/Sources/CSwiftDemangle/CSwiftDemangle.cpp:29:22: warning: variable length arrays in C++ are a Clang extension [-Wvla-cxx-extension]
   29 |     char true_symbol[strlen(symbol) + 1];
      |                      ^~~~~~~~~~~~~~~~~~
/host/spi-builder-workspace/Sources/CSwiftDemangle/CSwiftDemangle.cpp:29:29: note: function parameter 'symbol' with unknown value cannot be used in a constant expression
   29 |     char true_symbol[strlen(symbol) + 1];
      |                             ^
/host/spi-builder-workspace/Sources/CSwiftDemangle/CSwiftDemangle.cpp:26:75: note: declared here
   26 | demangle_node_t demangle_symbolAsNode(demangle_context_t ctx, const char *symbol) {
      |                                                                           ^
1 warning generated.
[58 / 94] CIndexStore
[61 / 94] IndexStore
[62 / 94] SwiftDemangle
error: SwiftCompile normal aarch64 failed with a nonzero exit code. Command line:     cd /host

/host/spi-builder-workspace/Sources/IndexStore/Constants.swift:75:10: error: type 'SymbolRoles' has no member 'childOf'
 73 | public extension SymbolRoles {
 74 |     static let relationRoles: SymbolRoles = [
 75 |         .childOf,
    |          `- error: type 'SymbolRoles' has no member 'childOf'
 76 |         .baseOf,
 77 |         .overrideOf,
/host/spi-builder-workspace/Sources/IndexStore/Constants.swift:76:10: error: type 'SymbolRoles' has no member 'baseOf'
 74 |     static let relationRoles: SymbolRoles = [
 75 |         .childOf,
 76 |         .baseOf,
    |          `- error: type 'SymbolRoles' has no member 'baseOf'
 77 |         .overrideOf,
 78 |         .receivedBy,
/host/spi-builder-workspace/Sources/IndexStore/Constants.swift:77:10: error: type 'SymbolRoles' has no member 'overrideOf'
 75 |         .childOf,
 76 |         .baseOf,
 77 |         .overrideOf,
    |          `- error: type 'SymbolRoles' has no member 'overrideOf'
 78 |         .receivedBy,
 79 |         .calledBy,
/host/spi-builder-workspace/Sources/IndexStore/Constants.swift:78:10: error: type 'SymbolRoles' has no member 'receivedBy'
 76 |         .baseOf,
 77 |         .overrideOf,
 78 |         .receivedBy,
    |          `- error: type 'SymbolRoles' has no member 'receivedBy'
 79 |         .calledBy,
 80 |         .extendedBy,
/host/spi-builder-workspace/Sources/IndexStore/Constants.swift:79:10: error: type 'SymbolRoles' has no member 'calledBy'
 77 |         .overrideOf,
 78 |         .receivedBy,
 79 |         .calledBy,
    |          `- error: type 'SymbolRoles' has no member 'calledBy'
 80 |         .extendedBy,
 81 |         .accessorOf,
/host/spi-builder-workspace/Sources/IndexStore/Constants.swift:80:10: error: type 'SymbolRoles' has no member 'extendedBy'
 78 |         .receivedBy,
 79 |         .calledBy,
 80 |         .extendedBy,
    |          `- error: type 'SymbolRoles' has no member 'extendedBy'
 81 |         .accessorOf,
 82 |         .containedBy,
/host/spi-builder-workspace/Sources/IndexStore/Constants.swift:81:10: error: type 'SymbolRoles' has no member 'accessorOf'
 79 |         .calledBy,
 80 |         .extendedBy,
 81 |         .accessorOf,
    |          `- error: type 'SymbolRoles' has no member 'accessorOf'
 82 |         .containedBy,
 83 |         .IBTypeOf,
/host/spi-builder-workspace/Sources/IndexStore/Constants.swift:82:10: error: type 'SymbolRoles' has no member 'containedBy'
 80 |         .extendedBy,
 81 |         .accessorOf,
 82 |         .containedBy,
    |          `- error: type 'SymbolRoles' has no member 'containedBy'
 83 |         .IBTypeOf,
 84 |         .specializationOf,
/host/spi-builder-workspace/Sources/IndexStore/Constants.swift:83:10: error: type 'SymbolRoles' has no member 'IBTypeOf'
 81 |         .accessorOf,
 82 |         .containedBy,
 83 |         .IBTypeOf,
    |          `- error: type 'SymbolRoles' has no member 'IBTypeOf'
 84 |         .specializationOf,
 85 |     ]
/host/spi-builder-workspace/Sources/IndexStore/Constants.swift:84:10: error: type 'SymbolRoles' has no member 'specializationOf'
 82 |         .containedBy,
 83 |         .IBTypeOf,
 84 |         .specializationOf,
    |          `- error: type 'SymbolRoles' has no member 'specializationOf'
 85 |     ]
 86 | }
/host/spi-builder-workspace/Sources/IndexStore/IndexStore.swift:342:45: error: missing argument label 'rawValue:' in call
340 |                     let (this, callback) = context!.assumingMemoryBound(to: Context.self).pointee
341 |                     let symbol = Symbol(this.recordReader, indexstore_symbol_relation_get_symbol(relation))
342 |                     let roles = SymbolRoles(indexstore_symbol_relation_get_roles(relation))
    |                                             `- error: missing argument label 'rawValue:' in call
343 |                     callback(symbol, roles)
344 |                     return true
/host/spi-builder-workspace/Sources/IndexStore/StandardStream.swift:9:46: error: cannot find type 'FILE' in scope
 7 |
 8 | struct StandardStream: TextOutputStream {
 9 |     private let stream: UnsafeMutablePointer<FILE>
   |                                              `- error: cannot find type 'FILE' in scope
10 |
11 |     fileprivate init(_ stream: UnsafeMutablePointer<FILE>) {
/host/spi-builder-workspace/Sources/IndexStore/StandardStream.swift:11:53: error: cannot find type 'FILE' in scope
 9 |     private let stream: UnsafeMutablePointer<FILE>
10 |
11 |     fileprivate init(_ stream: UnsafeMutablePointer<FILE>) {
   |                                                     `- error: cannot find type 'FILE' in scope
12 |         self.stream = stream
13 |     }
Failed frontend command:
/root/.local/share/swiftly/toolchains/6.4.x-snapshot-2026-09-04/usr/bin/swift-frontend -frontend -emit-module -experimental-skip-non-inlinable-function-bodies-without-types /host/spi-builder-workspace/Sources/IndexStore/Constants.swift /host/spi-builder-workspace/Sources/IndexStore/IndexStore.swift /host/spi-builder-workspace/Sources/IndexStore/IndexStoreError.swift /host/spi-builder-workspace/Sources/IndexStore/StandardStream.swift /host/spi-builder-workspace/Sources/IndexStore/String+IndexStore.swift -target aarch64-unknown-linux-android28 -Xllvm -aarch64-use-tbi -disable-objc-interop -sdk /android-ndk/android-ndk-r27d/toolchains/llvm/prebuilt/linux-x86_64/sysroot -sysroot /android-ndk/android-ndk-r27d/toolchains/llvm/prebuilt/linux-x86_64/sysroot -I /host/spi-builder-workspace/.build/out/Products/Debug-android-aarch64 -module-cache-path /host/spi-builder-workspace/.build/out/ModuleCache.noindex -color-diagnostics -Xcc -fcolor-diagnostics -enable-testing -g -debug-info-format\=dwarf -dwarf-version\=4 -swift-version 5 -Onone -D SWIFT_PACKAGE -D DEBUG -D SWIFT_MODULE_RESOURCE_BUNDLE_UNAVAILABLE -D Xcode -serialize-debugging-options -enable-experimental-feature DebugDescriptionMacro -empty-abi-descriptor -external-plugin-path /root/.local/share/swiftly/toolchains/6.4.x-snapshot-2026-09-04/usr/lib/swift/host/plugins/testing\#/root/.local/share/swiftly/toolchains/6.4.x-snapshot-2026-09-04/usr/bin/swift-plugin-server -validate-clang-modules-once -clang-build-session-file /host/spi-builder-workspace/.build/out/ModuleCache.noindex/Session.modulevalidation -Xcc -working-directory -Xcc /host -resource-dir /root/.swiftpm/swift-sdks/swift-6.4.x-DEVELOPMENT-SNAPSHOT-2026-09-04-a_android.artifactbundle/swift-android/swift-resources/usr/lib/swift-aarch64 -enable-anonymous-context-mangled-names -file-compilation-dir /host -Xcc -resource-dir -Xcc /android-ndk/android-ndk-r27d/toolchains/llvm/prebuilt/linux-x86_64/lib/clang/18 -Xcc -fmodule-map-file\=/host/spi-builder-workspace/Sources/CIndexStore/include/module.modulemap -Xcc -fno-omit-frame-pointer -Xcc -D_LIBCPP_HARDENING_MODE\=_LIBCPP_HARDENING_MODE_DEBUG -Xcc -fmodules-prune-interval\=86400 -Xcc -fmodules-prune-after\=345600 -Xcc -I/host/spi-builder-workspace/Sources/CIndexStore/include -Xcc -I/host/spi-builder-workspace/.build/out/Products/Debug-android-aarch64/include -Xcc -I/host/spi-builder-workspace/.build/out/Intermediates.noindex/IndexStore.build/Debug-android-aarch64/IndexStore-t.build/DerivedSources-normal/aarch64 -Xcc -I/host/spi-builder-workspace/.build/out/Intermediates.noindex/IndexStore.build/Debug-android-aarch64/IndexStore-t.build/DerivedSources/aarch64 -Xcc -I/host/spi-builder-workspace/.build/out/Intermediates.noindex/IndexStore.build/Debug-android-aarch64/IndexStore-t.build/DerivedSources -Xcc -DSWIFT_PACKAGE -Xcc -DDEBUG\=1 -no-auto-bridging-header-chaining -module-name IndexStore -const-gather-protocols-file /host/spi-builder-workspace/.build/out/Intermediates.noindex/IndexStore.build/Debug-android-aarch64/IndexStore-t.build/Objects-normal/aarch64/IndexStore_const_extract_protocols.json -in-process-plugin-server-path /root/.local/share/swiftly/toolchains/6.4.x-snapshot-2026-09-04/usr/lib/swift/host/libSwiftInProcPluginServer.so -plugin-path /root/.local/share/swiftly/toolchains/6.4.x-snapshot-2026-09-04/usr/lib/swift/host/plugins -plugin-path /root/.local/share/swiftly/toolchains/6.4.x-snapshot-2026-09-04/usr/local/lib/swift/host/plugins -emit-module-doc-path /host/spi-builder-workspace/.build/out/Intermediates.noindex/IndexStore.build/Debug-android-aarch64/IndexStore-t.build/Objects-normal/aarch64/Modules/IndexStore.swiftdoc -emit-module-source-info-path /host/spi-builder-workspace/.build/out/Intermediates.noindex/IndexStore.build/Debug-android-aarch64/IndexStore-t.build/Objects-normal/aarch64/Modules/IndexStore.swiftsourceinfo -emit-objc-header-path /host/spi-builder-workspace/.build/out/Intermediates.noindex/IndexStore.build/Debug-android-aarch64/IndexStore-t.build/Objects-normal/aarch64/IndexStore-Swift.h -serialize-diagnostics-path /host/spi-builder-workspace/.build/out/Intermediates.noindex/IndexStore.build/Debug-android-aarch64/IndexStore-t.build/Objects-normal/aarch64/IndexStore-primary-emit-module.dia -emit-dependencies-path /host/spi-builder-workspace/.build/out/Intermediates.noindex/IndexStore.build/Debug-android-aarch64/IndexStore-t.build/Objects-normal/aarch64/IndexStore-primary-emit-module.d -parse-as-library -o /host/spi-builder-workspace/.build/out/Intermediates.noindex/IndexStore.build/Debug-android-aarch64/IndexStore-t.build/Objects-normal/aarch64/Modules/IndexStore.swiftmodule
error: Build failed
BUILD FAILURE 6.4 android