Build Information
Failed to build AccessibilitySnapshot, reference 0.13.1 (7a1d34), with Swift 6.4 for macOS (SPM) on 24 Sep 2026 21:49:14 UTC.
Build Command
env DEVELOPER_DIR=/Applications/Xcode-27.0.0-Release.Candidate.app xcrun swift build --arch arm64Build Log
========================================
RunAll
========================================
Builder version: 5.1.0
Interrupt handler set up.
========================================
Checkout
========================================
Clone URL: https://github.com/cashapp/AccessibilitySnapshot.git
Reference: 0.13.1
Initialized empty Git repository in /Users/admin/builder/spi-builder-workspace/.git/
From https://github.com/cashapp/AccessibilitySnapshot
* tag 0.13.1 -> FETCH_HEAD
HEAD is now at 7a1d34a Wrap legend text instead of truncating it in SwiftUI snapshots (#367)
Cloned https://github.com/cashapp/AccessibilitySnapshot.git
Revision (git rev-parse @):
7a1d34aea8966c10b5002e17df954a171d6c3149
SUCCESS checkout https://github.com/cashapp/AccessibilitySnapshot.git at 0.13.1
========================================
Build
========================================
Selected platform: macosSpm
Swift version: 6.4
Building package at path: $PWD
https://github.com/cashapp/AccessibilitySnapshot.git
Running build ...
env DEVELOPER_DIR=/Applications/Xcode-27.0.0-Release.Candidate.app xcrun swift build --arch arm64
Building for debugging...
[Computing dependencies]
[Pre-planning 1 / 563]
[Planning deferred tasks]
[106 / 210] AccessibilitySnapshot_AccessibilitySnapshotParser
[106 / 210] AccessibilitySnapshot_AccessibilitySnapshotCore
[111 / 210]
[122 / 213] SnapshotTesting
Fetching https://github.com/uber/ios-snapshot-test-case.git
Fetching https://github.com/pointfreeco/swift-snapshot-testing.git
[1/3308] Fetching ios-snapshot-test-case
[3309/19787] Fetching ios-snapshot-test-case, swift-snapshot-testing
Fetched https://github.com/pointfreeco/swift-snapshot-testing.git (10.11s)
Fetched https://github.com/uber/ios-snapshot-test-case.git (10.11s)
Computing version for https://github.com/uber/ios-snapshot-test-case.git
Computed https://github.com/uber/ios-snapshot-test-case.git at 8.0.0 (11.53s)
Computing version for https://github.com/pointfreeco/swift-snapshot-testing.git
Computed https://github.com/pointfreeco/swift-snapshot-testing.git at 1.19.6 (0.60s)
Fetching https://github.com/pointfreeco/swift-custom-dump
Fetching https://github.com/swiftlang/swift-syntax
[1/5666] Fetching swift-custom-dump
[5667/85733] Fetching swift-custom-dump, swift-syntax
Fetched https://github.com/pointfreeco/swift-custom-dump (5.91s)
Fetched https://github.com/swiftlang/swift-syntax (5.91s)
Computing version for https://github.com/pointfreeco/swift-custom-dump
Computed https://github.com/pointfreeco/swift-custom-dump at 1.7.3 (6.55s)
Fetching https://github.com/pointfreeco/swift-issue-reporting
[1/6161] Fetching swift-issue-reporting
Fetched https://github.com/pointfreeco/swift-issue-reporting (1.65s)
Computing version for https://github.com/pointfreeco/swift-issue-reporting
Computed https://github.com/pointfreeco/swift-issue-reporting at 2.1.1 (3.96s)
Computing version for https://github.com/swiftlang/swift-syntax
Computed https://github.com/swiftlang/swift-syntax at 604.0.0 (0.79s)
Creating working copy for https://github.com/swiftlang/swift-syntax
Working copy of https://github.com/swiftlang/swift-syntax resolved at 604.0.0
Creating working copy for https://github.com/pointfreeco/swift-custom-dump
Working copy of https://github.com/pointfreeco/swift-custom-dump resolved at 1.7.3
Creating working copy for https://github.com/pointfreeco/swift-issue-reporting
Working copy of https://github.com/pointfreeco/swift-issue-reporting resolved at 2.1.1
Creating working copy for https://github.com/pointfreeco/swift-snapshot-testing.git
Working copy of https://github.com/pointfreeco/swift-snapshot-testing.git resolved at 1.19.6
Creating working copy for https://github.com/uber/ios-snapshot-test-case.git
Working copy of https://github.com/uber/ios-snapshot-test-case.git resolved at 8.0.0
Downloading package prebuilt https://download.swift.org/prebuilts/swift-syntax/604.0.0/swiftlang-6.4.0.34.1-macosx27.0-MacroSupport.zip
Downloaded https://download.swift.org/prebuilts/swift-syntax/604.0.0/swiftlang-6.4.0.34.1-macosx27.0-MacroSupport.zip (1.32s)
error: /Users/admin/builder/spi-builder-workspace/.build/checkouts/ios-snapshot-test-case/src/iOSSnapshotTestCaseCore/Categories/UIApplication+KeyWindow.h:10:9 'UIKit/UIKit.h' file not found
error: ScanDependencies /Users/admin/builder/spi-builder-workspace/.build/out/Intermediates.noindex/iOSSnapshotTestCase.build/Debug/iOSSnapshotTestCaseCore-t.build/Objects-normal/arm64/UIApplication+KeyWindow.o /Users/admin/builder/spi-builder-workspace/.build/checkouts/ios-snapshot-test-case/src/iOSSnapshotTestCaseCore/Categories/UIApplication+KeyWindow.m normal arm64 objective-c com.apple.compilers.llvm.clang.1_0.compiler failed with a nonzero exit code. Command line: cd /Users/admin/builder
Using response file: /Users/admin/builder/spi-builder-workspace/.build/out/Intermediates.noindex/iOSSnapshotTestCase.build/Debug/iOSSnapshotTestCaseCore-t.build/Objects-normal/arm64/e6072d4f65d7061329687fe24e3d63a7-common-args.resp
builtin-ScanDependencies -o /Users/admin/builder/spi-builder-workspace/.build/out/Intermediates.noindex/iOSSnapshotTestCase.build/Debug/iOSSnapshotTestCaseCore-t.build/Objects-normal/arm64/UIApplication+KeyWindow.o.scan -- /Applications/Xcode-27.0.0-Release.Candidate.app/Contents/Developer/Toolchains/XcodeDefault.xctoolchain/usr/bin/clang -x objective-c -ivfsstatcache /Users/admin/builder/spi-builder-workspace/.build/out/SDKStatCaches.noindex/macosx27.0-26A425-80c5bbf1d171475443272936d42f90a36a22442a12e9d48fe1a705f55a1adfc4.sdkstatcache -target arm64-apple-macos12.0 -fmessage-length\=0 -fdiagnostics-show-note-include-stack -fmacro-backtrace-limit\=0 -fcolor-diagnostics -fmodules-prune-interval\=86400 -fmodules-prune-after\=345600 -fbuild-session-file\=/Users/admin/builder/spi-builder-workspace/.build/out/ModuleCache.noindex/Session.modulevalidation -fmodules-validate-once-per-build-session -Wnon-modular-include-in-framework-module -Werror\=non-modular-include-in-framework-module -Wno-trigraphs -Wno-missing-field-initializers -Wno-missing-prototypes -Wno-return-type -Wno-implicit-atomic-properties -Wno-objc-interface-ivars -Wno-arc-repeated-use-of-weak -Wno-missing-braces -Wparentheses -Wswitch -Wno-unused-function -Wno-unused-label -Wno-unused-parameter -Wno-unused-variable -Wunused-value -Wno-empty-body -Wno-uninitialized -Wno-unknown-pragmas -w -Wno-shadow -Wno-four-char-constants -Wno-conversion -Wno-constant-conversion -Wno-int-conversion -Wno-bool-conversion -Wno-enum-conversion -Wno-float-conversion -Wno-non-literal-null-conversion -Wno-objc-literal-conversion -Wshorten-64-to-32 -Wpointer-sign -Wno-newline-eof -Wno-selector -Wno-strict-selector-match -Wno-undeclared-selector -Wno-deprecated-implementations -Wno-implicit-fallthrough -isysroot /Applications/Xcode-27.0.0-Release.Candidate.app/Contents/Developer/Platforms/MacOSX.platform/Developer/SDKs/MacOSX27.0.sdk -fstrict-aliasing -Wprotocol -Wdeprecated-declarations -Wno-sign-conversion -Wno-infinite-recursion -Wno-comma -Wno-block-capture-autoreleasing -Wno-strict-prototypes -Wno-semicolon-before-method-body -index-store-path /Users/admin/builder/spi-builder-workspace/.build/out @/Users/admin/builder/spi-builder-workspace/.build/out/Intermediates.noindex/iOSSnapshotTestCase.build/Debug/iOSSnapshotTestCaseCore-t.build/Objects-normal/arm64/e6072d4f65d7061329687fe24e3d63a7-common-args.resp -MMD -MT dependencies -MF /Users/admin/builder/spi-builder-workspace/.build/out/Intermediates.noindex/iOSSnapshotTestCase.build/Debug/iOSSnapshotTestCaseCore-t.build/Objects-normal/arm64/UIApplication+KeyWindow.d --serialize-diagnostics /Users/admin/builder/spi-builder-workspace/.build/out/Intermediates.noindex/iOSSnapshotTestCase.build/Debug/iOSSnapshotTestCaseCore-t.build/Objects-normal/arm64/UIApplication+KeyWindow.dia -c /Users/admin/builder/spi-builder-workspace/.build/checkouts/ios-snapshot-test-case/src/iOSSnapshotTestCaseCore/Categories/UIApplication+KeyWindow.m -o /Users/admin/builder/spi-builder-workspace/.build/out/Intermediates.noindex/iOSSnapshotTestCase.build/Debug/iOSSnapshotTestCaseCore-t.build/Objects-normal/arm64/UIApplication+KeyWindow.o -index-unit-output-path /iOSSnapshotTestCase.build/Debug/iOSSnapshotTestCaseCore-t.build/Objects-normal/arm64/UIApplication+KeyWindow.o
error: /Users/admin/builder/spi-builder-workspace/.build/checkouts/ios-snapshot-test-case/src/iOSSnapshotTestCaseCore/Categories/UIImage+Diff.h:31:9 'UIKit/UIKit.h' file not found
error: ScanDependencies /Users/admin/builder/spi-builder-workspace/.build/out/Intermediates.noindex/iOSSnapshotTestCase.build/Debug/iOSSnapshotTestCaseCore-t.build/Objects-normal/arm64/UIImage+Diff.o /Users/admin/builder/spi-builder-workspace/.build/checkouts/ios-snapshot-test-case/src/iOSSnapshotTestCaseCore/Categories/UIImage+Diff.m normal arm64 objective-c com.apple.compilers.llvm.clang.1_0.compiler failed with a nonzero exit code. Command line: cd /Users/admin/builder
Using response file: /Users/admin/builder/spi-builder-workspace/.build/out/Intermediates.noindex/iOSSnapshotTestCase.build/Debug/iOSSnapshotTestCaseCore-t.build/Objects-normal/arm64/e6072d4f65d7061329687fe24e3d63a7-common-args.resp
builtin-ScanDependencies -o /Users/admin/builder/spi-builder-workspace/.build/out/Intermediates.noindex/iOSSnapshotTestCase.build/Debug/iOSSnapshotTestCaseCore-t.build/Objects-normal/arm64/UIImage+Diff.o.scan -- /Applications/Xcode-27.0.0-Release.Candidate.app/Contents/Developer/Toolchains/XcodeDefault.xctoolchain/usr/bin/clang -x objective-c -ivfsstatcache /Users/admin/builder/spi-builder-workspace/.build/out/SDKStatCaches.noindex/macosx27.0-26A425-80c5bbf1d171475443272936d42f90a36a22442a12e9d48fe1a705f55a1adfc4.sdkstatcache -target arm64-apple-macos12.0 -fmessage-length\=0 -fdiagnostics-show-note-include-stack -fmacro-backtrace-limit\=0 -fcolor-diagnostics -fmodules-prune-interval\=86400 -fmodules-prune-after\=345600 -fbuild-session-file\=/Users/admin/builder/spi-builder-workspace/.build/out/ModuleCache.noindex/Session.modulevalidation -fmodules-validate-once-per-build-session -Wnon-modular-include-in-framework-module -Werror\=non-modular-include-in-framework-module -Wno-trigraphs -Wno-missing-field-initializers -Wno-missing-prototypes -Wno-return-type -Wno-implicit-atomic-properties -Wno-objc-interface-ivars -Wno-arc-repeated-use-of-weak -Wno-missing-braces -Wparentheses -Wswitch -Wno-unused-function -Wno-unused-label -Wno-unused-parameter -Wno-unused-variable -Wunused-value -Wno-empty-body -Wno-uninitialized -Wno-unknown-pragmas -w -Wno-shadow -Wno-four-char-constants -Wno-conversion -Wno-constant-conversion -Wno-int-conversion -Wno-bool-conversion -Wno-enum-conversion -Wno-float-conversion -Wno-non-literal-null-conversion -Wno-objc-literal-conversion -Wshorten-64-to-32 -Wpointer-sign -Wno-newline-eof -Wno-selector -Wno-strict-selector-match -Wno-undeclared-selector -Wno-deprecated-implementations -Wno-implicit-fallthrough -isysroot /Applications/Xcode-27.0.0-Release.Candidate.app/Contents/Developer/Platforms/MacOSX.platform/Developer/SDKs/MacOSX27.0.sdk -fstrict-aliasing -Wprotocol -Wdeprecated-declarations -Wno-sign-conversion -Wno-infinite-recursion -Wno-comma -Wno-block-capture-autoreleasing -Wno-strict-prototypes -Wno-semicolon-before-method-body -index-store-path /Users/admin/builder/spi-builder-workspace/.build/out @/Users/admin/builder/spi-builder-workspace/.build/out/Intermediates.noindex/iOSSnapshotTestCase.build/Debug/iOSSnapshotTestCaseCore-t.build/Objects-normal/arm64/e6072d4f65d7061329687fe24e3d63a7-common-args.resp -MMD -MT dependencies -MF /Users/admin/builder/spi-builder-workspace/.build/out/Intermediates.noindex/iOSSnapshotTestCase.build/Debug/iOSSnapshotTestCaseCore-t.build/Objects-normal/arm64/UIImage+Diff.d --serialize-diagnostics /Users/admin/builder/spi-builder-workspace/.build/out/Intermediates.noindex/iOSSnapshotTestCase.build/Debug/iOSSnapshotTestCaseCore-t.build/Objects-normal/arm64/UIImage+Diff.dia -c /Users/admin/builder/spi-builder-workspace/.build/checkouts/ios-snapshot-test-case/src/iOSSnapshotTestCaseCore/Categories/UIImage+Diff.m -o /Users/admin/builder/spi-builder-workspace/.build/out/Intermediates.noindex/iOSSnapshotTestCase.build/Debug/iOSSnapshotTestCaseCore-t.build/Objects-normal/arm64/UIImage+Diff.o -index-unit-output-path /iOSSnapshotTestCase.build/Debug/iOSSnapshotTestCaseCore-t.build/Objects-normal/arm64/UIImage+Diff.o
error: /Users/admin/builder/spi-builder-workspace/.build/checkouts/ios-snapshot-test-case/src/iOSSnapshotTestCaseCore/Categories/UIImage+Snapshot.h:10:9 'UIKit/UIKit.h' file not found
error: ScanDependencies /Users/admin/builder/spi-builder-workspace/.build/out/Intermediates.noindex/iOSSnapshotTestCase.build/Debug/iOSSnapshotTestCaseCore-t.build/Objects-normal/arm64/UIImage+Snapshot.o /Users/admin/builder/spi-builder-workspace/.build/checkouts/ios-snapshot-test-case/src/iOSSnapshotTestCaseCore/Categories/UIImage+Snapshot.m normal arm64 objective-c com.apple.compilers.llvm.clang.1_0.compiler failed with a nonzero exit code. Command line: cd /Users/admin/builder
Using response file: /Users/admin/builder/spi-builder-workspace/.build/out/Intermediates.noindex/iOSSnapshotTestCase.build/Debug/iOSSnapshotTestCaseCore-t.build/Objects-normal/arm64/e6072d4f65d7061329687fe24e3d63a7-common-args.resp
builtin-ScanDependencies -o /Users/admin/builder/spi-builder-workspace/.build/out/Intermediates.noindex/iOSSnapshotTestCase.build/Debug/iOSSnapshotTestCaseCore-t.build/Objects-normal/arm64/UIImage+Snapshot.o.scan -- /Applications/Xcode-27.0.0-Release.Candidate.app/Contents/Developer/Toolchains/XcodeDefault.xctoolchain/usr/bin/clang -x objective-c -ivfsstatcache /Users/admin/builder/spi-builder-workspace/.build/out/SDKStatCaches.noindex/macosx27.0-26A425-80c5bbf1d171475443272936d42f90a36a22442a12e9d48fe1a705f55a1adfc4.sdkstatcache -target arm64-apple-macos12.0 -fmessage-length\=0 -fdiagnostics-show-note-include-stack -fmacro-backtrace-limit\=0 -fcolor-diagnostics -fmodules-prune-interval\=86400 -fmodules-prune-after\=345600 -fbuild-session-file\=/Users/admin/builder/spi-builder-workspace/.build/out/ModuleCache.noindex/Session.modulevalidation -fmodules-validate-once-per-build-session -Wnon-modular-include-in-framework-module -Werror\=non-modular-include-in-framework-module -Wno-trigraphs -Wno-missing-field-initializers -Wno-missing-prototypes -Wno-return-type -Wno-implicit-atomic-properties -Wno-objc-interface-ivars -Wno-arc-repeated-use-of-weak -Wno-missing-braces -Wparentheses -Wswitch -Wno-unused-function -Wno-unused-label -Wno-unused-parameter -Wno-unused-variable -Wunused-value -Wno-empty-body -Wno-uninitialized -Wno-unknown-pragmas -w -Wno-shadow -Wno-four-char-constants -Wno-conversion -Wno-constant-conversion -Wno-int-conversion -Wno-bool-conversion -Wno-enum-conversion -Wno-float-conversion -Wno-non-literal-null-conversion -Wno-objc-literal-conversion -Wshorten-64-to-32 -Wpointer-sign -Wno-newline-eof -Wno-selector -Wno-strict-selector-match -Wno-undeclared-selector -Wno-deprecated-implementations -Wno-implicit-fallthrough -isysroot /Applications/Xcode-27.0.0-Release.Candidate.app/Contents/Developer/Platforms/MacOSX.platform/Developer/SDKs/MacOSX27.0.sdk -fstrict-aliasing -Wprotocol -Wdeprecated-declarations -Wno-sign-conversion -Wno-infinite-recursion -Wno-comma -Wno-block-capture-autoreleasing -Wno-strict-prototypes -Wno-semicolon-before-method-body -index-store-path /Users/admin/builder/spi-builder-workspace/.build/out @/Users/admin/builder/spi-builder-workspace/.build/out/Intermediates.noindex/iOSSnapshotTestCase.build/Debug/iOSSnapshotTestCaseCore-t.build/Objects-normal/arm64/e6072d4f65d7061329687fe24e3d63a7-common-args.resp -MMD -MT dependencies -MF /Users/admin/builder/spi-builder-workspace/.build/out/Intermediates.noindex/iOSSnapshotTestCase.build/Debug/iOSSnapshotTestCaseCore-t.build/Objects-normal/arm64/UIImage+Snapshot.d --serialize-diagnostics /Users/admin/builder/spi-builder-workspace/.build/out/Intermediates.noindex/iOSSnapshotTestCase.build/Debug/iOSSnapshotTestCaseCore-t.build/Objects-normal/arm64/UIImage+Snapshot.dia -c /Users/admin/builder/spi-builder-workspace/.build/checkouts/ios-snapshot-test-case/src/iOSSnapshotTestCaseCore/Categories/UIImage+Snapshot.m -o /Users/admin/builder/spi-builder-workspace/.build/out/Intermediates.noindex/iOSSnapshotTestCase.build/Debug/iOSSnapshotTestCaseCore-t.build/Objects-normal/arm64/UIImage+Snapshot.o -index-unit-output-path /iOSSnapshotTestCase.build/Debug/iOSSnapshotTestCaseCore-t.build/Objects-normal/arm64/UIImage+Snapshot.o
error: /Users/admin/builder/spi-builder-workspace/.build/checkouts/ios-snapshot-test-case/src/iOSSnapshotTestCaseCore/Categories/UIImage+Compare.h:31:9 'UIKit/UIKit.h' file not found
error: ScanDependencies /Users/admin/builder/spi-builder-workspace/.build/out/Intermediates.noindex/iOSSnapshotTestCase.build/Debug/iOSSnapshotTestCaseCore-t.build/Objects-normal/arm64/UIImage+Compare.o /Users/admin/builder/spi-builder-workspace/.build/checkouts/ios-snapshot-test-case/src/iOSSnapshotTestCaseCore/Categories/UIImage+Compare.m normal arm64 objective-c com.apple.compilers.llvm.clang.1_0.compiler failed with a nonzero exit code. Command line: cd /Users/admin/builder
Using response file: /Users/admin/builder/spi-builder-workspace/.build/out/Intermediates.noindex/iOSSnapshotTestCase.build/Debug/iOSSnapshotTestCaseCore-t.build/Objects-normal/arm64/e6072d4f65d7061329687fe24e3d63a7-common-args.resp
builtin-ScanDependencies -o /Users/admin/builder/spi-builder-workspace/.build/out/Intermediates.noindex/iOSSnapshotTestCase.build/Debug/iOSSnapshotTestCaseCore-t.build/Objects-normal/arm64/UIImage+Compare.o.scan -- /Applications/Xcode-27.0.0-Release.Candidate.app/Contents/Developer/Toolchains/XcodeDefault.xctoolchain/usr/bin/clang -x objective-c -ivfsstatcache /Users/admin/builder/spi-builder-workspace/.build/out/SDKStatCaches.noindex/macosx27.0-26A425-80c5bbf1d171475443272936d42f90a36a22442a12e9d48fe1a705f55a1adfc4.sdkstatcache -target arm64-apple-macos12.0 -fmessage-length\=0 -fdiagnostics-show-note-include-stack -fmacro-backtrace-limit\=0 -fcolor-diagnostics -fmodules-prune-interval\=86400 -fmodules-prune-after\=345600 -fbuild-session-file\=/Users/admin/builder/spi-builder-workspace/.build/out/ModuleCache.noindex/Session.modulevalidation -fmodules-validate-once-per-build-session -Wnon-modular-include-in-framework-module -Werror\=non-modular-include-in-framework-module -Wno-trigraphs -Wno-missing-field-initializers -Wno-missing-prototypes -Wno-return-type -Wno-implicit-atomic-properties -Wno-objc-interface-ivars -Wno-arc-repeated-use-of-weak -Wno-missing-braces -Wparentheses -Wswitch -Wno-unused-function -Wno-unused-label -Wno-unused-parameter -Wno-unused-variable -Wunused-value -Wno-empty-body -Wno-uninitialized -Wno-unknown-pragmas -w -Wno-shadow -Wno-four-char-constants -Wno-conversion -Wno-constant-conversion -Wno-int-conversion -Wno-bool-conversion -Wno-enum-conversion -Wno-float-conversion -Wno-non-literal-null-conversion -Wno-objc-literal-conversion -Wshorten-64-to-32 -Wpointer-sign -Wno-newline-eof -Wno-selector -Wno-strict-selector-match -Wno-undeclared-selector -Wno-deprecated-implementations -Wno-implicit-fallthrough -isysroot /Applications/Xcode-27.0.0-Release.Candidate.app/Contents/Developer/Platforms/MacOSX.platform/Developer/SDKs/MacOSX27.0.sdk -fstrict-aliasing -Wprotocol -Wdeprecated-declarations -Wno-sign-conversion -Wno-infinite-recursion -Wno-comma -Wno-block-capture-autoreleasing -Wno-strict-prototypes -Wno-semicolon-before-method-body -index-store-path /Users/admin/builder/spi-builder-workspace/.build/out @/Users/admin/builder/spi-builder-workspace/.build/out/Intermediates.noindex/iOSSnapshotTestCase.build/Debug/iOSSnapshotTestCaseCore-t.build/Objects-normal/arm64/e6072d4f65d7061329687fe24e3d63a7-common-args.resp -MMD -MT dependencies -MF /Users/admin/builder/spi-builder-workspace/.build/out/Intermediates.noindex/iOSSnapshotTestCase.build/Debug/iOSSnapshotTestCaseCore-t.build/Objects-normal/arm64/UIImage+Compare.d --serialize-diagnostics /Users/admin/builder/spi-builder-workspace/.build/out/Intermediates.noindex/iOSSnapshotTestCase.build/Debug/iOSSnapshotTestCaseCore-t.build/Objects-normal/arm64/UIImage+Compare.dia -c /Users/admin/builder/spi-builder-workspace/.build/checkouts/ios-snapshot-test-case/src/iOSSnapshotTestCaseCore/Categories/UIImage+Compare.m -o /Users/admin/builder/spi-builder-workspace/.build/out/Intermediates.noindex/iOSSnapshotTestCase.build/Debug/iOSSnapshotTestCaseCore-t.build/Objects-normal/arm64/UIImage+Compare.o -index-unit-output-path /iOSSnapshotTestCase.build/Debug/iOSSnapshotTestCaseCore-t.build/Objects-normal/arm64/UIImage+Compare.o
error: /Users/admin/builder/spi-builder-workspace/Sources/AccessibilitySnapshot/Parser/ObjC/include/UIAccessibilityStatusUtility.h:1:9 'UIKit/UIKit.h' file not found
error: ScanDependencies /Users/admin/builder/spi-builder-workspace/.build/out/Intermediates.noindex/AccessibilitySnapshot.build/Debug/AccessibilitySnapshotParser-ObjC-t.build/Objects-normal/arm64/UIAccessibilityStatusUtility.o /Users/admin/builder/spi-builder-workspace/Sources/AccessibilitySnapshot/Parser/ObjC/UIAccessibilityStatusUtility.m normal arm64 objective-c com.apple.compilers.llvm.clang.1_0.compiler failed with a nonzero exit code. Command line: cd /Users/admin/builder
Using response file: /Users/admin/builder/spi-builder-workspace/.build/out/Intermediates.noindex/AccessibilitySnapshot.build/Debug/AccessibilitySnapshotParser-ObjC-t.build/Objects-normal/arm64/e6072d4f65d7061329687fe24e3d63a7-common-args.resp
builtin-ScanDependencies -o /Users/admin/builder/spi-builder-workspace/.build/out/Intermediates.noindex/AccessibilitySnapshot.build/Debug/AccessibilitySnapshotParser-ObjC-t.build/Objects-normal/arm64/UIAccessibilityStatusUtility.o.scan -- /Applications/Xcode-27.0.0-Release.Candidate.app/Contents/Developer/Toolchains/XcodeDefault.xctoolchain/usr/bin/clang -x objective-c -ivfsstatcache /Users/admin/builder/spi-builder-workspace/.build/out/SDKStatCaches.noindex/macosx27.0-26A425-80c5bbf1d171475443272936d42f90a36a22442a12e9d48fe1a705f55a1adfc4.sdkstatcache -target arm64-apple-macos12.0 -fmessage-length\=0 -fdiagnostics-show-note-include-stack -fmacro-backtrace-limit\=0 -fcolor-diagnostics -fmodules-prune-interval\=86400 -fmodules-prune-after\=345600 -fbuild-session-file\=/Users/admin/builder/spi-builder-workspace/.build/out/ModuleCache.noindex/Session.modulevalidation -fmodules-validate-once-per-build-session -Wnon-modular-include-in-framework-module -Werror\=non-modular-include-in-framework-module -Wno-trigraphs -Wno-missing-field-initializers -Wno-missing-prototypes -Wno-return-type -Wno-implicit-atomic-properties -Wno-objc-interface-ivars -Wno-arc-repeated-use-of-weak -Wno-missing-braces -Wparentheses -Wswitch -Wno-unused-function -Wno-unused-label -Wno-unused-parameter -Wno-unused-variable -Wunused-value -Wno-empty-body -Wno-uninitialized -Wno-unknown-pragmas -Wno-shadow -Wno-four-char-constants -Wno-conversion -Wno-constant-conversion -Wno-int-conversion -Wno-bool-conversion -Wno-enum-conversion -Wno-float-conversion -Wno-non-literal-null-conversion -Wno-objc-literal-conversion -Wshorten-64-to-32 -Wpointer-sign -Wno-newline-eof -Wno-selector -Wno-strict-selector-match -Wno-undeclared-selector -Wno-deprecated-implementations -Wno-implicit-fallthrough -isysroot /Applications/Xcode-27.0.0-Release.Candidate.app/Contents/Developer/Platforms/MacOSX.platform/Developer/SDKs/MacOSX27.0.sdk -fstrict-aliasing -Wprotocol -Wdeprecated-declarations -Wno-sign-conversion -Wno-infinite-recursion -Wno-comma -Wno-block-capture-autoreleasing -Wno-strict-prototypes -Wno-semicolon-before-method-body -index-store-path /Users/admin/builder/spi-builder-workspace/.build/out @/Users/admin/builder/spi-builder-workspace/.build/out/Intermediates.noindex/AccessibilitySnapshot.build/Debug/AccessibilitySnapshotParser-ObjC-t.build/Objects-normal/arm64/e6072d4f65d7061329687fe24e3d63a7-common-args.resp -MMD -MT dependencies -MF /Users/admin/builder/spi-builder-workspace/.build/out/Intermediates.noindex/AccessibilitySnapshot.build/Debug/AccessibilitySnapshotParser-ObjC-t.build/Objects-normal/arm64/UIAccessibilityStatusUtility.d --serialize-diagnostics /Users/admin/builder/spi-builder-workspace/.build/out/Intermediates.noindex/AccessibilitySnapshot.build/Debug/AccessibilitySnapshotParser-ObjC-t.build/Objects-normal/arm64/UIAccessibilityStatusUtility.dia -c /Users/admin/builder/spi-builder-workspace/Sources/AccessibilitySnapshot/Parser/ObjC/UIAccessibilityStatusUtility.m -o /Users/admin/builder/spi-builder-workspace/.build/out/Intermediates.noindex/AccessibilitySnapshot.build/Debug/AccessibilitySnapshotParser-ObjC-t.build/Objects-normal/arm64/UIAccessibilityStatusUtility.o -index-unit-output-path /AccessibilitySnapshot.build/Debug/AccessibilitySnapshotParser-ObjC-t.build/Objects-normal/arm64/UIAccessibilityStatusUtility.o
error: /Users/admin/builder/spi-builder-workspace/.build/checkouts/ios-snapshot-test-case/src/iOSSnapshotTestCaseCore/FBSnapshotTestCasePlatform.m:10:9 'UIKit/UIKit.h' file not found
error: ScanDependencies /Users/admin/builder/spi-builder-workspace/.build/out/Intermediates.noindex/iOSSnapshotTestCase.build/Debug/iOSSnapshotTestCaseCore-t.build/Objects-normal/arm64/FBSnapshotTestCasePlatform.o /Users/admin/builder/spi-builder-workspace/.build/checkouts/ios-snapshot-test-case/src/iOSSnapshotTestCaseCore/FBSnapshotTestCasePlatform.m normal arm64 objective-c com.apple.compilers.llvm.clang.1_0.compiler failed with a nonzero exit code. Command line: cd /Users/admin/builder
Using response file: /Users/admin/builder/spi-builder-workspace/.build/out/Intermediates.noindex/iOSSnapshotTestCase.build/Debug/iOSSnapshotTestCaseCore-t.build/Objects-normal/arm64/e6072d4f65d7061329687fe24e3d63a7-common-args.resp
builtin-ScanDependencies -o /Users/admin/builder/spi-builder-workspace/.build/out/Intermediates.noindex/iOSSnapshotTestCase.build/Debug/iOSSnapshotTestCaseCore-t.build/Objects-normal/arm64/FBSnapshotTestCasePlatform.o.scan -- /Applications/Xcode-27.0.0-Release.Candidate.app/Contents/Developer/Toolchains/XcodeDefault.xctoolchain/usr/bin/clang -x objective-c -ivfsstatcache /Users/admin/builder/spi-builder-workspace/.build/out/SDKStatCaches.noindex/macosx27.0-26A425-80c5bbf1d171475443272936d42f90a36a22442a12e9d48fe1a705f55a1adfc4.sdkstatcache -target arm64-apple-macos12.0 -fmessage-length\=0 -fdiagnostics-show-note-include-stack -fmacro-backtrace-limit\=0 -fcolor-diagnostics -fmodules-prune-interval\=86400 -fmodules-prune-after\=345600 -fbuild-session-file\=/Users/admin/builder/spi-builder-workspace/.build/out/ModuleCache.noindex/Session.modulevalidation -fmodules-validate-once-per-build-session -Wnon-modular-include-in-framework-module -Werror\=non-modular-include-in-framework-module -Wno-trigraphs -Wno-missing-field-initializers -Wno-missing-prototypes -Wno-return-type -Wno-implicit-atomic-properties -Wno-objc-interface-ivars -Wno-arc-repeated-use-of-weak -Wno-missing-braces -Wparentheses -Wswitch -Wno-unused-function -Wno-unused-label -Wno-unused-parameter -Wno-unused-variable -Wunused-value -Wno-empty-body -Wno-uninitialized -Wno-unknown-pragmas -w -Wno-shadow -Wno-four-char-constants -Wno-conversion -Wno-constant-conversion -Wno-int-conversion -Wno-bool-conversion -Wno-enum-conversion -Wno-float-conversion -Wno-non-literal-null-conversion -Wno-objc-literal-conversion -Wshorten-64-to-32 -Wpointer-sign -Wno-newline-eof -Wno-selector -Wno-strict-selector-match -Wno-undeclared-selector -Wno-deprecated-implementations -Wno-implicit-fallthrough -isysroot /Applications/Xcode-27.0.0-Release.Candidate.app/Contents/Developer/Platforms/MacOSX.platform/Developer/SDKs/MacOSX27.0.sdk -fstrict-aliasing -Wprotocol -Wdeprecated-declarations -Wno-sign-conversion -Wno-infinite-recursion -Wno-comma -Wno-block-capture-autoreleasing -Wno-strict-prototypes -Wno-semicolon-before-method-body -index-store-path /Users/admin/builder/spi-builder-workspace/.build/out @/Users/admin/builder/spi-builder-workspace/.build/out/Intermediates.noindex/iOSSnapshotTestCase.build/Debug/iOSSnapshotTestCaseCore-t.build/Objects-normal/arm64/e6072d4f65d7061329687fe24e3d63a7-common-args.resp -MMD -MT dependencies -MF /Users/admin/builder/spi-builder-workspace/.build/out/Intermediates.noindex/iOSSnapshotTestCase.build/Debug/iOSSnapshotTestCaseCore-t.build/Objects-normal/arm64/FBSnapshotTestCasePlatform.d --serialize-diagnostics /Users/admin/builder/spi-builder-workspace/.build/out/Intermediates.noindex/iOSSnapshotTestCase.build/Debug/iOSSnapshotTestCaseCore-t.build/Objects-normal/arm64/FBSnapshotTestCasePlatform.dia -c /Users/admin/builder/spi-builder-workspace/.build/checkouts/ios-snapshot-test-case/src/iOSSnapshotTestCaseCore/FBSnapshotTestCasePlatform.m -o /Users/admin/builder/spi-builder-workspace/.build/out/Intermediates.noindex/iOSSnapshotTestCase.build/Debug/iOSSnapshotTestCaseCore-t.build/Objects-normal/arm64/FBSnapshotTestCasePlatform.o -index-unit-output-path /iOSSnapshotTestCase.build/Debug/iOSSnapshotTestCaseCore-t.build/Objects-normal/arm64/FBSnapshotTestCasePlatform.o
error: /Users/admin/builder/spi-builder-workspace/.build/checkouts/ios-snapshot-test-case/src/iOSSnapshotTestCaseCore/FBSnapshotTestController.m:10:9 'UIKit/UIKit.h' file not found
error: ScanDependencies /Users/admin/builder/spi-builder-workspace/.build/out/Intermediates.noindex/iOSSnapshotTestCase.build/Debug/iOSSnapshotTestCaseCore-t.build/Objects-normal/arm64/FBSnapshotTestController.o /Users/admin/builder/spi-builder-workspace/.build/checkouts/ios-snapshot-test-case/src/iOSSnapshotTestCaseCore/FBSnapshotTestController.m normal arm64 objective-c com.apple.compilers.llvm.clang.1_0.compiler failed with a nonzero exit code. Command line: cd /Users/admin/builder
Using response file: /Users/admin/builder/spi-builder-workspace/.build/out/Intermediates.noindex/iOSSnapshotTestCase.build/Debug/iOSSnapshotTestCaseCore-t.build/Objects-normal/arm64/e6072d4f65d7061329687fe24e3d63a7-common-args.resp
builtin-ScanDependencies -o /Users/admin/builder/spi-builder-workspace/.build/out/Intermediates.noindex/iOSSnapshotTestCase.build/Debug/iOSSnapshotTestCaseCore-t.build/Objects-normal/arm64/FBSnapshotTestController.o.scan -- /Applications/Xcode-27.0.0-Release.Candidate.app/Contents/Developer/Toolchains/XcodeDefault.xctoolchain/usr/bin/clang -x objective-c -ivfsstatcache /Users/admin/builder/spi-builder-workspace/.build/out/SDKStatCaches.noindex/macosx27.0-26A425-80c5bbf1d171475443272936d42f90a36a22442a12e9d48fe1a705f55a1adfc4.sdkstatcache -target arm64-apple-macos12.0 -fmessage-length\=0 -fdiagnostics-show-note-include-stack -fmacro-backtrace-limit\=0 -fcolor-diagnostics -fmodules-prune-interval\=86400 -fmodules-prune-after\=345600 -fbuild-session-file\=/Users/admin/builder/spi-builder-workspace/.build/out/ModuleCache.noindex/Session.modulevalidation -fmodules-validate-once-per-build-session -Wnon-modular-include-in-framework-module -Werror\=non-modular-include-in-framework-module -Wno-trigraphs -Wno-missing-field-initializers -Wno-missing-prototypes -Wno-return-type -Wno-implicit-atomic-properties -Wno-objc-interface-ivars -Wno-arc-repeated-use-of-weak -Wno-missing-braces -Wparentheses -Wswitch -Wno-unused-function -Wno-unused-label -Wno-unused-parameter -Wno-unused-variable -Wunused-value -Wno-empty-body -Wno-uninitialized -Wno-unknown-pragmas -w -Wno-shadow -Wno-four-char-constants -Wno-conversion -Wno-constant-conversion -Wno-int-conversion -Wno-bool-conversion -Wno-enum-conversion -Wno-float-conversion -Wno-non-literal-null-conversion -Wno-objc-literal-conversion -Wshorten-64-to-32 -Wpointer-sign -Wno-newline-eof -Wno-selector -Wno-strict-selector-match -Wno-undeclared-selector -Wno-deprecated-implementations -Wno-implicit-fallthrough -isysroot /Applications/Xcode-27.0.0-Release.Candidate.app/Contents/Developer/Platforms/MacOSX.platform/Developer/SDKs/MacOSX27.0.sdk -fstrict-aliasing -Wprotocol -Wdeprecated-declarations -Wno-sign-conversion -Wno-infinite-recursion -Wno-comma -Wno-block-capture-autoreleasing -Wno-strict-prototypes -Wno-semicolon-before-method-body -index-store-path /Users/admin/builder/spi-builder-workspace/.build/out @/Users/admin/builder/spi-builder-workspace/.build/out/Intermediates.noindex/iOSSnapshotTestCase.build/Debug/iOSSnapshotTestCaseCore-t.build/Objects-normal/arm64/e6072d4f65d7061329687fe24e3d63a7-common-args.resp -MMD -MT dependencies -MF /Users/admin/builder/spi-builder-workspace/.build/out/Intermediates.noindex/iOSSnapshotTestCase.build/Debug/iOSSnapshotTestCaseCore-t.build/Objects-normal/arm64/FBSnapshotTestController.d --serialize-diagnostics /Users/admin/builder/spi-builder-workspace/.build/out/Intermediates.noindex/iOSSnapshotTestCase.build/Debug/iOSSnapshotTestCaseCore-t.build/Objects-normal/arm64/FBSnapshotTestController.dia -c /Users/admin/builder/spi-builder-workspace/.build/checkouts/ios-snapshot-test-case/src/iOSSnapshotTestCaseCore/FBSnapshotTestController.m -o /Users/admin/builder/spi-builder-workspace/.build/out/Intermediates.noindex/iOSSnapshotTestCase.build/Debug/iOSSnapshotTestCaseCore-t.build/Objects-normal/arm64/FBSnapshotTestController.o -index-unit-output-path /iOSSnapshotTestCase.build/Debug/iOSSnapshotTestCaseCore-t.build/Objects-normal/arm64/FBSnapshotTestController.o
error: /Users/admin/builder/spi-builder-workspace/.build/checkouts/ios-snapshot-test-case/src/iOSSnapshotTestCaseCore/Public/FBSnapshotTestCase.h:11:9 'UIKit/UIKit.h' file not found
error: ScanDependencies /Users/admin/builder/spi-builder-workspace/.build/out/Intermediates.noindex/iOSSnapshotTestCase.build/Debug/iOSSnapshotTestCaseCore-t.build/Objects-normal/arm64/FBSnapshotTestCase.o /Users/admin/builder/spi-builder-workspace/.build/checkouts/ios-snapshot-test-case/src/iOSSnapshotTestCaseCore/FBSnapshotTestCase.m normal arm64 objective-c com.apple.compilers.llvm.clang.1_0.compiler failed with a nonzero exit code. Command line: cd /Users/admin/builder
Using response file: /Users/admin/builder/spi-builder-workspace/.build/out/Intermediates.noindex/iOSSnapshotTestCase.build/Debug/iOSSnapshotTestCaseCore-t.build/Objects-normal/arm64/e6072d4f65d7061329687fe24e3d63a7-common-args.resp
builtin-ScanDependencies -o /Users/admin/builder/spi-builder-workspace/.build/out/Intermediates.noindex/iOSSnapshotTestCase.build/Debug/iOSSnapshotTestCaseCore-t.build/Objects-normal/arm64/FBSnapshotTestCase.o.scan -- /Applications/Xcode-27.0.0-Release.Candidate.app/Contents/Developer/Toolchains/XcodeDefault.xctoolchain/usr/bin/clang -x objective-c -ivfsstatcache /Users/admin/builder/spi-builder-workspace/.build/out/SDKStatCaches.noindex/macosx27.0-26A425-80c5bbf1d171475443272936d42f90a36a22442a12e9d48fe1a705f55a1adfc4.sdkstatcache -target arm64-apple-macos12.0 -fmessage-length\=0 -fdiagnostics-show-note-include-stack -fmacro-backtrace-limit\=0 -fcolor-diagnostics -fmodules-prune-interval\=86400 -fmodules-prune-after\=345600 -fbuild-session-file\=/Users/admin/builder/spi-builder-workspace/.build/out/ModuleCache.noindex/Session.modulevalidation -fmodules-validate-once-per-build-session -Wnon-modular-include-in-framework-module -Werror\=non-modular-include-in-framework-module -Wno-trigraphs -Wno-missing-field-initializers -Wno-missing-prototypes -Wno-return-type -Wno-implicit-atomic-properties -Wno-objc-interface-ivars -Wno-arc-repeated-use-of-weak -Wno-missing-braces -Wparentheses -Wswitch -Wno-unused-function -Wno-unused-label -Wno-unused-parameter -Wno-unused-variable -Wunused-value -Wno-empty-body -Wno-uninitialized -Wno-unknown-pragmas -w -Wno-shadow -Wno-four-char-constants -Wno-conversion -Wno-constant-conversion -Wno-int-conversion -Wno-bool-conversion -Wno-enum-conversion -Wno-float-conversion -Wno-non-literal-null-conversion -Wno-objc-literal-conversion -Wshorten-64-to-32 -Wpointer-sign -Wno-newline-eof -Wno-selector -Wno-strict-selector-match -Wno-undeclared-selector -Wno-deprecated-implementations -Wno-implicit-fallthrough -isysroot /Applications/Xcode-27.0.0-Release.Candidate.app/Contents/Developer/Platforms/MacOSX.platform/Developer/SDKs/MacOSX27.0.sdk -fstrict-aliasing -Wprotocol -Wdeprecated-declarations -Wno-sign-conversion -Wno-infinite-recursion -Wno-comma -Wno-block-capture-autoreleasing -Wno-strict-prototypes -Wno-semicolon-before-method-body -index-store-path /Users/admin/builder/spi-builder-workspace/.build/out @/Users/admin/builder/spi-builder-workspace/.build/out/Intermediates.noindex/iOSSnapshotTestCase.build/Debug/iOSSnapshotTestCaseCore-t.build/Objects-normal/arm64/e6072d4f65d7061329687fe24e3d63a7-common-args.resp -MMD -MT dependencies -MF /Users/admin/builder/spi-builder-workspace/.build/out/Intermediates.noindex/iOSSnapshotTestCase.build/Debug/iOSSnapshotTestCaseCore-t.build/Objects-normal/arm64/FBSnapshotTestCase.d --serialize-diagnostics /Users/admin/builder/spi-builder-workspace/.build/out/Intermediates.noindex/iOSSnapshotTestCase.build/Debug/iOSSnapshotTestCaseCore-t.build/Objects-normal/arm64/FBSnapshotTestCase.dia -c /Users/admin/builder/spi-builder-workspace/.build/checkouts/ios-snapshot-test-case/src/iOSSnapshotTestCaseCore/FBSnapshotTestCase.m -o /Users/admin/builder/spi-builder-workspace/.build/out/Intermediates.noindex/iOSSnapshotTestCase.build/Debug/iOSSnapshotTestCaseCore-t.build/Objects-normal/arm64/FBSnapshotTestCase.o -index-unit-output-path /iOSSnapshotTestCase.build/Debug/iOSSnapshotTestCaseCore-t.build/Objects-normal/arm64/FBSnapshotTestCase.o
error: clang dependency scanning failure: While building module 'iOSSnapshotTestCaseCore' imported from module-include.input:1:
In file included from <module-includes>:1:
/Users/admin/builder/spi-builder-workspace/.build/checkouts/ios-snapshot-test-case/src/iOSSnapshotTestCaseCore/Public/FBSnapshotTestCase.h:11:9: fatal error: 'UIKit/UIKit.h' file not found
module-include.input:1:3: fatal error: could not build module 'iOSSnapshotTestCaseCore'
error: /Users/admin/builder/spi-builder-workspace/.build/checkouts/ios-snapshot-test-case/src/iOSSnapshotTestCase/SwiftSupport.swift:10:8 unable to resolve module dependency: 'UIKit'
error: /Users/admin/builder/spi-builder-workspace/.build/checkouts/ios-snapshot-test-case/src/iOSSnapshotTestCase/SwiftSupport.swift:14:19 unable to resolve module dependency: 'iOSSnapshotTestCaseCore'
error: clang dependency scanning failure: While building module 'iOSSnapshotTestCaseCore' imported from module-include.input:1:
In file included from <module-includes>:1:
/Users/admin/builder/spi-builder-workspace/.build/checkouts/ios-snapshot-test-case/src/iOSSnapshotTestCaseCore/Public/FBSnapshotTestCase.h:11:9: fatal error: 'UIKit/UIKit.h' file not found
module-include.input:1:3: fatal error: could not build module 'iOSSnapshotTestCaseCore'
error: SwiftDriver iOSSnapshotTestCase normal arm64 com.apple.xcode.tools.swift.compiler failed with a nonzero exit code. Command line: cd /Users/admin/builder
builtin-SwiftDriver -- /Applications/Xcode-27.0.0-Release.Candidate.app/Contents/Developer/Toolchains/XcodeDefault.xctoolchain/usr/bin/swiftc -parse-as-library -module-name iOSSnapshotTestCase -Onone @/Users/admin/builder/spi-builder-workspace/.build/out/Intermediates.noindex/iOSSnapshotTestCase.build/Debug/iOSSnapshotTestCase-t.build/Objects-normal/arm64/iOSSnapshotTestCase.SwiftFileList -DSWIFT_PACKAGE -DDEBUG -DSWIFT_MODULE_RESOURCE_BUNDLE_UNAVAILABLE -Xcc -fmodule-map-file\=/Users/admin/builder/spi-builder-workspace/.build/out/Intermediates.noindex/GeneratedModuleMaps/iOSSnapshotTestCaseCore.modulemap -DXcode -plugin-path /Applications/Xcode-27.0.0-Release.Candidate.app/Contents/Developer/Toolchains/XcodeDefault.xctoolchain/usr/lib/swift/host/plugins/testing -enable-experimental-feature DebugDescriptionMacro -sdk /Applications/Xcode-27.0.0-Release.Candidate.app/Contents/Developer/Platforms/MacOSX.platform/Developer/SDKs/MacOSX27.0.sdk -target arm64-apple-macos12.0 -g -module-cache-path /Users/admin/builder/spi-builder-workspace/.build/out/ModuleCache.noindex -Xfrontend -serialize-debugging-options -enable-testing -suppress-warnings -index-store-path /Users/admin/builder/spi-builder-workspace/.build/out -Xcc -D_LIBCPP_HARDENING_MODE\=_LIBCPP_HARDENING_MODE_DEBUG -swift-version 5 -I /Users/admin/builder/spi-builder-workspace/.build/out/Products/Debug -Isystem /Applications/Xcode-27.0.0-Release.Candidate.app/Contents/Developer/Platforms/MacOSX.platform/Developer/usr/lib -F /Users/admin/builder/spi-builder-workspace/.build/out/Products/Debug/PackageFrameworks -F /Users/admin/builder/spi-builder-workspace/.build/out/Products/Debug -F /Applications/Xcode-27.0.0-Release.Candidate.app/Contents/Developer/Platforms/MacOSX.platform/Developer/Library/Frameworks -c -j10 -enable-batch-mode -incremental -Xcc -ivfsstatcache -Xcc /Users/admin/builder/spi-builder-workspace/.build/out/SDKStatCaches.noindex/macosx27.0-26A425-80c5bbf1d171475443272936d42f90a36a22442a12e9d48fe1a705f55a1adfc4.sdkstatcache -output-file-map /Users/admin/builder/spi-builder-workspace/.build/out/Intermediates.noindex/iOSSnapshotTestCase.build/Debug/iOSSnapshotTestCase-t.build/Objects-normal/arm64/iOSSnapshotTestCase-OutputFileMap.json -save-temps -color-diagnostics -explicit-module-build -module-cache-path /Users/admin/builder/spi-builder-workspace/.build/out/Intermediates.noindex/SwiftExplicitPrecompiledModules -clang-scanner-module-cache-path /Users/admin/builder/spi-builder-workspace/.build/out/ModuleCache.noindex -sdk-module-cache-path /Users/admin/builder/spi-builder-workspace/.build/out/SDKExplicitPrecompiledModules -emit-dependencies -emit-module -emit-module-path /Users/admin/builder/spi-builder-workspace/.build/out/Intermediates.noindex/iOSSnapshotTestCase.build/Debug/iOSSnapshotTestCase-t.build/Objects-normal/arm64/iOSSnapshotTestCase.swiftmodule -serialize-diagnostics -dependency-scan-serialize-diagnostics-path /Users/admin/builder/spi-builder-workspace/.build/out/Intermediates.noindex/iOSSnapshotTestCase.build/Debug/iOSSnapshotTestCase-t.build/Objects-normal/arm64/iOSSnapshotTestCase-dependency-scan.dia -validate-clang-modules-once -clang-build-session-file /Users/admin/builder/spi-builder-workspace/.build/out/ModuleCache.noindex/Session.modulevalidation -Xcc -fmodules-prune-interval\=86400 -Xcc -fmodules-prune-after\=345600 -emit-const-values -const-gather-protocols-list /Users/admin/builder/spi-builder-workspace/.build/out/Intermediates.noindex/iOSSnapshotTestCase.build/Debug/iOSSnapshotTestCase-t.build/Objects-normal/arm64/iOSSnapshotTestCase_const_extract_protocols.json -Xcc -I/Users/admin/builder/spi-builder-workspace/.build/checkouts/ios-snapshot-test-case/src/iOSSnapshotTestCaseCore/Public -Xcc -I/Users/admin/builder/spi-builder-workspace/.build/out/Products/Debug/include -Xcc -I/Users/admin/builder/spi-builder-workspace/.build/out/Intermediates.noindex/iOSSnapshotTestCase.build/Debug/iOSSnapshotTestCase-t.build/DerivedSources-normal/arm64 -Xcc -I/Users/admin/builder/spi-builder-workspace/.build/out/Intermediates.noindex/iOSSnapshotTestCase.build/Debug/iOSSnapshotTestCase-t.build/DerivedSources/arm64 -Xcc -I/Users/admin/builder/spi-builder-workspace/.build/out/Intermediates.noindex/iOSSnapshotTestCase.build/Debug/iOSSnapshotTestCase-t.build/DerivedSources -Xcc -DSWIFT_PACKAGE -Xcc -DDEBUG\=1 -emit-objc-header -emit-objc-header-path /Users/admin/builder/spi-builder-workspace/.build/out/Intermediates.noindex/iOSSnapshotTestCase.build/Debug/iOSSnapshotTestCase-t.build/Objects-normal/arm64/iOSSnapshotTestCase-Swift.h -working-directory /Users/admin/builder -experimental-emit-module-separately -disable-cmo
error: Build failed
BUILD FAILURE 6.4 macosSpm