The Swift Package Index logo.Swift Package Index

Build Information

Failed to build swift-temporal-sdk, reference 1.4.1 (1d7fcb), with Swift 6.3 for Android on 14 Oct 2026 23:13:45 UTC.

Build Command

bash -c docker run --pull=always --rm -v "checkouts-54344849-0":/host -w "$PWD" -e JAVA_HOME="/root/.sdkman/candidates/java/current" -e SPI_BUILD="1" -e SPI_PROCESSING="1" registry.gitlab.com/saguaro1/spi-images:android-6.3-latest swift build --swift-sdk aarch64-unknown-linux-android28 2>&1

Build Log

[4916/5012] Compiling Temporal temporal_api_cloud_connectivityrule_v1_message.grpc.swift
[4917/5012] Compiling Temporal temporal_api_cloud_connectivityrule_v1_message.pb.swift
[4918/5012] Compiling Temporal temporal_api_cloud_identity_v1_message.grpc.swift
[4919/5012] Compiling Temporal temporal_api_cloud_identity_v1_message.pb.swift
[4920/5012] Compiling Temporal temporal_api_cloud_namespace_v1_message.grpc.swift
[4921/5012] Compiling Temporal temporal_api_cloud_namespace_v1_message.pb.swift
[4922/5012] Compiling Temporal temporal_api_cloud_nexus_v1_message.grpc.swift
[4923/5012] Compiling Temporal temporal_api_cloud_nexus_v1_message.pb.swift
[4923/5012] Compiling a_i2d_fp.cc
[4924/5012] Compiling a_object.cc
[4925/5012] Compiling a_dup.cc
[4926/5012] Compiling a_d2i_fp.cc
[4927/5012] Compiling a_int.cc
[4928/5012] Write sources
[4930/5012] Compiling CConstants TemporalConstants.c
[4931/5031] Compiling a_gentm.cc
[4932/5031] Write sources
[4933/5035] Compiling a_mbstr.cc
[4935/5083] Compiling AsyncAlgorithms AsyncDebounceSequence.swift
[4936/5083] Compiling AsyncAlgorithms DebounceStateMachine.swift
[4936/5085] Compiling aes.cc
[4937/5085] Compiling a_bitstr.cc
[4939/5085] Compiling AsyncAlgorithms AsyncRemoveDuplicatesSequence.swift
[4940/5085] Compiling AsyncAlgorithms AsyncShareSequence.swift
[4940/5085] Compiling a_bool.cc
[4942/5085] Compiling AsyncAlgorithms UnboundedBufferStateMachine.swift
[4943/5085] Compiling AsyncAlgorithms UnboundedBufferStorage.swift
[4944/5085] Compiling AsyncAlgorithms DebounceStorage.swift
[4945/5085] Compiling AsyncAlgorithms Dictionary.swift
[4946/5093] Compiling AsyncAlgorithms AsyncCompactedSequence.swift
[4947/5093] Compiling AsyncAlgorithms AsyncExclusiveReductionsSequence.swift
[4948/5093] Compiling AsyncAlgorithms AsyncInclusiveReductionsSequence.swift
[4949/5093] Compiling AsyncAlgorithms AsyncCombineLatest3Sequence.swift
[4950/5093] Compiling AsyncAlgorithms CombineLatestStateMachine.swift
[4951/5093] Compiling AsyncAlgorithms CombineLatestStorage.swift
[4952/5093] Compiling Atomics IntegerOperations.swift
[4953/5093] Compiling Atomics Unmanaged extensions.swift
[4954/5093] Compiling CryptoBoringWrapper Data+Span.swift
[4959/5094] Compiling AsyncAlgorithms ChannelStateMachine.swift
[4960/5094] Compiling AsyncAlgorithms ChannelStorage.swift
[4961/5094] Compiling AsyncAlgorithms AsyncCombineLatest2Sequence.swift
[4962/5101] Compiling AsyncAlgorithms AsyncAdjacentPairsSequence.swift
[4963/5101] Compiling AsyncAlgorithms AsyncBufferedByteIterator.swift
[4964/5101] Compiling AsyncAlgorithms AsyncChain2Sequence.swift
[4965/5101] Compiling AsyncAlgorithms AsyncChain3Sequence.swift
[4966/5101] Compiling AsyncAlgorithms AsyncChunkedByGroupSequence.swift
[4967/5101] Compiling AsyncAlgorithms AsyncChunkedOnProjectionSequence.swift
[4968/5101] Compiling AsyncAlgorithms AsyncChunksOfCountOrSignalSequence.swift
[4969/5101] Compiling AsyncAlgorithms AsyncChunksOfCountSequence.swift
[4970/5101] Compiling CryptoBoringWrapper RandomBytes.swift
[4971/5101] Compiling CryptoBoringWrapper EllipticCurve.swift
[4972/5101] Emitting module AsyncAlgorithms
[4976/5101] Compiling AsyncAlgorithms AsyncJoinedBySeparatorSequence.swift
[4977/5101] Compiling AsyncAlgorithms AsyncJoinedSequence.swift
[4978/5101] Compiling AsyncAlgorithms AsyncMapErrorSequence.swift
[4981/5101] Compiling CryptoBoringWrapper FiniteFieldArithmeticContext.swift
[4982/5101] Compiling AsyncAlgorithms AsyncSyncSequence.swift
[4983/5101] Compiling AsyncAlgorithms AsyncThrottleSequence.swift
[4984/5101] Compiling AsyncAlgorithms AsyncThrowingExclusiveReductionsSequence.swift
[4985/5101] Compiling AsyncAlgorithms AsyncThrowingInclusiveReductionsSequence.swift
[4986/5101] Compiling AsyncAlgorithms AsyncTimerSequence.swift
[4987/5101] Compiling AsyncAlgorithms AsyncBufferSequence.swift
[4988/5101] Compiling AsyncAlgorithms BoundedBufferStateMachine.swift
[4989/5101] Compiling AsyncAlgorithms BoundedBufferStorage.swift
[4990/5101] Compiling CryptoBoringWrapper EllipticCurvePoint.swift
[4991/5101] Compiling CryptoBoringWrapper CryptoKitErrors_boring.swift
[4992/5101] Compiling CryptoBoringWrapper ArbitraryPrecisionInteger.swift
[4993/5101] Compiling AsyncAlgorithms AsyncFlatMapLatestSequence.swift
[4994/5101] Compiling AsyncAlgorithms FlatMapLatestStateMachine.swift
[4995/5101] Compiling AsyncAlgorithms FlatMapLatestStorage.swift
[4996/5101] Compiling AsyncAlgorithms Disconnected.swift
[4997/5101] Compiling AsyncAlgorithms _TinyArray.swift
[4998/5101] Compiling AsyncAlgorithms AsyncInterspersedSequence.swift
[4999/5101] Compiling AsyncAlgorithms Locking.swift
[5000/5101] Compiling CryptoBoringWrapper BoringSSLAEAD.swift
[5001/5101] Emitting module CryptoBoringWrapper
[5002/5102] Wrapping AST for CryptoBoringWrapper for debugging
[5004/5102] Emitting module Atomics
[5005/5188] Compiling Crypto ASN1BitString.swift
[5006/5188] Compiling Crypto ASN1Boolean.swift
[5007/5188] Compiling Crypto ASN1Identifier.swift
[5008/5188] Compiling Crypto ASN1Integer.swift
[5009/5188] Compiling Crypto ASN1Null.swift
[5010/5188] Compiling Crypto Digest_boring.swift
[5011/5188] Compiling Crypto Digest.swift
[5012/5188] Compiling Crypto ChaChaPoly.swift
[5013/5188] Compiling Crypto Cipher.swift
[5014/5188] Compiling Crypto Nonces.swift
[5015/5189] Wrapping AST for Atomics for debugging
[5017/5247] Compiling NIOCore NIOAny.swift
[5018/5247] Compiling NIOCore NIOCloseOnErrorHandler.swift
[5019/5247] Compiling NIOCore ByteBuffer-multi-int.swift
[5020/5247] Compiling NIOCore ByteBuffer-quicBinaryEncodingStrategy.swift
[5021/5247] Compiling NIOCore ByteBuffer-views.swift
[5022/5247] Compiling Crypto DH.swift
[5023/5247] Compiling Crypto ECDH.swift
[5024/5253] Compiling NIOCore ByteBuffer-binaryEncodedLengthPrefix.swift
[5025/5253] Compiling NIOCore ByteBuffer-conversions.swift
[5026/5253] Compiling NIOCore ByteBuffer-core.swift
[5027/5253] Compiling NIOCore ByteBuffer-hex.swift
[5028/5253] Compiling NIOCore ByteBuffer-int.swift
[5029/5253] Compiling NIOCore ByteBuffer-lengthPrefix.swift
[5030/5253] Compiling NIOCore CircularBuffer.swift
[5032/5260] Compiling NIOCore IO.swift
[5033/5260] Compiling NIOCore IOData.swift
[5034/5260] Compiling NIOCore NIOThrowingAsyncSequenceProducer.swift
[5035/5260] Compiling NIOCore BSDSocketAPI.swift
[5036/5260] Compiling NIOCore ByteBuffer-aux.swift
[5043/5266] Wrapping AST for AsyncAlgorithms for debugging
[5045/5275] Emitting module ServiceLifecycle
[5046/5275] Compiling ServiceLifecycle AsyncCancelOnGracefulShutdownSequence.swift
[5047/5275] Compiling ServiceLifecycle AsyncGracefulShutdownSequence.swift
[5048/5276] Compiling ServiceLifecycle ServiceGroupConfiguration.swift
[5049/5276] Compiling ServiceLifecycle ClosureService.swift
[5050/5276] Compiling ServiceLifecycle CancellationWaiter.swift
[5051/5276] Compiling ServiceLifecycle ServiceRunnerError.swift
[5052/5276] Compiling NIOCore Codec.swift
[5053/5276] Compiling NIOCore ConvenienceOptionSupport.swift
[5054/5276] Compiling NIOCore DeadChannel.swift
[5055/5276] Compiling NIOCore DispatchQueue+WithFuture.swift
[5056/5276] Compiling NIOCore EventLoop+Deprecated.swift
[5057/5276] Compiling NIOCore EventLoop+SerialExecutor.swift
[5058/5276] Compiling NIOCore EventLoop.swift
[5059/5276] Compiling NIOCore EventLoopFuture+AssumeIsolated.swift
[5060/5276] Compiling NIOCore IPProtocol.swift
[5061/5276] Compiling NIOCore IntegerBitPacking.swift
[5062/5276] Compiling NIOCore IntegerTypes.swift
[5063/5276] Compiling NIOCore Interfaces.swift
[5064/5276] Compiling NIOCore NIOCoreSendableMetatype.swift
[5065/5276] Compiling NIOCore NIODecodedAsyncSequence.swift
[5066/5276] Compiling NIOCore NIOLoopBound.swift
[5067/5276] Compiling NIOCore NIOPooledRecvBufferAllocator.swift
[5068/5276] Compiling NIOCore NIOScheduledCallback.swift
[5069/5276] Compiling NIOCore NIOSendable.swift
[5070/5276] Compiling NIOCore NIOSplitLinesMessageDecoder.swift
[5071/5276] Compiling NIOCore NIOTransportAccessibleChannelCore.swift
[5072/5276] Compiling NIOCore RecvByteBufferAllocator.swift
[5073/5284] Emitting module Crypto
[5079/5284] Compiling NIOCore EventLoopFuture+Deprecated.swift
[5080/5284] Compiling NIOCore EventLoopFuture+WithEventLoop.swift
[5081/5284] Compiling NIOCore EventLoopFuture.swift
[5082/5284] Compiling NIOCore FileDescriptor.swift
[5083/5284] Compiling NIOCore FileHandle.swift
[5084/5284] Compiling NIOCore FileRegion.swift
[5085/5284] Compiling NIOCore GlobalSingletons.swift
[5086/5284] Compiling Crypto ASN1OctetString.swift
[5087/5284] Compiling Crypto ASN1Strings.swift
[5088/5284] Compiling Crypto ArraySliceBigint.swift
[5089/5284] Compiling Crypto GeneralizedTime.swift
[5090/5284] Compiling Crypto ObjectIdentifier.swift
[5091/5284] Compiling Crypto ECDSASignature.swift
[5092/5284] Compiling Crypto PEMDocument.swift
[5093/5284] Compiling Crypto PKCS8PrivateKey.swift
[5094/5284] Compiling Crypto SEC1PrivateKey.swift
[5095/5284] Compiling Crypto SubjectPublicKeyInfo.swift
[5096/5284] Compiling Crypto CryptoError_boring.swift
[5097/5284] Compiling Crypto CryptoKitErrors.swift
[5107/5284] Compiling ServiceLifecycle ServiceGroup.swift
[5108/5284] Compiling ServiceLifecycle Service.swift
[5109/5284] Compiling ServiceLifecycle GracefulShutdown.swift
[5113/5285] Compiling NIOCore AsyncChannel.swift
[5114/5285] Compiling NIOCore AsyncChannelHandler.swift
[5115/5285] Compiling NIOCore AsyncChannelInboundStream.swift
[5116/5285] Compiling NIOCore AsyncChannelOutboundWriter.swift
[5117/5285] Compiling NIOCore NIOAsyncSequenceProducer.swift
[5118/5285] Compiling NIOCore NIOAsyncSequenceProducerStrategies.swift
[5119/5285] Compiling NIOCore NIOAsyncWriter.swift
[5124/5285] Compiling NIOCore Linux.swift
[5125/5285] Compiling NIOCore MarkedCircularBuffer.swift
[5126/5285] Compiling NIOCore MulticastChannel.swift
[5132/5285] Compiling NIOCore Channel.swift
[5133/5285] Compiling NIOCore ChannelHandler.swift
[5134/5285] Compiling NIOCore ChannelHandlers.swift
[5135/5285] Compiling NIOCore ChannelInvoker.swift
[5135/5285] Wrapping AST for ServiceLifecycle for debugging
[5137/5288] Compiling Crypto CryptoKitErrors_boring.swift
[5138/5288] Compiling Crypto InlineArray+withBytes_boring.swift
[5139/5288] Compiling Crypto Optional+withUnsafeBytes_boring.swift
[5140/5288] Compiling Crypto RNG_boring.swift
[5141/5288] Compiling Crypto SafeCompare_boring.swift
[5142/5288] Compiling Crypto Zeroization_boring.swift
[5143/5288] Compiling Crypto _CryptoModuleAnchor.swift
[5144/5288] Compiling Crypto Data+ArraySpan.swift
[5145/5288] Compiling Crypto PrettyBytes.swift
[5146/5288] Compiling Crypto SafeCompare.swift
[5147/5288] Compiling Crypto SecureBytes.swift
[5148/5288] Compiling Crypto Zeroization.swift
[5158/5288] Compiling GRPCServiceLifecycle GRPCClient+Service.swift
[5159/5288] Emitting module GRPCServiceLifecycle
[5160/5288] Compiling GRPCServiceLifecycle GRPCServer+Service.swift
[5161/5289] Wrapping AST for GRPCServiceLifecycle for debugging
[5163/5289] Compiling NIOCore ChannelOption.swift
[5164/5289] Compiling NIOCore ChannelPipeline.swift
[5165/5289] Compiling NIOCore SingleStepByteToMessageDecoder.swift
[5166/5289] Compiling NIOCore SocketAddresses.swift
[5167/5289] Compiling NIOCore SocketOptionProvider.swift
[5168/5289] Compiling NIOCore SystemCallHelpers.swift
[5169/5289] Compiling NIOCore TimeAmount+Duration.swift
[5170/5289] Compiling NIOCore TypeAssistedChannelHandler.swift
[5171/5289] Compiling NIOCore UniversalBootstrapSupport.swift
[5172/5289] Compiling NIOCore Utilities.swift
[5173/5289] Compiling Crypto Signature.swift
[5174/5289] Compiling Crypto ArraySpanHelpers.swift
[5175/5290] Wrapping AST for Crypto for debugging
[5177/5352] Compiling CryptoExtras AES_CBC.swift
[5178/5352] Compiling CryptoExtras AES_CFB.swift
[5179/5352] Compiling CryptoExtras AES_CTR.swift
[5180/5352] Compiling CryptoExtras AES_GCM_SIV.swift
[5181/5352] Compiling CryptoExtras Block Function.swift
[5182/5352] Compiling CryptoExtras AES_CBC_boring.swift
[5183/5352] Compiling CryptoExtras AES_CFB_boring.swift
[5184/5352] Compiling CryptoExtras AES_CTR_boring.swift
[5185/5352] Compiling CryptoExtras AES_GCM_SIV_boring.swift
[5186/5352] Compiling CryptoExtras PBKDF2.swift
[5187/5352] Compiling CryptoExtras Scrypt_boring.swift
[5188/5352] Compiling CryptoExtras Scrypt.swift
[5189/5352] Compiling CryptoExtras OPRF.swift
[5190/5352] Compiling CryptoExtras OPRFClient.swift
[5191/5352] Compiling CryptoExtras OPRFServer.swift
[5192/5352] Compiling CryptoExtras VOPRF+API.swift
[5193/5352] Compiling CryptoExtras VOPRFClient.swift
[5194/5352] Compiling CryptoExtras VOPRFServer.swift
[5195/5360] Compiling CryptoExtras ThreadSpecific.swift
[5196/5360] Compiling CryptoExtras ThreadWindows.swift
[5197/5360] Compiling CryptoExtras DLEQ.swift
[5198/5360] Compiling CryptoExtras Prover.swift
[5199/5360] Compiling CryptoExtras Verifier.swift
[5200/5360] Compiling CryptoExtras ZKPToolbox.swift
[5203/5360] Compiling CryptoExtras ARCServer.swift
[5204/5360] Compiling CryptoExtras ChaCha20CTR_boring.swift
[5205/5360] Compiling CryptoExtras ChaCha20CTR.swift
[5206/5360] Compiling CryptoExtras BoringSSLSHA512256Context.swift
[5207/5360] Compiling CryptoExtras BoringSSLSHA512256HashFunction.swift
[5208/5360] Compiling CryptoExtras SHA512256.swift
[5209/5360] Compiling CryptoExtras SHA512256Digest.swift
[5210/5360] Compiling CryptoExtras Curve25519+PEM.swift
[5211/5360] Compiling CryptoExtras ObjectIdentifier.swift
[5212/5360] Compiling CryptoExtras PKCS8DERRepresentation.swift
[5213/5360] Compiling CryptoExtras PKCS8PrivateKey.swift
[5214/5360] Compiling CryptoExtras RFC8410AlgorithmIdentifier.swift
[5215/5360] Compiling CryptoExtras ECToolbox_boring.swift
[5216/5360] Compiling CryptoExtras ECToolbox.swift
[5217/5360] Compiling CryptoExtras HashToField.swift
[5218/5360] Compiling CryptoExtras KDF.swift
[5219/5360] Compiling CryptoExtras PBKDF2_boring.swift
[5220/5360] Compiling CryptoExtras PBKDF2_commoncrypto.swift
[5221/5360] Emitting module CryptoExtras
[5222/5360] Compiling CryptoExtras Data+Extensions.swift
[5223/5360] Compiling CryptoExtras DigestType.swift
[5224/5360] Compiling CryptoExtras Error.swift
[5225/5360] Compiling CryptoExtras I2OSP.swift
[5226/5360] Compiling CryptoExtras IntegerEncoding.swift
[5227/5360] Compiling CryptoExtras PEMDocument.swift
[5228/5360] Compiling CryptoExtras PrettyBytes.swift
[5229/5360] Compiling CryptoExtras SubjectPublicKeyInfo.swift
[5257/5360] Compiling CryptoExtras CMAC.swift
[5258/5360] Compiling CryptoExtras ARC+API.swift
[5259/5360] Compiling CryptoExtras ARC.swift
[5260/5360] Compiling CryptoExtras ARCCredential.swift
[5261/5360] Compiling CryptoExtras ARCEncoding.swift
[5262/5360] Compiling CryptoExtras ARCPrecredential.swift
[5263/5360] Compiling CryptoExtras ARCPresentation.swift
[5264/5360] Compiling CryptoExtras ARCRequest.swift
[5265/5360] Compiling CryptoExtras ARCResponse.swift
[5266/5360] Compiling CryptoExtras ThreadOps.swift
[5267/5360] Compiling CryptoExtras ThreadPosix.swift
[5274/5360] Compiling CryptoExtras BoringSSLPassphraseCallbackManager.swift
[5275/5360] Compiling CryptoExtras RSA+BlindSigning.swift
[5276/5360] Compiling CryptoExtras RSA.swift
[5277/5360] Compiling CryptoExtras RSA_boring.swift
[5278/5360] Compiling CryptoExtras Reexport.swift
[5279/5360] Compiling CryptoExtras Zeroization_boring.swift
[5280/5360] Compiling CryptoExtras BoringSSLHelpers.swift
[5281/5360] Compiling CryptoExtras CryptoKitErrors_boring.swift
[5282/5361] Wrapping AST for CryptoExtras for debugging
[5284/5363] Compiling _CryptoExtras Exports.swift
[5285/5363] Emitting module _CryptoExtras
[5286/5364] Wrapping AST for _CryptoExtras for debugging
[5288/5459] Emitting module NIOCore
[5289/5459] Compiling X509 CSRAttribute.swift
[5290/5459] Compiling X509 CSRAttributes.swift
[5291/5459] Compiling X509 CSRVersion.swift
[5292/5459] Compiling X509 CertificateSigningRequest.swift
[5293/5459] Compiling X509 CertificationRequestInfo.swift
[5294/5459] Compiling X509 ExtensionRequest.swift
[5295/5459] Compiling X509 Certificate.swift
[5296/5459] Compiling X509 CertificatePrivateKey.swift
[5297/5459] Compiling X509 CertificatePublicKey.swift
[5298/5464] Wrapping AST for NIOCore for debugging
[5300/5514] Emitting module NIOEmbedded
[5301/5514] Compiling NIOEmbedded AsyncTestingEventLoop.swift
[5302/5514] Compiling NIOEmbedded AsyncTestingChannel.swift
[5303/5514] Compiling NIOEmbedded Embedded.swift
[5305/5515] Compiling X509 PKCS8PrivateKey.swift
[5306/5515] Compiling X509 PromiseAndFuture.swift
[5307/5515] Compiling X509 RDNAttribute.swift
[5308/5515] Compiling X509 RandomNumberGenerator+bytes.swift
[5309/5515] Compiling X509 RelativeDistinguishedName.swift
[5310/5515] Compiling X509 SEC1PrivateKey.swift
[5311/5515] Compiling X509 SecKeyWrapper.swift
[5312/5515] Compiling X509 Signature.swift
[5313/5515] Compiling X509 SignatureAlgorithm.swift
[5314/5515] Compiling X509 AllOfPolicies.swift
[5315/5515] Compiling X509 AnyPolicy.swift
[5316/5515] Compiling X509 CertificateStore.swift
[5317/5515] Compiling X509 CustomCertificateStore.swift
[5317/5528] Wrapping AST for NIOEmbedded for debugging
[5328/5528] Compiling X509 CertificateSerialNumber.swift
[5329/5528] Compiling X509 CertificateVersion.swift
[5330/5528] Compiling X509 CMSAttribute.swift
[5331/5528] Compiling X509 CMSContentInfo.swift
[5332/5528] Compiling X509 CMSEncapsulatedContentInfo.swift
[5333/5528] Compiling NIOPosix PipeChannel.swift
[5334/5528] Compiling NIOPosix PipePair.swift
[5335/5528] Compiling NIOPosix Pool.swift
[5336/5528] Compiling NIOPosix PosixSingletons+ConcurrencyTakeOver.swift
[5337/5528] Compiling NIOPosix PosixSingletons.swift
[5338/5528] Compiling NIOPosix RawSocketBootstrap.swift
[5339/5528] Compiling NIOPosix Resolver.swift
[5340/5535] Compiling X509 OneOfPolicies.swift
[5341/5535] Compiling X509 PolicyBuilder.swift
[5342/5535] Compiling X509 BasicConstraintsPolicy.swift
[5343/5535] Compiling X509 DNSNames.swift
[5344/5535] Compiling X509 ExpiryPolicy.swift
[5345/5535] Compiling X509 IPConstraints.swift
[5346/5535] Compiling X509 NameConstraintsPolicy.swift
[5347/5535] Compiling X509 RFC5280Policy.swift
[5348/5535] Compiling X509 URIConstraints.swift
[5349/5535] Compiling X509 VersionPolicy.swift
[5350/5535] Compiling X509 ServerIdentityPolicy.swift
[5351/5535] Compiling X509 TrustRootLoading.swift
[5352/5535] Compiling X509 UnverifiedChain.swift
[5353/5535] Compiling NIOPosix HappyEyeballs.swift
[5354/5535] Compiling NIOPosix IO.swift
[5355/5535] Compiling NIOPosix IntegerBitPacking.swift
[5356/5535] Compiling NIOPosix IntegerTypes.swift
[5357/5535] Compiling NIOPosix Linux.swift
[5358/5535] Compiling NIOPosix LinuxCPUSet.swift
[5359/5535] Compiling NIOPosix LinuxUring.swift
[5366/5535] Compiling NIOPosix SelectorWSAPoll.swift
[5367/5535] Compiling NIOPosix ServerSocket.swift
[5368/5535] Compiling NIOPosix Socket.swift
[5369/5535] Compiling NIOPosix SocketChannel.swift
[5370/5535] Compiling NIOPosix SocketProtocols.swift
[5371/5535] Compiling NIOPosix StructuredConcurrencyHelpers.swift
[5372/5535] Compiling NIOPosix System.swift
[5373/5535] Compiling NIOPosix MultiThreadedEventLoopGroup.swift
[5374/5535] Compiling NIOPosix NIOPosixSendableMetatype.swift
[5375/5535] Compiling NIOPosix NIORandomizedDNSResolver.swift
[5376/5535] Compiling NIOPosix NIOThreadPool.swift
[5377/5535] Compiling NIOPosix NonBlockingFileIO.swift
[5378/5535] Compiling NIOPosix PendingDatagramWritesManager.swift
[5379/5535] Compiling NIOPosix PendingWritesManager.swift
[5380/5535] Compiling NIOPosix BSDSocketAPICommon.swift
[5381/5535] Compiling NIOPosix BSDSocketAPIPosix.swift
[5382/5535] Compiling NIOPosix BSDSocketAPIWindows.swift
[5383/5535] Compiling NIOPosix BaseSocket.swift
[5384/5535] Compiling NIOPosix BaseSocketChannel+AccessibleTransport.swift
[5385/5535] Compiling NIOPosix BaseSocketChannel+SocketOptionProvider.swift
[5386/5535] Compiling NIOPosix BaseSocketChannel.swift
[5387/5535] Compiling NIOPosix BaseStreamSocketChannel.swift
[5388/5535] Compiling NIOPosix Bootstrap.swift
[5389/5535] Compiling NIOPosix ControlMessage.swift
[5390/5535] Compiling NIOPosix DatagramVectorReadManager.swift
[5391/5535] Compiling NIOPosix Errors+Any.swift
[5392/5535] Compiling NIOPosix FileDescriptor.swift
[5393/5535] Compiling NIOPosix GetaddrinfoResolver.swift
[5395/5535] Compiling NIOPosix Selectable.swift
[5396/5535] Compiling NIOPosix SelectableChannel.swift
[5397/5535] Compiling NIOPosix SelectableEventLoop.swift
[5398/5535] Compiling NIOPosix SelectorEpoll.swift
[5399/5535] Compiling NIOPosix SelectorGeneric.swift
[5400/5535] Compiling NIOPosix SelectorKqueue.swift
[5401/5535] Compiling NIOPosix SelectorUring.swift
[5402/5535] Compiling NIOPosix Thread.swift
[5403/5535] Compiling NIOPosix ThreadPosix.swift
[5404/5535] Compiling NIOPosix ThreadWindows.swift
[5405/5535] Compiling NIOPosix Utilities.swift
[5406/5535] Compiling NIOPosix VsockAddress.swift
[5407/5535] Emitting module NIOPosix
[5427/5535] Compiling NIOPosix VsockChannelEvents.swift
[5428/5535] Compiling NIOPosix Windows.swift
[5443/5535] Emitting module X509
[5458/5536] Wrapping AST for NIOPosix for debugging
[5460/5538] Compiling NIO Exports.swift
[5461/5538] Emitting module NIO
[5462/5539] Compiling X509 ValidatedCertificateChain.swift
[5463/5539] Compiling X509 VerificationDiagnostic.swift
[5464/5539] Compiling X509 Verifier.swift
[5465/5539] Compiling X509 VerifierPolicy.swift
[5466/5539] Compiling X509 AlgorithmIdentifier.swift
[5467/5539] Compiling X509 ECDSASignature.swift
[5468/5539] Compiling X509 RSAPKCS1PublicKey.swift
[5469/5539] Compiling X509 SubjectPublicKeyInfo.swift
[5470/5539] Compiling X509 TBSCertificate.swift
[5471/5539] Compiling X509 Time.swift
[5472/5539] Compiling X509 TimeCalculations.swift
[5473/5539] Compiling X509 Validity.swift
[5474/5539] Compiling X509 X509SendableMetatype.swift
[5476/5540] Wrapping AST for NIO for debugging
[5477/5563] Wrapping AST for X509 for debugging
[5479/5563] Compiling NIOTLS ProtocolNegotiationHandlerStateMachine.swift
[5480/5563] Emitting module NIOTLS
[5481/5563] Compiling NIOTLS NIOTypedApplicationProtocolNegotiationHandler.swift
[5482/5563] Compiling NIOTLS ApplicationProtocolNegotiationHandler.swift
[5483/5563] Compiling NIOTLS SNIHandler.swift
[5484/5563] Compiling NIOTLS TLSEvents.swift
[5486/5564] Compiling NIOHTTP1 NIOHTTPClientUpgradeHandler.swift
[5487/5564] Compiling NIOHTTP1 NIOHTTPObjectAggregator.swift
[5488/5566] Emitting module NIOHTTP1
[5489/5567] Compiling NIOHTTP1 HTTPHeaderValidator.swift
[5490/5567] Compiling NIOHTTP1 HTTPHeaders+Validation.swift
[5491/5567] Compiling NIOHTTP1 HTTPPipelineSetup.swift
[5491/5567] Wrapping AST for NIOTLS for debugging
[5493/5618] Compiling NIOSSL ObjectIdentifier.swift
[5494/5618] Compiling NIOSSL PosixPort.swift
[5495/5618] Compiling NIOSSL SSLConnection.swift
[5496/5618] Compiling NIOSSL NIOSSLServerHandler.swift
[5497/5618] Compiling NIOTransportServices NIOTSEventLoopGroup.swift
[5498/5618] Compiling NIOSSL AndroidCABundle.swift
[5499/5618] Compiling NIOSSL ByteBufferBIO.swift
[5504/5620] Compiling NIOSSL SSLCallbacks.swift
[5505/5620] Compiling NIOSSL SSLPrivateKey.swift
[5506/5620] Compiling NIOSSL SSLPublicKey.swift
[5507/5620] Compiling NIOSSL SecurityFrameworkCertificateVerification.swift
[5508/5620] Compiling NIOSSL String+unsafeUninitializedCapacity.swift
[5509/5620] Emitting module NIOTransportServices
[5510/5620] Compiling NIOTransportServices AcceptHandler.swift
[5511/5620] Compiling NIOTransportServices NIOTSDatagramConnectionBootstrap.swift
[5512/5620] Compiling NIOTransportServices NIOTSDatagramConnectionChannel.swift
[5513/5620] Compiling NIOSSL CustomPrivateKey.swift
[5514/5620] Compiling NIOSSL FreeBSDCABundle.swift
[5515/5620] Compiling NIOSSL IdentityVerification.swift
[5516/5620] Compiling NIOTransportServices TCPOptions+SocketChannelOption.swift
[5517/5620] Compiling NIOTransportServices UDPOptions+SocketChannelOption.swift
[5518/5620] Compiling NIOSSL SSLCertificate.swift
[5519/5620] Compiling NIOSSL SSLCertificateExtensions.swift
[5520/5620] Compiling NIOSSL SSLCertificateName.swift
[5521/5621] Wrapping AST for NIOTransportServices for debugging
[5532/5622] Wrapping AST for NIOHTTP1 for debugging
[5534/5651] Emitting module NIOSSL
[5535/5655] Compiling NIOExtras MarkedCircularBuffer+PopFirstCheckMarked.swift
[5536/5655] Compiling NIOExtras NIOExtrasError.swift
[5537/5655] Compiling NIOExtras NIOLengthFieldBitLength.swift
[5538/5655] Compiling NIOExtras NIORequestIdentifiable.swift
[5539/5657] Compiling NIOHPACK IntegerCoding.swift
[5540/5657] Compiling NIOHPACK IndexedHeaderTable.swift
[5541/5658] Compiling NIOExtras DebugInboundEventsHandler.swift
[5542/5658] Compiling NIOExtras DebugOutboundEventsHandler.swift
[5543/5658] Compiling NIOExtras FixedLengthFrameDecoder.swift
[5544/5658] Compiling NIOExtras PCAPRingBuffer.swift
[5545/5658] Compiling NIOExtras QuiescingHelper.swift
[5546/5658] Compiling NIOExtras RequestResponseHandler.swift
[5547/5658] Compiling NIOExtras RequestResponseHandlers+State.swift
[5548/5658] Compiling NIOHPACK HuffmanTables.swift
[5549/5658] Compiling NIOHPACK HuffmanCoding.swift
[5552/5658] Compiling NIOExtras LengthFieldBasedFrameDecoder.swift
[5553/5658] Compiling NIOExtras LengthFieldPrepender.swift
[5554/5658] Compiling NIOExtras LineBasedFrameDecoder.swift
[5558/5658] Compiling NIOExtras HTTP1ProxyConnectHandler.swift
[5559/5658] Emitting module NIOExtras
[5560/5658] Compiling NIOHPACK StaticHeaderTable.swift
[5561/5658] Compiling NIOExtras JSONRPCFraming+ContentLengthHeader.swift
[5562/5658] Compiling NIOExtras JSONRPCFraming.swift
[5571/5658] Compiling NIOSSL RNG.swift
[5572/5658] Compiling NIOSSL SafeCompare.swift
[5573/5658] Emitting module NIOHPACK
[5578/5659] Wrapping AST for NIOHPACK for debugging
[5584/5722] Compiling NIOHTTP2 ContentLengthVerifier.swift
[5585/5722] Compiling NIOHTTP2 MaySendFrames.swift
[5586/5722] Compiling NIOHTTP2 SendingDataState.swift
[5587/5722] Compiling NIOHTTP2 SendingGoawayState.swift
[5588/5722] Compiling NIOHTTP2 HTTP2SettingsState.swift
[5589/5722] Compiling NIOHTTP2 HasExtendedConnectSettings.swift
[5590/5722] Compiling NIOHTTP2 HTTP2StreamMultiplexer.swift
[5591/5722] Compiling NIOHTTP2 HTTP2ToHTTP1Codec.swift
[5592/5722] Compiling NIOHTTP2 HasFlowControlWindows.swift
[5593/5722] Compiling NIOHTTP2 HasLocalSettings.swift
[5594/5722] Compiling NIOHTTP2 HasRemoteSettings.swift
[5595/5722] Compiling NIOHTTP2 LocallyQuiescingState.swift
[5596/5722] Compiling NIOHTTP2 HTTP2UserEvents.swift
[5597/5722] Compiling NIOHTTP2 InboundEventBuffer.swift
[5598/5722] Compiling NIOHTTP2 InboundWindowManager.swift
[5599/5722] Compiling NIOHTTP2 MultiplexerAbstractChannel.swift
[5600/5723] Wrapping AST for NIOSSL for debugging
[5605/5726] Compiling NIOHTTP2 SendingHeadersState.swift
[5606/5726] Compiling NIOHTTP2 SendingPushPromiseState.swift
[5607/5726] Compiling NIOHTTP2 SendingRstStreamState.swift
[5608/5726] Compiling NIOHTTP2 SendingWindowUpdateState.swift
[5613/5735] Emitting module NIOCertificateReloading
[5619/5735] Compiling NIOHTTP2 QuiescingState.swift
[5620/5735] Compiling NIOHTTP2 RemotelyQuiescingState.swift
[5621/5735] Compiling NIOHTTP2 SendAndReceiveGoawayState.swift
[5622/5735] Compiling NIOHTTP2 StateMachineResult.swift
[5624/5735] Compiling NIOCertificateReloading CertificateReloader.swift
[5624/5735] Wrapping AST for NIOExtras for debugging
[5626/5735] Compiling NIOCertificateReloading TimedCertificateReloader.swift
[5628/5736] Emitting module NIOHTTP2
[5628/5736] Wrapping AST for NIOCertificateReloading for debugging
[5630/5736] Compiling NIOHTTP2 DOSHeuristics.swift
[5631/5736] Compiling NIOHTTP2 Error+Any.swift
[5632/5736] Compiling NIOHTTP2 ConcurrentStreamBuffer.swift
[5633/5736] Compiling NIOHTTP2 ControlFrameBuffer.swift
[5634/5736] Compiling NIOHTTP2 OutboundFlowControlBuffer.swift
[5635/5736] Compiling NIOHTTP2 OutboundFrameBuffer.swift
[5636/5736] Compiling NIOHTTP2 GlitchesMonitor.swift
[5637/5736] Compiling NIOHTTP2 HPACKHeaders+Validation.swift
[5638/5736] Compiling NIOHTTP2 HTTP2ChannelHandler+InboundStreamMultiplexer.swift
[5645/5736] Compiling NIOHTTP2 NIOHTTP2FrameDelegate.swift
[5646/5736] Compiling NIOHTTP2 NIOHTTP2ServerConnectionManagementHandler+StateMachine.swift
[5647/5736] Compiling NIOHTTP2 NIOHTTP2ServerConnectionManagementHandler.swift
[5648/5736] Compiling NIOHTTP2 StreamChannelFlowController.swift
[5649/5736] Compiling NIOHTTP2 StreamChannelList.swift
[5650/5736] Compiling NIOHTTP2 StreamMap.swift
[5651/5736] Compiling NIOHTTP2 StreamStateMachine.swift
[5652/5736] Compiling NIOHTTP2 Timer.swift
[5653/5736] Compiling NIOHTTP2 UnsafeTransfer.swift
[5654/5736] Compiling NIOHTTP2 WatermarkedFlowController.swift
[5655/5736] Compiling NIOHTTP2 ConnectionStateMachine.swift
[5656/5736] Compiling NIOHTTP2 ConnectionStreamsState.swift
[5657/5736] Compiling NIOHTTP2 MayReceiveFrames.swift
[5658/5736] Compiling NIOHTTP2 ReceivingDataState.swift
[5659/5736] Compiling NIOHTTP2 ReceivingGoAwayState.swift
[5660/5736] Compiling NIOHTTP2 ReceivingHeadersState.swift
[5661/5736] Compiling NIOHTTP2 ReceivingPushPromiseState.swift
[5662/5736] Compiling NIOHTTP2 ReceivingRstStreamState.swift
[5663/5736] Compiling NIOHTTP2 ReceivingWindowUpdateState.swift
[5664/5736] Compiling NIOHTTP2 HTTP2FrameParser.swift
[5665/5736] Compiling NIOHTTP2 HTTP2PingData.swift
[5666/5736] Compiling NIOHTTP2 HTTP2PipelineHelpers.swift
[5667/5736] Compiling NIOHTTP2 HTTP2Settings.swift
[5668/5736] Compiling NIOHTTP2 HTTP2Stream.swift
[5669/5736] Compiling NIOHTTP2 HTTP2StreamChannel+OutboundStreamMultiplexer.swift
[5670/5736] Compiling NIOHTTP2 HTTP2StreamChannel.swift
[5671/5736] Compiling NIOHTTP2 HTTP2StreamDelegate.swift
[5672/5736] Compiling NIOHTTP2 HTTP2StreamID.swift
[5673/5736] Compiling NIOHTTP2 HTTP2ChannelHandler+InlineStreamMultiplexer.swift
[5674/5736] Compiling NIOHTTP2 HTTP2ChannelHandler.swift
[5675/5736] Compiling NIOHTTP2 HTTP2CommonInboundStreamMultiplexer.swift
[5676/5736] Compiling NIOHTTP2 HTTP2ConnectionStateChange.swift
[5677/5736] Compiling NIOHTTP2 HTTP2Error.swift
[5678/5736] Compiling NIOHTTP2 HTTP2ErrorCode.swift
[5679/5736] Compiling NIOHTTP2 HTTP2FlowControlWindow.swift
[5680/5736] Compiling NIOHTTP2 HTTP2Frame.swift
[5681/5736] Compiling NIOHTTP2 HTTP2FrameEncoder.swift
[5682/5737] Wrapping AST for NIOHTTP2 for debugging
[5684/5796] Compiling GRPCNIOTransportCore IPv6ScopeID.swift
[5685/5796] Compiling GRPCNIOTransportCore MethodConfigs.swift
[5686/5796] Compiling GRPCNIOTransportCore MethodDescriptor+IsKnown.swift
[5687/5796] Compiling GRPCNIOTransportCore NIOChannel+WaitForActive.swift
[5688/5796] Compiling GRPCNIOTransportCore NIOChannelPipeline+GRPC.swift
[5689/5796] Compiling GRPCNIOTransportCore NIOSocketAddress+GRPCSocketAddress.swift
[5690/5796] Compiling GRPCNIOTransportCore PercentEncoding.swift
[5691/5796] Compiling GRPCNIOTransportCore ProcessUniqueID.swift
[5692/5804] Compiling GRPCNIOTransportCore Channel+AddressInfo.swift
[5693/5804] Compiling GRPCNIOTransportCore ConstantAsyncSequence.swift
[5694/5804] Compiling GRPCNIOTransportCore ContentType.swift
[5695/5804] Compiling GRPCNIOTransportCore DebugOnly.swift
[5696/5804] Compiling GRPCNIOTransportCore DiscardingTaskGroup+CancellableHandle.swift
[5697/5804] Compiling GRPCNIOTransportCore EventLoopFuture+ChannelInitializer.swift
[5698/5804] Compiling GRPCNIOTransportCore FlushCoalescingHandler.swift
[5699/5804] Compiling GRPCNIOTransportCore GRPCStatusMessageMarshaller.swift
[5700/5804] Compiling GRPCNIOTransportCore Result+Catching.swift
[5701/5804] Compiling GRPCNIOTransportCore Timer.swift
[5702/5804] Compiling GRPCNIOTransportCore ListeningServerTransport.swift
[5703/5804] Compiling GRPCNIOTransportCore OneOrManyQueue.swift
[5704/5804] Compiling GRPCNIOTransportCore GRPCServerFlushNotificationHandler.swift
[5705/5804] Compiling GRPCNIOTransportCore ServerConnection.swift
[5706/5804] Compiling GRPCNIOTransportCore ServerConnectionManagementHandler+StateMachine.swift
[5707/5804] Compiling GRPCNIOTransportCore ServerConnectionManagementHandler.swift
[5708/5804] Emitting module GRPCNIOTransportCore
[5709/5804] Compiling GRPCNIOTransportCore NameResolver+UDS.swift
[5710/5804] Compiling GRPCNIOTransportCore NameResolver+VSOCK.swift
[5711/5804] Compiling GRPCNIOTransportCore NameResolver.swift
[5712/5804] Compiling GRPCNIOTransportCore NameResolverRegistry.swift
[5713/5804] Compiling GRPCNIOTransportCore SocketAddress.swift
[5714/5804] Compiling GRPCNIOTransportCore WrappedChannel+Config.swift
[5715/5804] Compiling GRPCNIOTransportCore WrappedChannel+State.swift
[5716/5804] Compiling GRPCNIOTransportCore WrappedChannel.swift
[5717/5804] Compiling GRPCNIOTransportCore ConnectionConfigurator.swift
[5718/5804] Compiling GRPCNIOTransportCore CustomTransport.swift
[5719/5804] Compiling GRPCNIOTransportCore GRPCServerStreamHandler.swift
[5720/5804] Compiling GRPCNIOTransportCore HTTP2ServerTransport.swift
[5721/5804] Compiling GRPCNIOTransportCore ListenerConfigurator.swift
[5722/5804] Compiling GRPCNIOTransportCore ListenerFactory.swift
[5723/5804] Compiling GRPCNIOTransportCore TLSConfig+Internal.swift
[5724/5804] Compiling GRPCNIOTransportCore TLSConfig.swift
[5725/5804] Compiling GRPCNIOTransportCore RoundRobinLoadBalancer.swift
[5726/5804] Compiling GRPCNIOTransportCore Subchannel.swift
[5727/5804] Compiling GRPCNIOTransportCore RequestQueue.swift
[5728/5804] Compiling GRPCNIOTransportCore GRPCClientStreamHandler.swift
[5729/5804] Compiling GRPCNIOTransportCore HTTP2ClientTransport.swift
[5730/5804] Compiling GRPCNIOTransportCore DNSResolver.swift
[5731/5804] Compiling GRPCNIOTransportCore NameResolver+DNS.swift
[5732/5804] Compiling GRPCNIOTransportCore NameResolver+IPv4.swift
[5733/5804] Compiling GRPCNIOTransportCore NameResolver+IPv6.swift
[5734/5804] Compiling GRPCNIOTransportCore Backoff.swift
[5735/5804] Compiling GRPCNIOTransportCore ClientConnectionHandler.swift
[5736/5804] Compiling GRPCNIOTransportCore Connection.swift
[5737/5804] Compiling GRPCNIOTransportCore ConnectionFactory.swift
[5738/5804] Compiling GRPCNIOTransportCore ConnectivityState.swift
[5739/5804] Compiling GRPCNIOTransportCore GRPCChannel.swift
[5740/5804] Compiling GRPCNIOTransportCore LoadBalancer.swift
[5741/5804] Compiling GRPCNIOTransportCore LoadBalancerEvent.swift
[5742/5804] Compiling GRPCNIOTransportCore PickFirstLoadBalancer.swift
[5743/5804] Compiling GRPCNIOTransportCore CompressionAlgorithm.swift
[5744/5804] Compiling GRPCNIOTransportCore Zlib.swift
[5745/5804] Compiling GRPCNIOTransportCore GRPCMessageDecoder.swift
[5746/5804] Compiling GRPCNIOTransportCore GRPCMessageFramer.swift
[5747/5804] Compiling GRPCNIOTransportCore GRPCNIOTransportBytes.swift
[5748/5804] Compiling GRPCNIOTransportCore GRPCStreamStateMachine.swift
[5749/5804] Compiling GRPCNIOTransportCore Base64.swift
[5750/5804] Compiling GRPCNIOTransportCore CallOptions+MethodConfig.swift
[5751/5805] Wrapping AST for GRPCNIOTransportCore for debugging
[5753/5818] Compiling GRPCNIOTransportHTTP2TransportServices HTTP2ServerTransport+TransportServices.swift
[5754/5818] Compiling GRPCNIOTransportHTTP2TransportServices HTTP2ClientTransport+TransportServices.swift
[5755/5818] Emitting module GRPCNIOTransportHTTP2TransportServices
[5756/5818] Compiling GRPCNIOTransportHTTP2TransportServices Exports.swift
[5757/5818] Compiling GRPCNIOTransportHTTP2TransportServices Config+TLS.swift
[5759/5819] Compiling GRPCNIOTransportHTTP2Posix SwallowFcntlFailedErrorHandler.swift
[5759/5820] Wrapping AST for GRPCNIOTransportHTTP2TransportServices for debugging
[5761/5820] Compiling GRPCNIOTransportHTTP2Posix NIOClientBootstrap+SocketAddress.swift
[5762/5820] Compiling GRPCNIOTransportHTTP2Posix NIOSSL+GRPC.swift
[5763/5820] Compiling GRPCNIOTransportHTTP2Posix ValidatedCertificateChain.swift
[5764/5820] Compiling GRPCNIOTransportHTTP2Posix Exports.swift
[5765/5820] Compiling GRPCNIOTransportHTTP2Posix Config+TLS.swift
[5766/5820] Compiling GRPCNIOTransportHTTP2Posix HTTP2ServerTransport+Posix.swift
[5767/5820] Compiling GRPCNIOTransportHTTP2Posix HTTP2ClientTransport+Posix.swift
[5768/5820] Emitting module GRPCNIOTransportHTTP2Posix
[5769/5821] Wrapping AST for GRPCNIOTransportHTTP2Posix for debugging
[5771/5823] Compiling GRPCNIOTransportHTTP2 Exports.swift
[5772/5823] Emitting module GRPCNIOTransportHTTP2
[5773/5824] Wrapping AST for GRPCNIOTransportHTTP2 for debugging
[5775/5993] Compiling Temporal ScheduleListAction.swift
/host/spi-builder-workspace/Sources/Temporal/Bridge/BridgeClient.swift:15:8: error: no such module 'Bridge'
 13 | //===----------------------------------------------------------------------===//
 14 |
 15 | import Bridge
    |        `- error: no such module 'Bridge'
 16 | import GRPCCore
 17 | import Logging
[5776/5993] Compiling Temporal ScheduleListDescription.swift
/host/spi-builder-workspace/Sources/Temporal/Bridge/BridgeClient.swift:15:8: error: no such module 'Bridge'
 13 | //===----------------------------------------------------------------------===//
 14 |
 15 | import Bridge
    |        `- error: no such module 'Bridge'
 16 | import GRPCCore
 17 | import Logging
[5777/5993] Compiling Temporal ScheduleListEntry.swift
/host/spi-builder-workspace/Sources/Temporal/Bridge/BridgeClient.swift:15:8: error: no such module 'Bridge'
 13 | //===----------------------------------------------------------------------===//
 14 |
 15 | import Bridge
    |        `- error: no such module 'Bridge'
 16 | import GRPCCore
 17 | import Logging
[5778/5993] Compiling Temporal ScheduleListInfo.swift
/host/spi-builder-workspace/Sources/Temporal/Bridge/BridgeClient.swift:15:8: error: no such module 'Bridge'
 13 | //===----------------------------------------------------------------------===//
 14 |
 15 | import Bridge
    |        `- error: no such module 'Bridge'
 16 | import GRPCCore
 17 | import Logging
[5779/5993] Compiling Temporal ScheduleListState.swift
/host/spi-builder-workspace/Sources/Temporal/Bridge/BridgeClient.swift:15:8: error: no such module 'Bridge'
 13 | //===----------------------------------------------------------------------===//
 14 |
 15 | import Bridge
    |        `- error: no such module 'Bridge'
 16 | import GRPCCore
 17 | import Logging
[5780/5993] Compiling Temporal Schedule.swift
/host/spi-builder-workspace/Sources/Temporal/Bridge/BridgeClient.swift:15:8: error: no such module 'Bridge'
 13 | //===----------------------------------------------------------------------===//
 14 |
 15 | import Bridge
    |        `- error: no such module 'Bridge'
 16 | import GRPCCore
 17 | import Logging
[5781/5993] Compiling Temporal ScheduleAction.swift
/host/spi-builder-workspace/Sources/Temporal/Bridge/BridgeClient.swift:15:8: error: no such module 'Bridge'
 13 | //===----------------------------------------------------------------------===//
 14 |
 15 | import Bridge
    |        `- error: no such module 'Bridge'
 16 | import GRPCCore
 17 | import Logging
[5782/5993] Compiling Temporal ScheduleBackfill.swift
/host/spi-builder-workspace/Sources/Temporal/Bridge/BridgeClient.swift:15:8: error: no such module 'Bridge'
 13 | //===----------------------------------------------------------------------===//
 14 |
 15 | import Bridge
    |        `- error: no such module 'Bridge'
 16 | import GRPCCore
 17 | import Logging
[5783/5993] Compiling Temporal ScheduleCalendarSpecification.swift
/host/spi-builder-workspace/Sources/Temporal/Bridge/BridgeClient.swift:15:8: error: no such module 'Bridge'
 13 | //===----------------------------------------------------------------------===//
 14 |
 15 | import Bridge
    |        `- error: no such module 'Bridge'
 16 | import GRPCCore
 17 | import Logging
[5784/5993] Compiling Temporal ScheduleDescription.swift
/host/spi-builder-workspace/Sources/Temporal/Bridge/BridgeClient.swift:15:8: error: no such module 'Bridge'
 13 | //===----------------------------------------------------------------------===//
 14 |
 15 | import Bridge
    |        `- error: no such module 'Bridge'
 16 | import GRPCCore
 17 | import Logging
[5785/5993] Compiling Temporal ScheduleInfo+Execution.swift
/host/spi-builder-workspace/Sources/Temporal/Bridge/BridgeClient.swift:15:8: error: no such module 'Bridge'
 13 | //===----------------------------------------------------------------------===//
 14 |
 15 | import Bridge
    |        `- error: no such module 'Bridge'
 16 | import GRPCCore
 17 | import Logging
[5786/5993] Compiling Temporal ScheduleInfo.swift
/host/spi-builder-workspace/Sources/Temporal/Bridge/BridgeClient.swift:15:8: error: no such module 'Bridge'
 13 | //===----------------------------------------------------------------------===//
 14 |
 15 | import Bridge
    |        `- error: no such module 'Bridge'
 16 | import GRPCCore
 17 | import Logging
[5787/5993] Compiling Temporal ScheduleIntervalSpecification.swift
/host/spi-builder-workspace/Sources/Temporal/Bridge/BridgeClient.swift:15:8: error: no such module 'Bridge'
 13 | //===----------------------------------------------------------------------===//
 14 |
 15 | import Bridge
    |        `- error: no such module 'Bridge'
 16 | import GRPCCore
 17 | import Logging
[5788/5993] Compiling Temporal ScheduleOptions.swift
/host/spi-builder-workspace/Sources/Temporal/Bridge/BridgeClient.swift:15:8: error: no such module 'Bridge'
 13 | //===----------------------------------------------------------------------===//
 14 |
 15 | import Bridge
    |        `- error: no such module 'Bridge'
 16 | import GRPCCore
 17 | import Logging
[5789/5993] Compiling Temporal SchedulePolicy.swift
/host/spi-builder-workspace/Sources/Temporal/Bridge/BridgeClient.swift:15:8: error: no such module 'Bridge'
 13 | //===----------------------------------------------------------------------===//
 14 |
 15 | import Bridge
    |        `- error: no such module 'Bridge'
 16 | import GRPCCore
 17 | import Logging
[5790/5993] Compiling Temporal ScheduleRange.swift
/host/spi-builder-workspace/Sources/Temporal/Bridge/BridgeClient.swift:15:8: error: no such module 'Bridge'
 13 | //===----------------------------------------------------------------------===//
 14 |
 15 | import Bridge
    |        `- error: no such module 'Bridge'
 16 | import GRPCCore
 17 | import Logging
[5791/5993] Compiling Temporal ScheduleSpecification.swift
/host/spi-builder-workspace/Sources/Temporal/Bridge/BridgeClient.swift:15:8: error: no such module 'Bridge'
 13 | //===----------------------------------------------------------------------===//
 14 |
 15 | import Bridge
    |        `- error: no such module 'Bridge'
 16 | import GRPCCore
 17 | import Logging
[5792/5993] Compiling Temporal ScheduleState.swift
/host/spi-builder-workspace/Sources/Temporal/Bridge/BridgeClient.swift:15:8: error: no such module 'Bridge'
 13 | //===----------------------------------------------------------------------===//
 14 |
 15 | import Bridge
    |        `- error: no such module 'Bridge'
 16 | import GRPCCore
 17 | import Logging
[5793/5993] Compiling Temporal ScheduleUpdate.swift
/host/spi-builder-workspace/Sources/Temporal/Bridge/BridgeClient.swift:15:8: error: no such module 'Bridge'
 13 | //===----------------------------------------------------------------------===//
 14 |
 15 | import Bridge
    |        `- error: no such module 'Bridge'
 16 | import GRPCCore
 17 | import Logging
[5794/5993] Compiling Temporal DeploymentVersion.swift
/host/spi-builder-workspace/Sources/Temporal/Bridge/BridgeClient.swift:15:8: error: no such module 'Bridge'
 13 | //===----------------------------------------------------------------------===//
 14 |
 15 | import Bridge
    |        `- error: no such module 'Bridge'
 16 | import GRPCCore
 17 | import Logging
[5795/5993] Compiling Temporal Priority.swift
/host/spi-builder-workspace/Sources/Temporal/Bridge/BridgeClient.swift:15:8: error: no such module 'Bridge'
 13 | //===----------------------------------------------------------------------===//
 14 |
 15 | import Bridge
    |        `- error: no such module 'Bridge'
 16 | import GRPCCore
 17 | import Logging
[5796/5993] Compiling Temporal RetryPolicy.swift
/host/spi-builder-workspace/Sources/Temporal/Bridge/BridgeClient.swift:15:8: error: no such module 'Bridge'
 13 | //===----------------------------------------------------------------------===//
 14 |
 15 | import Bridge
    |        `- error: no such module 'Bridge'
 16 | import GRPCCore
 17 | import Logging
[5797/5993] Compiling Temporal VersioningOverride.swift
/host/spi-builder-workspace/Sources/Temporal/Bridge/BridgeClient.swift:15:8: error: no such module 'Bridge'
 13 | //===----------------------------------------------------------------------===//
 14 |
 15 | import Bridge
    |        `- error: no such module 'Bridge'
 16 | import GRPCCore
 17 | import Logging
[5798/5993] Compiling Temporal WorkflowExecutionDescription.swift
/host/spi-builder-workspace/Sources/Temporal/Bridge/BridgeClient.swift:15:8: error: no such module 'Bridge'
 13 | //===----------------------------------------------------------------------===//
 14 |
 15 | import Bridge
    |        `- error: no such module 'Bridge'
 16 | import GRPCCore
 17 | import Logging
[5799/5993] Compiling Temporal ListWorkflowsInput.swift
/host/spi-builder-workspace/Sources/Temporal/Bridge/BridgeClient.swift:15:8: error: no such module 'Bridge'
 13 | //===----------------------------------------------------------------------===//
 14 |
 15 | import Bridge
    |        `- error: no such module 'Bridge'
 16 | import GRPCCore
 17 | import Logging
[5800/5993] Compiling Temporal ListWorkflowsPageInput.swift
/host/spi-builder-workspace/Sources/Temporal/Bridge/BridgeClient.swift:15:8: error: no such module 'Bridge'
 13 | //===----------------------------------------------------------------------===//
 14 |
 15 | import Bridge
    |        `- error: no such module 'Bridge'
 16 | import GRPCCore
 17 | import Logging
[5801/5993] Compiling Temporal PollWorkflowUpdateInput.swift
/host/spi-builder-workspace/Sources/Temporal/Bridge/BridgeClient.swift:15:8: error: no such module 'Bridge'
 13 | //===----------------------------------------------------------------------===//
 14 |
 15 | import Bridge
    |        `- error: no such module 'Bridge'
 16 | import GRPCCore
 17 | import Logging
[5802/5993] Compiling Temporal QueryWorkflowInput.swift
/host/spi-builder-workspace/Sources/Temporal/Bridge/BridgeClient.swift:15:8: error: no such module 'Bridge'
 13 | //===----------------------------------------------------------------------===//
 14 |
 15 | import Bridge
    |        `- error: no such module 'Bridge'
 16 | import GRPCCore
 17 | import Logging
[5803/5993] Compiling Temporal SignalWithStartWorkflowInput.swift
/host/spi-builder-workspace/Sources/Temporal/Bridge/BridgeClient.swift:15:8: error: no such module 'Bridge'
 13 | //===----------------------------------------------------------------------===//
 14 |
 15 | import Bridge
    |        `- error: no such module 'Bridge'
 16 | import GRPCCore
 17 | import Logging
[5804/5993] Compiling Temporal SignalWorkflowInput.swift
/host/spi-builder-workspace/Sources/Temporal/Bridge/BridgeClient.swift:15:8: error: no such module 'Bridge'
 13 | //===----------------------------------------------------------------------===//
 14 |
 15 | import Bridge
    |        `- error: no such module 'Bridge'
 16 | import GRPCCore
 17 | import Logging
[5805/5993] Compiling Temporal StartUpdateWithStartWorkflowInput.swift
/host/spi-builder-workspace/Sources/Temporal/Bridge/BridgeClient.swift:15:8: error: no such module 'Bridge'
 13 | //===----------------------------------------------------------------------===//
 14 |
 15 | import Bridge
    |        `- error: no such module 'Bridge'
 16 | import GRPCCore
 17 | import Logging
[5806/5993] Compiling Temporal StartWorkflowInput.swift
/host/spi-builder-workspace/Sources/Temporal/Bridge/BridgeClient.swift:15:8: error: no such module 'Bridge'
 13 | //===----------------------------------------------------------------------===//
 14 |
 15 | import Bridge
    |        `- error: no such module 'Bridge'
 16 | import GRPCCore
 17 | import Logging
[5807/5993] Compiling Temporal StartWorkflowUpdateInput.swift
/host/spi-builder-workspace/Sources/Temporal/Bridge/BridgeClient.swift:15:8: error: no such module 'Bridge'
 13 | //===----------------------------------------------------------------------===//
 14 |
 15 | import Bridge
    |        `- error: no such module 'Bridge'
 16 | import GRPCCore
 17 | import Logging
[5808/5993] Compiling Temporal TerminateWorkflowInput.swift
/host/spi-builder-workspace/Sources/Temporal/Bridge/BridgeClient.swift:15:8: error: no such module 'Bridge'
 13 | //===----------------------------------------------------------------------===//
 14 |
 15 | import Bridge
    |        `- error: no such module 'Bridge'
 16 | import GRPCCore
 17 | import Logging
[5809/5993] Compiling Temporal NamespaceArchivalState.swift
/host/spi-builder-workspace/Sources/Temporal/Bridge/BridgeClient.swift:15:8: error: no such module 'Bridge'
 13 | //===----------------------------------------------------------------------===//
 14 |
 15 | import Bridge
    |        `- error: no such module 'Bridge'
 16 | import GRPCCore
 17 | import Logging
[5810/5993] Compiling Temporal NamespaceBadBinaries.swift
/host/spi-builder-workspace/Sources/Temporal/Bridge/BridgeClient.swift:15:8: error: no such module 'Bridge'
 13 | //===----------------------------------------------------------------------===//
 14 |
 15 | import Bridge
    |        `- error: no such module 'Bridge'
 16 | import GRPCCore
 17 | import Logging
[5811/5993] Compiling Temporal NamespaceConfig.swift
/host/spi-builder-workspace/Sources/Temporal/Bridge/BridgeClient.swift:15:8: error: no such module 'Bridge'
 13 | //===----------------------------------------------------------------------===//
 14 |
 15 | import Bridge
    |        `- error: no such module 'Bridge'
 16 | import GRPCCore
 17 | import Logging
[5812/5993] Compiling Temporal NamespaceDescription.swift
/host/spi-builder-workspace/Sources/Temporal/Bridge/BridgeClient.swift:15:8: error: no such module 'Bridge'
 13 | //===----------------------------------------------------------------------===//
 14 |
 15 | import Bridge
    |        `- error: no such module 'Bridge'
 16 | import GRPCCore
 17 | import Logging
[5813/5993] Compiling Temporal NamespaceFailoverStatus.swift
/host/spi-builder-workspace/Sources/Temporal/Bridge/BridgeClient.swift:15:8: error: no such module 'Bridge'
 13 | //===----------------------------------------------------------------------===//
 14 |
 15 | import Bridge
    |        `- error: no such module 'Bridge'
 16 | import GRPCCore
 17 | import Logging
[5814/5993] Compiling Temporal NamespaceInfo.swift
/host/spi-builder-workspace/Sources/Temporal/Bridge/BridgeClient.swift:15:8: error: no such module 'Bridge'
 13 | //===----------------------------------------------------------------------===//
 14 |
 15 | import Bridge
    |        `- error: no such module 'Bridge'
 16 | import GRPCCore
 17 | import Logging
[5815/5993] Compiling Temporal NamespaceReplicationConfig.swift
/host/spi-builder-workspace/Sources/Temporal/Bridge/BridgeClient.swift:15:8: error: no such module 'Bridge'
 13 | //===----------------------------------------------------------------------===//
 14 |
 15 | import Bridge
    |        `- error: no such module 'Bridge'
 16 | import GRPCCore
 17 | import Logging
[5816/5993] Compiling Temporal NamespaceUpdateInfo.swift
/host/spi-builder-workspace/Sources/Temporal/Bridge/BridgeClient.swift:15:8: error: no such module 'Bridge'
 13 | //===----------------------------------------------------------------------===//
 14 |
 15 | import Bridge
    |        `- error: no such module 'Bridge'
 16 | import GRPCCore
 17 | import Logging
[5817/5993] Compiling Temporal NamespaceUpdatedDescription.swift
/host/spi-builder-workspace/Sources/Temporal/Bridge/BridgeClient.swift:15:8: error: no such module 'Bridge'
 13 | //===----------------------------------------------------------------------===//
 14 |
 15 | import Bridge
    |        `- error: no such module 'Bridge'
 16 | import GRPCCore
 17 | import Logging
[5818/5993] Compiling Temporal NamespaceReference.swift
/host/spi-builder-workspace/Sources/Temporal/Bridge/BridgeClient.swift:15:8: error: no such module 'Bridge'
 13 | //===----------------------------------------------------------------------===//
 14 |
 15 | import Bridge
    |        `- error: no such module 'Bridge'
 16 | import GRPCCore
 17 | import Logging
[5819/5993] Compiling Temporal NamespaceService+Delete.swift
/host/spi-builder-workspace/Sources/Temporal/Bridge/BridgeClient.swift:15:8: error: no such module 'Bridge'
 13 | //===----------------------------------------------------------------------===//
 14 |
 15 | import Bridge
    |        `- error: no such module 'Bridge'
 16 | import GRPCCore
 17 | import Logging
[5820/5993] Compiling Temporal NamespaceService+Deprecate.swift
/host/spi-builder-workspace/Sources/Temporal/Bridge/BridgeClient.swift:15:8: error: no such module 'Bridge'
 13 | //===----------------------------------------------------------------------===//
 14 |
 15 | import Bridge
    |        `- error: no such module 'Bridge'
 16 | import GRPCCore
 17 | import Logging
[5821/5993] Compiling Temporal NamespaceService+Describe.swift
/host/spi-builder-workspace/Sources/Temporal/Bridge/BridgeClient.swift:15:8: error: no such module 'Bridge'
 13 | //===----------------------------------------------------------------------===//
 14 |
 15 | import Bridge
    |        `- error: no such module 'Bridge'
 16 | import GRPCCore
 17 | import Logging
[5822/5993] Compiling Temporal NamespaceService+List.swift
/host/spi-builder-workspace/Sources/Temporal/Bridge/BridgeClient.swift:15:8: error: no such module 'Bridge'
 13 | //===----------------------------------------------------------------------===//
 14 |
 15 | import Bridge
    |        `- error: no such module 'Bridge'
 16 | import GRPCCore
 17 | import Logging
[5823/5993] Compiling Temporal NamespaceService+Register.swift
/host/spi-builder-workspace/Sources/Temporal/Bridge/BridgeClient.swift:15:8: error: no such module 'Bridge'
 13 | //===----------------------------------------------------------------------===//
 14 |
 15 | import Bridge
    |        `- error: no such module 'Bridge'
 16 | import GRPCCore
 17 | import Logging
[5824/5993] Compiling Temporal NamespaceService+Update.swift
/host/spi-builder-workspace/Sources/Temporal/Bridge/BridgeClient.swift:15:8: error: no such module 'Bridge'
 13 | //===----------------------------------------------------------------------===//
 14 |
 15 | import Bridge
    |        `- error: no such module 'Bridge'
 16 | import GRPCCore
 17 | import Logging
[5825/5993] Compiling Temporal TemporalClient+NamespaceService.swift
/host/spi-builder-workspace/Sources/Temporal/Bridge/BridgeClient.swift:15:8: error: no such module 'Bridge'
 13 | //===----------------------------------------------------------------------===//
 14 |
 15 | import Bridge
    |        `- error: no such module 'Bridge'
 16 | import GRPCCore
 17 | import Logging
[5826/5993] Compiling Temporal SearchAttributeKeyCollection.swift
/host/spi-builder-workspace/Sources/Temporal/Bridge/BridgeClient.swift:15:8: error: no such module 'Bridge'
 13 | //===----------------------------------------------------------------------===//
 14 |
 15 | import Bridge
    |        `- error: no such module 'Bridge'
 16 | import GRPCCore
 17 | import Logging
[5827/5993] Compiling Temporal OperatorService+SearchAttributes.swift
/host/spi-builder-workspace/Sources/Temporal/Bridge/BridgeClient.swift:15:8: error: no such module 'Bridge'
 13 | //===----------------------------------------------------------------------===//
 14 |
 15 | import Bridge
    |        `- error: no such module 'Bridge'
 16 | import GRPCCore
 17 | import Logging
[5828/5993] Compiling Temporal TemporalClient+OperatorService.swift
/host/spi-builder-workspace/Sources/Temporal/Bridge/BridgeClient.swift:15:8: error: no such module 'Bridge'
 13 | //===----------------------------------------------------------------------===//
 14 |
 15 | import Bridge
    |        `- error: no such module 'Bridge'
 16 | import GRPCCore
 17 | import Logging
[5829/5993] Compiling Temporal FlattenedAsyncSequence.swift
/host/spi-builder-workspace/Sources/Temporal/Bridge/BridgeClient.swift:15:8: error: no such module 'Bridge'
 13 | //===----------------------------------------------------------------------===//
 14 |
 15 | import Bridge
    |        `- error: no such module 'Bridge'
 16 | import GRPCCore
 17 | import Logging
[5830/5993] Compiling Temporal PaginatedResponseSequence.swift
/host/spi-builder-workspace/Sources/Temporal/Bridge/BridgeClient.swift:15:8: error: no such module 'Bridge'
 13 | //===----------------------------------------------------------------------===//
 14 |
 15 | import Bridge
    |        `- error: no such module 'Bridge'
 16 | import GRPCCore
 17 | import Logging
[5831/5993] Compiling Temporal WithPagination.swift
/host/spi-builder-workspace/Sources/Temporal/Bridge/BridgeClient.swift:15:8: error: no such module 'Bridge'
 13 | //===----------------------------------------------------------------------===//
 14 |
 15 | import Bridge
    |        `- error: no such module 'Bridge'
 16 | import GRPCCore
 17 | import Logging
[5832/5993] Compiling Temporal TemporalClient+AsyncActivityHandle.swift
/host/spi-builder-workspace/Sources/Temporal/Bridge/BridgeClient.swift:15:8: error: no such module 'Bridge'
 13 | //===----------------------------------------------------------------------===//
 14 |
 15 | import Bridge
    |        `- error: no such module 'Bridge'
 16 | import GRPCCore
 17 | import Logging
[5833/5993] Compiling Temporal TemporalClient+Configuration.swift
/host/spi-builder-workspace/Sources/Temporal/Bridge/BridgeClient.swift:15:8: error: no such module 'Bridge'
 13 | //===----------------------------------------------------------------------===//
 14 |
 15 | import Bridge
    |        `- error: no such module 'Bridge'
 16 | import GRPCCore
 17 | import Logging
[5834/5993] Compiling Temporal TemporalClient+ConfiguredClient.swift
/host/spi-builder-workspace/Sources/Temporal/Bridge/BridgeClient.swift:15:8: error: no such module 'Bridge'
 13 | //===----------------------------------------------------------------------===//
 14 |
 15 | import Bridge
    |        `- error: no such module 'Bridge'
 16 | import GRPCCore
 17 | import Logging
[5835/5993] Compiling Temporal TemporalClient+InstrumentationConfiguration.swift
/host/spi-builder-workspace/Sources/Temporal/Bridge/BridgeClient.swift:15:8: error: no such module 'Bridge'
 13 | //===----------------------------------------------------------------------===//
 14 |
 15 | import Bridge
    |        `- error: no such module 'Bridge'
 16 | import GRPCCore
 17 | import Logging
[5836/5993] Compiling Temporal TemporalClient+Interceptors.swift
/host/spi-builder-workspace/Sources/Temporal/Bridge/BridgeClient.swift:15:8: error: no such module 'Bridge'
 13 | //===----------------------------------------------------------------------===//
 14 |
 15 | import Bridge
    |        `- error: no such module 'Bridge'
 16 | import GRPCCore
 17 | import Logging
[5837/5993] Compiling Temporal TemporalClient+ScheduleHandle.swift
/host/spi-builder-workspace/Sources/Temporal/Bridge/BridgeClient.swift:15:8: error: no such module 'Bridge'
 13 | //===----------------------------------------------------------------------===//
 14 |
 15 | import Bridge
    |        `- error: no such module 'Bridge'
 16 | import GRPCCore
 17 | import Logging
[5838/5993] Compiling Temporal TemporalClient+ServiceLifecycle.swift
/host/spi-builder-workspace/Sources/Temporal/Bridge/BridgeClient.swift:15:8: error: no such module 'Bridge'
 13 | //===----------------------------------------------------------------------===//
 14 |
 15 | import Bridge
    |        `- error: no such module 'Bridge'
 16 | import GRPCCore
 17 | import Logging
[5839/5993] Compiling Temporal TemporalClient+UntypedScheduleHandle.swift
/host/spi-builder-workspace/Sources/Temporal/Bridge/BridgeClient.swift:15:8: error: no such module 'Bridge'
 13 | //===----------------------------------------------------------------------===//
 14 |
 15 | import Bridge
    |        `- error: no such module 'Bridge'
 16 | import GRPCCore
 17 | import Logging
[5840/5993] Compiling Temporal TemporalClient+UntypedWorkflowHandle.swift
/host/spi-builder-workspace/Sources/Temporal/Bridge/BridgeClient.swift:15:8: error: no such module 'Bridge'
 13 | //===----------------------------------------------------------------------===//
 14 |
 15 | import Bridge
    |        `- error: no such module 'Bridge'
 16 | import GRPCCore
 17 | import Logging
[5841/5993] Compiling Temporal TemporalClient+WorkflowHandle.swift
/host/spi-builder-workspace/Sources/Temporal/Bridge/BridgeClient.swift:15:8: error: no such module 'Bridge'
 13 | //===----------------------------------------------------------------------===//
 14 |
 15 | import Bridge
    |        `- error: no such module 'Bridge'
 16 | import GRPCCore
 17 | import Logging
[5842/5993] Compiling Temporal TemporalClient.swift
/host/spi-builder-workspace/Sources/Temporal/Bridge/BridgeClient.swift:15:8: error: no such module 'Bridge'
 13 | //===----------------------------------------------------------------------===//
 14 |
 15 | import Bridge
    |        `- error: no such module 'Bridge'
 16 | import GRPCCore
 17 | import Logging
[5843/5993] Compiling Temporal AsyncActivityCompletionOptions.swift
/host/spi-builder-workspace/Sources/Temporal/Bridge/BridgeClient.swift:15:8: error: no such module 'Bridge'
 13 | //===----------------------------------------------------------------------===//
 14 |
 15 | import Bridge
    |        `- error: no such module 'Bridge'
 16 | import GRPCCore
 17 | import Logging
[5844/5993] Compiling Temporal AsyncActivityFailOptions.swift
/host/spi-builder-workspace/Sources/Temporal/Bridge/BridgeClient.swift:15:8: error: no such module 'Bridge'
 13 | //===----------------------------------------------------------------------===//
 14 |
 15 | import Bridge
    |        `- error: no such module 'Bridge'
 16 | import GRPCCore
 17 | import Logging
[5845/5993] Compiling Temporal AsyncActivityHeartbeatOptions.swift
/host/spi-builder-workspace/Sources/Temporal/Bridge/BridgeClient.swift:15:8: error: no such module 'Bridge'
 13 | //===----------------------------------------------------------------------===//
 14 |
 15 | import Bridge
    |        `- error: no such module 'Bridge'
 16 | import GRPCCore
 17 | import Logging
[5846/5993] Compiling Temporal AsyncActivityReportCancellationOptions.swift
/host/spi-builder-workspace/Sources/Temporal/Bridge/BridgeClient.swift:15:8: error: no such module 'Bridge'
 13 | //===----------------------------------------------------------------------===//
 14 |
 15 | import Bridge
    |        `- error: no such module 'Bridge'
 16 | import GRPCCore
 17 | import Logging
[5847/6065] Compiling Temporal Data+Bridge.swift
/host/spi-builder-workspace/Sources/Temporal/Bridge/BridgeClient.swift:15:8: error: no such module 'Bridge'
 13 | //===----------------------------------------------------------------------===//
 14 |
 15 | import Bridge
    |        `- error: no such module 'Bridge'
 16 | import GRPCCore
 17 | import Logging
[5848/6065] Compiling Temporal Duration+Milliseconds.swift
/host/spi-builder-workspace/Sources/Temporal/Bridge/BridgeClient.swift:15:8: error: no such module 'Bridge'
 13 | //===----------------------------------------------------------------------===//
 14 |
 15 | import Bridge
    |        `- error: no such module 'Bridge'
 16 | import GRPCCore
 17 | import Logging
[5849/6065] Compiling Temporal SlotSupplier+Bridge.swift
/host/spi-builder-workspace/Sources/Temporal/Bridge/BridgeClient.swift:15:8: error: no such module 'Bridge'
 13 | //===----------------------------------------------------------------------===//
 14 |
 15 | import Bridge
    |        `- error: no such module 'Bridge'
 16 | import GRPCCore
 17 | import Logging
[5850/6065] Compiling Temporal String+Bridge.swift
/host/spi-builder-workspace/Sources/Temporal/Bridge/BridgeClient.swift:15:8: error: no such module 'Bridge'
 13 | //===----------------------------------------------------------------------===//
 14 |
 15 | import Bridge
    |        `- error: no such module 'Bridge'
 16 | import GRPCCore
 17 | import Logging
[5851/6065] Compiling Temporal UnsafeTransfer.swift
/host/spi-builder-workspace/Sources/Temporal/Bridge/BridgeClient.swift:15:8: error: no such module 'Bridge'
 13 | //===----------------------------------------------------------------------===//
 14 |
 15 | import Bridge
    |        `- error: no such module 'Bridge'
 16 | import GRPCCore
 17 | import Logging
[5852/6065] Compiling Temporal TelemetryOptions.swift
/host/spi-builder-workspace/Sources/Temporal/Bridge/BridgeClient.swift:15:8: error: no such module 'Bridge'
 13 | //===----------------------------------------------------------------------===//
 14 |
 15 | import Bridge
    |        `- error: no such module 'Bridge'
 16 | import GRPCCore
 17 | import Logging
[5853/6065] Compiling Temporal BridgeWorker+OptionsInit.swift
/host/spi-builder-workspace/Sources/Temporal/Bridge/BridgeClient.swift:15:8: error: no such module 'Bridge'
 13 | //===----------------------------------------------------------------------===//
 14 |
 15 | import Bridge
    |        `- error: no such module 'Bridge'
 16 | import GRPCCore
 17 | import Logging
[5854/6065] Compiling Temporal UInt8ArrayDeserializer.swift
/host/spi-builder-workspace/Sources/Temporal/Bridge/BridgeClient.swift:15:8: error: no such module 'Bridge'
 13 | //===----------------------------------------------------------------------===//
 14 |
 15 | import Bridge
    |        `- error: no such module 'Bridge'
 16 | import GRPCCore
 17 | import Logging
[5855/6065] Compiling Temporal UInt8ArraySerializer.swift
/host/spi-builder-workspace/Sources/Temporal/Bridge/BridgeClient.swift:15:8: error: no such module 'Bridge'
 13 | //===----------------------------------------------------------------------===//
 14 |
 15 | import Bridge
    |        `- error: no such module 'Bridge'
 16 | import GRPCCore
 17 | import Logging
[5856/6065] Compiling Temporal WorkerClientQueue.swift
/host/spi-builder-workspace/Sources/Temporal/Bridge/BridgeClient.swift:15:8: error: no such module 'Bridge'
 13 | //===----------------------------------------------------------------------===//
 14 |
 15 | import Bridge
    |        `- error: no such module 'Bridge'
 16 | import GRPCCore
 17 | import Logging
[5857/6065] Compiling Temporal CallOptions+Retry.swift
/host/spi-builder-workspace/Sources/Temporal/Bridge/BridgeClient.swift:15:8: error: no such module 'Bridge'
 13 | //===----------------------------------------------------------------------===//
 14 |
 15 | import Bridge
    |        `- error: no such module 'Bridge'
 16 | import GRPCCore
 17 | import Logging
[5858/6065] Compiling Temporal AsyncActivityHandle+Operations.swift
/host/spi-builder-workspace/Sources/Temporal/Bridge/BridgeClient.swift:15:8: error: no such module 'Bridge'
 13 | //===----------------------------------------------------------------------===//
 14 |
 15 | import Bridge
    |        `- error: no such module 'Bridge'
 16 | import GRPCCore
 17 | import Logging
[5859/6065] Compiling Temporal AsyncActivityHandle.swift
/host/spi-builder-workspace/Sources/Temporal/Bridge/BridgeClient.swift:15:8: error: no such module 'Bridge'
 13 | //===----------------------------------------------------------------------===//
 14 |
 15 | import Bridge
    |        `- error: no such module 'Bridge'
 16 | import GRPCCore
 17 | import Logging
[5860/6065] Compiling Temporal ScheduleHandle+Operations.swift
/host/spi-builder-workspace/Sources/Temporal/Bridge/BridgeClient.swift:15:8: error: no such module 'Bridge'
 13 | //===----------------------------------------------------------------------===//
 14 |
 15 | import Bridge
    |        `- error: no such module 'Bridge'
 16 | import GRPCCore
 17 | import Logging
[5861/6065] Compiling Temporal ScheduleHandle.swift
/host/spi-builder-workspace/Sources/Temporal/Bridge/BridgeClient.swift:15:8: error: no such module 'Bridge'
 13 | //===----------------------------------------------------------------------===//
 14 |
 15 | import Bridge
    |        `- error: no such module 'Bridge'
 16 | import GRPCCore
 17 | import Logging
[5862/6065] Compiling Temporal UntypedScheduleHandle+Operations.swift
/host/spi-builder-workspace/Sources/Temporal/Bridge/BridgeClient.swift:15:8: error: no such module 'Bridge'
 13 | //===----------------------------------------------------------------------===//
 14 |
 15 | import Bridge
    |        `- error: no such module 'Bridge'
 16 | import GRPCCore
 17 | import Logging
[5863/6065] Compiling Temporal UntypedScheduleHandle.swift
/host/spi-builder-workspace/Sources/Temporal/Bridge/BridgeClient.swift:15:8: error: no such module 'Bridge'
 13 | //===----------------------------------------------------------------------===//
 14 |
 15 | import Bridge
    |        `- error: no such module 'Bridge'
 16 | import GRPCCore
 17 | import Logging
[5864/6065] Compiling Temporal UntypedWorkflowHandle+Operations.swift
/host/spi-builder-workspace/Sources/Temporal/Bridge/BridgeClient.swift:15:8: error: no such module 'Bridge'
 13 | //===----------------------------------------------------------------------===//
 14 |
 15 | import Bridge
    |        `- error: no such module 'Bridge'
 16 | import GRPCCore
 17 | import Logging
[5865/6065] Compiling Temporal UntypedWorkflowHandle.swift
/host/spi-builder-workspace/Sources/Temporal/Bridge/BridgeClient.swift:15:8: error: no such module 'Bridge'
 13 | //===----------------------------------------------------------------------===//
 14 |
 15 | import Bridge
    |        `- error: no such module 'Bridge'
 16 | import GRPCCore
 17 | import Logging
[5866/6065] Compiling Temporal UntypedWorkflowUpdateHandle+Operations.swift
/host/spi-builder-workspace/Sources/Temporal/Bridge/BridgeClient.swift:15:8: error: no such module 'Bridge'
 13 | //===----------------------------------------------------------------------===//
 14 |
 15 | import Bridge
    |        `- error: no such module 'Bridge'
 16 | import GRPCCore
 17 | import Logging
[5867/6065] Compiling Temporal UntypedWorkflowUpdateHandle.swift
/host/spi-builder-workspace/Sources/Temporal/Bridge/BridgeClient.swift:15:8: error: no such module 'Bridge'
 13 | //===----------------------------------------------------------------------===//
 14 |
 15 | import Bridge
    |        `- error: no such module 'Bridge'
 16 | import GRPCCore
 17 | import Logging
[5868/6065] Compiling Temporal WorkflowHandle+Operations.swift
/host/spi-builder-workspace/Sources/Temporal/Bridge/BridgeClient.swift:15:8: error: no such module 'Bridge'
 13 | //===----------------------------------------------------------------------===//
 14 |
 15 | import Bridge
    |        `- error: no such module 'Bridge'
 16 | import GRPCCore
 17 | import Logging
[5869/6065] Compiling Temporal WorkflowHandle.swift
/host/spi-builder-workspace/Sources/Temporal/Bridge/BridgeClient.swift:15:8: error: no such module 'Bridge'
 13 | //===----------------------------------------------------------------------===//
 14 |
 15 | import Bridge
    |        `- error: no such module 'Bridge'
 16 | import GRPCCore
 17 | import Logging
[5870/6065] Compiling Temporal WorkflowUpdateHandle+Operations.swift
/host/spi-builder-workspace/Sources/Temporal/Bridge/BridgeClient.swift:15:8: error: no such module 'Bridge'
 13 | //===----------------------------------------------------------------------===//
 14 |
 15 | import Bridge
    |        `- error: no such module 'Bridge'
 16 | import GRPCCore
 17 | import Logging
[5871/6089] Compiling Temporal PayloadConverterError.swift
/host/spi-builder-workspace/Sources/Temporal/Bridge/BridgeClient.swift:15:8: error: no such module 'Bridge'
 13 | //===----------------------------------------------------------------------===//
 14 |
 15 | import Bridge
    |        `- error: no such module 'Bridge'
 16 | import GRPCCore
 17 | import Logging
[5872/6089] Compiling Temporal ScheduleAlreadyRunningError.swift
/host/spi-builder-workspace/Sources/Temporal/Bridge/BridgeClient.swift:15:8: error: no such module 'Bridge'
 13 | //===----------------------------------------------------------------------===//
 14 |
 15 | import Bridge
    |        `- error: no such module 'Bridge'
 16 | import GRPCCore
 17 | import Logging
[5873/6089] Compiling Temporal TemporalError.swift
/host/spi-builder-workspace/Sources/Temporal/Bridge/BridgeClient.swift:15:8: error: no such module 'Bridge'
 13 | //===----------------------------------------------------------------------===//
 14 |
 15 | import Bridge
    |        `- error: no such module 'Bridge'
 16 | import GRPCCore
 17 | import Logging
[5874/6089] Compiling Temporal UnknownError.swift
/host/spi-builder-workspace/Sources/Temporal/Bridge/BridgeClient.swift:15:8: error: no such module 'Bridge'
 13 | //===----------------------------------------------------------------------===//
 14 |
 15 | import Bridge
    |        `- error: no such module 'Bridge'
 16 | import GRPCCore
 17 | import Logging
[5875/6089] Compiling Temporal UnknownWorkflowEventError.swift
/host/spi-builder-workspace/Sources/Temporal/Bridge/BridgeClient.swift:15:8: error: no such module 'Bridge'
 13 | //===----------------------------------------------------------------------===//
 14 |
 15 | import Bridge
    |        `- error: no such module 'Bridge'
 16 | import GRPCCore
 17 | import Logging
[5876/6089] Compiling Temporal WorkflowContinuedAsNewError.swift
/host/spi-builder-workspace/Sources/Temporal/Bridge/BridgeClient.swift:15:8: error: no such module 'Bridge'
 13 | //===----------------------------------------------------------------------===//
 14 |
 15 | import Bridge
    |        `- error: no such module 'Bridge'
 16 | import GRPCCore
 17 | import Logging
[5877/6089] Compiling Temporal WorkflowFailedError.swift
/host/spi-builder-workspace/Sources/Temporal/Bridge/BridgeClient.swift:15:8: error: no such module 'Bridge'
 13 | //===----------------------------------------------------------------------===//
 14 |
 15 | import Bridge
    |        `- error: no such module 'Bridge'
 16 | import GRPCCore
 17 | import Logging
[5878/6089] Compiling Temporal WorkflowHistoryEmptyError.swift
/host/spi-builder-workspace/Sources/Temporal/Bridge/BridgeClient.swift:15:8: error: no such module 'Bridge'
 13 | //===----------------------------------------------------------------------===//
 14 |
 15 | import Bridge
    |        `- error: no such module 'Bridge'
 16 | import GRPCCore
 17 | import Logging
[5879/6089] Compiling Temporal WorkflowNondeterminismError.swift
/host/spi-builder-workspace/Sources/Temporal/Bridge/BridgeClient.swift:15:8: error: no such module 'Bridge'
 13 | //===----------------------------------------------------------------------===//
 14 |
 15 | import Bridge
    |        `- error: no such module 'Bridge'
 16 | import GRPCCore
 17 | import Logging
[5880/6089] Compiling Temporal WorkflowQueryFailedError.swift
/host/spi-builder-workspace/Sources/Temporal/Bridge/BridgeClient.swift:15:8: error: no such module 'Bridge'
 13 | //===----------------------------------------------------------------------===//
 14 |
 15 | import Bridge
    |        `- error: no such module 'Bridge'
 16 | import GRPCCore
 17 | import Logging
[5881/6089] Compiling Temporal WorkflowQueryRejectedError.swift
/host/spi-builder-workspace/Sources/Temporal/Bridge/BridgeClient.swift:15:8: error: no such module 'Bridge'
 13 | //===----------------------------------------------------------------------===//
 14 |
 15 | import Bridge
    |        `- error: no such module 'Bridge'
 16 | import GRPCCore
 17 | import Logging
[5882/6089] Compiling Temporal WorkflowRemovedFromCacheError.swift
/host/spi-builder-workspace/Sources/Temporal/Bridge/BridgeClient.swift:15:8: error: no such module 'Bridge'
 13 | //===----------------------------------------------------------------------===//
 14 |
 15 | import Bridge
    |        `- error: no such module 'Bridge'
 16 | import GRPCCore
 17 | import Logging
[5883/6089] Compiling Temporal WorkflowUpdateFailedError.swift
/host/spi-builder-workspace/Sources/Temporal/Bridge/BridgeClient.swift:15:8: error: no such module 'Bridge'
 13 | //===----------------------------------------------------------------------===//
 14 |
 15 | import Bridge
    |        `- error: no such module 'Bridge'
 16 | import GRPCCore
 17 | import Logging
[5884/6089] Compiling Temporal WorkflowUpdateRPCTimeoutOrCanceledError.swift
/host/spi-builder-workspace/Sources/Temporal/Bridge/BridgeClient.swift:15:8: error: no such module 'Bridge'
 13 | //===----------------------------------------------------------------------===//
 14 |
 15 | import Bridge
    |        `- error: no such module 'Bridge'
 16 | import GRPCCore
 17 | import Logging
[5885/6089] Compiling Temporal ChildWorkflowCancellationType+Proto.swift
/host/spi-builder-workspace/Sources/Temporal/Bridge/BridgeClient.swift:15:8: error: no such module 'Bridge'
 13 | //===----------------------------------------------------------------------===//
 14 |
 15 | import Bridge
    |        `- error: no such module 'Bridge'
 16 | import GRPCCore
 17 | import Logging
[5886/6089] Compiling Temporal ChildWorkflowOptions+Proto.swift
/host/spi-builder-workspace/Sources/Temporal/Bridge/BridgeClient.swift:15:8: error: no such module 'Bridge'
 13 | //===----------------------------------------------------------------------===//
 14 |
 15 | import Bridge
    |        `- error: no such module 'Bridge'
 16 | import GRPCCore
 17 | import Logging
[5887/6089] Compiling Temporal ContinueAsNewWorkflowExecution+ContinueAsNewError.swift
/host/spi-builder-workspace/Sources/Temporal/Bridge/BridgeClient.swift:15:8: error: no such module 'Bridge'
 13 | //===----------------------------------------------------------------------===//
 14 |
 15 | import Bridge
    |        `- error: no such module 'Bridge'
 16 | import GRPCCore
 17 | import Logging
[5888/6089] Compiling Temporal CreateScheduleRequest+Proto.swift
/host/spi-builder-workspace/Sources/Temporal/Bridge/BridgeClient.swift:15:8: error: no such module 'Bridge'
 13 | //===----------------------------------------------------------------------===//
 14 |
 15 | import Bridge
    |        `- error: no such module 'Bridge'
 16 | import GRPCCore
 17 | import Logging
[5889/6089] Compiling Temporal ProtobufDuration+Duration.swift
/host/spi-builder-workspace/Sources/Temporal/Bridge/BridgeClient.swift:15:8: error: no such module 'Bridge'
 13 | //===----------------------------------------------------------------------===//
 14 |
 15 | import Bridge
    |        `- error: no such module 'Bridge'
 16 | import GRPCCore
 17 | import Logging
[5890/6089] Compiling Temporal ScheduleActivity+Proto.swift
/host/spi-builder-workspace/Sources/Temporal/Bridge/BridgeClient.swift:15:8: error: no such module 'Bridge'
 13 | //===----------------------------------------------------------------------===//
 14 |
 15 | import Bridge
    |        `- error: no such module 'Bridge'
 16 | import GRPCCore
 17 | import Logging
[5891/6089] Compiling Temporal ScheduleLocalActivity.swift
/host/spi-builder-workspace/Sources/Temporal/Bridge/BridgeClient.swift:15:8: error: no such module 'Bridge'
 13 | //===----------------------------------------------------------------------===//
 14 |
 15 | import Bridge
    |        `- error: no such module 'Bridge'
 16 | import GRPCCore
 17 | import Logging
[5892/6089] Compiling Temporal SignalWithStartWorkflowExecutionRequest+Proto.swift
/host/spi-builder-workspace/Sources/Temporal/Bridge/BridgeClient.swift:15:8: error: no such module 'Bridge'
 13 | //===----------------------------------------------------------------------===//
 14 |
 15 | import Bridge
    |        `- error: no such module 'Bridge'
 16 | import GRPCCore
 17 | import Logging
[5893/6089] Compiling Temporal StartWorkflowExecutionRequest+Proto.swift
/host/spi-builder-workspace/Sources/Temporal/Bridge/BridgeClient.swift:15:8: error: no such module 'Bridge'
 13 | //===----------------------------------------------------------------------===//
 14 |
 15 | import Bridge
    |        `- error: no such module 'Bridge'
 16 | import GRPCCore
 17 | import Logging
[5894/6089] Compiling Temporal SuggestContinueAsNewReason+Proto.swift
/host/spi-builder-workspace/Sources/Temporal/Bridge/BridgeClient.swift:15:8: error: no such module 'Bridge'
 13 | //===----------------------------------------------------------------------===//
 14 |
 15 | import Bridge
    |        `- error: no such module 'Bridge'
 16 | import GRPCCore
 17 | import Logging
[5895/6113] Compiling Temporal DefaultPayloadConverter.swift
/host/spi-builder-workspace/Sources/Temporal/Bridge/BridgeClient.swift:15:8: error: no such module 'Bridge'
 13 | //===----------------------------------------------------------------------===//
 14 |
 15 | import Bridge
    |        `- error: no such module 'Bridge'
 16 | import GRPCCore
 17 | import Logging
[5896/6113] Compiling Temporal EncodingPayloadConverter.swift
/host/spi-builder-workspace/Sources/Temporal/Bridge/BridgeClient.swift:15:8: error: no such module 'Bridge'
 13 | //===----------------------------------------------------------------------===//
 14 |
 15 | import Bridge
    |        `- error: no such module 'Bridge'
 16 | import GRPCCore
 17 | import Logging
[5897/6113] Compiling Temporal FailureConverter.swift
/host/spi-builder-workspace/Sources/Temporal/Bridge/BridgeClient.swift:15:8: error: no such module 'Bridge'
 13 | //===----------------------------------------------------------------------===//
 14 |
 15 | import Bridge
    |        `- error: no such module 'Bridge'
 16 | import GRPCCore
 17 | import Logging
[5898/6113] Compiling Temporal JSONPayloadConverter.swift
/host/spi-builder-workspace/Sources/Temporal/Bridge/BridgeClient.swift:15:8: error: no such module 'Bridge'
 13 | //===----------------------------------------------------------------------===//
 14 |
 15 | import Bridge
    |        `- error: no such module 'Bridge'
 16 | import GRPCCore
 17 | import Logging
[5899/6113] Compiling Temporal JSONProtobufPayloadConverter.swift
/host/spi-builder-workspace/Sources/Temporal/Bridge/BridgeClient.swift:15:8: error: no such module 'Bridge'
 13 | //===----------------------------------------------------------------------===//
 14 |
 15 | import Bridge
    |        `- error: no such module 'Bridge'
 16 | import GRPCCore
 17 | import Logging
[5900/6113] Compiling Temporal PayloadCodec.swift
/host/spi-builder-workspace/Sources/Temporal/Bridge/BridgeClient.swift:15:8: error: no such module 'Bridge'
 13 | //===----------------------------------------------------------------------===//
 14 |
 15 | import Bridge
    |        `- error: no such module 'Bridge'
 16 | import GRPCCore
 17 | import Logging
[5901/6113] Compiling Temporal PayloadConverter.swift
/host/spi-builder-workspace/Sources/Temporal/Bridge/BridgeClient.swift:15:8: error: no such module 'Bridge'
 13 | //===----------------------------------------------------------------------===//
 14 |
 15 | import Bridge
    |        `- error: no such module 'Bridge'
 16 | import GRPCCore
 17 | import Logging
[5902/6113] Compiling Temporal ArgumentError.swift
/host/spi-builder-workspace/Sources/Temporal/Bridge/BridgeClient.swift:15:8: error: no such module 'Bridge'
 13 | //===----------------------------------------------------------------------===//
 14 |
 15 | import Bridge
    |        `- error: no such module 'Bridge'
 16 | import GRPCCore
 17 | import Logging
[5903/6113] Compiling Temporal AsyncActivityCanceledError.swift
/host/spi-builder-workspace/Sources/Temporal/Bridge/BridgeClient.swift:15:8: error: no such module 'Bridge'
 13 | //===----------------------------------------------------------------------===//
 14 |
 15 | import Bridge
    |        `- error: no such module 'Bridge'
 16 | import GRPCCore
 17 | import Logging
[5904/6113] Compiling Temporal CompleteAsyncError.swift
/host/spi-builder-workspace/Sources/Temporal/Bridge/BridgeClient.swift:15:8: error: no such module 'Bridge'
 13 | //===----------------------------------------------------------------------===//
 14 |
 15 | import Bridge
    |        `- error: no such module 'Bridge'
 16 | import GRPCCore
 17 | import Logging
[5905/6113] Compiling Temporal ContinueAsNewError.swift
/host/spi-builder-workspace/Sources/Temporal/Bridge/BridgeClient.swift:15:8: error: no such module 'Bridge'
 13 | //===----------------------------------------------------------------------===//
 14 |
 15 | import Bridge
    |        `- error: no such module 'Bridge'
 16 | import GRPCCore
 17 | import Logging
[5906/6113] Compiling Temporal Error+isTemporalCancellation.swift
/host/spi-builder-workspace/Sources/Temporal/Bridge/BridgeClient.swift:15:8: error: no such module 'Bridge'
 13 | //===----------------------------------------------------------------------===//
 14 |
 15 | import Bridge
    |        `- error: no such module 'Bridge'
 16 | import GRPCCore
 17 | import Logging
[5907/6113] Compiling Temporal ActivityError.swift
/host/spi-builder-workspace/Sources/Temporal/Bridge/BridgeClient.swift:15:8: error: no such module 'Bridge'
 13 | //===----------------------------------------------------------------------===//
 14 |
 15 | import Bridge
    |        `- error: no such module 'Bridge'
 16 | import GRPCCore
 17 | import Logging
[5908/6113] Compiling Temporal ApplicationError.swift
/host/spi-builder-workspace/Sources/Temporal/Bridge/BridgeClient.swift:15:8: error: no such module 'Bridge'
 13 | //===----------------------------------------------------------------------===//
 14 |
 15 | import Bridge
    |        `- error: no such module 'Bridge'
 16 | import GRPCCore
 17 | import Logging
[5909/6113] Compiling Temporal BasicTemporalFailureError.swift
/host/spi-builder-workspace/Sources/Temporal/Bridge/BridgeClient.swift:15:8: error: no such module 'Bridge'
 13 | //===----------------------------------------------------------------------===//
 14 |
 15 | import Bridge
    |        `- error: no such module 'Bridge'
 16 | import GRPCCore
 17 | import Logging
[5910/6113] Compiling Temporal CanceledError.swift
/host/spi-builder-workspace/Sources/Temporal/Bridge/BridgeClient.swift:15:8: error: no such module 'Bridge'
 13 | //===----------------------------------------------------------------------===//
 14 |
 15 | import Bridge
    |        `- error: no such module 'Bridge'
 16 | import GRPCCore
 17 | import Logging
[5911/6113] Compiling Temporal ChildWorkflowFailure.swift
/host/spi-builder-workspace/Sources/Temporal/Bridge/BridgeClient.swift:15:8: error: no such module 'Bridge'
 13 | //===----------------------------------------------------------------------===//
 14 |
 15 | import Bridge
    |        `- error: no such module 'Bridge'
 16 | import GRPCCore
 17 | import Logging
[5912/6113] Compiling Temporal ServerError.swift
/host/spi-builder-workspace/Sources/Temporal/Bridge/BridgeClient.swift:15:8: error: no such module 'Bridge'
 13 | //===----------------------------------------------------------------------===//
 14 |
 15 | import Bridge
    |        `- error: no such module 'Bridge'
 16 | import GRPCCore
 17 | import Logging
[5913/6113] Compiling Temporal TemporalFailureError.swift
/host/spi-builder-workspace/Sources/Temporal/Bridge/BridgeClient.swift:15:8: error: no such module 'Bridge'
 13 | //===----------------------------------------------------------------------===//
 14 |
 15 | import Bridge
    |        `- error: no such module 'Bridge'
 16 | import GRPCCore
 17 | import Logging
[5914/6113] Compiling Temporal TerminatedError.swift
/host/spi-builder-workspace/Sources/Temporal/Bridge/BridgeClient.swift:15:8: error: no such module 'Bridge'
 13 | //===----------------------------------------------------------------------===//
 14 |
 15 | import Bridge
    |        `- error: no such module 'Bridge'
 16 | import GRPCCore
 17 | import Logging
[5915/6113] Compiling Temporal TimeoutError.swift
/host/spi-builder-workspace/Sources/Temporal/Bridge/BridgeClient.swift:15:8: error: no such module 'Bridge'
 13 | //===----------------------------------------------------------------------===//
 14 |
 15 | import Bridge
    |        `- error: no such module 'Bridge'
 16 | import GRPCCore
 17 | import Logging
[5916/6113] Compiling Temporal WorkflowAlreadyStartedError.swift
/host/spi-builder-workspace/Sources/Temporal/Bridge/BridgeClient.swift:15:8: error: no such module 'Bridge'
 13 | //===----------------------------------------------------------------------===//
 14 |
 15 | import Bridge
    |        `- error: no such module 'Bridge'
 16 | import GRPCCore
 17 | import Logging
[5917/6113] Compiling Temporal InternalErrors.swift
/host/spi-builder-workspace/Sources/Temporal/Bridge/BridgeClient.swift:15:8: error: no such module 'Bridge'
 13 | //===----------------------------------------------------------------------===//
 14 |
 15 | import Bridge
    |        `- error: no such module 'Bridge'
 16 | import GRPCCore
 17 | import Logging
[5918/6113] Compiling Temporal InvalidOperationError.swift
/host/spi-builder-workspace/Sources/Temporal/Bridge/BridgeClient.swift:15:8: error: no such module 'Bridge'
 13 | //===----------------------------------------------------------------------===//
 14 |
 15 | import Bridge
    |        `- error: no such module 'Bridge'
 16 | import GRPCCore
 17 | import Logging
[5919/6137] Compiling Temporal WorkflowListPage.swift
/host/spi-builder-workspace/Sources/Temporal/Bridge/BridgeClient.swift:15:8: error: no such module 'Bridge'
 13 | //===----------------------------------------------------------------------===//
 14 |
 15 | import Bridge
    |        `- error: no such module 'Bridge'
 16 | import GRPCCore
 17 | import Logging
[5920/6137] Compiling Temporal WorkflowOptions.swift
/host/spi-builder-workspace/Sources/Temporal/Bridge/BridgeClient.swift:15:8: error: no such module 'Bridge'
 13 | //===----------------------------------------------------------------------===//
 14 |
 15 | import Bridge
    |        `- error: no such module 'Bridge'
 16 | import GRPCCore
 17 | import Logging
[5921/6137] Compiling Temporal WorkflowUpdateStage.swift
/host/spi-builder-workspace/Sources/Temporal/Bridge/BridgeClient.swift:15:8: error: no such module 'Bridge'
 13 | //===----------------------------------------------------------------------===//
 14 |
 15 | import Bridge
    |        `- error: no such module 'Bridge'
 16 | import GRPCCore
 17 | import Logging
[5922/6137] Compiling Temporal TemporalClient+WorkflowService.swift
/host/spi-builder-workspace/Sources/Temporal/Bridge/BridgeClient.swift:15:8: error: no such module 'Bridge'
 13 | //===----------------------------------------------------------------------===//
 14 |
 15 | import Bridge
    |        `- error: no such module 'Bridge'
 16 | import GRPCCore
 17 | import Logging
[5923/6137] Compiling Temporal WorkflowService+AsyncActivities.swift
/host/spi-builder-workspace/Sources/Temporal/Bridge/BridgeClient.swift:15:8: error: no such module 'Bridge'
 13 | //===----------------------------------------------------------------------===//
 14 |
 15 | import Bridge
    |        `- error: no such module 'Bridge'
 16 | import GRPCCore
 17 | import Logging
[5924/6137] Compiling Temporal WorkflowService+Cancel.swift
/host/spi-builder-workspace/Sources/Temporal/Bridge/BridgeClient.swift:15:8: error: no such module 'Bridge'
 13 | //===----------------------------------------------------------------------===//
 14 |
 15 | import Bridge
    |        `- error: no such module 'Bridge'
 16 | import GRPCCore
 17 | import Logging
[5925/6137] Compiling Temporal WorkflowService+Describe.swift
/host/spi-builder-workspace/Sources/Temporal/Bridge/BridgeClient.swift:15:8: error: no such module 'Bridge'
 13 | //===----------------------------------------------------------------------===//
 14 |
 15 | import Bridge
    |        `- error: no such module 'Bridge'
 16 | import GRPCCore
 17 | import Logging
[5926/6137] Compiling Temporal WorkflowService+List.swift
/host/spi-builder-workspace/Sources/Temporal/Bridge/BridgeClient.swift:15:8: error: no such module 'Bridge'
 13 | //===----------------------------------------------------------------------===//
 14 |
 15 | import Bridge
    |        `- error: no such module 'Bridge'
 16 | import GRPCCore
 17 | import Logging
[5927/6137] Compiling Temporal WorkflowService+Query.swift
/host/spi-builder-workspace/Sources/Temporal/Bridge/BridgeClient.swift:15:8: error: no such module 'Bridge'
 13 | //===----------------------------------------------------------------------===//
 14 |
 15 | import Bridge
    |        `- error: no such module 'Bridge'
 16 | import GRPCCore
 17 | import Logging
[5928/6137] Compiling Temporal WorkflowService+Result.swift
/host/spi-builder-workspace/Sources/Temporal/Bridge/BridgeClient.swift:15:8: error: no such module 'Bridge'
 13 | //===----------------------------------------------------------------------===//
 14 |
 15 | import Bridge
    |        `- error: no such module 'Bridge'
 16 | import GRPCCore
 17 | import Logging
[5929/6137] Compiling Temporal WorkflowService+Schedule.swift
/host/spi-builder-workspace/Sources/Temporal/Bridge/BridgeClient.swift:15:8: error: no such module 'Bridge'
 13 | //===----------------------------------------------------------------------===//
 14 |
 15 | import Bridge
    |        `- error: no such module 'Bridge'
 16 | import GRPCCore
 17 | import Logging
[5930/6137] Compiling Temporal WorkflowService+Signal.swift
/host/spi-builder-workspace/Sources/Temporal/Bridge/BridgeClient.swift:15:8: error: no such module 'Bridge'
 13 | //===----------------------------------------------------------------------===//
 14 |
 15 | import Bridge
    |        `- error: no such module 'Bridge'
 16 | import GRPCCore
 17 | import Logging
[5931/6137] Compiling Temporal WorkflowService+Start.swift
/host/spi-builder-workspace/Sources/Temporal/Bridge/BridgeClient.swift:15:8: error: no such module 'Bridge'
 13 | //===----------------------------------------------------------------------===//
 14 |
 15 | import Bridge
    |        `- error: no such module 'Bridge'
 16 | import GRPCCore
 17 | import Logging
[5932/6137] Compiling Temporal WorkflowService+Update.swift
/host/spi-builder-workspace/Sources/Temporal/Bridge/BridgeClient.swift:15:8: error: no such module 'Bridge'
 13 | //===----------------------------------------------------------------------===//
 14 |
 15 | import Bridge
    |        `- error: no such module 'Bridge'
 16 | import GRPCCore
 17 | import Logging
[5933/6137] Compiling Temporal WorkflowService+UpdateWithStart.swift
/host/spi-builder-workspace/Sources/Temporal/Bridge/BridgeClient.swift:15:8: error: no such module 'Bridge'
 13 | //===----------------------------------------------------------------------===//
 14 |
 15 | import Bridge
    |        `- error: no such module 'Bridge'
 16 | import GRPCCore
 17 | import Logging
[5934/6137] Compiling Temporal Result+async.swift
/host/spi-builder-workspace/Sources/Temporal/Bridge/BridgeClient.swift:15:8: error: no such module 'Bridge'
 13 | //===----------------------------------------------------------------------===//
 14 |
 15 | import Bridge
    |        `- error: no such module 'Bridge'
 16 | import GRPCCore
 17 | import Logging
[5935/6137] Compiling Temporal Activation+Decoding.swift
/host/spi-builder-workspace/Sources/Temporal/Bridge/BridgeClient.swift:15:8: error: no such module 'Bridge'
 13 | //===----------------------------------------------------------------------===//
 14 |
 15 | import Bridge
    |        `- error: no such module 'Bridge'
 16 | import GRPCCore
 17 | import Logging
[5936/6137] Compiling Temporal ActivationCompletion+Encoding.swift
/host/spi-builder-workspace/Sources/Temporal/Bridge/BridgeClient.swift:15:8: error: no such module 'Bridge'
 13 | //===----------------------------------------------------------------------===//
 14 |
 15 | import Bridge
    |        `- error: no such module 'Bridge'
 16 | import GRPCCore
 17 | import Logging
[5937/6137] Compiling Temporal BinaryNilPayloadConverter.swift
/host/spi-builder-workspace/Sources/Temporal/Bridge/BridgeClient.swift:15:8: error: no such module 'Bridge'
 13 | //===----------------------------------------------------------------------===//
 14 |
 15 | import Bridge
    |        `- error: no such module 'Bridge'
 16 | import GRPCCore
 17 | import Logging
[5938/6137] Compiling Temporal BinaryPayloadConverter.swift
/host/spi-builder-workspace/Sources/Temporal/Bridge/BridgeClient.swift:15:8: error: no such module 'Bridge'
 13 | //===----------------------------------------------------------------------===//
 14 |
 15 | import Bridge
    |        `- error: no such module 'Bridge'
 16 | import GRPCCore
 17 | import Logging
[5939/6137] Compiling Temporal BinaryProtobufPayloadConverter.swift
/host/spi-builder-workspace/Sources/Temporal/Bridge/BridgeClient.swift:15:8: error: no such module 'Bridge'
 13 | //===----------------------------------------------------------------------===//
 14 |
 15 | import Bridge
    |        `- error: no such module 'Bridge'
 16 | import GRPCCore
 17 | import Logging
[5940/6137] Compiling Temporal CompositePayloadConverter.swift
/host/spi-builder-workspace/Sources/Temporal/Bridge/BridgeClient.swift:15:8: error: no such module 'Bridge'
 13 | //===----------------------------------------------------------------------===//
 14 |
 15 | import Bridge
    |        `- error: no such module 'Bridge'
 16 | import GRPCCore
 17 | import Logging
[5941/6137] Compiling Temporal DataConverter.swift
/host/spi-builder-workspace/Sources/Temporal/Bridge/BridgeClient.swift:15:8: error: no such module 'Bridge'
 13 | //===----------------------------------------------------------------------===//
 14 |
 15 | import Bridge
    |        `- error: no such module 'Bridge'
 16 | import GRPCCore
 17 | import Logging
[5942/6137] Compiling Temporal DefaultFailureConverter.swift
/host/spi-builder-workspace/Sources/Temporal/Bridge/BridgeClient.swift:15:8: error: no such module 'Bridge'
 13 | //===----------------------------------------------------------------------===//
 14 |
 15 | import Bridge
    |        `- error: no such module 'Bridge'
 16 | import GRPCCore
 17 | import Logging
[5943/6161] Compiling Temporal temporal_api_enums_v1_deployment.grpc.swift
/host/spi-builder-workspace/Sources/Temporal/Bridge/BridgeClient.swift:15:8: error: no such module 'Bridge'
 13 | //===----------------------------------------------------------------------===//
 14 |
 15 | import Bridge
    |        `- error: no such module 'Bridge'
 16 | import GRPCCore
 17 | import Logging
[5944/6161] Compiling Temporal temporal_api_enums_v1_deployment.pb.swift
/host/spi-builder-workspace/Sources/Temporal/Bridge/BridgeClient.swift:15:8: error: no such module 'Bridge'
 13 | //===----------------------------------------------------------------------===//
 14 |
 15 | import Bridge
    |        `- error: no such module 'Bridge'
 16 | import GRPCCore
 17 | import Logging
[5945/6161] Compiling Temporal temporal_api_enums_v1_event_type.grpc.swift
/host/spi-builder-workspace/Sources/Temporal/Bridge/BridgeClient.swift:15:8: error: no such module 'Bridge'
 13 | //===----------------------------------------------------------------------===//
 14 |
 15 | import Bridge
    |        `- error: no such module 'Bridge'
 16 | import GRPCCore
 17 | import Logging
[5946/6161] Compiling Temporal temporal_api_enums_v1_event_type.pb.swift
/host/spi-builder-workspace/Sources/Temporal/Bridge/BridgeClient.swift:15:8: error: no such module 'Bridge'
 13 | //===----------------------------------------------------------------------===//
 14 |
 15 | import Bridge
    |        `- error: no such module 'Bridge'
 16 | import GRPCCore
 17 | import Logging
[5947/6161] Compiling Temporal temporal_api_enums_v1_failed_cause.grpc.swift
/host/spi-builder-workspace/Sources/Temporal/Bridge/BridgeClient.swift:15:8: error: no such module 'Bridge'
 13 | //===----------------------------------------------------------------------===//
 14 |
 15 | import Bridge
    |        `- error: no such module 'Bridge'
 16 | import GRPCCore
 17 | import Logging
[5948/6161] Compiling Temporal temporal_api_enums_v1_failed_cause.pb.swift
/host/spi-builder-workspace/Sources/Temporal/Bridge/BridgeClient.swift:15:8: error: no such module 'Bridge'
 13 | //===----------------------------------------------------------------------===//
 14 |
 15 | import Bridge
    |        `- error: no such module 'Bridge'
 16 | import GRPCCore
 17 | import Logging
[5949/6161] Compiling Temporal temporal_api_enums_v1_namespace.grpc.swift
/host/spi-builder-workspace/Sources/Temporal/Bridge/BridgeClient.swift:15:8: error: no such module 'Bridge'
 13 | //===----------------------------------------------------------------------===//
 14 |
 15 | import Bridge
    |        `- error: no such module 'Bridge'
 16 | import GRPCCore
 17 | import Logging
[5950/6161] Compiling Temporal temporal_api_enums_v1_namespace.pb.swift
/host/spi-builder-workspace/Sources/Temporal/Bridge/BridgeClient.swift:15:8: error: no such module 'Bridge'
 13 | //===----------------------------------------------------------------------===//
 14 |
 15 | import Bridge
    |        `- error: no such module 'Bridge'
 16 | import GRPCCore
 17 | import Logging
[5951/6161] Compiling Temporal temporal_api_enums_v1_nexus.grpc.swift
/host/spi-builder-workspace/Sources/Temporal/Bridge/BridgeClient.swift:15:8: error: no such module 'Bridge'
 13 | //===----------------------------------------------------------------------===//
 14 |
 15 | import Bridge
    |        `- error: no such module 'Bridge'
 16 | import GRPCCore
 17 | import Logging
[5952/6161] Compiling Temporal temporal_api_enums_v1_nexus.pb.swift
/host/spi-builder-workspace/Sources/Temporal/Bridge/BridgeClient.swift:15:8: error: no such module 'Bridge'
 13 | //===----------------------------------------------------------------------===//
 14 |
 15 | import Bridge
    |        `- error: no such module 'Bridge'
 16 | import GRPCCore
 17 | import Logging
[5953/6161] Compiling Temporal temporal_api_enums_v1_query.grpc.swift
/host/spi-builder-workspace/Sources/Temporal/Bridge/BridgeClient.swift:15:8: error: no such module 'Bridge'
 13 | //===----------------------------------------------------------------------===//
 14 |
 15 | import Bridge
    |        `- error: no such module 'Bridge'
 16 | import GRPCCore
 17 | import Logging
[5954/6161] Compiling Temporal temporal_api_enums_v1_query.pb.swift
/host/spi-builder-workspace/Sources/Temporal/Bridge/BridgeClient.swift:15:8: error: no such module 'Bridge'
 13 | //===----------------------------------------------------------------------===//
 14 |
 15 | import Bridge
    |        `- error: no such module 'Bridge'
 16 | import GRPCCore
 17 | import Logging
[5955/6161] Compiling Temporal temporal_api_enums_v1_reset.grpc.swift
/host/spi-builder-workspace/Sources/Temporal/Bridge/BridgeClient.swift:15:8: error: no such module 'Bridge'
 13 | //===----------------------------------------------------------------------===//
 14 |
 15 | import Bridge
    |        `- error: no such module 'Bridge'
 16 | import GRPCCore
 17 | import Logging
[5956/6161] Compiling Temporal temporal_api_enums_v1_reset.pb.swift
/host/spi-builder-workspace/Sources/Temporal/Bridge/BridgeClient.swift:15:8: error: no such module 'Bridge'
 13 | //===----------------------------------------------------------------------===//
 14 |
 15 | import Bridge
    |        `- error: no such module 'Bridge'
 16 | import GRPCCore
 17 | import Logging
[5957/6161] Compiling Temporal temporal_api_enums_v1_schedule.grpc.swift
/host/spi-builder-workspace/Sources/Temporal/Bridge/BridgeClient.swift:15:8: error: no such module 'Bridge'
 13 | //===----------------------------------------------------------------------===//
 14 |
 15 | import Bridge
    |        `- error: no such module 'Bridge'
 16 | import GRPCCore
 17 | import Logging
[5958/6161] Compiling Temporal temporal_api_enums_v1_schedule.pb.swift
/host/spi-builder-workspace/Sources/Temporal/Bridge/BridgeClient.swift:15:8: error: no such module 'Bridge'
 13 | //===----------------------------------------------------------------------===//
 14 |
 15 | import Bridge
    |        `- error: no such module 'Bridge'
 16 | import GRPCCore
 17 | import Logging
[5959/6161] Compiling Temporal temporal_api_enums_v1_task_queue.grpc.swift
/host/spi-builder-workspace/Sources/Temporal/Bridge/BridgeClient.swift:15:8: error: no such module 'Bridge'
 13 | //===----------------------------------------------------------------------===//
 14 |
 15 | import Bridge
    |        `- error: no such module 'Bridge'
 16 | import GRPCCore
 17 | import Logging
[5960/6161] Compiling Temporal temporal_api_enums_v1_task_queue.pb.swift
/host/spi-builder-workspace/Sources/Temporal/Bridge/BridgeClient.swift:15:8: error: no such module 'Bridge'
 13 | //===----------------------------------------------------------------------===//
 14 |
 15 | import Bridge
    |        `- error: no such module 'Bridge'
 16 | import GRPCCore
 17 | import Logging
[5961/6161] Compiling Temporal temporal_api_enums_v1_update.grpc.swift
/host/spi-builder-workspace/Sources/Temporal/Bridge/BridgeClient.swift:15:8: error: no such module 'Bridge'
 13 | //===----------------------------------------------------------------------===//
 14 |
 15 | import Bridge
    |        `- error: no such module 'Bridge'
 16 | import GRPCCore
 17 | import Logging
[5962/6161] Compiling Temporal temporal_api_enums_v1_update.pb.swift
/host/spi-builder-workspace/Sources/Temporal/Bridge/BridgeClient.swift:15:8: error: no such module 'Bridge'
 13 | //===----------------------------------------------------------------------===//
 14 |
 15 | import Bridge
    |        `- error: no such module 'Bridge'
 16 | import GRPCCore
 17 | import Logging
[5963/6161] Compiling Temporal temporal_api_enums_v1_workflow.grpc.swift
/host/spi-builder-workspace/Sources/Temporal/Bridge/BridgeClient.swift:15:8: error: no such module 'Bridge'
 13 | //===----------------------------------------------------------------------===//
 14 |
 15 | import Bridge
    |        `- error: no such module 'Bridge'
 16 | import GRPCCore
 17 | import Logging
[5964/6161] Compiling Temporal temporal_api_enums_v1_workflow.pb.swift
/host/spi-builder-workspace/Sources/Temporal/Bridge/BridgeClient.swift:15:8: error: no such module 'Bridge'
 13 | //===----------------------------------------------------------------------===//
 14 |
 15 | import Bridge
    |        `- error: no such module 'Bridge'
 16 | import GRPCCore
 17 | import Logging
[5965/6161] Compiling Temporal temporal_api_errordetails_v1_message.grpc.swift
/host/spi-builder-workspace/Sources/Temporal/Bridge/BridgeClient.swift:15:8: error: no such module 'Bridge'
 13 | //===----------------------------------------------------------------------===//
 14 |
 15 | import Bridge
    |        `- error: no such module 'Bridge'
 16 | import GRPCCore
 17 | import Logging
[5966/6161] Compiling Temporal temporal_api_errordetails_v1_message.pb.swift
/host/spi-builder-workspace/Sources/Temporal/Bridge/BridgeClient.swift:15:8: error: no such module 'Bridge'
 13 | //===----------------------------------------------------------------------===//
 14 |
 15 | import Bridge
    |        `- error: no such module 'Bridge'
 16 | import GRPCCore
 17 | import Logging
[5967/6185] Compiling Temporal temporal_api_cloud_operation_v1_message.grpc.swift
/host/spi-builder-workspace/Sources/Temporal/Bridge/BridgeClient.swift:15:8: error: no such module 'Bridge'
 13 | //===----------------------------------------------------------------------===//
 14 |
 15 | import Bridge
    |        `- error: no such module 'Bridge'
 16 | import GRPCCore
 17 | import Logging
[5968/6185] Compiling Temporal temporal_api_cloud_operation_v1_message.pb.swift
/host/spi-builder-workspace/Sources/Temporal/Bridge/BridgeClient.swift:15:8: error: no such module 'Bridge'
 13 | //===----------------------------------------------------------------------===//
 14 |
 15 | import Bridge
    |        `- error: no such module 'Bridge'
 16 | import GRPCCore
 17 | import Logging
[5969/6185] Compiling Temporal temporal_api_cloud_region_v1_message.grpc.swift
/host/spi-builder-workspace/Sources/Temporal/Bridge/BridgeClient.swift:15:8: error: no such module 'Bridge'
 13 | //===----------------------------------------------------------------------===//
 14 |
 15 | import Bridge
    |        `- error: no such module 'Bridge'
 16 | import GRPCCore
 17 | import Logging
[5970/6185] Compiling Temporal temporal_api_cloud_region_v1_message.pb.swift
/host/spi-builder-workspace/Sources/Temporal/Bridge/BridgeClient.swift:15:8: error: no such module 'Bridge'
 13 | //===----------------------------------------------------------------------===//
 14 |
 15 | import Bridge
    |        `- error: no such module 'Bridge'
 16 | import GRPCCore
 17 | import Logging
[5971/6185] Compiling Temporal temporal_api_cloud_resource_v1_message.grpc.swift
/host/spi-builder-workspace/Sources/Temporal/Bridge/BridgeClient.swift:15:8: error: no such module 'Bridge'
 13 | //===----------------------------------------------------------------------===//
 14 |
 15 | import Bridge
    |        `- error: no such module 'Bridge'
 16 | import GRPCCore
 17 | import Logging
[5972/6185] Compiling Temporal temporal_api_cloud_resource_v1_message.pb.swift
/host/spi-builder-workspace/Sources/Temporal/Bridge/BridgeClient.swift:15:8: error: no such module 'Bridge'
 13 | //===----------------------------------------------------------------------===//
 14 |
 15 | import Bridge
    |        `- error: no such module 'Bridge'
 16 | import GRPCCore
 17 | import Logging
[5973/6185] Compiling Temporal temporal_api_cloud_sink_v1_message.grpc.swift
/host/spi-builder-workspace/Sources/Temporal/Bridge/BridgeClient.swift:15:8: error: no such module 'Bridge'
 13 | //===----------------------------------------------------------------------===//
 14 |
 15 | import Bridge
    |        `- error: no such module 'Bridge'
 16 | import GRPCCore
 17 | import Logging
[5974/6185] Compiling Temporal temporal_api_cloud_sink_v1_message.pb.swift
/host/spi-builder-workspace/Sources/Temporal/Bridge/BridgeClient.swift:15:8: error: no such module 'Bridge'
 13 | //===----------------------------------------------------------------------===//
 14 |
 15 | import Bridge
    |        `- error: no such module 'Bridge'
 16 | import GRPCCore
 17 | import Logging
[5975/6185] Compiling Temporal temporal_api_cloud_usage_v1_message.grpc.swift
/host/spi-builder-workspace/Sources/Temporal/Bridge/BridgeClient.swift:15:8: error: no such module 'Bridge'
 13 | //===----------------------------------------------------------------------===//
 14 |
 15 | import Bridge
    |        `- error: no such module 'Bridge'
 16 | import GRPCCore
 17 | import Logging
[5976/6185] Compiling Temporal temporal_api_cloud_usage_v1_message.pb.swift
/host/spi-builder-workspace/Sources/Temporal/Bridge/BridgeClient.swift:15:8: error: no such module 'Bridge'
 13 | //===----------------------------------------------------------------------===//
 14 |
 15 | import Bridge
    |        `- error: no such module 'Bridge'
 16 | import GRPCCore
 17 | import Logging
[5977/6185] Compiling Temporal temporal_api_command_v1_message.grpc.swift
/host/spi-builder-workspace/Sources/Temporal/Bridge/BridgeClient.swift:15:8: error: no such module 'Bridge'
 13 | //===----------------------------------------------------------------------===//
 14 |
 15 | import Bridge
    |        `- error: no such module 'Bridge'
 16 | import GRPCCore
 17 | import Logging
[5978/6185] Compiling Temporal temporal_api_command_v1_message.pb.swift
/host/spi-builder-workspace/Sources/Temporal/Bridge/BridgeClient.swift:15:8: error: no such module 'Bridge'
 13 | //===----------------------------------------------------------------------===//
 14 |
 15 | import Bridge
    |        `- error: no such module 'Bridge'
 16 | import GRPCCore
 17 | import Logging
[5979/6185] Compiling Temporal temporal_api_common_v1_message.grpc.swift
/host/spi-builder-workspace/Sources/Temporal/Bridge/BridgeClient.swift:15:8: error: no such module 'Bridge'
 13 | //===----------------------------------------------------------------------===//
 14 |
 15 | import Bridge
    |        `- error: no such module 'Bridge'
 16 | import GRPCCore
 17 | import Logging
[5980/6185] Compiling Temporal temporal_api_common_v1_message.pb.swift
/host/spi-builder-workspace/Sources/Temporal/Bridge/BridgeClient.swift:15:8: error: no such module 'Bridge'
 13 | //===----------------------------------------------------------------------===//
 14 |
 15 | import Bridge
    |        `- error: no such module 'Bridge'
 16 | import GRPCCore
 17 | import Logging
[5981/6185] Compiling Temporal temporal_api_deployment_v1_message.grpc.swift
/host/spi-builder-workspace/Sources/Temporal/Bridge/BridgeClient.swift:15:8: error: no such module 'Bridge'
 13 | //===----------------------------------------------------------------------===//
 14 |
 15 | import Bridge
    |        `- error: no such module 'Bridge'
 16 | import GRPCCore
 17 | import Logging
[5982/6185] Compiling Temporal temporal_api_deployment_v1_message.pb.swift
/host/spi-builder-workspace/Sources/Temporal/Bridge/BridgeClient.swift:15:8: error: no such module 'Bridge'
 13 | //===----------------------------------------------------------------------===//
 14 |
 15 | import Bridge
    |        `- error: no such module 'Bridge'
 16 | import GRPCCore
 17 | import Logging
[5983/6185] Compiling Temporal temporal_api_enums_v1_activity.grpc.swift
/host/spi-builder-workspace/Sources/Temporal/Bridge/BridgeClient.swift:15:8: error: no such module 'Bridge'
 13 | //===----------------------------------------------------------------------===//
 14 |
 15 | import Bridge
    |        `- error: no such module 'Bridge'
 16 | import GRPCCore
 17 | import Logging
[5984/6185] Compiling Temporal temporal_api_enums_v1_activity.pb.swift
/host/spi-builder-workspace/Sources/Temporal/Bridge/BridgeClient.swift:15:8: error: no such module 'Bridge'
 13 | //===----------------------------------------------------------------------===//
 14 |
 15 | import Bridge
    |        `- error: no such module 'Bridge'
 16 | import GRPCCore
 17 | import Logging
[5985/6185] Compiling Temporal temporal_api_enums_v1_batch_operation.grpc.swift
/host/spi-builder-workspace/Sources/Temporal/Bridge/BridgeClient.swift:15:8: error: no such module 'Bridge'
 13 | //===----------------------------------------------------------------------===//
 14 |
 15 | import Bridge
    |        `- error: no such module 'Bridge'
 16 | import GRPCCore
 17 | import Logging
[5986/6185] Compiling Temporal temporal_api_enums_v1_batch_operation.pb.swift
/host/spi-builder-workspace/Sources/Temporal/Bridge/BridgeClient.swift:15:8: error: no such module 'Bridge'
 13 | //===----------------------------------------------------------------------===//
 14 |
 15 | import Bridge
    |        `- error: no such module 'Bridge'
 16 | import GRPCCore
 17 | import Logging
[5987/6185] Compiling Temporal temporal_api_enums_v1_command_type.grpc.swift
/host/spi-builder-workspace/Sources/Temporal/Bridge/BridgeClient.swift:15:8: error: no such module 'Bridge'
 13 | //===----------------------------------------------------------------------===//
 14 |
 15 | import Bridge
    |        `- error: no such module 'Bridge'
 16 | import GRPCCore
 17 | import Logging
[5988/6185] Compiling Temporal temporal_api_enums_v1_command_type.pb.swift
/host/spi-builder-workspace/Sources/Temporal/Bridge/BridgeClient.swift:15:8: error: no such module 'Bridge'
 13 | //===----------------------------------------------------------------------===//
 14 |
 15 | import Bridge
    |        `- error: no such module 'Bridge'
 16 | import GRPCCore
 17 | import Logging
[5989/6185] Compiling Temporal temporal_api_enums_v1_common.grpc.swift
/host/spi-builder-workspace/Sources/Temporal/Bridge/BridgeClient.swift:15:8: error: no such module 'Bridge'
 13 | //===----------------------------------------------------------------------===//
 14 |
 15 | import Bridge
    |        `- error: no such module 'Bridge'
 16 | import GRPCCore
 17 | import Logging
[5990/6185] Compiling Temporal temporal_api_enums_v1_common.pb.swift
/host/spi-builder-workspace/Sources/Temporal/Bridge/BridgeClient.swift:15:8: error: no such module 'Bridge'
 13 | //===----------------------------------------------------------------------===//
 14 |
 15 | import Bridge
    |        `- error: no such module 'Bridge'
 16 | import GRPCCore
 17 | import Logging
[5991/6209] Compiling Temporal temporal_api_export_v1_message.grpc.swift
/host/spi-builder-workspace/Sources/Temporal/Bridge/BridgeClient.swift:15:8: error: no such module 'Bridge'
 13 | //===----------------------------------------------------------------------===//
 14 |
 15 | import Bridge
    |        `- error: no such module 'Bridge'
 16 | import GRPCCore
 17 | import Logging
[5992/6209] Compiling Temporal temporal_api_export_v1_message.pb.swift
/host/spi-builder-workspace/Sources/Temporal/Bridge/BridgeClient.swift:15:8: error: no such module 'Bridge'
 13 | //===----------------------------------------------------------------------===//
 14 |
 15 | import Bridge
    |        `- error: no such module 'Bridge'
 16 | import GRPCCore
 17 | import Logging
[5993/6209] Compiling Temporal temporal_api_failure_v1_message.grpc.swift
/host/spi-builder-workspace/Sources/Temporal/Bridge/BridgeClient.swift:15:8: error: no such module 'Bridge'
 13 | //===----------------------------------------------------------------------===//
 14 |
 15 | import Bridge
    |        `- error: no such module 'Bridge'
 16 | import GRPCCore
 17 | import Logging
[5994/6209] Compiling Temporal temporal_api_failure_v1_message.pb.swift
/host/spi-builder-workspace/Sources/Temporal/Bridge/BridgeClient.swift:15:8: error: no such module 'Bridge'
 13 | //===----------------------------------------------------------------------===//
 14 |
 15 | import Bridge
    |        `- error: no such module 'Bridge'
 16 | import GRPCCore
 17 | import Logging
[5995/6209] Compiling Temporal temporal_api_filter_v1_message.grpc.swift
/host/spi-builder-workspace/Sources/Temporal/Bridge/BridgeClient.swift:15:8: error: no such module 'Bridge'
 13 | //===----------------------------------------------------------------------===//
 14 |
 15 | import Bridge
    |        `- error: no such module 'Bridge'
 16 | import GRPCCore
 17 | import Logging
[5996/6209] Compiling Temporal temporal_api_filter_v1_message.pb.swift
/host/spi-builder-workspace/Sources/Temporal/Bridge/BridgeClient.swift:15:8: error: no such module 'Bridge'
 13 | //===----------------------------------------------------------------------===//
 14 |
 15 | import Bridge
    |        `- error: no such module 'Bridge'
 16 | import GRPCCore
 17 | import Logging
[5997/6209] Compiling Temporal temporal_api_history_v1_message.grpc.swift
/host/spi-builder-workspace/Sources/Temporal/Bridge/BridgeClient.swift:15:8: error: no such module 'Bridge'
 13 | //===----------------------------------------------------------------------===//
 14 |
 15 | import Bridge
    |        `- error: no such module 'Bridge'
 16 | import GRPCCore
 17 | import Logging
[5998/6209] Compiling Temporal temporal_api_history_v1_message.pb.swift
/host/spi-builder-workspace/Sources/Temporal/Bridge/BridgeClient.swift:15:8: error: no such module 'Bridge'
 13 | //===----------------------------------------------------------------------===//
 14 |
 15 | import Bridge
    |        `- error: no such module 'Bridge'
 16 | import GRPCCore
 17 | import Logging
[5999/6209] Compiling Temporal temporal_api_namespace_v1_message.grpc.swift
/host/spi-builder-workspace/Sources/Temporal/Bridge/BridgeClient.swift:15:8: error: no such module 'Bridge'
 13 | //===----------------------------------------------------------------------===//
 14 |
 15 | import Bridge
    |        `- error: no such module 'Bridge'
 16 | import GRPCCore
 17 | import Logging
[6000/6209] Compiling Temporal temporal_api_namespace_v1_message.pb.swift
/host/spi-builder-workspace/Sources/Temporal/Bridge/BridgeClient.swift:15:8: error: no such module 'Bridge'
 13 | //===----------------------------------------------------------------------===//
 14 |
 15 | import Bridge
    |        `- error: no such module 'Bridge'
 16 | import GRPCCore
 17 | import Logging
[6001/6209] Compiling Temporal temporal_api_nexus_v1_message.grpc.swift
/host/spi-builder-workspace/Sources/Temporal/Bridge/BridgeClient.swift:15:8: error: no such module 'Bridge'
 13 | //===----------------------------------------------------------------------===//
 14 |
 15 | import Bridge
    |        `- error: no such module 'Bridge'
 16 | import GRPCCore
 17 | import Logging
[6002/6209] Compiling Temporal temporal_api_nexus_v1_message.pb.swift
/host/spi-builder-workspace/Sources/Temporal/Bridge/BridgeClient.swift:15:8: error: no such module 'Bridge'
 13 | //===----------------------------------------------------------------------===//
 14 |
 15 | import Bridge
    |        `- error: no such module 'Bridge'
 16 | import GRPCCore
 17 | import Logging
[6003/6209] Compiling Temporal temporal_api_operatorservice_v1_request_response.grpc.swift
/host/spi-builder-workspace/Sources/Temporal/Bridge/BridgeClient.swift:15:8: error: no such module 'Bridge'
 13 | //===----------------------------------------------------------------------===//
 14 |
 15 | import Bridge
    |        `- error: no such module 'Bridge'
 16 | import GRPCCore
 17 | import Logging
[6004/6209] Compiling Temporal temporal_api_operatorservice_v1_request_response.pb.swift
/host/spi-builder-workspace/Sources/Temporal/Bridge/BridgeClient.swift:15:8: error: no such module 'Bridge'
 13 | //===----------------------------------------------------------------------===//
 14 |
 15 | import Bridge
    |        `- error: no such module 'Bridge'
 16 | import GRPCCore
 17 | import Logging
[6005/6209] Compiling Temporal temporal_api_operatorservice_v1_service.grpc.swift
/host/spi-builder-workspace/Sources/Temporal/Bridge/BridgeClient.swift:15:8: error: no such module 'Bridge'
 13 | //===----------------------------------------------------------------------===//
 14 |
 15 | import Bridge
    |        `- error: no such module 'Bridge'
 16 | import GRPCCore
 17 | import Logging
[6006/6209] Compiling Temporal temporal_api_operatorservice_v1_service.pb.swift
/host/spi-builder-workspace/Sources/Temporal/Bridge/BridgeClient.swift:15:8: error: no such module 'Bridge'
 13 | //===----------------------------------------------------------------------===//
 14 |
 15 | import Bridge
    |        `- error: no such module 'Bridge'
 16 | import GRPCCore
 17 | import Logging
[6007/6209] Compiling Temporal temporal_api_protocol_v1_message.grpc.swift
/host/spi-builder-workspace/Sources/Temporal/Bridge/BridgeClient.swift:15:8: error: no such module 'Bridge'
 13 | //===----------------------------------------------------------------------===//
 14 |
 15 | import Bridge
    |        `- error: no such module 'Bridge'
 16 | import GRPCCore
 17 | import Logging
[6008/6209] Compiling Temporal temporal_api_protocol_v1_message.pb.swift
/host/spi-builder-workspace/Sources/Temporal/Bridge/BridgeClient.swift:15:8: error: no such module 'Bridge'
 13 | //===----------------------------------------------------------------------===//
 14 |
 15 | import Bridge
    |        `- error: no such module 'Bridge'
 16 | import GRPCCore
 17 | import Logging
[6009/6209] Compiling Temporal temporal_api_query_v1_message.grpc.swift
/host/spi-builder-workspace/Sources/Temporal/Bridge/BridgeClient.swift:15:8: error: no such module 'Bridge'
 13 | //===----------------------------------------------------------------------===//
 14 |
 15 | import Bridge
    |        `- error: no such module 'Bridge'
 16 | import GRPCCore
 17 | import Logging
[6010/6209] Compiling Temporal temporal_api_query_v1_message.pb.swift
/host/spi-builder-workspace/Sources/Temporal/Bridge/BridgeClient.swift:15:8: error: no such module 'Bridge'
 13 | //===----------------------------------------------------------------------===//
 14 |
 15 | import Bridge
    |        `- error: no such module 'Bridge'
 16 | import GRPCCore
 17 | import Logging
[6011/6209] Compiling Temporal temporal_api_replication_v1_message.grpc.swift
/host/spi-builder-workspace/Sources/Temporal/Bridge/BridgeClient.swift:15:8: error: no such module 'Bridge'
 13 | //===----------------------------------------------------------------------===//
 14 |
 15 | import Bridge
    |        `- error: no such module 'Bridge'
 16 | import GRPCCore
 17 | import Logging
[6012/6209] Compiling Temporal temporal_api_replication_v1_message.pb.swift
/host/spi-builder-workspace/Sources/Temporal/Bridge/BridgeClient.swift:15:8: error: no such module 'Bridge'
 13 | //===----------------------------------------------------------------------===//
 14 |
 15 | import Bridge
    |        `- error: no such module 'Bridge'
 16 | import GRPCCore
 17 | import Logging
[6013/6209] Compiling Temporal temporal_api_rules_v1_message.grpc.swift
/host/spi-builder-workspace/Sources/Temporal/Bridge/BridgeClient.swift:15:8: error: no such module 'Bridge'
 13 | //===----------------------------------------------------------------------===//
 14 |
 15 | import Bridge
    |        `- error: no such module 'Bridge'
 16 | import GRPCCore
 17 | import Logging
[6014/6209] Compiling Temporal temporal_api_rules_v1_message.pb.swift
/host/spi-builder-workspace/Sources/Temporal/Bridge/BridgeClient.swift:15:8: error: no such module 'Bridge'
 13 | //===----------------------------------------------------------------------===//
 14 |
 15 | import Bridge
    |        `- error: no such module 'Bridge'
 16 | import GRPCCore
 17 | import Logging
[6015/6232] Compiling Temporal TemporalActivityCancellationType+ActivityOptionsCancellationType.swift
/host/spi-builder-workspace/Sources/Temporal/Bridge/BridgeClient.swift:15:8: error: no such module 'Bridge'
 13 | //===----------------------------------------------------------------------===//
 14 |
 15 | import Bridge
    |        `- error: no such module 'Bridge'
 16 | import GRPCCore
 17 | import Logging
[6016/6232] Compiling Temporal TemporalRetryPolicy+RetryPolicy.swift
/host/spi-builder-workspace/Sources/Temporal/Bridge/BridgeClient.swift:15:8: error: no such module 'Bridge'
 13 | //===----------------------------------------------------------------------===//
 14 |
 15 | import Bridge
    |        `- error: no such module 'Bridge'
 16 | import GRPCCore
 17 | import Logging
[6017/6232] Compiling Temporal UUID+random.swift
/host/spi-builder-workspace/Sources/Temporal/Bridge/BridgeClient.swift:15:8: error: no such module 'Bridge'
 13 | //===----------------------------------------------------------------------===//
 14 |
 15 | import Bridge
    |        `- error: no such module 'Bridge'
 16 | import GRPCCore
 17 | import Logging
[6018/6232] Compiling Temporal VersioningIntent+Proto.swift
/host/spi-builder-workspace/Sources/Temporal/Bridge/BridgeClient.swift:15:8: error: no such module 'Bridge'
 13 | //===----------------------------------------------------------------------===//
 14 |
 15 | import Bridge
    |        `- error: no such module 'Bridge'
 16 | import GRPCCore
 17 | import Logging
[6019/6232] Compiling Temporal WorkflowInfo+InitializeWorkflow.swift
/host/spi-builder-workspace/Sources/Temporal/Bridge/BridgeClient.swift:15:8: error: no such module 'Bridge'
 13 | //===----------------------------------------------------------------------===//
 14 |
 15 | import Bridge
    |        `- error: no such module 'Bridge'
 16 | import GRPCCore
 17 | import Logging
[6020/6232] Compiling Temporal Namespaces.swift
/host/spi-builder-workspace/Sources/Temporal/Bridge/BridgeClient.swift:15:8: error: no such module 'Bridge'
 13 | //===----------------------------------------------------------------------===//
 14 |
 15 | import Bridge
    |        `- error: no such module 'Bridge'
 16 | import GRPCCore
 17 | import Logging
[6021/6232] Compiling Temporal temporal_api_activity_v1_message.grpc.swift
/host/spi-builder-workspace/Sources/Temporal/Bridge/BridgeClient.swift:15:8: error: no such module 'Bridge'
 13 | //===----------------------------------------------------------------------===//
 14 |
 15 | import Bridge
    |        `- error: no such module 'Bridge'
 16 | import GRPCCore
 17 | import Logging
[6022/6232] Compiling Temporal temporal_api_activity_v1_message.pb.swift
/host/spi-builder-workspace/Sources/Temporal/Bridge/BridgeClient.swift:15:8: error: no such module 'Bridge'
 13 | //===----------------------------------------------------------------------===//
 14 |
 15 | import Bridge
    |        `- error: no such module 'Bridge'
 16 | import GRPCCore
 17 | import Logging
[6023/6232] Compiling Temporal temporal_api_batch_v1_message.grpc.swift
/host/spi-builder-workspace/Sources/Temporal/Bridge/BridgeClient.swift:15:8: error: no such module 'Bridge'
 13 | //===----------------------------------------------------------------------===//
 14 |
 15 | import Bridge
    |        `- error: no such module 'Bridge'
 16 | import GRPCCore
 17 | import Logging
[6024/6232] Compiling Temporal temporal_api_batch_v1_message.pb.swift
/host/spi-builder-workspace/Sources/Temporal/Bridge/BridgeClient.swift:15:8: error: no such module 'Bridge'
 13 | //===----------------------------------------------------------------------===//
 14 |
 15 | import Bridge
    |        `- error: no such module 'Bridge'
 16 | import GRPCCore
 17 | import Logging
[6025/6232] Compiling Temporal temporal_api_cloud_account_v1_message.grpc.swift
/host/spi-builder-workspace/Sources/Temporal/Bridge/BridgeClient.swift:15:8: error: no such module 'Bridge'
 13 | //===----------------------------------------------------------------------===//
 14 |
 15 | import Bridge
    |        `- error: no such module 'Bridge'
 16 | import GRPCCore
 17 | import Logging
[6026/6232] Compiling Temporal temporal_api_cloud_account_v1_message.pb.swift
/host/spi-builder-workspace/Sources/Temporal/Bridge/BridgeClient.swift:15:8: error: no such module 'Bridge'
 13 | //===----------------------------------------------------------------------===//
 14 |
 15 | import Bridge
    |        `- error: no such module 'Bridge'
 16 | import GRPCCore
 17 | import Logging
[6027/6232] Compiling Temporal temporal_api_cloud_cloudservice_v1_request_response.grpc.swift
/host/spi-builder-workspace/Sources/Temporal/Bridge/BridgeClient.swift:15:8: error: no such module 'Bridge'
 13 | //===----------------------------------------------------------------------===//
 14 |
 15 | import Bridge
    |        `- error: no such module 'Bridge'
 16 | import GRPCCore
 17 | import Logging
[6028/6232] Compiling Temporal temporal_api_cloud_cloudservice_v1_request_response.pb.swift
/host/spi-builder-workspace/Sources/Temporal/Bridge/BridgeClient.swift:15:8: error: no such module 'Bridge'
 13 | //===----------------------------------------------------------------------===//
 14 |
 15 | import Bridge
    |        `- error: no such module 'Bridge'
 16 | import GRPCCore
 17 | import Logging
[6029/6232] Compiling Temporal temporal_api_cloud_cloudservice_v1_service.grpc.swift
/host/spi-builder-workspace/Sources/Temporal/Bridge/BridgeClient.swift:15:8: error: no such module 'Bridge'
 13 | //===----------------------------------------------------------------------===//
 14 |
 15 | import Bridge
    |        `- error: no such module 'Bridge'
 16 | import GRPCCore
 17 | import Logging
[6030/6232] Compiling Temporal temporal_api_cloud_cloudservice_v1_service.pb.swift
/host/spi-builder-workspace/Sources/Temporal/Bridge/BridgeClient.swift:15:8: error: no such module 'Bridge'
 13 | //===----------------------------------------------------------------------===//
 14 |
 15 | import Bridge
    |        `- error: no such module 'Bridge'
 16 | import GRPCCore
 17 | import Logging
[6031/6232] Compiling Temporal temporal_api_cloud_connectivityrule_v1_message.grpc.swift
/host/spi-builder-workspace/Sources/Temporal/Bridge/BridgeClient.swift:15:8: error: no such module 'Bridge'
 13 | //===----------------------------------------------------------------------===//
 14 |
 15 | import Bridge
    |        `- error: no such module 'Bridge'
 16 | import GRPCCore
 17 | import Logging
[6032/6232] Compiling Temporal temporal_api_cloud_connectivityrule_v1_message.pb.swift
/host/spi-builder-workspace/Sources/Temporal/Bridge/BridgeClient.swift:15:8: error: no such module 'Bridge'
 13 | //===----------------------------------------------------------------------===//
 14 |
 15 | import Bridge
    |        `- error: no such module 'Bridge'
 16 | import GRPCCore
 17 | import Logging
[6033/6232] Compiling Temporal temporal_api_cloud_identity_v1_message.grpc.swift
/host/spi-builder-workspace/Sources/Temporal/Bridge/BridgeClient.swift:15:8: error: no such module 'Bridge'
 13 | //===----------------------------------------------------------------------===//
 14 |
 15 | import Bridge
    |        `- error: no such module 'Bridge'
 16 | import GRPCCore
 17 | import Logging
[6034/6232] Compiling Temporal temporal_api_cloud_identity_v1_message.pb.swift
/host/spi-builder-workspace/Sources/Temporal/Bridge/BridgeClient.swift:15:8: error: no such module 'Bridge'
 13 | //===----------------------------------------------------------------------===//
 14 |
 15 | import Bridge
    |        `- error: no such module 'Bridge'
 16 | import GRPCCore
 17 | import Logging
[6035/6232] Compiling Temporal temporal_api_cloud_namespace_v1_message.grpc.swift
/host/spi-builder-workspace/Sources/Temporal/Bridge/BridgeClient.swift:15:8: error: no such module 'Bridge'
 13 | //===----------------------------------------------------------------------===//
 14 |
 15 | import Bridge
    |        `- error: no such module 'Bridge'
 16 | import GRPCCore
 17 | import Logging
[6036/6232] Compiling Temporal temporal_api_cloud_namespace_v1_message.pb.swift
/host/spi-builder-workspace/Sources/Temporal/Bridge/BridgeClient.swift:15:8: error: no such module 'Bridge'
 13 | //===----------------------------------------------------------------------===//
 14 |
 15 | import Bridge
    |        `- error: no such module 'Bridge'
 16 | import GRPCCore
 17 | import Logging
[6037/6232] Compiling Temporal temporal_api_cloud_nexus_v1_message.grpc.swift
/host/spi-builder-workspace/Sources/Temporal/Bridge/BridgeClient.swift:15:8: error: no such module 'Bridge'
 13 | //===----------------------------------------------------------------------===//
 14 |
 15 | import Bridge
    |        `- error: no such module 'Bridge'
 16 | import GRPCCore
 17 | import Logging
[6038/6232] Compiling Temporal temporal_api_cloud_nexus_v1_message.pb.swift
/host/spi-builder-workspace/Sources/Temporal/Bridge/BridgeClient.swift:15:8: error: no such module 'Bridge'
 13 | //===----------------------------------------------------------------------===//
 14 |
 15 | import Bridge
    |        `- error: no such module 'Bridge'
 16 | import GRPCCore
 17 | import Logging
[6039/6255] Compiling Temporal temporal_api_schedule_v1_message.grpc.swift
/host/spi-builder-workspace/Sources/Temporal/Bridge/BridgeClient.swift:15:8: error: no such module 'Bridge'
 13 | //===----------------------------------------------------------------------===//
 14 |
 15 | import Bridge
    |        `- error: no such module 'Bridge'
 16 | import GRPCCore
 17 | import Logging
[6040/6255] Compiling Temporal temporal_api_schedule_v1_message.pb.swift
/host/spi-builder-workspace/Sources/Temporal/Bridge/BridgeClient.swift:15:8: error: no such module 'Bridge'
 13 | //===----------------------------------------------------------------------===//
 14 |
 15 | import Bridge
    |        `- error: no such module 'Bridge'
 16 | import GRPCCore
 17 | import Logging
[6041/6255] Compiling Temporal temporal_api_sdk_v1_enhanced_stack_trace.grpc.swift
/host/spi-builder-workspace/Sources/Temporal/Bridge/BridgeClient.swift:15:8: error: no such module 'Bridge'
 13 | //===----------------------------------------------------------------------===//
 14 |
 15 | import Bridge
    |        `- error: no such module 'Bridge'
 16 | import GRPCCore
 17 | import Logging
[6042/6255] Compiling Temporal temporal_api_sdk_v1_enhanced_stack_trace.pb.swift
/host/spi-builder-workspace/Sources/Temporal/Bridge/BridgeClient.swift:15:8: error: no such module 'Bridge'
 13 | //===----------------------------------------------------------------------===//
 14 |
 15 | import Bridge
    |        `- error: no such module 'Bridge'
 16 | import GRPCCore
 17 | import Logging
[6043/6255] Compiling Temporal temporal_api_sdk_v1_task_complete_metadata.grpc.swift
/host/spi-builder-workspace/Sources/Temporal/Bridge/BridgeClient.swift:15:8: error: no such module 'Bridge'
 13 | //===----------------------------------------------------------------------===//
 14 |
 15 | import Bridge
    |        `- error: no such module 'Bridge'
 16 | import GRPCCore
 17 | import Logging
[6044/6255] Compiling Temporal temporal_api_sdk_v1_task_complete_metadata.pb.swift
/host/spi-builder-workspace/Sources/Temporal/Bridge/BridgeClient.swift:15:8: error: no such module 'Bridge'
 13 | //===----------------------------------------------------------------------===//
 14 |
 15 | import Bridge
    |        `- error: no such module 'Bridge'
 16 | import GRPCCore
 17 | import Logging
[6045/6255] Compiling Temporal temporal_api_sdk_v1_user_metadata.grpc.swift
/host/spi-builder-workspace/Sources/Temporal/Bridge/BridgeClient.swift:15:8: error: no such module 'Bridge'
 13 | //===----------------------------------------------------------------------===//
 14 |
 15 | import Bridge
    |        `- error: no such module 'Bridge'
 16 | import GRPCCore
 17 | import Logging
[6046/6255] Compiling Temporal temporal_api_sdk_v1_user_metadata.pb.swift
/host/spi-builder-workspace/Sources/Temporal/Bridge/BridgeClient.swift:15:8: error: no such module 'Bridge'
 13 | //===----------------------------------------------------------------------===//
 14 |
 15 | import Bridge
    |        `- error: no such module 'Bridge'
 16 | import GRPCCore
 17 | import Logging
[6047/6255] Compiling Temporal temporal_api_sdk_v1_worker_config.grpc.swift
/host/spi-builder-workspace/Sources/Temporal/Bridge/BridgeClient.swift:15:8: error: no such module 'Bridge'
 13 | //===----------------------------------------------------------------------===//
 14 |
 15 | import Bridge
    |        `- error: no such module 'Bridge'
 16 | import GRPCCore
 17 | import Logging
[6048/6255] Compiling Temporal temporal_api_sdk_v1_worker_config.pb.swift
/host/spi-builder-workspace/Sources/Temporal/Bridge/BridgeClient.swift:15:8: error: no such module 'Bridge'
 13 | //===----------------------------------------------------------------------===//
 14 |
 15 | import Bridge
    |        `- error: no such module 'Bridge'
 16 | import GRPCCore
 17 | import Logging
[6049/6255] Compiling Temporal temporal_api_sdk_v1_workflow_metadata.grpc.swift
/host/spi-builder-workspace/Sources/Temporal/Bridge/BridgeClient.swift:15:8: error: no such module 'Bridge'
 13 | //===----------------------------------------------------------------------===//
 14 |
 15 | import Bridge
    |        `- error: no such module 'Bridge'
 16 | import GRPCCore
 17 | import Logging
[6050/6255] Compiling Temporal temporal_api_sdk_v1_workflow_metadata.pb.swift
/host/spi-builder-workspace/Sources/Temporal/Bridge/BridgeClient.swift:15:8: error: no such module 'Bridge'
 13 | //===----------------------------------------------------------------------===//
 14 |
 15 | import Bridge
    |        `- error: no such module 'Bridge'
 16 | import GRPCCore
 17 | import Logging
[6051/6255] Compiling Temporal temporal_api_taskqueue_v1_message.grpc.swift
/host/spi-builder-workspace/Sources/Temporal/Bridge/BridgeClient.swift:15:8: error: no such module 'Bridge'
 13 | //===----------------------------------------------------------------------===//
 14 |
 15 | import Bridge
    |        `- error: no such module 'Bridge'
 16 | import GRPCCore
 17 | import Logging
[6052/6255] Compiling Temporal temporal_api_taskqueue_v1_message.pb.swift
/host/spi-builder-workspace/Sources/Temporal/Bridge/BridgeClient.swift:15:8: error: no such module 'Bridge'
 13 | //===----------------------------------------------------------------------===//
 14 |
 15 | import Bridge
    |        `- error: no such module 'Bridge'
 16 | import GRPCCore
 17 | import Logging
[6053/6255] Compiling Temporal temporal_api_testservice_v1_request_response.grpc.swift
/host/spi-builder-workspace/Sources/Temporal/Bridge/BridgeClient.swift:15:8: error: no such module 'Bridge'
 13 | //===----------------------------------------------------------------------===//
 14 |
 15 | import Bridge
    |        `- error: no such module 'Bridge'
 16 | import GRPCCore
 17 | import Logging
[6054/6255] Compiling Temporal temporal_api_testservice_v1_request_response.pb.swift
/host/spi-builder-workspace/Sources/Temporal/Bridge/BridgeClient.swift:15:8: error: no such module 'Bridge'
 13 | //===----------------------------------------------------------------------===//
 14 |
 15 | import Bridge
    |        `- error: no such module 'Bridge'
 16 | import GRPCCore
 17 | import Logging
[6055/6255] Compiling Temporal temporal_api_testservice_v1_service.grpc.swift
/host/spi-builder-workspace/Sources/Temporal/Bridge/BridgeClient.swift:15:8: error: no such module 'Bridge'
 13 | //===----------------------------------------------------------------------===//
 14 |
 15 | import Bridge
    |        `- error: no such module 'Bridge'
 16 | import GRPCCore
 17 | import Logging
[6056/6255] Compiling Temporal temporal_api_testservice_v1_service.pb.swift
/host/spi-builder-workspace/Sources/Temporal/Bridge/BridgeClient.swift:15:8: error: no such module 'Bridge'
 13 | //===----------------------------------------------------------------------===//
 14 |
 15 | import Bridge
    |        `- error: no such module 'Bridge'
 16 | import GRPCCore
 17 | import Logging
[6057/6255] Compiling Temporal temporal_api_update_v1_message.grpc.swift
/host/spi-builder-workspace/Sources/Temporal/Bridge/BridgeClient.swift:15:8: error: no such module 'Bridge'
 13 | //===----------------------------------------------------------------------===//
 14 |
 15 | import Bridge
    |        `- error: no such module 'Bridge'
 16 | import GRPCCore
 17 | import Logging
[6058/6255] Compiling Temporal temporal_api_update_v1_message.pb.swift
/host/spi-builder-workspace/Sources/Temporal/Bridge/BridgeClient.swift:15:8: error: no such module 'Bridge'
 13 | //===----------------------------------------------------------------------===//
 14 |
 15 | import Bridge
    |        `- error: no such module 'Bridge'
 16 | import GRPCCore
 17 | import Logging
[6059/6255] Compiling Temporal temporal_api_version_v1_message.grpc.swift
/host/spi-builder-workspace/Sources/Temporal/Bridge/BridgeClient.swift:15:8: error: no such module 'Bridge'
 13 | //===----------------------------------------------------------------------===//
 14 |
 15 | import Bridge
    |        `- error: no such module 'Bridge'
 16 | import GRPCCore
 17 | import Logging
[6060/6255] Compiling Temporal temporal_api_version_v1_message.pb.swift
/host/spi-builder-workspace/Sources/Temporal/Bridge/BridgeClient.swift:15:8: error: no such module 'Bridge'
 13 | //===----------------------------------------------------------------------===//
 14 |
 15 | import Bridge
    |        `- error: no such module 'Bridge'
 16 | import GRPCCore
 17 | import Logging
[6061/6255] Compiling Temporal temporal_api_worker_v1_message.grpc.swift
/host/spi-builder-workspace/Sources/Temporal/Bridge/BridgeClient.swift:15:8: error: no such module 'Bridge'
 13 | //===----------------------------------------------------------------------===//
 14 |
 15 | import Bridge
    |        `- error: no such module 'Bridge'
 16 | import GRPCCore
 17 | import Logging
[6062/6255] Compiling Temporal temporal_api_worker_v1_message.pb.swift
/host/spi-builder-workspace/Sources/Temporal/Bridge/BridgeClient.swift:15:8: error: no such module 'Bridge'
 13 | //===----------------------------------------------------------------------===//
 14 |
 15 | import Bridge
    |        `- error: no such module 'Bridge'
 16 | import GRPCCore
 17 | import Logging
[6063/6278] Compiling Temporal TemporalWorkerTracingInterceptor+WorkflowInbound.swift
/host/spi-builder-workspace/Sources/Temporal/Bridge/BridgeClient.swift:15:8: error: no such module 'Bridge'
 13 | //===----------------------------------------------------------------------===//
 14 |
 15 | import Bridge
    |        `- error: no such module 'Bridge'
 16 | import GRPCCore
 17 | import Logging
[6064/6278] Compiling Temporal TemporalWorkerTracingInterceptor+WorkflowOutbound.swift
/host/spi-builder-workspace/Sources/Temporal/Bridge/BridgeClient.swift:15:8: error: no such module 'Bridge'
 13 | //===----------------------------------------------------------------------===//
 14 |
 15 | import Bridge
    |        `- error: no such module 'Bridge'
 16 | import GRPCCore
 17 | import Logging
[6065/6278] Compiling Temporal TemporalWorkerTracingInterceptor.swift
/host/spi-builder-workspace/Sources/Temporal/Bridge/BridgeClient.swift:15:8: error: no such module 'Bridge'
 13 | //===----------------------------------------------------------------------===//
 14 |
 15 | import Bridge
    |        `- error: no such module 'Bridge'
 16 | import GRPCCore
 17 | import Logging
[6066/6278] Compiling Temporal TemporalHeaderPropagation.swift
/host/spi-builder-workspace/Sources/Temporal/Bridge/BridgeClient.swift:15:8: error: no such module 'Bridge'
 13 | //===----------------------------------------------------------------------===//
 14 |
 15 | import Bridge
    |        `- error: no such module 'Bridge'
 16 | import GRPCCore
 17 | import Logging
[6067/6278] Compiling Temporal TemporalTraceRecording.swift
/host/spi-builder-workspace/Sources/Temporal/Bridge/BridgeClient.swift:15:8: error: no such module 'Bridge'
 13 | //===----------------------------------------------------------------------===//
 14 |
 15 | import Bridge
    |        `- error: no such module 'Bridge'
 16 | import GRPCCore
 17 | import Logging
[6068/6278] Compiling Temporal ActivityMacro.swift
/host/spi-builder-workspace/Sources/Temporal/Bridge/BridgeClient.swift:15:8: error: no such module 'Bridge'
 13 | //===----------------------------------------------------------------------===//
 14 |
 15 | import Bridge
    |        `- error: no such module 'Bridge'
 16 | import GRPCCore
 17 | import Logging
[6069/6278] Compiling Temporal WorkflowMacro.swift
/host/spi-builder-workspace/Sources/Temporal/Bridge/BridgeClient.swift:15:8: error: no such module 'Bridge'
 13 | //===----------------------------------------------------------------------===//
 14 |
 15 | import Bridge
    |        `- error: no such module 'Bridge'
 16 | import GRPCCore
 17 | import Logging
[6070/6278] Compiling Temporal WorkflowHistory.swift
/host/spi-builder-workspace/Sources/Temporal/Bridge/BridgeClient.swift:15:8: error: no such module 'Bridge'
 13 | //===----------------------------------------------------------------------===//
 14 |
 15 | import Bridge
    |        `- error: no such module 'Bridge'
 16 | import GRPCCore
 17 | import Logging
[6071/6278] Compiling Temporal WorkflowHistoryRunner.swift
/host/spi-builder-workspace/Sources/Temporal/Bridge/BridgeClient.swift:15:8: error: no such module 'Bridge'
 13 | //===----------------------------------------------------------------------===//
 14 |
 15 | import Bridge
    |        `- error: no such module 'Bridge'
 16 | import GRPCCore
 17 | import Logging
[6072/6278] Compiling Temporal WorkflowReplayResult.swift
/host/spi-builder-workspace/Sources/Temporal/Bridge/BridgeClient.swift:15:8: error: no such module 'Bridge'
 13 | //===----------------------------------------------------------------------===//
 14 |
 15 | import Bridge
    |        `- error: no such module 'Bridge'
 16 | import GRPCCore
 17 | import Logging
[6073/6278] Compiling Temporal WorkflowReplayer+Configuration.swift
/host/spi-builder-workspace/Sources/Temporal/Bridge/BridgeClient.swift:15:8: error: no such module 'Bridge'
 13 | //===----------------------------------------------------------------------===//
 14 |
 15 | import Bridge
    |        `- error: no such module 'Bridge'
 16 | import GRPCCore
 17 | import Logging
[6074/6278] Compiling Temporal WorkflowReplayer.swift
/host/spi-builder-workspace/Sources/Temporal/Bridge/BridgeClient.swift:15:8: error: no such module 'Bridge'
 13 | //===----------------------------------------------------------------------===//
 14 |
 15 | import Bridge
    |        `- error: no such module 'Bridge'
 16 | import GRPCCore
 17 | import Logging
[6075/6278] Compiling Temporal ConfigKeys+Client.swift
/host/spi-builder-workspace/Sources/Temporal/Bridge/BridgeClient.swift:15:8: error: no such module 'Bridge'
 13 | //===----------------------------------------------------------------------===//
 14 |
 15 | import Bridge
    |        `- error: no such module 'Bridge'
 16 | import GRPCCore
 17 | import Logging
[6076/6278] Compiling Temporal ConfigKeys+Worker.swift
/host/spi-builder-workspace/Sources/Temporal/Bridge/BridgeClient.swift:15:8: error: no such module 'Bridge'
 13 | //===----------------------------------------------------------------------===//
 14 |
 15 | import Bridge
    |        `- error: no such module 'Bridge'
 16 | import GRPCCore
 17 | import Logging
[6077/6278] Compiling Temporal Constants.swift
/host/spi-builder-workspace/Sources/Temporal/Bridge/BridgeClient.swift:15:8: error: no such module 'Bridge'
 13 | //===----------------------------------------------------------------------===//
 14 |
 15 | import Bridge
    |        `- error: no such module 'Bridge'
 16 | import GRPCCore
 17 | import Logging
[6078/6278] Compiling Temporal Encodings.swift
/host/spi-builder-workspace/Sources/Temporal/Bridge/BridgeClient.swift:15:8: error: no such module 'Bridge'
 13 | //===----------------------------------------------------------------------===//
 14 |
 15 | import Bridge
    |        `- error: no such module 'Bridge'
 16 | import GRPCCore
 17 | import Logging
[6079/6278] Compiling Temporal LoggingKeys.swift
/host/spi-builder-workspace/Sources/Temporal/Bridge/BridgeClient.swift:15:8: error: no such module 'Bridge'
 13 | //===----------------------------------------------------------------------===//
 14 |
 15 | import Bridge
    |        `- error: no such module 'Bridge'
 16 | import GRPCCore
 17 | import Logging
[6080/6278] Compiling Temporal ActivityCancellationDetails.swift
/host/spi-builder-workspace/Sources/Temporal/Bridge/BridgeClient.swift:15:8: error: no such module 'Bridge'
 13 | //===----------------------------------------------------------------------===//
 14 |
 15 | import Bridge
    |        `- error: no such module 'Bridge'
 16 | import GRPCCore
 17 | import Logging
[6081/6278] Compiling Temporal ActivityCancellationReason+Proto.swift
/host/spi-builder-workspace/Sources/Temporal/Bridge/BridgeClient.swift:15:8: error: no such module 'Bridge'
 13 | //===----------------------------------------------------------------------===//
 14 |
 15 | import Bridge
    |        `- error: no such module 'Bridge'
 16 | import GRPCCore
 17 | import Logging
[6082/6278] Compiling Temporal ActivityCancellationReason.swift
/host/spi-builder-workspace/Sources/Temporal/Bridge/BridgeClient.swift:15:8: error: no such module 'Bridge'
 13 | //===----------------------------------------------------------------------===//
 14 |
 15 | import Bridge
    |        `- error: no such module 'Bridge'
 16 | import GRPCCore
 17 | import Logging
[6083/6278] Compiling Temporal ActivityContainer.swift
/host/spi-builder-workspace/Sources/Temporal/Bridge/BridgeClient.swift:15:8: error: no such module 'Bridge'
 13 | //===----------------------------------------------------------------------===//
 14 |
 15 | import Bridge
    |        `- error: no such module 'Bridge'
 16 | import GRPCCore
 17 | import Logging
[6084/6278] Compiling Temporal ActivityDefinition.swift
/host/spi-builder-workspace/Sources/Temporal/Bridge/BridgeClient.swift:15:8: error: no such module 'Bridge'
 13 | //===----------------------------------------------------------------------===//
 14 |
 15 | import Bridge
    |        `- error: no such module 'Bridge'
 16 | import GRPCCore
 17 | import Logging
[6085/6278] Compiling Temporal ActivityExecutionContext.swift
/host/spi-builder-workspace/Sources/Temporal/Bridge/BridgeClient.swift:15:8: error: no such module 'Bridge'
 13 | //===----------------------------------------------------------------------===//
 14 |
 15 | import Bridge
    |        `- error: no such module 'Bridge'
 16 | import GRPCCore
 17 | import Logging
error: emit-module command failed with exit code 1 (use -v to see invocation)
[6086/6301] Emitting module Temporal
/host/spi-builder-workspace/Sources/Temporal/Bridge/BridgeClient.swift:15:8: error: no such module 'Bridge'
 13 | //===----------------------------------------------------------------------===//
 14 |
 15 | import Bridge
    |        `- error: no such module 'Bridge'
 16 | import GRPCCore
 17 | import Logging
[6087/6301] Compiling Temporal WorkflowUpdateHandle.swift
/host/spi-builder-workspace/Sources/Temporal/Bridge/BridgeClient.swift:15:8: error: no such module 'Bridge'
 13 | //===----------------------------------------------------------------------===//
 14 |
 15 | import Bridge
    |        `- error: no such module 'Bridge'
 16 | import GRPCCore
 17 | import Logging
[6088/6301] Compiling Temporal InterceptedService+AsyncActivites.swift
/host/spi-builder-workspace/Sources/Temporal/Bridge/BridgeClient.swift:15:8: error: no such module 'Bridge'
 13 | //===----------------------------------------------------------------------===//
 14 |
 15 | import Bridge
    |        `- error: no such module 'Bridge'
 16 | import GRPCCore
 17 | import Logging
[6089/6301] Compiling Temporal InterceptedService+Schedules.swift
/host/spi-builder-workspace/Sources/Temporal/Bridge/BridgeClient.swift:15:8: error: no such module 'Bridge'
 13 | //===----------------------------------------------------------------------===//
 14 |
 15 | import Bridge
    |        `- error: no such module 'Bridge'
 16 | import GRPCCore
 17 | import Logging
[6090/6301] Compiling Temporal InterceptedService+Workflows.swift
/host/spi-builder-workspace/Sources/Temporal/Bridge/BridgeClient.swift:15:8: error: no such module 'Bridge'
 13 | //===----------------------------------------------------------------------===//
 14 |
 15 | import Bridge
    |        `- error: no such module 'Bridge'
 16 | import GRPCCore
 17 | import Logging
[6091/6301] Compiling Temporal TemporalClient+InterceptedService.swift
/host/spi-builder-workspace/Sources/Temporal/Bridge/BridgeClient.swift:15:8: error: no such module 'Bridge'
 13 | //===----------------------------------------------------------------------===//
 14 |
 15 | import Bridge
    |        `- error: no such module 'Bridge'
 16 | import GRPCCore
 17 | import Logging
[6092/6301] Compiling Temporal ClientInterceptor.swift
/host/spi-builder-workspace/Sources/Temporal/Bridge/BridgeClient.swift:15:8: error: no such module 'Bridge'
 13 | //===----------------------------------------------------------------------===//
 14 |
 15 | import Bridge
    |        `- error: no such module 'Bridge'
 16 | import GRPCCore
 17 | import Logging
[6093/6301] Compiling Temporal ClientOutboundInterceptor.swift
/host/spi-builder-workspace/Sources/Temporal/Bridge/BridgeClient.swift:15:8: error: no such module 'Bridge'
 13 | //===----------------------------------------------------------------------===//
 14 |
 15 | import Bridge
    |        `- error: no such module 'Bridge'
 16 | import GRPCCore
 17 | import Logging
[6094/6301] Compiling Temporal CompleteAsyncActivityInput.swift
/host/spi-builder-workspace/Sources/Temporal/Bridge/BridgeClient.swift:15:8: error: no such module 'Bridge'
 13 | //===----------------------------------------------------------------------===//
 14 |
 15 | import Bridge
    |        `- error: no such module 'Bridge'
 16 | import GRPCCore
 17 | import Logging
[6095/6301] Compiling Temporal FailAsyncActivityInput.swift
/host/spi-builder-workspace/Sources/Temporal/Bridge/BridgeClient.swift:15:8: error: no such module 'Bridge'
 13 | //===----------------------------------------------------------------------===//
 14 |
 15 | import Bridge
    |        `- error: no such module 'Bridge'
 16 | import GRPCCore
 17 | import Logging
[6096/6301] Compiling Temporal HeartbeatAsyncActivityInput.swift
/host/spi-builder-workspace/Sources/Temporal/Bridge/BridgeClient.swift:15:8: error: no such module 'Bridge'
 13 | //===----------------------------------------------------------------------===//
 14 |
 15 | import Bridge
    |        `- error: no such module 'Bridge'
 16 | import GRPCCore
 17 | import Logging
[6097/6301] Compiling Temporal ReportCancellationAsyncActivityInput.swift
/host/spi-builder-workspace/Sources/Temporal/Bridge/BridgeClient.swift:15:8: error: no such module 'Bridge'
 13 | //===----------------------------------------------------------------------===//
 14 |
 15 | import Bridge
    |        `- error: no such module 'Bridge'
 16 | import GRPCCore
 17 | import Logging
[6098/6301] Compiling Temporal BackfillScheduleInput.swift
/host/spi-builder-workspace/Sources/Temporal/Bridge/BridgeClient.swift:15:8: error: no such module 'Bridge'
 13 | //===----------------------------------------------------------------------===//
 14 |
 15 | import Bridge
    |        `- error: no such module 'Bridge'
 16 | import GRPCCore
 17 | import Logging
[6099/6301] Compiling Temporal CreateScheduleInput.swift
/host/spi-builder-workspace/Sources/Temporal/Bridge/BridgeClient.swift:15:8: error: no such module 'Bridge'
 13 | //===----------------------------------------------------------------------===//
 14 |
 15 | import Bridge
    |        `- error: no such module 'Bridge'
 16 | import GRPCCore
 17 | import Logging
[6100/6301] Compiling Temporal DeleteScheduleInput.swift
/host/spi-builder-workspace/Sources/Temporal/Bridge/BridgeClient.swift:15:8: error: no such module 'Bridge'
 13 | //===----------------------------------------------------------------------===//
 14 |
 15 | import Bridge
    |        `- error: no such module 'Bridge'
 16 | import GRPCCore
 17 | import Logging
[6101/6301] Compiling Temporal DescribeScheduleInput.swift
/host/spi-builder-workspace/Sources/Temporal/Bridge/BridgeClient.swift:15:8: error: no such module 'Bridge'
 13 | //===----------------------------------------------------------------------===//
 14 |
 15 | import Bridge
    |        `- error: no such module 'Bridge'
 16 | import GRPCCore
 17 | import Logging
[6102/6301] Compiling Temporal ListSchedulesInput.swift
/host/spi-builder-workspace/Sources/Temporal/Bridge/BridgeClient.swift:15:8: error: no such module 'Bridge'
 13 | //===----------------------------------------------------------------------===//
 14 |
 15 | import Bridge
    |        `- error: no such module 'Bridge'
 16 | import GRPCCore
 17 | import Logging
[6103/6301] Compiling Temporal PauseScheduleInput.swift
/host/spi-builder-workspace/Sources/Temporal/Bridge/BridgeClient.swift:15:8: error: no such module 'Bridge'
 13 | //===----------------------------------------------------------------------===//
 14 |
 15 | import Bridge
    |        `- error: no such module 'Bridge'
 16 | import GRPCCore
 17 | import Logging
[6104/6301] Compiling Temporal TriggerScheduleInput.swift
/host/spi-builder-workspace/Sources/Temporal/Bridge/BridgeClient.swift:15:8: error: no such module 'Bridge'
 13 | //===----------------------------------------------------------------------===//
 14 |
 15 | import Bridge
    |        `- error: no such module 'Bridge'
 16 | import GRPCCore
 17 | import Logging
[6105/6301] Compiling Temporal UnpauseScheduleInput.swift
/host/spi-builder-workspace/Sources/Temporal/Bridge/BridgeClient.swift:15:8: error: no such module 'Bridge'
 13 | //===----------------------------------------------------------------------===//
 14 |
 15 | import Bridge
    |        `- error: no such module 'Bridge'
 16 | import GRPCCore
 17 | import Logging
[6106/6301] Compiling Temporal UpdateScheduleInput.swift
/host/spi-builder-workspace/Sources/Temporal/Bridge/BridgeClient.swift:15:8: error: no such module 'Bridge'
 13 | //===----------------------------------------------------------------------===//
 14 |
 15 | import Bridge
    |        `- error: no such module 'Bridge'
 16 | import GRPCCore
 17 | import Logging
[6107/6301] Compiling Temporal CancelWorkflowInput.swift
/host/spi-builder-workspace/Sources/Temporal/Bridge/BridgeClient.swift:15:8: error: no such module 'Bridge'
 13 | //===----------------------------------------------------------------------===//
 14 |
 15 | import Bridge
    |        `- error: no such module 'Bridge'
 16 | import GRPCCore
 17 | import Logging
[6108/6301] Compiling Temporal CountWorkflowsInput.swift
/host/spi-builder-workspace/Sources/Temporal/Bridge/BridgeClient.swift:15:8: error: no such module 'Bridge'
 13 | //===----------------------------------------------------------------------===//
 14 |
 15 | import Bridge
    |        `- error: no such module 'Bridge'
 16 | import GRPCCore
 17 | import Logging
[6109/6301] Compiling Temporal DescribeWorkflowInput.swift
/host/spi-builder-workspace/Sources/Temporal/Bridge/BridgeClient.swift:15:8: error: no such module 'Bridge'
 13 | //===----------------------------------------------------------------------===//
 14 |
 15 | import Bridge
    |        `- error: no such module 'Bridge'
 16 | import GRPCCore
 17 | import Logging
[6110/6301] Compiling Temporal FetchWorkflowHistoryEventsInput.swift
/host/spi-builder-workspace/Sources/Temporal/Bridge/BridgeClient.swift:15:8: error: no such module 'Bridge'
 13 | //===----------------------------------------------------------------------===//
 14 |
 15 | import Bridge
    |        `- error: no such module 'Bridge'
 16 | import GRPCCore
 17 | import Logging
[6111/6301] Compiling Temporal ScheduleSpecification+Proto.swift
/host/spi-builder-workspace/Sources/Temporal/Bridge/BridgeClient.swift:15:8: error: no such module 'Bridge'
 13 | //===----------------------------------------------------------------------===//
 14 |
 15 | import Bridge
    |        `- error: no such module 'Bridge'
 16 | import GRPCCore
 17 | import Logging
[6112/6301] Compiling Temporal ScheduleState+Proto.swift
/host/spi-builder-workspace/Sources/Temporal/Bridge/BridgeClient.swift:15:8: error: no such module 'Bridge'
 13 | //===----------------------------------------------------------------------===//
 14 |
 15 | import Bridge
    |        `- error: no such module 'Bridge'
 16 | import GRPCCore
 17 | import Logging
[6113/6301] Compiling Temporal SearchAttributes+Proto.swift
/host/spi-builder-workspace/Sources/Temporal/Bridge/BridgeClient.swift:15:8: error: no such module 'Bridge'
 13 | //===----------------------------------------------------------------------===//
 14 |
 15 | import Bridge
    |        `- error: no such module 'Bridge'
 16 | import GRPCCore
 17 | import Logging
[6114/6301] Compiling Temporal SearchAttributesList+Proto.swift
/host/spi-builder-workspace/Sources/Temporal/Bridge/BridgeClient.swift:15:8: error: no such module 'Bridge'
 13 | //===----------------------------------------------------------------------===//
 14 |
 15 | import Bridge
    |        `- error: no such module 'Bridge'
 16 | import GRPCCore
 17 | import Logging
[6115/6301] Compiling Temporal WorkflowExecutionDescription+Proto.swift
/host/spi-builder-workspace/Sources/Temporal/Bridge/BridgeClient.swift:15:8: error: no such module 'Bridge'
 13 | //===----------------------------------------------------------------------===//
 14 |
 15 | import Bridge
    |        `- error: no such module 'Bridge'
 16 | import GRPCCore
 17 | import Logging
[6116/6301] Compiling Temporal WorkflowUpdateStage+Proto.swift
/host/spi-builder-workspace/Sources/Temporal/Bridge/BridgeClient.swift:15:8: error: no such module 'Bridge'
 13 | //===----------------------------------------------------------------------===//
 14 |
 15 | import Bridge
    |        `- error: no such module 'Bridge'
 16 | import GRPCCore
 17 | import Logging
[6117/6301] Compiling Temporal Priority+Proto.swift
/host/spi-builder-workspace/Sources/Temporal/Bridge/BridgeClient.swift:15:8: error: no such module 'Bridge'
 13 | //===----------------------------------------------------------------------===//
 14 |
 15 | import Bridge
    |        `- error: no such module 'Bridge'
 16 | import GRPCCore
 17 | import Logging
[6118/6301] Compiling Temporal UpdateOutcome+Payloads.swift
/host/spi-builder-workspace/Sources/Temporal/Bridge/BridgeClient.swift:15:8: error: no such module 'Bridge'
 13 | //===----------------------------------------------------------------------===//
 14 |
 15 | import Bridge
    |        `- error: no such module 'Bridge'
 16 | import GRPCCore
 17 | import Logging
[6119/6301] Compiling Temporal VersioningOverride+Proto.swift
/host/spi-builder-workspace/Sources/Temporal/Bridge/BridgeClient.swift:15:8: error: no such module 'Bridge'
 13 | //===----------------------------------------------------------------------===//
 14 |
 15 | import Bridge
    |        `- error: no such module 'Bridge'
 16 | import GRPCCore
 17 | import Logging
[6120/6301] Compiling Temporal SearchAttributeCollection.swift
/host/spi-builder-workspace/Sources/Temporal/Bridge/BridgeClient.swift:15:8: error: no such module 'Bridge'
 13 | //===----------------------------------------------------------------------===//
 14 |
 15 | import Bridge
    |        `- error: no such module 'Bridge'
 16 | import GRPCCore
 17 | import Logging
[6121/6301] Compiling Temporal SearchAttributeKey.swift
/host/spi-builder-workspace/Sources/Temporal/Bridge/BridgeClient.swift:15:8: error: no such module 'Bridge'
 13 | //===----------------------------------------------------------------------===//
 14 |
 15 | import Bridge
    |        `- error: no such module 'Bridge'
 16 | import GRPCCore
 17 | import Logging
[6122/6301] Compiling Temporal SuggestContinueAsNewReason.swift
/host/spi-builder-workspace/Sources/Temporal/Bridge/BridgeClient.swift:15:8: error: no such module 'Bridge'
 13 | //===----------------------------------------------------------------------===//
 14 |
 15 | import Bridge
    |        `- error: no such module 'Bridge'
 16 | import GRPCCore
 17 | import Logging
[6123/6301] Compiling Temporal TemporalRawValue.swift
/host/spi-builder-workspace/Sources/Temporal/Bridge/BridgeClient.swift:15:8: error: no such module 'Bridge'
 13 | //===----------------------------------------------------------------------===//
 14 |
 15 | import Bridge
    |        `- error: no such module 'Bridge'
 16 | import GRPCCore
 17 | import Logging
[6124/6301] Compiling Temporal AnyUnaryGRPCClient.swift
/host/spi-builder-workspace/Sources/Temporal/Bridge/BridgeClient.swift:15:8: error: no such module 'Bridge'
 13 | //===----------------------------------------------------------------------===//
 14 |
 15 | import Bridge
    |        `- error: no such module 'Bridge'
 16 | import GRPCCore
 17 | import Logging
[6125/6301] Compiling Temporal BridgeClient+Context.swift
/host/spi-builder-workspace/Sources/Temporal/Bridge/BridgeClient.swift:15:8: error: no such module 'Bridge'
 13 | //===----------------------------------------------------------------------===//
 14 |
 15 | import Bridge
    |        `- error: no such module 'Bridge'
 16 | import GRPCCore
 17 | import Logging
[6126/6301] Compiling Temporal BridgeClient.swift
/host/spi-builder-workspace/Sources/Temporal/Bridge/BridgeClient.swift:15:8: error: no such module 'Bridge'
 13 | //===----------------------------------------------------------------------===//
 14 |
 15 | import Bridge
    |        `- error: no such module 'Bridge'
 16 | import GRPCCore
 17 | import Logging
[6127/6301] Compiling Temporal BridgeError.swift
/host/spi-builder-workspace/Sources/Temporal/Bridge/BridgeClient.swift:15:8: error: no such module 'Bridge'
 13 | //===----------------------------------------------------------------------===//
 14 |
 15 | import Bridge
    |        `- error: no such module 'Bridge'
 16 | import GRPCCore
 17 | import Logging
[6128/6301] Compiling Temporal BridgeReplayer.swift
/host/spi-builder-workspace/Sources/Temporal/Bridge/BridgeClient.swift:15:8: error: no such module 'Bridge'
 13 | //===----------------------------------------------------------------------===//
 14 |
 15 | import Bridge
    |        `- error: no such module 'Bridge'
 16 | import GRPCCore
 17 | import Logging
[6129/6301] Compiling Temporal BridgeRuntime.swift
/host/spi-builder-workspace/Sources/Temporal/Bridge/BridgeClient.swift:15:8: error: no such module 'Bridge'
 13 | //===----------------------------------------------------------------------===//
 14 |
 15 | import Bridge
    |        `- error: no such module 'Bridge'
 16 | import GRPCCore
 17 | import Logging
[6130/6301] Compiling Temporal BridgeTestServer.swift
/host/spi-builder-workspace/Sources/Temporal/Bridge/BridgeClient.swift:15:8: error: no such module 'Bridge'
 13 | //===----------------------------------------------------------------------===//
 14 |
 15 | import Bridge
    |        `- error: no such module 'Bridge'
 16 | import GRPCCore
 17 | import Logging
[6131/6301] Compiling Temporal BridgeWorker.swift
/host/spi-builder-workspace/Sources/Temporal/Bridge/BridgeClient.swift:15:8: error: no such module 'Bridge'
 13 | //===----------------------------------------------------------------------===//
 14 |
 15 | import Bridge
    |        `- error: no such module 'Bridge'
 16 | import GRPCCore
 17 | import Logging
[6132/6301] Compiling Temporal ByteArrayRef+Helpers.swift
/host/spi-builder-workspace/Sources/Temporal/Bridge/BridgeClient.swift:15:8: error: no such module 'Bridge'
 13 | //===----------------------------------------------------------------------===//
 14 |
 15 | import Bridge
    |        `- error: no such module 'Bridge'
 16 | import GRPCCore
 17 | import Logging
[6133/6301] Compiling Temporal ByteArrayRefArray+Helpers.swift
/host/spi-builder-workspace/Sources/Temporal/Bridge/BridgeClient.swift:15:8: error: no such module 'Bridge'
 13 | //===----------------------------------------------------------------------===//
 14 |
 15 | import Bridge
    |        `- error: no such module 'Bridge'
 16 | import GRPCCore
 17 | import Logging
[6134/6301] Compiling Temporal Concurrency+Bridge.swift
/host/spi-builder-workspace/Sources/Temporal/Bridge/BridgeClient.swift:15:8: error: no such module 'Bridge'
 13 | //===----------------------------------------------------------------------===//
 14 |
 15 | import Bridge
    |        `- error: no such module 'Bridge'
 16 | import GRPCCore
 17 | import Logging
[6135/6301] Compiling Temporal WorkflowExecutionCount.swift
/host/spi-builder-workspace/Sources/Temporal/Bridge/BridgeClient.swift:15:8: error: no such module 'Bridge'
 13 | //===----------------------------------------------------------------------===//
 14 |
 15 | import Bridge
    |        `- error: no such module 'Bridge'
 16 | import GRPCCore
 17 | import Logging
[6136/6301] Compiling Temporal Headers+Proto.swift
/host/spi-builder-workspace/Sources/Temporal/Bridge/BridgeClient.swift:15:8: error: no such module 'Bridge'
 13 | //===----------------------------------------------------------------------===//
 14 |
 15 | import Bridge
    |        `- error: no such module 'Bridge'
 16 | import GRPCCore
 17 | import Logging
[6137/6301] Compiling Temporal WorkflowExecutionCount+Proto.swift
/host/spi-builder-workspace/Sources/Temporal/Bridge/BridgeClient.swift:15:8: error: no such module 'Bridge'
 13 | //===----------------------------------------------------------------------===//
 14 |
 15 | import Bridge
    |        `- error: no such module 'Bridge'
 16 | import GRPCCore
 17 | import Logging
[6138/6301] Compiling Temporal NamespaceArchivalState+Proto.swift
/host/spi-builder-workspace/Sources/Temporal/Bridge/BridgeClient.swift:15:8: error: no such module 'Bridge'
 13 | //===----------------------------------------------------------------------===//
 14 |
 15 | import Bridge
    |        `- error: no such module 'Bridge'
 16 | import GRPCCore
 17 | import Logging
[6139/6301] Compiling Temporal NamespaceBadBinaries+Proto.swift
/host/spi-builder-workspace/Sources/Temporal/Bridge/BridgeClient.swift:15:8: error: no such module 'Bridge'
 13 | //===----------------------------------------------------------------------===//
 14 |
 15 | import Bridge
    |        `- error: no such module 'Bridge'
 16 | import GRPCCore
 17 | import Logging
[6140/6301] Compiling Temporal NamespaceConfig+Proto.swift
/host/spi-builder-workspace/Sources/Temporal/Bridge/BridgeClient.swift:15:8: error: no such module 'Bridge'
 13 | //===----------------------------------------------------------------------===//
 14 |
 15 | import Bridge
    |        `- error: no such module 'Bridge'
 16 | import GRPCCore
 17 | import Logging
[6141/6301] Compiling Temporal NamespaceDescription+Proto.swift
/host/spi-builder-workspace/Sources/Temporal/Bridge/BridgeClient.swift:15:8: error: no such module 'Bridge'
 13 | //===----------------------------------------------------------------------===//
 14 |
 15 | import Bridge
    |        `- error: no such module 'Bridge'
 16 | import GRPCCore
 17 | import Logging
[6142/6301] Compiling Temporal NamespaceFailoverStatus+Proto.swift
/host/spi-builder-workspace/Sources/Temporal/Bridge/BridgeClient.swift:15:8: error: no such module 'Bridge'
 13 | //===----------------------------------------------------------------------===//
 14 |
 15 | import Bridge
    |        `- error: no such module 'Bridge'
 16 | import GRPCCore
 17 | import Logging
[6143/6301] Compiling Temporal NamespaceInfo+Proto.swift
/host/spi-builder-workspace/Sources/Temporal/Bridge/BridgeClient.swift:15:8: error: no such module 'Bridge'
 13 | //===----------------------------------------------------------------------===//
 14 |
 15 | import Bridge
    |        `- error: no such module 'Bridge'
 16 | import GRPCCore
 17 | import Logging
[6144/6301] Compiling Temporal NamespaceReplicationConfig+Proto.swift
/host/spi-builder-workspace/Sources/Temporal/Bridge/BridgeClient.swift:15:8: error: no such module 'Bridge'
 13 | //===----------------------------------------------------------------------===//
 14 |
 15 | import Bridge
    |        `- error: no such module 'Bridge'
 16 | import GRPCCore
 17 | import Logging
[6145/6301] Compiling Temporal NamespaceUpdateInfo+Proto.swift
/host/spi-builder-workspace/Sources/Temporal/Bridge/BridgeClient.swift:15:8: error: no such module 'Bridge'
 13 | //===----------------------------------------------------------------------===//
 14 |
 15 | import Bridge
    |        `- error: no such module 'Bridge'
 16 | import GRPCCore
 17 | import Logging
[6146/6301] Compiling Temporal NamespaceUpdatedDescription+Proto.swift
/host/spi-builder-workspace/Sources/Temporal/Bridge/BridgeClient.swift:15:8: error: no such module 'Bridge'
 13 | //===----------------------------------------------------------------------===//
 14 |
 15 | import Bridge
    |        `- error: no such module 'Bridge'
 16 | import GRPCCore
 17 | import Logging
[6147/6301] Compiling Temporal ScheduleListDescription+Proto.swift
/host/spi-builder-workspace/Sources/Temporal/Bridge/BridgeClient.swift:15:8: error: no such module 'Bridge'
 13 | //===----------------------------------------------------------------------===//
 14 |
 15 | import Bridge
    |        `- error: no such module 'Bridge'
 16 | import GRPCCore
 17 | import Logging
[6148/6301] Compiling Temporal ScheduleListEntry+Proto.swift
/host/spi-builder-workspace/Sources/Temporal/Bridge/BridgeClient.swift:15:8: error: no such module 'Bridge'
 13 | //===----------------------------------------------------------------------===//
 14 |
 15 | import Bridge
    |        `- error: no such module 'Bridge'
 16 | import GRPCCore
 17 | import Logging
[6149/6301] Compiling Temporal ScheduleListInfo+Proto.swift
/host/spi-builder-workspace/Sources/Temporal/Bridge/BridgeClient.swift:15:8: error: no such module 'Bridge'
 13 | //===----------------------------------------------------------------------===//
 14 |
 15 | import Bridge
    |        `- error: no such module 'Bridge'
 16 | import GRPCCore
 17 | import Logging
[6150/6301] Compiling Temporal Schedule+Proto.swift
/host/spi-builder-workspace/Sources/Temporal/Bridge/BridgeClient.swift:15:8: error: no such module 'Bridge'
 13 | //===----------------------------------------------------------------------===//
 14 |
 15 | import Bridge
    |        `- error: no such module 'Bridge'
 16 | import GRPCCore
 17 | import Logging
[6151/6301] Compiling Temporal ScheduleAction+Proto.swift
/host/spi-builder-workspace/Sources/Temporal/Bridge/BridgeClient.swift:15:8: error: no such module 'Bridge'
 13 | //===----------------------------------------------------------------------===//
 14 |
 15 | import Bridge
    |        `- error: no such module 'Bridge'
 16 | import GRPCCore
 17 | import Logging
[6152/6301] Compiling Temporal ScheduleBackfill+Proto.swift
/host/spi-builder-workspace/Sources/Temporal/Bridge/BridgeClient.swift:15:8: error: no such module 'Bridge'
 13 | //===----------------------------------------------------------------------===//
 14 |
 15 | import Bridge
    |        `- error: no such module 'Bridge'
 16 | import GRPCCore
 17 | import Logging
[6153/6301] Compiling Temporal ScheduleCalendarSpecification+Proto.swift
/host/spi-builder-workspace/Sources/Temporal/Bridge/BridgeClient.swift:15:8: error: no such module 'Bridge'
 13 | //===----------------------------------------------------------------------===//
 14 |
 15 | import Bridge
    |        `- error: no such module 'Bridge'
 16 | import GRPCCore
 17 | import Logging
[6154/6301] Compiling Temporal ScheduleDescription+Proto.swift
/host/spi-builder-workspace/Sources/Temporal/Bridge/BridgeClient.swift:15:8: error: no such module 'Bridge'
 13 | //===----------------------------------------------------------------------===//
 14 |
 15 | import Bridge
    |        `- error: no such module 'Bridge'
 16 | import GRPCCore
 17 | import Logging
[6155/6301] Compiling Temporal ScheduleInfo+Proto.swift
/host/spi-builder-workspace/Sources/Temporal/Bridge/BridgeClient.swift:15:8: error: no such module 'Bridge'
 13 | //===----------------------------------------------------------------------===//
 14 |
 15 | import Bridge
    |        `- error: no such module 'Bridge'
 16 | import GRPCCore
 17 | import Logging
[6156/6301] Compiling Temporal ScheduleIntervalSpecification+Proto.swift
/host/spi-builder-workspace/Sources/Temporal/Bridge/BridgeClient.swift:15:8: error: no such module 'Bridge'
 13 | //===----------------------------------------------------------------------===//
 14 |
 15 | import Bridge
    |        `- error: no such module 'Bridge'
 16 | import GRPCCore
 17 | import Logging
[6157/6301] Compiling Temporal SchedulePolicy+Proto.swift
/host/spi-builder-workspace/Sources/Temporal/Bridge/BridgeClient.swift:15:8: error: no such module 'Bridge'
 13 | //===----------------------------------------------------------------------===//
 14 |
 15 | import Bridge
    |        `- error: no such module 'Bridge'
 16 | import GRPCCore
 17 | import Logging
[6158/6301] Compiling Temporal ScheduleRange+Proto.swift
/host/spi-builder-workspace/Sources/Temporal/Bridge/BridgeClient.swift:15:8: error: no such module 'Bridge'
 13 | //===----------------------------------------------------------------------===//
 14 |
 15 | import Bridge
    |        `- error: no such module 'Bridge'
 16 | import GRPCCore
 17 | import Logging
[6159/6301] Compiling Temporal ActivityTaskToken.swift
/host/spi-builder-workspace/Sources/Temporal/Bridge/BridgeClient.swift:15:8: error: no such module 'Bridge'
 13 | //===----------------------------------------------------------------------===//
 14 |
 15 | import Bridge
    |        `- error: no such module 'Bridge'
 16 | import GRPCCore
 17 | import Logging
[6160/6301] Compiling Temporal ActivityWorker.swift
/host/spi-builder-workspace/Sources/Temporal/Bridge/BridgeClient.swift:15:8: error: no such module 'Bridge'
 13 | //===----------------------------------------------------------------------===//
 14 |
 15 | import Bridge
    |        `- error: no such module 'Bridge'
 16 | import GRPCCore
 17 | import Logging
[6161/6301] Compiling Temporal RunningActivity.swift
/host/spi-builder-workspace/Sources/Temporal/Bridge/BridgeClient.swift:15:8: error: no such module 'Bridge'
 13 | //===----------------------------------------------------------------------===//
 14 |
 15 | import Bridge
    |        `- error: no such module 'Bridge'
 16 | import GRPCCore
 17 | import Logging
[6162/6301] Compiling Temporal ActivityExecutionInfo.swift
/host/spi-builder-workspace/Sources/Temporal/Bridge/BridgeClient.swift:15:8: error: no such module 'Bridge'
 13 | //===----------------------------------------------------------------------===//
 14 |
 15 | import Bridge
    |        `- error: no such module 'Bridge'
 16 | import GRPCCore
 17 | import Logging
[6163/6301] Compiling Temporal ActivityInboundInterceptor.swift
/host/spi-builder-workspace/Sources/Temporal/Bridge/BridgeClient.swift:15:8: error: no such module 'Bridge'
 13 | //===----------------------------------------------------------------------===//
 14 |
 15 | import Bridge
    |        `- error: no such module 'Bridge'
 16 | import GRPCCore
 17 | import Logging
[6164/6301] Compiling Temporal ActivityOutboundInterceptor.swift
/host/spi-builder-workspace/Sources/Temporal/Bridge/BridgeClient.swift:15:8: error: no such module 'Bridge'
 13 | //===----------------------------------------------------------------------===//
 14 |
 15 | import Bridge
    |        `- error: no such module 'Bridge'
 16 | import GRPCCore
 17 | import Logging
[6165/6301] Compiling Temporal CancelExternalWorkflowInput.swift
/host/spi-builder-workspace/Sources/Temporal/Bridge/BridgeClient.swift:15:8: error: no such module 'Bridge'
 13 | //===----------------------------------------------------------------------===//
 14 |
 15 | import Bridge
    |        `- error: no such module 'Bridge'
 16 | import GRPCCore
 17 | import Logging
[6166/6301] Compiling Temporal ExecuteActivityInput.swift
/host/spi-builder-workspace/Sources/Temporal/Bridge/BridgeClient.swift:15:8: error: no such module 'Bridge'
 13 | //===----------------------------------------------------------------------===//
 14 |
 15 | import Bridge
    |        `- error: no such module 'Bridge'
 16 | import GRPCCore
 17 | import Logging
[6167/6301] Compiling Temporal ExecuteLocalActivityInput.swift
/host/spi-builder-workspace/Sources/Temporal/Bridge/BridgeClient.swift:15:8: error: no such module 'Bridge'
 13 | //===----------------------------------------------------------------------===//
 14 |
 15 | import Bridge
    |        `- error: no such module 'Bridge'
 16 | import GRPCCore
 17 | import Logging
[6168/6301] Compiling Temporal ExecuteWorkflowInput.swift
/host/spi-builder-workspace/Sources/Temporal/Bridge/BridgeClient.swift:15:8: error: no such module 'Bridge'
 13 | //===----------------------------------------------------------------------===//
 14 |
 15 | import Bridge
    |        `- error: no such module 'Bridge'
 16 | import GRPCCore
 17 | import Logging
[6169/6301] Compiling Temporal HandleQueryInput.swift
/host/spi-builder-workspace/Sources/Temporal/Bridge/BridgeClient.swift:15:8: error: no such module 'Bridge'
 13 | //===----------------------------------------------------------------------===//
 14 |
 15 | import Bridge
    |        `- error: no such module 'Bridge'
 16 | import GRPCCore
 17 | import Logging
[6170/6301] Compiling Temporal HandleSignalInput.swift
/host/spi-builder-workspace/Sources/Temporal/Bridge/BridgeClient.swift:15:8: error: no such module 'Bridge'
 13 | //===----------------------------------------------------------------------===//
 14 |
 15 | import Bridge
    |        `- error: no such module 'Bridge'
 16 | import GRPCCore
 17 | import Logging
[6171/6301] Compiling Temporal HandleSleepInput.swift
/host/spi-builder-workspace/Sources/Temporal/Bridge/BridgeClient.swift:15:8: error: no such module 'Bridge'
 13 | //===----------------------------------------------------------------------===//
 14 |
 15 | import Bridge
    |        `- error: no such module 'Bridge'
 16 | import GRPCCore
 17 | import Logging
[6172/6301] Compiling Temporal HandleUpdateInput.swift
/host/spi-builder-workspace/Sources/Temporal/Bridge/BridgeClient.swift:15:8: error: no such module 'Bridge'
 13 | //===----------------------------------------------------------------------===//
 14 |
 15 | import Bridge
    |        `- error: no such module 'Bridge'
 16 | import GRPCCore
 17 | import Logging
[6173/6301] Compiling Temporal HeartbeatInput.swift
/host/spi-builder-workspace/Sources/Temporal/Bridge/BridgeClient.swift:15:8: error: no such module 'Bridge'
 13 | //===----------------------------------------------------------------------===//
 14 |
 15 | import Bridge
    |        `- error: no such module 'Bridge'
 16 | import GRPCCore
 17 | import Logging
[6174/6301] Compiling Temporal MakeContinueAsNewErrorInput.swift
/host/spi-builder-workspace/Sources/Temporal/Bridge/BridgeClient.swift:15:8: error: no such module 'Bridge'
 13 | //===----------------------------------------------------------------------===//
 14 |
 15 | import Bridge
    |        `- error: no such module 'Bridge'
 16 | import GRPCCore
 17 | import Logging
[6175/6301] Compiling Temporal ScheduleActivityInput.swift
/host/spi-builder-workspace/Sources/Temporal/Bridge/BridgeClient.swift:15:8: error: no such module 'Bridge'
 13 | //===----------------------------------------------------------------------===//
 14 |
 15 | import Bridge
    |        `- error: no such module 'Bridge'
 16 | import GRPCCore
 17 | import Logging
[6176/6301] Compiling Temporal SignalChildWorkflowInput.swift
/host/spi-builder-workspace/Sources/Temporal/Bridge/BridgeClient.swift:15:8: error: no such module 'Bridge'
 13 | //===----------------------------------------------------------------------===//
 14 |
 15 | import Bridge
    |        `- error: no such module 'Bridge'
 16 | import GRPCCore
 17 | import Logging
[6177/6301] Compiling Temporal SignalExternalWorkflowInput.swift
/host/spi-builder-workspace/Sources/Temporal/Bridge/BridgeClient.swift:15:8: error: no such module 'Bridge'
 13 | //===----------------------------------------------------------------------===//
 14 |
 15 | import Bridge
    |        `- error: no such module 'Bridge'
 16 | import GRPCCore
 17 | import Logging
[6178/6301] Compiling Temporal StartChildWorkflowInput.swift
/host/spi-builder-workspace/Sources/Temporal/Bridge/BridgeClient.swift:15:8: error: no such module 'Bridge'
 13 | //===----------------------------------------------------------------------===//
 14 |
 15 | import Bridge
    |        `- error: no such module 'Bridge'
 16 | import GRPCCore
 17 | import Logging
[6179/6301] Compiling Temporal WithInterceptors.swift
/host/spi-builder-workspace/Sources/Temporal/Bridge/BridgeClient.swift:15:8: error: no such module 'Bridge'
 13 | //===----------------------------------------------------------------------===//
 14 |
 15 | import Bridge
    |        `- error: no such module 'Bridge'
 16 | import GRPCCore
 17 | import Logging
[6180/6301] Compiling Temporal WorfklowInboundInterceptor.swift
/host/spi-builder-workspace/Sources/Temporal/Bridge/BridgeClient.swift:15:8: error: no such module 'Bridge'
 13 | //===----------------------------------------------------------------------===//
 14 |
 15 | import Bridge
    |        `- error: no such module 'Bridge'
 16 | import GRPCCore
 17 | import Logging
[6181/6301] Compiling Temporal WorkerInterceptor.swift
/host/spi-builder-workspace/Sources/Temporal/Bridge/BridgeClient.swift:15:8: error: no such module 'Bridge'
 13 | //===----------------------------------------------------------------------===//
 14 |
 15 | import Bridge
    |        `- error: no such module 'Bridge'
 16 | import GRPCCore
 17 | import Logging
[6182/6301] Compiling Temporal WorkflowOutboundInterceptor.swift
/host/spi-builder-workspace/Sources/Temporal/Bridge/BridgeClient.swift:15:8: error: no such module 'Bridge'
 13 | //===----------------------------------------------------------------------===//
 14 |
 15 | import Bridge
    |        `- error: no such module 'Bridge'
 16 | import GRPCCore
 17 | import Logging
[6183/6301] Compiling Temporal TemporalWorker+Configuration.swift
/host/spi-builder-workspace/Sources/Temporal/Bridge/BridgeClient.swift:15:8: error: no such module 'Bridge'
 13 | //===----------------------------------------------------------------------===//
 14 |
 15 | import Bridge
    |        `- error: no such module 'Bridge'
 16 | import GRPCCore
 17 | import Logging
[6184/6301] Compiling Temporal TemporalWorker+HTTP2Posix.swift
/host/spi-builder-workspace/Sources/Temporal/Bridge/BridgeClient.swift:15:8: error: no such module 'Bridge'
 13 | //===----------------------------------------------------------------------===//
 14 |
 15 | import Bridge
    |        `- error: no such module 'Bridge'
 16 | import GRPCCore
 17 | import Logging
[6185/6301] Compiling Temporal TemporalWorker+InstrumentationConfiguration.swift
/host/spi-builder-workspace/Sources/Temporal/Bridge/BridgeClient.swift:15:8: error: no such module 'Bridge'
 13 | //===----------------------------------------------------------------------===//
 14 |
 15 | import Bridge
    |        `- error: no such module 'Bridge'
 16 | import GRPCCore
 17 | import Logging
[6186/6301] Compiling Temporal TemporalWorker+Protocol.swift
/host/spi-builder-workspace/Sources/Temporal/Bridge/BridgeClient.swift:15:8: error: no such module 'Bridge'
 13 | //===----------------------------------------------------------------------===//
 14 |
 15 | import Bridge
    |        `- error: no such module 'Bridge'
 16 | import GRPCCore
 17 | import Logging
[6187/6301] Compiling Temporal TemporalWorker.swift
/host/spi-builder-workspace/Sources/Temporal/Bridge/BridgeClient.swift:15:8: error: no such module 'Bridge'
 13 | //===----------------------------------------------------------------------===//
 14 |
 15 | import Bridge
    |        `- error: no such module 'Bridge'
 16 | import GRPCCore
 17 | import Logging
[6188/6301] Compiling Temporal FixedSizeSlotSupplierOptions.swift
/host/spi-builder-workspace/Sources/Temporal/Bridge/BridgeClient.swift:15:8: error: no such module 'Bridge'
 13 | //===----------------------------------------------------------------------===//
 14 |
 15 | import Bridge
    |        `- error: no such module 'Bridge'
 16 | import GRPCCore
 17 | import Logging
[6189/6301] Compiling Temporal ResourceBasedSlotSupplierOptions.swift
/host/spi-builder-workspace/Sources/Temporal/Bridge/BridgeClient.swift:15:8: error: no such module 'Bridge'
 13 | //===----------------------------------------------------------------------===//
 14 |
 15 | import Bridge
    |        `- error: no such module 'Bridge'
 16 | import GRPCCore
 17 | import Logging
[6190/6301] Compiling Temporal ResourceBasedTunerOptions.swift
/host/spi-builder-workspace/Sources/Temporal/Bridge/BridgeClient.swift:15:8: error: no such module 'Bridge'
 13 | //===----------------------------------------------------------------------===//
 14 |
 15 | import Bridge
    |        `- error: no such module 'Bridge'
 16 | import GRPCCore
 17 | import Logging
[6191/6301] Compiling Temporal SlotSupplier.swift
/host/spi-builder-workspace/Sources/Temporal/Bridge/BridgeClient.swift:15:8: error: no such module 'Bridge'
 13 | //===----------------------------------------------------------------------===//
 14 |
 15 | import Bridge
    |        `- error: no such module 'Bridge'
 16 | import GRPCCore
 17 | import Logging
[6192/6301] Compiling Temporal WorkerTuner.swift
/host/spi-builder-workspace/Sources/Temporal/Bridge/BridgeClient.swift:15:8: error: no such module 'Bridge'
 13 | //===----------------------------------------------------------------------===//
 14 |
 15 | import Bridge
    |        `- error: no such module 'Bridge'
 16 | import GRPCCore
 17 | import Logging
[6193/6301] Compiling Temporal ActivityExecutionOptions.swift
/host/spi-builder-workspace/Sources/Temporal/Bridge/BridgeClient.swift:15:8: error: no such module 'Bridge'
 13 | //===----------------------------------------------------------------------===//
 14 |
 15 | import Bridge
    |        `- error: no such module 'Bridge'
 16 | import GRPCCore
 17 | import Logging
[6194/6301] Compiling Temporal ActivityOptions+CancellationType.swift
/host/spi-builder-workspace/Sources/Temporal/Bridge/BridgeClient.swift:15:8: error: no such module 'Bridge'
 13 | //===----------------------------------------------------------------------===//
 14 |
 15 | import Bridge
    |        `- error: no such module 'Bridge'
 16 | import GRPCCore
 17 | import Logging
[6195/6301] Compiling Temporal ActivityOptions.swift
/host/spi-builder-workspace/Sources/Temporal/Bridge/BridgeClient.swift:15:8: error: no such module 'Bridge'
 13 | //===----------------------------------------------------------------------===//
 14 |
 15 | import Bridge
    |        `- error: no such module 'Bridge'
 16 | import GRPCCore
 17 | import Logging
[6196/6301] Compiling Temporal ArcBox.swift
/host/spi-builder-workspace/Sources/Temporal/Bridge/BridgeClient.swift:15:8: error: no such module 'Bridge'
 13 | //===----------------------------------------------------------------------===//
 14 |
 15 | import Bridge
    |        `- error: no such module 'Bridge'
 16 | import GRPCCore
 17 | import Logging
[6197/6301] Compiling Temporal ChildWorkflowCancellationType.swift
/host/spi-builder-workspace/Sources/Temporal/Bridge/BridgeClient.swift:15:8: error: no such module 'Bridge'
 13 | //===----------------------------------------------------------------------===//
 14 |
 15 | import Bridge
    |        `- error: no such module 'Bridge'
 16 | import GRPCCore
 17 | import Logging
[6198/6301] Compiling Temporal ChildWorkflowHandle.swift
/host/spi-builder-workspace/Sources/Temporal/Bridge/BridgeClient.swift:15:8: error: no such module 'Bridge'
 13 | //===----------------------------------------------------------------------===//
 14 |
 15 | import Bridge
    |        `- error: no such module 'Bridge'
 16 | import GRPCCore
 17 | import Logging
[6199/6301] Compiling Temporal ChildWorkflowOptions.swift
/host/spi-builder-workspace/Sources/Temporal/Bridge/BridgeClient.swift:15:8: error: no such module 'Bridge'
 13 | //===----------------------------------------------------------------------===//
 14 |
 15 | import Bridge
    |        `- error: no such module 'Bridge'
 16 | import GRPCCore
 17 | import Logging
[6200/6301] Compiling Temporal ContinueAsNewOptions.swift
/host/spi-builder-workspace/Sources/Temporal/Bridge/BridgeClient.swift:15:8: error: no such module 'Bridge'
 13 | //===----------------------------------------------------------------------===//
 14 |
 15 | import Bridge
    |        `- error: no such module 'Bridge'
 16 | import GRPCCore
 17 | import Logging
[6201/6301] Compiling Temporal ExternalWorkflowHandle.swift
/host/spi-builder-workspace/Sources/Temporal/Bridge/BridgeClient.swift:15:8: error: no such module 'Bridge'
 13 | //===----------------------------------------------------------------------===//
 14 |
 15 | import Bridge
    |        `- error: no such module 'Bridge'
 16 | import GRPCCore
 17 | import Logging
[6202/6301] Compiling Temporal HandlerUnfinishedPolicy.swift
/host/spi-builder-workspace/Sources/Temporal/Bridge/BridgeClient.swift:15:8: error: no such module 'Bridge'
 13 | //===----------------------------------------------------------------------===//
 14 |
 15 | import Bridge
    |        `- error: no such module 'Bridge'
 16 | import GRPCCore
 17 | import Logging
[6203/6301] Compiling Temporal InternalWorkflowContext.swift
/host/spi-builder-workspace/Sources/Temporal/Bridge/BridgeClient.swift:15:8: error: no such module 'Bridge'
 13 | //===----------------------------------------------------------------------===//
 14 |
 15 | import Bridge
    |        `- error: no such module 'Bridge'
 16 | import GRPCCore
 17 | import Logging
[6204/6301] Compiling Temporal LocalActivityOptions.swift
/host/spi-builder-workspace/Sources/Temporal/Bridge/BridgeClient.swift:15:8: error: no such module 'Bridge'
 13 | //===----------------------------------------------------------------------===//
 14 |
 15 | import Bridge
    |        `- error: no such module 'Bridge'
 16 | import GRPCCore
 17 | import Logging
[6205/6301] Compiling Temporal temporal_api_workflow_v1_message.grpc.swift
[6206/6301] Compiling Temporal temporal_api_workflow_v1_message.pb.swift
[6207/6301] Compiling Temporal temporal_api_workflowservice_v1_request_response.grpc.swift
[6208/6301] Compiling Temporal temporal_api_workflowservice_v1_request_response.pb.swift
[6209/6301] Compiling Temporal temporal_api_workflowservice_v1_service.grpc.swift
[6210/6301] Compiling Temporal temporal_api_workflowservice_v1_service.pb.swift
[6211/6301] Compiling Temporal temporal_sdk_core_activity_result_activity_result.pb.swift
[6212/6301] Compiling Temporal temporal_sdk_core_activity_task_activity_task.pb.swift
[6213/6301] Compiling Temporal temporal_sdk_core_child_workflow_child_workflow.pb.swift
[6214/6301] Compiling Temporal temporal_sdk_core_common_common.pb.swift
[6215/6301] Compiling Temporal temporal_sdk_core_core_interface.pb.swift
[6216/6301] Compiling Temporal temporal_sdk_core_external_data_external_data.pb.swift
[6217/6301] Compiling Temporal temporal_sdk_core_nexus_nexus.pb.swift
[6218/6301] Compiling Temporal temporal_sdk_core_workflow_activation_workflow_activation.pb.swift
[6219/6301] Compiling Temporal temporal_sdk_core_workflow_commands_workflow_commands.pb.swift
[6220/6301] Compiling Temporal temporal_sdk_core_workflow_completion_workflow_completion.pb.swift
[6221/6301] Compiling Temporal SpanAttributes+ClientOutboundAttributes.swift
[6222/6301] Compiling Temporal SpanAttributes+TracingKeys.swift
[6223/6301] Compiling Temporal SpanAttributes+WorkerActivityInboundAttributes.swift
[6224/6301] Compiling Temporal SpanAttributes+WorkerWorkflowInboundAttributes.swift
[6225/6301] Compiling Temporal SpanAttributes+WorkerWorkflowOutboundAttributes.swift
[6226/6301] Compiling Temporal TemporalClientTracingInterceptor+Outbound.swift
[6227/6301] Compiling Temporal TemporalClientTracingInterceptor.swift
[6228/6301] Compiling Temporal TemporalWorkerTracingInterceptor+ActivityInbound.swift
BUILD FAILURE 6.3 android