Build Information
Failed to build Forms, reference main (f96d0f), with Swift 6.4 for tvOS using Xcode 27.0 on 19 Sep 2026 19:18:55 UTC.
Build Command
env DEVELOPER_DIR=/Applications/Xcode-27.0.0-Release.Candidate.app xcrun xcodebuild -IDEClonedSourcePackagesDirPathOverride=$PWD/.dependencies -skipMacroValidation -skipPackagePluginValidation -derivedDataPath $PWD/.derivedData build -scheme Forms -destination generic/platform=tvOSBuild Log
========================================
RunAll
========================================
Builder version: 5.1.0
Interrupt handler set up.
========================================
Checkout
========================================
Clone URL: https://github.com/brunomunizaf/Forms.git
Reference: main
Initialized empty Git repository in /Users/admin/builder/spi-builder-workspace/.git/
From https://github.com/brunomunizaf/Forms
* branch main -> FETCH_HEAD
* [new branch] main -> origin/main
HEAD is now at f96d0f9 Merge pull request #10 from brunomunizaf/dev
Cloned https://github.com/brunomunizaf/Forms.git
Revision (git rev-parse @):
f96d0f95af78cdf03aab8b348bb01aa3185ac470
SUCCESS checkout https://github.com/brunomunizaf/Forms.git at main
========================================
Build
========================================
Selected platform: tvOS
Swift version: 6.4
Building package at path: $PWD
https://github.com/brunomunizaf/Forms.git
Command line invocation:
/Applications/Xcode-27.0.0-Release.Candidate.app/Contents/Developer/usr/bin/xcodebuild -IDEClonedSourcePackagesDirPathOverride=/Users/admin/builder/spi-builder-workspace/.dependencies -resolvePackageDependencies
Resolve Package Graph
Resolve Package Graph
Resolved source packages:
Forms: /Users/admin/builder/spi-builder-workspace
resolved source packages: Forms
2026-09-19 15:18:10.330 xcodebuild[563:3069] [MT] IDERunDestination: Supported platforms for the buildables in the current scheme is empty.
{
"dependencies" : [
],
"manifest_display_name" : "Forms",
"name" : "Forms",
"path" : "/Users/admin/builder/spi-builder-workspace",
"platforms" : [
{
"name" : "ios",
"version" : "13.0"
}
],
"products" : [
{
"name" : "Forms",
"targets" : [
"Forms"
],
"type" : {
"library" : [
"automatic"
]
}
}
],
"targets" : [
{
"c99name" : "FormsTests",
"module_type" : "SwiftTarget",
"name" : "FormsTests",
"path" : "Tests/FormsTests",
"sources" : [
"FormCalendarItemTests.swift",
"FormInputItemTests.swift",
"FormSpacingItemTests.swift",
"FormTextItemTests.swift",
"FormViewTests.swift"
],
"target_dependencies" : [
"Forms"
],
"type" : "test"
},
{
"c99name" : "Forms",
"module_type" : "SwiftTarget",
"name" : "Forms",
"path" : "Sources/Forms",
"product_memberships" : [
"Forms"
],
"sources" : [
"FormButtonItem.swift",
"FormCalendarItem.swift",
"FormCheckboxItem.swift",
"FormInputItem.swift",
"FormPickerItem.swift",
"FormSpacingItem.swift",
"FormSwitchItem.swift",
"FormTextItem.swift",
"FormView.swift",
"Protocols.swift",
"UIControl+Publishers.swift",
"UITextField+Publishers.swift"
],
"type" : "library"
}
],
"tools_version" : "5.9"
}
{
"workspace" : {
"name" : "Forms",
"schemes" : [
"Forms"
]
}
}
2026-09-19 15:18:43.067 xcodebuild[660:3877] [MT] IDERunDestination: Supported platforms for the buildables in the current scheme is empty.
Running build ...
env DEVELOPER_DIR=/Applications/Xcode-27.0.0-Release.Candidate.app xcrun xcodebuild -IDEClonedSourcePackagesDirPathOverride=$PWD/.dependencies -skipMacroValidation -skipPackagePluginValidation -derivedDataPath $PWD/.derivedData build -scheme Forms -destination generic/platform=tvOS
Command line invocation:
/Applications/Xcode-27.0.0-Release.Candidate.app/Contents/Developer/usr/bin/xcodebuild -IDEClonedSourcePackagesDirPathOverride=/Users/admin/builder/spi-builder-workspace/.dependencies -skipMacroValidation -skipPackagePluginValidation -derivedDataPath /Users/admin/builder/spi-builder-workspace/.derivedData build -scheme Forms -destination generic/platform=tvOS
Resolve Package Graph
Resolved source packages:
Forms: /Users/admin/builder/spi-builder-workspace
ComputePackagePrebuildTargetDependencyGraph
Prepare packages
CreateBuildRequest
SendProjectDescription
CreateBuildOperation
ComputeTargetDependencyGraph
note: Building targets in dependency order
note: Target dependency graph (2 targets)
Target 'Forms-product' in project 'Forms'
➜ Explicit dependency on target 'Forms' in project 'Forms'
Target 'Forms' in project 'Forms' (no dependencies)
GatherProvisioningInputs
CreateBuildDescription
ExecuteExternalTool /Applications/Xcode-27.0.0-Release.Candidate.app/Contents/Developer/Toolchains/XcodeDefault.xctoolchain/usr/bin/clang -v -E -dM -isysroot /Applications/Xcode-27.0.0-Release.Candidate.app/Contents/Developer/Platforms/AppleTVOS.platform/Developer/SDKs/AppleTVOS27.0.sdk -x c -c /dev/null
ExecuteExternalTool /Applications/Xcode-27.0.0-Release.Candidate.app/Contents/Developer/Toolchains/XcodeDefault.xctoolchain/usr/bin/swiftc --version
ExecuteExternalTool /Applications/Xcode-27.0.0-Release.Candidate.app/Contents/Developer/Toolchains/XcodeDefault.xctoolchain/usr/bin/ld -version_details
Build description signature: fc7d2c7a819da836fbf1975ac14595de
Build description path: /Users/admin/builder/spi-builder-workspace/.derivedData/Build/Intermediates.noindex/XCBuildData/fc7d2c7a819da836fbf1975ac14595de.xcbuilddata
CreateBuildDirectory /Users/admin/builder/spi-builder-workspace/.derivedData/SDKExplicitPrecompiledModules
cd /Users/admin/builder/spi-builder-workspace/.swiftpm/xcode
builtin-create-build-directory /Users/admin/builder/spi-builder-workspace/.derivedData/SDKExplicitPrecompiledModules
CreateBuildDirectory /Users/admin/builder/spi-builder-workspace/.derivedData/ModuleCache.noindex
cd /Users/admin/builder/spi-builder-workspace/.swiftpm/xcode
builtin-create-build-directory /Users/admin/builder/spi-builder-workspace/.derivedData/ModuleCache.noindex
CreateBuildDirectory /Users/admin/builder/spi-builder-workspace/.derivedData/CompilationCache.noindex
cd /Users/admin/builder/spi-builder-workspace/.swiftpm/xcode
builtin-create-build-directory /Users/admin/builder/spi-builder-workspace/.derivedData/CompilationCache.noindex
CreateBuildDirectory /Users/admin/builder/spi-builder-workspace/.derivedData/Build/Products
cd /Users/admin/builder/spi-builder-workspace/.swiftpm/xcode
builtin-create-build-directory /Users/admin/builder/spi-builder-workspace/.derivedData/Build/Products
CreateBuildDirectory /Users/admin/builder/spi-builder-workspace/.derivedData/Build/Intermediates.noindex
cd /Users/admin/builder/spi-builder-workspace/.swiftpm/xcode
builtin-create-build-directory /Users/admin/builder/spi-builder-workspace/.derivedData/Build/Intermediates.noindex
ClangStatCache /Applications/Xcode-27.0.0-Release.Candidate.app/Contents/Developer/Toolchains/XcodeDefault.xctoolchain/usr/bin/clang-stat-cache /Applications/Xcode-27.0.0-Release.Candidate.app/Contents/Developer/Platforms/AppleTVOS.platform/Developer/SDKs/AppleTVOS27.0.sdk /Users/admin/builder/spi-builder-workspace/.derivedData/SDKStatCaches.noindex/appletvos27.0-24J360-e829b21a6f8c9b70876ba0858053c044b32bfd8d43560033f8d89884cdb90028.sdkstatcache
cd /Users/admin/builder/spi-builder-workspace/.swiftpm/xcode
/Applications/Xcode-27.0.0-Release.Candidate.app/Contents/Developer/Toolchains/XcodeDefault.xctoolchain/usr/bin/clang-stat-cache /Applications/Xcode-27.0.0-Release.Candidate.app/Contents/Developer/Platforms/AppleTVOS.platform/Developer/SDKs/AppleTVOS27.0.sdk -o /Users/admin/builder/spi-builder-workspace/.derivedData/SDKStatCaches.noindex/appletvos27.0-24J360-e829b21a6f8c9b70876ba0858053c044b32bfd8d43560033f8d89884cdb90028.sdkstatcache
CreateBuildDirectory /Users/admin/builder/spi-builder-workspace/.derivedData/Build/Intermediates.noindex/SwiftExplicitPrecompiledModules
cd /Users/admin/builder/spi-builder-workspace/.swiftpm/xcode
builtin-create-build-directory /Users/admin/builder/spi-builder-workspace/.derivedData/Build/Intermediates.noindex/SwiftExplicitPrecompiledModules
CreateBuildDirectory /Users/admin/builder/spi-builder-workspace/.derivedData/Build/Intermediates.noindex/PrecompiledHeaders
cd /Users/admin/builder/spi-builder-workspace/.swiftpm/xcode
builtin-create-build-directory /Users/admin/builder/spi-builder-workspace/.derivedData/Build/Intermediates.noindex/PrecompiledHeaders
CreateBuildDirectory /Users/admin/builder/spi-builder-workspace/.derivedData/Build/Intermediates.noindex/EagerLinkingTBDs/Debug-appletvos
cd /Users/admin/builder/spi-builder-workspace/.swiftpm/xcode
builtin-create-build-directory /Users/admin/builder/spi-builder-workspace/.derivedData/Build/Intermediates.noindex/EagerLinkingTBDs/Debug-appletvos
CreateBuildDirectory /Users/admin/builder/spi-builder-workspace/.derivedData/Build/Products/Debug-appletvos
cd /Users/admin/builder/spi-builder-workspace/.swiftpm/xcode
builtin-create-build-directory /Users/admin/builder/spi-builder-workspace/.derivedData/Build/Products/Debug-appletvos
CreateBuildDirectory /Users/admin/builder/spi-builder-workspace/.derivedData/Build/Intermediates.noindex/ExplicitPrecompiledModules
cd /Users/admin/builder/spi-builder-workspace/.swiftpm/xcode
builtin-create-build-directory /Users/admin/builder/spi-builder-workspace/.derivedData/Build/Intermediates.noindex/ExplicitPrecompiledModules
CreateBuildDirectory /Users/admin/builder/spi-builder-workspace/.derivedData/Build/Products/Debug-appletvos/PackageFrameworks
cd /Users/admin/builder/spi-builder-workspace/.swiftpm/xcode
builtin-create-build-directory /Users/admin/builder/spi-builder-workspace/.derivedData/Build/Products/Debug-appletvos/PackageFrameworks
WriteAuxiliaryFile /Users/admin/builder/spi-builder-workspace/.derivedData/Build/Intermediates.noindex/Forms.build/Debug-appletvos/Forms-t.build/Forms.modulemap (in target 'Forms' from project 'Forms')
cd /Users/admin/builder/spi-builder-workspace
write-file /Users/admin/builder/spi-builder-workspace/.derivedData/Build/Intermediates.noindex/Forms.build/Debug-appletvos/Forms-t.build/Forms.modulemap
WriteAuxiliaryFile /Users/admin/builder/spi-builder-workspace/.derivedData/Build/Intermediates.noindex/Forms.build/Debug-appletvos/Forms-t.build/Forms.DependencyStaticMetadataFileList (in target 'Forms' from project 'Forms')
cd /Users/admin/builder/spi-builder-workspace
write-file /Users/admin/builder/spi-builder-workspace/.derivedData/Build/Intermediates.noindex/Forms.build/Debug-appletvos/Forms-t.build/Forms.DependencyStaticMetadataFileList
WriteAuxiliaryFile /Users/admin/builder/spi-builder-workspace/.derivedData/Build/Intermediates.noindex/Forms.build/Debug-appletvos/Forms-t.build/Forms.DependencyMetadataFileList (in target 'Forms' from project 'Forms')
cd /Users/admin/builder/spi-builder-workspace
write-file /Users/admin/builder/spi-builder-workspace/.derivedData/Build/Intermediates.noindex/Forms.build/Debug-appletvos/Forms-t.build/Forms.DependencyMetadataFileList
WriteAuxiliaryFile /Users/admin/builder/spi-builder-workspace/.derivedData/Build/Intermediates.noindex/Forms.build/Debug-appletvos/Forms-t.build/Objects-normal/arm64/Forms.SwiftConstValuesFileList (in target 'Forms' from project 'Forms')
cd /Users/admin/builder/spi-builder-workspace
write-file /Users/admin/builder/spi-builder-workspace/.derivedData/Build/Intermediates.noindex/Forms.build/Debug-appletvos/Forms-t.build/Objects-normal/arm64/Forms.SwiftConstValuesFileList
WriteAuxiliaryFile /Users/admin/builder/spi-builder-workspace/.derivedData/Build/Intermediates.noindex/Forms.build/Debug-appletvos/Forms-t.build/Objects-normal/arm64/Forms-OutputFileMap.json (in target 'Forms' from project 'Forms')
cd /Users/admin/builder/spi-builder-workspace
write-file /Users/admin/builder/spi-builder-workspace/.derivedData/Build/Intermediates.noindex/Forms.build/Debug-appletvos/Forms-t.build/Objects-normal/arm64/Forms-OutputFileMap.json
WriteAuxiliaryFile /Users/admin/builder/spi-builder-workspace/.derivedData/Build/Intermediates.noindex/Forms.build/Debug-appletvos/Forms-t.build/Objects-normal/arm64/Forms_const_extract_protocols.json (in target 'Forms' from project 'Forms')
cd /Users/admin/builder/spi-builder-workspace
write-file /Users/admin/builder/spi-builder-workspace/.derivedData/Build/Intermediates.noindex/Forms.build/Debug-appletvos/Forms-t.build/Objects-normal/arm64/Forms_const_extract_protocols.json
WriteAuxiliaryFile /Users/admin/builder/spi-builder-workspace/.derivedData/Build/Intermediates.noindex/Forms.build/Debug-appletvos/Forms-t.build/Objects-normal/arm64/Forms.LinkFileList (in target 'Forms' from project 'Forms')
cd /Users/admin/builder/spi-builder-workspace
write-file /Users/admin/builder/spi-builder-workspace/.derivedData/Build/Intermediates.noindex/Forms.build/Debug-appletvos/Forms-t.build/Objects-normal/arm64/Forms.LinkFileList
WriteAuxiliaryFile /Users/admin/builder/spi-builder-workspace/.derivedData/Build/Intermediates.noindex/Forms.build/Debug-appletvos/Forms-t.build/Objects-normal/arm64/Forms.SwiftFileList (in target 'Forms' from project 'Forms')
cd /Users/admin/builder/spi-builder-workspace
write-file /Users/admin/builder/spi-builder-workspace/.derivedData/Build/Intermediates.noindex/Forms.build/Debug-appletvos/Forms-t.build/Objects-normal/arm64/Forms.SwiftFileList
Copy /Users/admin/builder/spi-builder-workspace/.derivedData/Build/Intermediates.noindex/GeneratedModuleMaps-appletvos/Forms.modulemap /Users/admin/builder/spi-builder-workspace/.derivedData/Build/Intermediates.noindex/Forms.build/Debug-appletvos/Forms-t.build/Forms.modulemap (in target 'Forms' from project 'Forms')
cd /Users/admin/builder/spi-builder-workspace
builtin-copy -exclude .DS_Store -exclude CVS -exclude .svn -exclude .git -exclude .hg -resolve-src-symlinks /Users/admin/builder/spi-builder-workspace/.derivedData/Build/Intermediates.noindex/Forms.build/Debug-appletvos/Forms-t.build/Forms.modulemap /Users/admin/builder/spi-builder-workspace/.derivedData/Build/Intermediates.noindex/GeneratedModuleMaps-appletvos
SwiftDriver Forms normal arm64 com.apple.xcode.tools.swift.compiler (in target 'Forms' from project 'Forms')
cd /Users/admin/builder/spi-builder-workspace/.swiftpm/xcode
builtin-SwiftDriver -- /Applications/Xcode-27.0.0-Release.Candidate.app/Contents/Developer/Toolchains/XcodeDefault.xctoolchain/usr/bin/swiftc -parse-as-library -module-name Forms -Onone @/Users/admin/builder/spi-builder-workspace/.derivedData/Build/Intermediates.noindex/Forms.build/Debug-appletvos/Forms-t.build/Objects-normal/arm64/Forms.SwiftFileList -DSWIFT_PACKAGE -DDEBUG -DSWIFT_MODULE_RESOURCE_BUNDLE_UNAVAILABLE -DXcode -plugin-path /Applications/Xcode-27.0.0-Release.Candidate.app/Contents/Developer/Toolchains/XcodeDefault.xctoolchain/usr/lib/swift/host/plugins/testing -enable-experimental-feature DebugDescriptionMacro -sdk /Applications/Xcode-27.0.0-Release.Candidate.app/Contents/Developer/Platforms/AppleTVOS.platform/Developer/SDKs/AppleTVOS27.0.sdk -target arm64-apple-tvos15.0 -g -module-cache-path /Users/admin/builder/spi-builder-workspace/.derivedData/ModuleCache.noindex -Xfrontend -serialize-debugging-options -profile-coverage-mapping -profile-generate -enable-testing -index-store-path /Users/admin/builder/spi-builder-workspace/.derivedData/Index.noindex/DataStore -Xcc -D_LIBCPP_HARDENING_MODE\=_LIBCPP_HARDENING_MODE_DEBUG -swift-version 5 -I /Users/admin/builder/spi-builder-workspace/.derivedData/Build/Products/Debug-appletvos -Isystem /Applications/Xcode-27.0.0-Release.Candidate.app/Contents/Developer/Platforms/AppleTVOS.platform/Developer/usr/lib -F /Users/admin/builder/spi-builder-workspace/.derivedData/Build/Products/Debug-appletvos -F /Applications/Xcode-27.0.0-Release.Candidate.app/Contents/Developer/Platforms/AppleTVOS.platform/Developer/Library/Frameworks -F /Applications/Xcode-27.0.0-Release.Candidate.app/Contents/Developer/Platforms/AppleTVOS.platform/Developer/SDKs/AppleTVOS27.0.sdk/Developer/Library/Frameworks -c -j10 -enable-batch-mode -incremental -Xcc -ivfsstatcache -Xcc /Users/admin/builder/spi-builder-workspace/.derivedData/SDKStatCaches.noindex/appletvos27.0-24J360-e829b21a6f8c9b70876ba0858053c044b32bfd8d43560033f8d89884cdb90028.sdkstatcache -output-file-map /Users/admin/builder/spi-builder-workspace/.derivedData/Build/Intermediates.noindex/Forms.build/Debug-appletvos/Forms-t.build/Objects-normal/arm64/Forms-OutputFileMap.json -save-temps -no-color-diagnostics -explicit-module-build -module-cache-path /Users/admin/builder/spi-builder-workspace/.derivedData/Build/Intermediates.noindex/SwiftExplicitPrecompiledModules -clang-scanner-module-cache-path /Users/admin/builder/spi-builder-workspace/.derivedData/ModuleCache.noindex -sdk-module-cache-path /Users/admin/builder/spi-builder-workspace/.derivedData/SDKExplicitPrecompiledModules -emit-dependencies -emit-module -emit-module-path /Users/admin/builder/spi-builder-workspace/.derivedData/Build/Intermediates.noindex/Forms.build/Debug-appletvos/Forms-t.build/Objects-normal/arm64/Forms.swiftmodule -serialize-diagnostics -dependency-scan-serialize-diagnostics-path /Users/admin/builder/spi-builder-workspace/.derivedData/Build/Intermediates.noindex/Forms.build/Debug-appletvos/Forms-t.build/Objects-normal/arm64/Forms-dependency-scan.dia -validate-clang-modules-once -clang-build-session-file /Users/admin/builder/spi-builder-workspace/.derivedData/ModuleCache.noindex/Session.modulevalidation -Xcc -fmodules-prune-interval\=86400 -Xcc -fmodules-prune-after\=345600 -package-name spi_builder_workspace -emit-const-values -const-gather-protocols-list /Users/admin/builder/spi-builder-workspace/.derivedData/Build/Intermediates.noindex/Forms.build/Debug-appletvos/Forms-t.build/Objects-normal/arm64/Forms_const_extract_protocols.json -Xcc -I/Users/admin/builder/spi-builder-workspace/.derivedData/Build/Products/Debug-appletvos/include -Xcc -I/Users/admin/builder/spi-builder-workspace/.derivedData/Build/Intermediates.noindex/Forms.build/Debug-appletvos/Forms-t.build/DerivedSources-normal/arm64 -Xcc -I/Users/admin/builder/spi-builder-workspace/.derivedData/Build/Intermediates.noindex/Forms.build/Debug-appletvos/Forms-t.build/DerivedSources/arm64 -Xcc -I/Users/admin/builder/spi-builder-workspace/.derivedData/Build/Intermediates.noindex/Forms.build/Debug-appletvos/Forms-t.build/DerivedSources -Xcc -DSWIFT_PACKAGE -Xcc -DDEBUG\=1 -emit-objc-header -emit-objc-header-path /Users/admin/builder/spi-builder-workspace/.derivedData/Build/Intermediates.noindex/Forms.build/Debug-appletvos/Forms-t.build/Objects-normal/arm64/Forms-Swift.h -working-directory /Users/admin/builder/spi-builder-workspace/.swiftpm/xcode -experimental-emit-module-separately -disable-cmo
SwiftExplicitDependencyGeneratePcm arm64 /Users/admin/builder/spi-builder-workspace/.derivedData/SDKExplicitPrecompiledModules/ptrauth-8X2KEPL7CTRPS40TUB9APHPK6.pcm
SwiftExplicitDependencyGeneratePcm arm64 /Users/admin/builder/spi-builder-workspace/.derivedData/SDKExplicitPrecompiledModules/_Builtin_stdarg-BO2OCAUYVAXDRVQWQ8ISKGNUQ.pcm
SwiftExplicitDependencyGeneratePcm arm64 /Users/admin/builder/spi-builder-workspace/.derivedData/SDKExplicitPrecompiledModules/_Builtin_stddef-9ZJZ6FDEZNKTZU8YLPMFT9RAQ.pcm
SwiftExplicitDependencyGeneratePcm arm64 /Users/admin/builder/spi-builder-workspace/.derivedData/SDKExplicitPrecompiledModules/_Builtin_stdbool-AHRDH5EKLY6D04C5E42F3VCQI.pcm
SwiftExplicitDependencyGeneratePcm arm64 /Users/admin/builder/spi-builder-workspace/.derivedData/SDKExplicitPrecompiledModules/_SwiftConcurrencyShims-BY5PD8KF1L5KF6F4Q69HE3TJ4.pcm
SwiftExplicitDependencyGeneratePcm arm64 /Users/admin/builder/spi-builder-workspace/.derivedData/SDKExplicitPrecompiledModules/ptrcheck-2AZ6B5IBYD3RRRTFWN2ONASY3.pcm
SwiftExplicitDependencyGeneratePcm arm64 /Users/admin/builder/spi-builder-workspace/.derivedData/SDKExplicitPrecompiledModules/DeveloperToolsSupport-B1X8RI63V48AJRTH2RK6JAARV.pcm
SwiftExplicitDependencyGeneratePcm arm64 /Users/admin/builder/spi-builder-workspace/.derivedData/SDKExplicitPrecompiledModules/_AvailabilityInternal-BV2EDDP0MI5QJDDPEEV4D9D3V.pcm
SwiftExplicitDependencyGeneratePcm arm64 /Users/admin/builder/spi-builder-workspace/.derivedData/SDKExplicitPrecompiledModules/_Builtin_float-8ZJAYZ85YBOAOP52Y9H6IUNP3.pcm
SwiftExplicitDependencyGeneratePcm arm64 /Users/admin/builder/spi-builder-workspace/.derivedData/SDKExplicitPrecompiledModules/SwiftShims-8N4EXJ4RUJTR8K9OO3CMOH1EP.pcm
SwiftExplicitDependencyGeneratePcm arm64 /Users/admin/builder/spi-builder-workspace/.derivedData/SDKExplicitPrecompiledModules/_DarwinFoundation1-JOTYMOA1YZCIJ2NON6FQ848O.pcm
SwiftExplicitDependencyGeneratePcm arm64 /Users/admin/builder/spi-builder-workspace/.derivedData/SDKExplicitPrecompiledModules/_Builtin_limits-7JU2HP127LIT1X9E2V3D8WZ1.pcm
SwiftExplicitDependencyGeneratePcm arm64 /Users/admin/builder/spi-builder-workspace/.derivedData/SDKExplicitPrecompiledModules/_DarwinFoundation2-AOGAN1O02NKXRJN5V73AV3V3M.pcm
SwiftExplicitDependencyGeneratePcm arm64 /Users/admin/builder/spi-builder-workspace/.derivedData/SDKExplicitPrecompiledModules/string_h-6EVHP7A717OUS5DMC78F79HWO.pcm
SwiftExplicitDependencyGeneratePcm arm64 /Users/admin/builder/spi-builder-workspace/.derivedData/SDKExplicitPrecompiledModules/_Builtin_stdint-6NFTB6IBKS143IVPGT1EKB7HO.pcm
SwiftExplicitDependencyGeneratePcm arm64 /Users/admin/builder/spi-builder-workspace/.derivedData/SDKExplicitPrecompiledModules/sys_types-8GCAV1YMG5UUGHUID3CA20TCH.pcm
SwiftExplicitDependencyGeneratePcm arm64 /Users/admin/builder/spi-builder-workspace/.derivedData/SDKExplicitPrecompiledModules/_Builtin_tgmath-7ULT1EUHDHW4OZPSTT33H6QGE.pcm
SwiftExplicitDependencyGeneratePcm arm64 /Users/admin/builder/spi-builder-workspace/.derivedData/SDKExplicitPrecompiledModules/_Builtin_stdatomic-3YXHN678NGYM3NL9POJ2HVEIF.pcm
SwiftExplicitDependencyGeneratePcm arm64 /Users/admin/builder/spi-builder-workspace/.derivedData/SDKExplicitPrecompiledModules/_DarwinFoundation3-8SR3855WDFHQPR6G9GHOI2C07.pcm
SwiftExplicitDependencyGeneratePcm arm64 /Users/admin/builder/spi-builder-workspace/.derivedData/SDKExplicitPrecompiledModules/_Builtin_intrinsics-437O2R2NID4WAQVENR63GR82C.pcm
SwiftExplicitDependencyGeneratePcm arm64 /Users/admin/builder/spi-builder-workspace/.derivedData/SDKExplicitPrecompiledModules/_Builtin_inttypes-6X1IQ3QK9KEVKXOK9Y79EW7J3.pcm
SwiftExplicitDependencyGeneratePcm arm64 /Users/admin/builder/spi-builder-workspace/.derivedData/SDKExplicitPrecompiledModules/Darwin-DBSQAVBBPC3D2OMU5ZI2RXMST.pcm
SwiftExplicitDependencyGeneratePcm arm64 /Users/admin/builder/spi-builder-workspace/.derivedData/SDKExplicitPrecompiledModules/simd-117QUXEUT3Z7UQCUYWV2UA228.pcm
SwiftExplicitDependencyGeneratePcm arm64 /Users/admin/builder/spi-builder-workspace/.derivedData/SDKExplicitPrecompiledModules/ObjectiveC-5250FDCE56N8508OR6XUYDKZM.pcm
SwiftExplicitDependencyGeneratePcm arm64 /Users/admin/builder/spi-builder-workspace/.derivedData/SDKExplicitPrecompiledModules/MachO-EH3F5PJCIZG05NO51CEFSZYPW.pcm
SwiftExplicitDependencyGeneratePcm arm64 /Users/admin/builder/spi-builder-workspace/.derivedData/SDKExplicitPrecompiledModules/os_object-E2DGZ0SX0TULQHULZRPO6OKNW.pcm
SwiftExplicitDependencyGeneratePcm arm64 /Users/admin/builder/spi-builder-workspace/.derivedData/SDKExplicitPrecompiledModules/os_workgroup-DBUFF7811DKMX7VPBOJPGGF1U.pcm
SwiftExplicitDependencyGeneratePcm arm64 /Users/admin/builder/spi-builder-workspace/.derivedData/SDKExplicitPrecompiledModules/Spatial-7U8NLEFXSB8BR7PJQGVMF5A4Q.pcm
SwiftExplicitDependencyGeneratePcm arm64 /Users/admin/builder/spi-builder-workspace/.derivedData/SDKExplicitPrecompiledModules/Dispatch-1QL58A0V50C39KVAIC6C38SHL.pcm
SwiftExplicitDependencyGeneratePcm arm64 /Users/admin/builder/spi-builder-workspace/.derivedData/SDKExplicitPrecompiledModules/CoreFoundation-7TPJ7ENDC4L1A1ESHYI9TXS0D.pcm
SwiftExplicitDependencyGeneratePcm arm64 /Users/admin/builder/spi-builder-workspace/.derivedData/SDKExplicitPrecompiledModules/XPC-6O2DJFT3QUJ7QKTD3SNUB6PCR.pcm
SwiftExplicitDependencyGeneratePcm arm64 /Users/admin/builder/spi-builder-workspace/.derivedData/SDKExplicitPrecompiledModules/os-3GJI8H0BNAEZPQPQ1V0VVY3FY.pcm
SwiftExplicitDependencyGeneratePcm arm64 /Users/admin/builder/spi-builder-workspace/.derivedData/SDKExplicitPrecompiledModules/CoreGraphics-CWSP3J98S2658BYCVL6RP99T3.pcm
SwiftExplicitDependencyGeneratePcm arm64 /Users/admin/builder/spi-builder-workspace/.derivedData/SDKExplicitPrecompiledModules/Security-8VMXEKVDA3MHUH9AOTP905DID.pcm
SwiftExplicitDependencyGeneratePcm arm64 /Users/admin/builder/spi-builder-workspace/.derivedData/SDKExplicitPrecompiledModules/CFNetwork-2CUR2VK9S3S3WPFXPNXNUWYGN.pcm
SwiftExplicitDependencyGeneratePcm arm64 /Users/admin/builder/spi-builder-workspace/.derivedData/SDKExplicitPrecompiledModules/Foundation-BSSIP64DIGUKMAYJOG1WPQ78X.pcm
SwiftExplicitDependencyGeneratePcm arm64 /Users/admin/builder/spi-builder-workspace/.derivedData/SDKExplicitPrecompiledModules/ImageIO-88D4CLEBD4CLWQKT78PZ6H1O8.pcm
SwiftExplicitDependencyGeneratePcm arm64 /Users/admin/builder/spi-builder-workspace/.derivedData/SDKExplicitPrecompiledModules/CoreText-59NY7PABM0I4V978161FOC04A.pcm
SwiftExplicitDependencyGeneratePcm arm64 /Users/admin/builder/spi-builder-workspace/.derivedData/SDKExplicitPrecompiledModules/DataDetection-37JIYZ2GWDA1L166PP1D9JKAF.pcm
SwiftExplicitDependencyGeneratePcm arm64 /Users/admin/builder/spi-builder-workspace/.derivedData/SDKExplicitPrecompiledModules/Symbols-B5AU9VM9Y7NU79RLMH13Z4IFM.pcm
SwiftExplicitDependencyGeneratePcm arm64 /Users/admin/builder/spi-builder-workspace/.derivedData/SDKExplicitPrecompiledModules/Accessibility-B6BODGZ4MQQTY0PBC4SHRP009.pcm
SwiftExplicitDependencyGeneratePcm arm64 /Users/admin/builder/spi-builder-workspace/.derivedData/SDKExplicitPrecompiledModules/IOSurface-38FJ1CKX9FV2RD97O64Z7QB17.pcm
SwiftExplicitDependencyGeneratePcm arm64 /Users/admin/builder/spi-builder-workspace/.derivedData/SDKExplicitPrecompiledModules/CoreTransferable-7V4O8DATEQ9F7SDNTCW8YWLG3.pcm
SwiftExplicitDependencyGeneratePcm arm64 /Users/admin/builder/spi-builder-workspace/.derivedData/SDKExplicitPrecompiledModules/UniformTypeIdentifiers-95CC8U42ZA9STP5K6GP9ZVJS5.pcm
SwiftExplicitDependencyGeneratePcm arm64 /Users/admin/builder/spi-builder-workspace/.derivedData/SDKExplicitPrecompiledModules/UIUtilities-6ZFJ1AK4H8IBGEBMYQBWGBYLK.pcm
SwiftExplicitDependencyGeneratePcm arm64 /Users/admin/builder/spi-builder-workspace/.derivedData/SDKExplicitPrecompiledModules/_LocationEssentials-ETSJ65FELPWR8WH8G49R1DF2E.pcm
SwiftExplicitDependencyGeneratePcm arm64 /Users/admin/builder/spi-builder-workspace/.derivedData/SDKExplicitPrecompiledModules/OSLog-7OT6HHTMY0ZFEQJ095LJZ6NLC.pcm
SwiftExplicitDependencyGeneratePcm arm64 /Users/admin/builder/spi-builder-workspace/.derivedData/SDKExplicitPrecompiledModules/UserNotifications-E9ZW5TH066WIJWH9080RC5NG4.pcm
SwiftExplicitDependencyGeneratePcm arm64 /Users/admin/builder/spi-builder-workspace/.derivedData/SDKExplicitPrecompiledModules/CoreLocation-YVXXAOMVX0JH2KO1XTTKTY51.pcm
SwiftExplicitDependencyGeneratePcm arm64 /Users/admin/builder/spi-builder-workspace/.derivedData/SDKExplicitPrecompiledModules/OpenGLES-4NY99CNDU9WUNUYEIXSS1QFGE.pcm
SwiftExplicitDependencyGeneratePcm arm64 /Users/admin/builder/spi-builder-workspace/.derivedData/SDKExplicitPrecompiledModules/Metal-2KYBS7IML1SD788M91YV7Q0CC.pcm
SwiftExplicitDependencyGeneratePcm arm64 /Users/admin/builder/spi-builder-workspace/.derivedData/SDKExplicitPrecompiledModules/CoreVideo-DPU0PB5X0XLSVA2ETRGI6FJBM.pcm
SwiftExplicitDependencyGeneratePcm arm64 /Users/admin/builder/spi-builder-workspace/.derivedData/SDKExplicitPrecompiledModules/CoreImage-7S2AFJ8EIY3DUFYLEAX1JR1QV.pcm
SwiftExplicitDependencyGeneratePcm arm64 /Users/admin/builder/spi-builder-workspace/.derivedData/SDKExplicitPrecompiledModules/QuartzCore-DJSYAWKXFGVSAK5CQMOB3JSR.pcm
SwiftExplicitDependencyGeneratePcm arm64 /Users/admin/builder/spi-builder-workspace/.derivedData/SDKExplicitPrecompiledModules/SwiftUICore-543QU5V2NHKUFCYFJDKUJ7NYG.pcm
SwiftExplicitDependencyGeneratePcm arm64 /Users/admin/builder/spi-builder-workspace/.derivedData/SDKExplicitPrecompiledModules/UIKit-1TKWN7VC2X6N3ITMRVA2G0EB2.pcm
SwiftEmitModule normal arm64 Emitting\ module\ for\ Forms (in target 'Forms' from project 'Forms')
/Users/admin/builder/spi-builder-workspace/Sources/Forms/FormCalendarItem.swift:19:21: error: 'UICalendarSelectionSingleDateDelegate' is unavailable in tvOS
17 | public struct Configuration {
18 | public struct SelectionSingleDate {
19 | let delegate: UICalendarSelectionSingleDateDelegate?
| `- error: 'UICalendarSelectionSingleDateDelegate' is unavailable in tvOS
20 | let selectedDate: DateComponents
21 |
/Applications/Xcode-27.0.0-Release.Candidate.app/Contents/Developer/Platforms/AppleTVOS.platform/Developer/SDKs/AppleTVOS27.0.sdk/System/Library/Frameworks/UIKit.framework/Headers/UICalendarSelectionSingleDate.h:34:11: note: 'UICalendarSelectionSingleDateDelegate' has been explicitly marked unavailable here
32 |
33 | API_AVAILABLE(ios(16.0)) API_UNAVAILABLE(watchos, tvos) NS_SWIFT_UI_ACTOR
34 | @protocol UICalendarSelectionSingleDateDelegate <NSObject>
| `- note: 'UICalendarSelectionSingleDateDelegate' has been explicitly marked unavailable here
35 |
36 | /**
/Users/admin/builder/spi-builder-workspace/Sources/Forms/FormCalendarItem.swift:27:19: error: 'UICalendarSelectionSingleDateDelegate' is unavailable in tvOS
25 | /// - selectedDate: A date or time specified in terms of units to be evaluated in a calendar system and time zone.
26 | public init(
27 | delegate: UICalendarSelectionSingleDateDelegate?,
| `- error: 'UICalendarSelectionSingleDateDelegate' is unavailable in tvOS
28 | selectedDate: DateComponents
29 | ) {
/Applications/Xcode-27.0.0-Release.Candidate.app/Contents/Developer/Platforms/AppleTVOS.platform/Developer/SDKs/AppleTVOS27.0.sdk/System/Library/Frameworks/UIKit.framework/Headers/UICalendarSelectionSingleDate.h:34:11: note: 'UICalendarSelectionSingleDateDelegate' has been explicitly marked unavailable here
32 |
33 | API_AVAILABLE(ios(16.0)) API_UNAVAILABLE(watchos, tvos) NS_SWIFT_UI_ACTOR
34 | @protocol UICalendarSelectionSingleDateDelegate <NSObject>
| `- note: 'UICalendarSelectionSingleDateDelegate' has been explicitly marked unavailable here
35 |
36 | /**
/Users/admin/builder/spi-builder-workspace/Sources/Forms/FormCalendarItem.swift:36:21: error: 'UICalendarSelectionMultiDateDelegate' is unavailable in tvOS
34 |
35 | public struct SelectionMultiDate {
36 | let delegate: UICalendarSelectionMultiDateDelegate?
| `- error: 'UICalendarSelectionMultiDateDelegate' is unavailable in tvOS
37 | let selectedDates: [DateComponents]
38 |
/Applications/Xcode-27.0.0-Release.Candidate.app/Contents/Developer/Platforms/AppleTVOS.platform/Developer/SDKs/AppleTVOS27.0.sdk/System/Library/Frameworks/UIKit.framework/Headers/UICalendarSelectionMultiDate.h:33:11: note: 'UICalendarSelectionMultiDateDelegate' has been explicitly marked unavailable here
31 |
32 | API_AVAILABLE(ios(16.0)) API_UNAVAILABLE(watchos, tvos) NS_SWIFT_UI_ACTOR
33 | @protocol UICalendarSelectionMultiDateDelegate <NSObject>
| `- note: 'UICalendarSelectionMultiDateDelegate' has been explicitly marked unavailable here
34 |
35 | /**
/Users/admin/builder/spi-builder-workspace/Sources/Forms/FormCalendarItem.swift:44:19: error: 'UICalendarSelectionMultiDateDelegate' is unavailable in tvOS
42 | /// - selectedDates: An array of dates or times specified in terms of units to be evaluated in a calendar system and time zone.
43 | public init(
44 | delegate: UICalendarSelectionMultiDateDelegate?,
| `- error: 'UICalendarSelectionMultiDateDelegate' is unavailable in tvOS
45 | selectedDates: [DateComponents]
46 | ) {
/Applications/Xcode-27.0.0-Release.Candidate.app/Contents/Developer/Platforms/AppleTVOS.platform/Developer/SDKs/AppleTVOS27.0.sdk/System/Library/Frameworks/UIKit.framework/Headers/UICalendarSelectionMultiDate.h:33:11: note: 'UICalendarSelectionMultiDateDelegate' has been explicitly marked unavailable here
31 |
32 | API_AVAILABLE(ios(16.0)) API_UNAVAILABLE(watchos, tvos) NS_SWIFT_UI_ACTOR
33 | @protocol UICalendarSelectionMultiDateDelegate <NSObject>
| `- note: 'UICalendarSelectionMultiDateDelegate' has been explicitly marked unavailable here
34 |
35 | /**
/Users/admin/builder/spi-builder-workspace/Sources/Forms/FormCalendarItem.swift:54:19: error: 'UICalendarViewDelegate' is unavailable in tvOS
52 | let title: [NSAttributedString]
53 | let calendar: Calendar
54 | let delegate: UICalendarViewDelegate?
| `- error: 'UICalendarViewDelegate' is unavailable in tvOS
55 | let tintColor: UIColor
56 | let spacingAfter: CGFloat
/Applications/Xcode-27.0.0-Release.Candidate.app/Contents/Developer/Platforms/AppleTVOS.platform/Developer/SDKs/AppleTVOS27.0.sdk/System/Library/Frameworks/UIKit.framework/Headers/UICalendarView.h:74:11: note: 'UICalendarViewDelegate' has been explicitly marked unavailable here
72 |
73 | API_AVAILABLE(ios(16.0)) API_UNAVAILABLE(watchos, tvos) NS_SWIFT_UI_ACTOR
74 | @protocol UICalendarViewDelegate<NSObject>
| `- note: 'UICalendarViewDelegate' has been explicitly marked unavailable here
75 |
76 | @optional
/Users/admin/builder/spi-builder-workspace/Sources/Forms/FormCalendarItem.swift:77:17: error: 'UICalendarViewDelegate' is unavailable in tvOS
75 | spacingAfter: CGFloat,
76 | availableRange: DateInterval?,
77 | delegate: UICalendarViewDelegate?,
| `- error: 'UICalendarViewDelegate' is unavailable in tvOS
78 | selectionMultiDate: SelectionMultiDate?,
79 | selectionSingleDate: SelectionSingleDate?
/Applications/Xcode-27.0.0-Release.Candidate.app/Contents/Developer/Platforms/AppleTVOS.platform/Developer/SDKs/AppleTVOS27.0.sdk/System/Library/Frameworks/UIKit.framework/Headers/UICalendarView.h:74:11: note: 'UICalendarViewDelegate' has been explicitly marked unavailable here
72 |
73 | API_AVAILABLE(ios(16.0)) API_UNAVAILABLE(watchos, tvos) NS_SWIFT_UI_ACTOR
74 | @protocol UICalendarViewDelegate<NSObject>
| `- note: 'UICalendarViewDelegate' has been explicitly marked unavailable here
75 |
76 | @optional
/Users/admin/builder/spi-builder-workspace/Sources/Forms/FormCalendarItem.swift:94:35: error: 'UICalendarView' is unavailable in tvOS
92 | private let stackView = UIStackView()
93 | private(set) var titleLabel = UILabel()
94 | private(set) var calendarView = UICalendarView()
| `- error: 'UICalendarView' is unavailable in tvOS
95 |
96 | /// The space after the calendar item in the form.
/Applications/Xcode-27.0.0-Release.Candidate.app/Contents/Developer/Platforms/AppleTVOS.platform/Developer/SDKs/AppleTVOS27.0.sdk/System/Library/Frameworks/UIKit.framework/Headers/UICalendarView.h:18:12: note: 'UICalendarView' has been explicitly marked unavailable here
16 |
17 | UIKIT_EXTERN API_AVAILABLE(ios(16.0)) API_UNAVAILABLE(watchos, tvos) NS_SWIFT_UI_ACTOR
18 | @interface UICalendarView : UIView
| `- note: 'UICalendarView' has been explicitly marked unavailable here
19 |
20 | /// The object that defines the delegate of the calendar view.
/Users/admin/builder/spi-builder-workspace/Sources/Forms/FormPickerItem.swift:37:33: error: 'UIPickerView' is unavailable in tvOS
35 | }
36 |
37 | private(set) var pickerView = UIPickerView()
| `- error: 'UIPickerView' is unavailable in tvOS
38 |
39 | /// Array of options to be displayed in the picker.
/Applications/Xcode-27.0.0-Release.Candidate.app/Contents/Developer/Platforms/AppleTVOS.platform/Developer/SDKs/AppleTVOS27.0.sdk/System/Library/Frameworks/UIKit.framework/Headers/UIPickerView.h:19:12: note: 'UIPickerView' has been explicitly marked unavailable here
17 |
18 | UIKIT_EXTERN API_AVAILABLE(ios(2.0)) API_UNAVAILABLE(tvos, watchos) NS_SWIFT_UI_ACTOR
19 | @interface UIPickerView : UIView <NSCoding>
| `- note: 'UIPickerView' has been explicitly marked unavailable here
20 |
21 | @property(nullable,nonatomic,weak) id<UIPickerViewDataSource> dataSource; // default is nil. weak reference
/Users/admin/builder/spi-builder-workspace/Sources/Forms/FormPickerItem.swift:10:46: error: 'UIPickerViewDataSource' is unavailable in tvOS
8 | ///
9 | /// - Note: This class conforms to the `FormItem` protocol.
10 | open class FormPickerItem: UIView, FormItem, UIPickerViewDataSource, UIPickerViewDelegate {
| `- error: 'UIPickerViewDataSource' is unavailable in tvOS
11 |
12 | /// A structure used to configure a `FormPickerItem`.
/Applications/Xcode-27.0.0-Release.Candidate.app/Contents/Developer/Platforms/AppleTVOS.platform/Developer/SDKs/AppleTVOS27.0.sdk/System/Library/Frameworks/UIKit.framework/Headers/UIPickerView.h:48:11: note: 'UIPickerViewDataSource' has been explicitly marked unavailable here
46 |
47 | API_UNAVAILABLE(tvos, watchos) NS_SWIFT_UI_ACTOR
48 | @protocol UIPickerViewDataSource<NSObject>
| `- note: 'UIPickerViewDataSource' has been explicitly marked unavailable here
49 | @required
50 |
/Users/admin/builder/spi-builder-workspace/Sources/Forms/FormPickerItem.swift:10:70: error: 'UIPickerViewDelegate' is unavailable in tvOS
8 | ///
9 | /// - Note: This class conforms to the `FormItem` protocol.
10 | open class FormPickerItem: UIView, FormItem, UIPickerViewDataSource, UIPickerViewDelegate {
| `- error: 'UIPickerViewDelegate' is unavailable in tvOS
11 |
12 | /// A structure used to configure a `FormPickerItem`.
/Applications/Xcode-27.0.0-Release.Candidate.app/Contents/Developer/Platforms/AppleTVOS.platform/Developer/SDKs/AppleTVOS27.0.sdk/System/Library/Frameworks/UIKit.framework/Headers/UIPickerView.h:59:11: note: 'UIPickerViewDelegate' has been explicitly marked unavailable here
57 |
58 | API_UNAVAILABLE(tvos, watchos) NS_SWIFT_UI_ACTOR
59 | @protocol UIPickerViewDelegate<NSObject>
| `- note: 'UIPickerViewDelegate' has been explicitly marked unavailable here
60 | @optional
61 |
/Users/admin/builder/spi-builder-workspace/Sources/Forms/FormPickerItem.swift:92:20: error: 'UIPickerView' is unavailable in tvOS
90 | public extension FormPickerItem {
91 | func numberOfComponents(
92 | in pickerView: UIPickerView
| `- error: 'UIPickerView' is unavailable in tvOS
93 | ) -> Int {
94 | options.count
/Applications/Xcode-27.0.0-Release.Candidate.app/Contents/Developer/Platforms/AppleTVOS.platform/Developer/SDKs/AppleTVOS27.0.sdk/System/Library/Frameworks/UIKit.framework/Headers/UIPickerView.h:19:12: note: 'UIPickerView' has been explicitly marked unavailable here
17 |
18 | UIKIT_EXTERN API_AVAILABLE(ios(2.0)) API_UNAVAILABLE(tvos, watchos) NS_SWIFT_UI_ACTOR
19 | @interface UIPickerView : UIView <NSCoding>
| `- note: 'UIPickerView' has been explicitly marked unavailable here
20 |
21 | @property(nullable,nonatomic,weak) id<UIPickerViewDataSource> dataSource; // default is nil. weak reference
/Users/admin/builder/spi-builder-workspace/Sources/Forms/FormPickerItem.swift:98:19: error: 'UIPickerView' is unavailable in tvOS
96 |
97 | func pickerView(
98 | _ pickerView: UIPickerView,
| `- error: 'UIPickerView' is unavailable in tvOS
99 | numberOfRowsInComponent component: Int
100 | ) -> Int {
/Applications/Xcode-27.0.0-Release.Candidate.app/Contents/Developer/Platforms/AppleTVOS.platform/Developer/SDKs/AppleTVOS27.0.sdk/System/Library/Frameworks/UIKit.framework/Headers/UIPickerView.h:19:12: note: 'UIPickerView' has been explicitly marked unavailable here
17 |
18 | UIKIT_EXTERN API_AVAILABLE(ios(2.0)) API_UNAVAILABLE(tvos, watchos) NS_SWIFT_UI_ACTOR
19 | @interface UIPickerView : UIView <NSCoding>
| `- note: 'UIPickerView' has been explicitly marked unavailable here
20 |
21 | @property(nullable,nonatomic,weak) id<UIPickerViewDataSource> dataSource; // default is nil. weak reference
/Users/admin/builder/spi-builder-workspace/Sources/Forms/FormPickerItem.swift:105:19: error: 'UIPickerView' is unavailable in tvOS
103 |
104 | func pickerView(
105 | _ pickerView: UIPickerView,
| `- error: 'UIPickerView' is unavailable in tvOS
106 | titleForRow row: Int,
107 | forComponent component: Int
/Applications/Xcode-27.0.0-Release.Candidate.app/Contents/Developer/Platforms/AppleTVOS.platform/Developer/SDKs/AppleTVOS27.0.sdk/System/Library/Frameworks/UIKit.framework/Headers/UIPickerView.h:19:12: note: 'UIPickerView' has been explicitly marked unavailable here
17 |
18 | UIKIT_EXTERN API_AVAILABLE(ios(2.0)) API_UNAVAILABLE(tvos, watchos) NS_SWIFT_UI_ACTOR
19 | @interface UIPickerView : UIView <NSCoding>
| `- note: 'UIPickerView' has been explicitly marked unavailable here
20 |
21 | @property(nullable,nonatomic,weak) id<UIPickerViewDataSource> dataSource; // default is nil. weak reference
/Users/admin/builder/spi-builder-workspace/Sources/Forms/FormPickerItem.swift:113:19: error: 'UIPickerView' is unavailable in tvOS
111 |
112 | func pickerView(
113 | _ pickerView: UIPickerView,
| `- error: 'UIPickerView' is unavailable in tvOS
114 | didSelectRow row: Int,
115 | inComponent component: Int
/Applications/Xcode-27.0.0-Release.Candidate.app/Contents/Developer/Platforms/AppleTVOS.platform/Developer/SDKs/AppleTVOS27.0.sdk/System/Library/Frameworks/UIKit.framework/Headers/UIPickerView.h:19:12: note: 'UIPickerView' has been explicitly marked unavailable here
17 |
18 | UIKIT_EXTERN API_AVAILABLE(ios(2.0)) API_UNAVAILABLE(tvos, watchos) NS_SWIFT_UI_ACTOR
19 | @interface UIPickerView : UIView <NSCoding>
| `- note: 'UIPickerView' has been explicitly marked unavailable here
20 |
21 | @property(nullable,nonatomic,weak) id<UIPickerViewDataSource> dataSource; // default is nil. weak reference
/Users/admin/builder/spi-builder-workspace/Sources/Forms/FormSwitchItem.swift:49:28: error: 'UISwitch' is unavailable in tvOS
47 | private let onColor: UIColor
48 | private let titleLabel = UILabel()
49 | private let switchView = UISwitch()
| `- error: 'UISwitch' is unavailable in tvOS
50 | private let subtitleLabel = UILabel()
51 | private let internalStackView = UIStackView()
/Applications/Xcode-27.0.0-Release.Candidate.app/Contents/Developer/Platforms/AppleTVOS.platform/Developer/SDKs/AppleTVOS27.0.sdk/System/Library/Frameworks/UIKit.framework/Headers/UISwitch.h:23:12: note: 'UISwitch' has been explicitly marked unavailable here
21 |
22 | UIKIT_EXTERN API_AVAILABLE(ios(2.0)) API_UNAVAILABLE(tvos, watchos) NS_SWIFT_UI_ACTOR
23 | @interface UISwitch : UIControl <NSCoding>
| `- note: 'UISwitch' has been explicitly marked unavailable here
24 |
25 | @property(nullable, nonatomic, strong) UIColor *onTintColor API_AVAILABLE(ios(5.0)) UI_APPEARANCE_SELECTOR;
Failed frontend command:
SwiftCompile normal arm64 (in target 'Forms' from project 'Forms')
cd /Users/admin/builder/spi-builder-workspace/.swiftpm/xcode
/Applications/Xcode-27.0.0-Release.Candidate.app/Contents/Developer/Toolchains/XcodeDefault.xctoolchain/usr/bin/swift-frontend -frontend -emit-module -experimental-skip-non-inlinable-function-bodies-without-types /Users/admin/builder/spi-builder-workspace/Sources/Forms/FormButtonItem.swift /Users/admin/builder/spi-builder-workspace/Sources/Forms/FormCalendarItem.swift /Users/admin/builder/spi-builder-workspace/Sources/Forms/FormCheckboxItem.swift /Users/admin/builder/spi-builder-workspace/Sources/Forms/FormInputItem.swift /Users/admin/builder/spi-builder-workspace/Sources/Forms/FormPickerItem.swift /Users/admin/builder/spi-builder-workspace/Sources/Forms/FormSpacingItem.swift /Users/admin/builder/spi-builder-workspace/Sources/Forms/FormSwitchItem.swift /Users/admin/builder/spi-builder-workspace/Sources/Forms/FormTextItem.swift /Users/admin/builder/spi-builder-workspace/Sources/Forms/FormView.swift /Users/admin/builder/spi-builder-workspace/Sources/Forms/Protocols.swift /Users/admin/builder/spi-builder-workspace/Sources/Forms/UIControl+Publishers.swift /Users/admin/builder/spi-builder-workspace/Sources/Forms/UITextField+Publishers.swift -target arm64-apple-tvos15.0 -disable-cross-import-overlay-search -load-resolved-plugin /Applications/Xcode-27.0.0-Release.Candidate.app/Contents/Developer/Platforms/AppleTVOS.platform/Developer/usr/lib/swift/host/plugins/libFoundationMacros.dylib\#/Applications/Xcode-27.0.0-Release.Candidate.app/Contents/Developer/Platforms/AppleTVOS.platform/Developer/usr/bin/swift-plugin-server\#FoundationMacros -load-resolved-plugin /Applications/Xcode-27.0.0-Release.Candidate.app/Contents/Developer/Platforms/AppleTVOS.platform/Developer/usr/lib/swift/host/plugins/libObservationMacros.dylib\#/Applications/Xcode-27.0.0-Release.Candidate.app/Contents/Developer/Platforms/AppleTVOS.platform/Developer/usr/bin/swift-plugin-server\#ObservationMacros -load-resolved-plugin /Applications/Xcode-27.0.0-Release.Candidate.app/Contents/Developer/Platforms/AppleTVOS.platform/Developer/usr/lib/swift/host/plugins/libPreviewsMacros.dylib\#/Applications/Xcode-27.0.0-Release.Candidate.app/Contents/Developer/Platforms/AppleTVOS.platform/Developer/usr/bin/swift-plugin-server\#PreviewsMacros -load-resolved-plugin /Applications/Xcode-27.0.0-Release.Candidate.app/Contents/Developer/Platforms/AppleTVOS.platform/Developer/usr/lib/swift/host/plugins/libSwiftMacros.dylib\#/Applications/Xcode-27.0.0-Release.Candidate.app/Contents/Developer/Platforms/AppleTVOS.platform/Developer/usr/bin/swift-plugin-server\#SwiftMacros -load-resolved-plugin /Applications/Xcode-27.0.0-Release.Candidate.app/Contents/Developer/Platforms/AppleTVOS.platform/Developer/usr/lib/swift/host/plugins/libSwiftUIMacros.dylib\#/Applications/Xcode-27.0.0-Release.Candidate.app/Contents/Developer/Platforms/AppleTVOS.platform/Developer/usr/bin/swift-plugin-server\#SwiftUIMacros -disable-implicit-swift-modules -Xcc -fno-implicit-modules -Xcc -fno-implicit-module-maps -explicit-swift-module-map-file /Users/admin/builder/spi-builder-workspace/.derivedData/Build/Intermediates.noindex/Forms.build/Debug-appletvos/Forms-t.build/Objects-normal/arm64/Forms-dependencies-1.json -Xllvm -aarch64-use-tbi -enable-objc-interop -stack-check -sdk /Applications/Xcode-27.0.0-Release.Candidate.app/Contents/Developer/Platforms/AppleTVOS.platform/Developer/SDKs/AppleTVOS27.0.sdk -I /Users/admin/builder/spi-builder-workspace/.derivedData/Build/Products/Debug-appletvos -Isystem /Applications/Xcode-27.0.0-Release.Candidate.app/Contents/Developer/Platforms/AppleTVOS.platform/Developer/usr/lib -F /Users/admin/builder/spi-builder-workspace/.derivedData/Build/Products/Debug-appletvos -F /Applications/Xcode-27.0.0-Release.Candidate.app/Contents/Developer/Platforms/AppleTVOS.platform/Developer/Library/Frameworks -F /Applications/Xcode-27.0.0-Release.Candidate.app/Contents/Developer/Platforms/AppleTVOS.platform/Developer/SDKs/AppleTVOS27.0.sdk/Developer/Library/Frameworks -module-cache-path /Users/admin/builder/spi-builder-workspace/.derivedData/Build/Intermediates.noindex/SwiftExplicitPrecompiledModules -no-color-diagnostics -Xcc -fno-color-diagnostics -enable-testing -g -debug-info-format\=dwarf -dwarf-version\=4 -profile-generate -profile-coverage-mapping -swift-version 5 -Onone -D SWIFT_PACKAGE -D DEBUG -D SWIFT_MODULE_RESOURCE_BUNDLE_UNAVAILABLE -D Xcode -serialize-debugging-options -enable-experimental-feature DebugDescriptionMacro -empty-abi-descriptor -validate-clang-modules-once -clang-build-session-file /Users/admin/builder/spi-builder-workspace/.derivedData/ModuleCache.noindex/Session.modulevalidation -Xcc -working-directory -Xcc /Users/admin/builder/spi-builder-workspace/.swiftpm/xcode -enable-anonymous-context-mangled-names -file-compilation-dir /Users/admin/builder/spi-builder-workspace/.swiftpm/xcode -Xcc -D_LIBCPP_HARDENING_MODE\=_LIBCPP_HARDENING_MODE_DEBUG -Xcc -ivfsstatcache -Xcc /Users/admin/builder/spi-builder-workspace/.derivedData/SDKStatCaches.noindex/appletvos27.0-24J360-e829b21a6f8c9b70876ba0858053c044b32bfd8d43560033f8d89884cdb90028.sdkstatcache -Xcc -fmodules-prune-interval\=86400 -Xcc -fmodules-prune-after\=345600 -Xcc -I/Users/admin/builder/spi-builder-workspace/.derivedData/Build/Products/Debug-appletvos/include -Xcc -I/Users/admin/builder/spi-builder-workspace/.derivedData/Build/Intermediates.noindex/Forms.build/Debug-appletvos/Forms-t.build/DerivedSources-normal/arm64 -Xcc -I/Users/admin/builder/spi-builder-workspace/.derivedData/Build/Intermediates.noindex/Forms.build/Debug-appletvos/Forms-t.build/DerivedSources/arm64 -Xcc -I/Users/admin/builder/spi-builder-workspace/.derivedData/Build/Intermediates.noindex/Forms.build/Debug-appletvos/Forms-t.build/DerivedSources -Xcc -DSWIFT_PACKAGE -Xcc -DDEBUG\=1 -no-auto-bridging-header-chaining -module-name Forms -package-name spi_builder_workspace -const-gather-protocols-file /Users/admin/builder/spi-builder-workspace/.derivedData/Build/Intermediates.noindex/Forms.build/Debug-appletvos/Forms-t.build/Objects-normal/arm64/Forms_const_extract_protocols.json -disable-clang-spi -clang-target arm64-apple-tvos27.0 -target-sdk-version 27.0 -target-sdk-name appletvos27.0 -in-process-plugin-server-path /Applications/Xcode-27.0.0-Release.Candidate.app/Contents/Developer/Toolchains/XcodeDefault.xctoolchain/usr/lib/swift/host/libSwiftInProcPluginServer.dylib -emit-module-doc-path /Users/admin/builder/spi-builder-workspace/.derivedData/Build/Intermediates.noindex/Forms.build/Debug-appletvos/Forms-t.build/Objects-normal/arm64/Forms.swiftdoc -emit-module-source-info-path /Users/admin/builder/spi-builder-workspace/.derivedData/Build/Intermediates.noindex/Forms.build/Debug-appletvos/Forms-t.build/Objects-normal/arm64/Forms.swiftsourceinfo -emit-objc-header-path /Users/admin/builder/spi-builder-workspace/.derivedData/Build/Intermediates.noindex/Forms.build/Debug-appletvos/Forms-t.build/Objects-normal/arm64/Forms-Swift.h -serialize-diagnostics-path /Users/admin/builder/spi-builder-workspace/.derivedData/Build/Intermediates.noindex/Forms.build/Debug-appletvos/Forms-t.build/Objects-normal/arm64/Forms-primary-emit-module.dia -emit-dependencies-path /Users/admin/builder/spi-builder-workspace/.derivedData/Build/Intermediates.noindex/Forms.build/Debug-appletvos/Forms-t.build/Objects-normal/arm64/Forms-primary-emit-module.d -parse-as-library -o /Users/admin/builder/spi-builder-workspace/.derivedData/Build/Intermediates.noindex/Forms.build/Debug-appletvos/Forms-t.build/Objects-normal/arm64/Forms.swiftmodule -emit-abi-descriptor-path /Users/admin/builder/spi-builder-workspace/.derivedData/Build/Intermediates.noindex/Forms.build/Debug-appletvos/Forms-t.build/Objects-normal/arm64/Forms.abi.json
SwiftCompile normal arm64 Compiling\ FormSwitchItem.swift /Users/admin/builder/spi-builder-workspace/Sources/Forms/FormSwitchItem.swift (in target 'Forms' from project 'Forms')
SwiftCompile normal arm64 /Users/admin/builder/spi-builder-workspace/Sources/Forms/FormSwitchItem.swift (in target 'Forms' from project 'Forms')
cd /Users/admin/builder/spi-builder-workspace/.swiftpm/xcode
builtin-SwiftPerFileCompile FormSwitchItem.swift
/Users/admin/builder/spi-builder-workspace/Sources/Forms/FormSwitchItem.swift:49:28: error: 'UISwitch' is unavailable in tvOS
47 | private let onColor: UIColor
48 | private let titleLabel = UILabel()
49 | private let switchView = UISwitch()
| `- error: 'UISwitch' is unavailable in tvOS
50 | private let subtitleLabel = UILabel()
51 | private let internalStackView = UIStackView()
/Applications/Xcode-27.0.0-Release.Candidate.app/Contents/Developer/Platforms/AppleTVOS.platform/Developer/SDKs/AppleTVOS27.0.sdk/System/Library/Frameworks/UIKit.framework/Headers/UISwitch.h:23:12: note: 'UISwitch' has been explicitly marked unavailable here
21 |
22 | UIKIT_EXTERN API_AVAILABLE(ios(2.0)) API_UNAVAILABLE(tvos, watchos) NS_SWIFT_UI_ACTOR
23 | @interface UISwitch : UIControl <NSCoding>
| `- note: 'UISwitch' has been explicitly marked unavailable here
24 |
25 | @property(nullable, nonatomic, strong) UIColor *onTintColor API_AVAILABLE(ios(5.0)) UI_APPEARANCE_SELECTOR;
SwiftCompile normal arm64 Compiling\ FormView.swift /Users/admin/builder/spi-builder-workspace/Sources/Forms/FormView.swift (in target 'Forms' from project 'Forms')
SwiftCompile normal arm64 /Users/admin/builder/spi-builder-workspace/Sources/Forms/FormView.swift (in target 'Forms' from project 'Forms')
cd /Users/admin/builder/spi-builder-workspace/.swiftpm/xcode
builtin-SwiftPerFileCompile FormView.swift
SwiftCompile normal arm64 Compiling\ Protocols.swift /Users/admin/builder/spi-builder-workspace/Sources/Forms/Protocols.swift (in target 'Forms' from project 'Forms')
SwiftCompile normal arm64 /Users/admin/builder/spi-builder-workspace/Sources/Forms/Protocols.swift (in target 'Forms' from project 'Forms')
cd /Users/admin/builder/spi-builder-workspace/.swiftpm/xcode
builtin-SwiftPerFileCompile Protocols.swift
SwiftCompile normal arm64 Compiling\ FormCheckboxItem.swift,\ FormInputItem.swift /Users/admin/builder/spi-builder-workspace/Sources/Forms/FormCheckboxItem.swift /Users/admin/builder/spi-builder-workspace/Sources/Forms/FormInputItem.swift (in target 'Forms' from project 'Forms')
SwiftCompile normal arm64 /Users/admin/builder/spi-builder-workspace/Sources/Forms/FormCheckboxItem.swift (in target 'Forms' from project 'Forms')
cd /Users/admin/builder/spi-builder-workspace/.swiftpm/xcode
builtin-SwiftPerFileCompile FormCheckboxItem.swift
SwiftCompile normal arm64 /Users/admin/builder/spi-builder-workspace/Sources/Forms/FormInputItem.swift (in target 'Forms' from project 'Forms')
cd /Users/admin/builder/spi-builder-workspace/.swiftpm/xcode
builtin-SwiftPerFileCompile FormInputItem.swift
SwiftCompile normal arm64 Compiling\ UITextField+Publishers.swift /Users/admin/builder/spi-builder-workspace/Sources/Forms/UITextField+Publishers.swift (in target 'Forms' from project 'Forms')
SwiftCompile normal arm64 /Users/admin/builder/spi-builder-workspace/Sources/Forms/UITextField+Publishers.swift (in target 'Forms' from project 'Forms')
cd /Users/admin/builder/spi-builder-workspace/.swiftpm/xcode
builtin-SwiftPerFileCompile UITextField+Publishers.swift
SwiftCompile normal arm64 Compiling\ FormPickerItem.swift /Users/admin/builder/spi-builder-workspace/Sources/Forms/FormPickerItem.swift (in target 'Forms' from project 'Forms')
SwiftCompile normal arm64 /Users/admin/builder/spi-builder-workspace/Sources/Forms/FormPickerItem.swift (in target 'Forms' from project 'Forms')
cd /Users/admin/builder/spi-builder-workspace/.swiftpm/xcode
builtin-SwiftPerFileCompile FormPickerItem.swift
/Users/admin/builder/spi-builder-workspace/Sources/Forms/FormPickerItem.swift:37:33: error: 'UIPickerView' is unavailable in tvOS
35 | }
36 |
37 | private(set) var pickerView = UIPickerView()
| `- error: 'UIPickerView' is unavailable in tvOS
38 |
39 | /// Array of options to be displayed in the picker.
/Applications/Xcode-27.0.0-Release.Candidate.app/Contents/Developer/Platforms/AppleTVOS.platform/Developer/SDKs/AppleTVOS27.0.sdk/System/Library/Frameworks/UIKit.framework/Headers/UIPickerView.h:19:12: note: 'UIPickerView' has been explicitly marked unavailable here
17 |
18 | UIKIT_EXTERN API_AVAILABLE(ios(2.0)) API_UNAVAILABLE(tvos, watchos) NS_SWIFT_UI_ACTOR
19 | @interface UIPickerView : UIView <NSCoding>
| `- note: 'UIPickerView' has been explicitly marked unavailable here
20 |
21 | @property(nullable,nonatomic,weak) id<UIPickerViewDataSource> dataSource; // default is nil. weak reference
/Users/admin/builder/spi-builder-workspace/Sources/Forms/FormPickerItem.swift:10:46: error: 'UIPickerViewDataSource' is unavailable in tvOS
8 | ///
9 | /// - Note: This class conforms to the `FormItem` protocol.
10 | open class FormPickerItem: UIView, FormItem, UIPickerViewDataSource, UIPickerViewDelegate {
| `- error: 'UIPickerViewDataSource' is unavailable in tvOS
11 |
12 | /// A structure used to configure a `FormPickerItem`.
/Applications/Xcode-27.0.0-Release.Candidate.app/Contents/Developer/Platforms/AppleTVOS.platform/Developer/SDKs/AppleTVOS27.0.sdk/System/Library/Frameworks/UIKit.framework/Headers/UIPickerView.h:48:11: note: 'UIPickerViewDataSource' has been explicitly marked unavailable here
46 |
47 | API_UNAVAILABLE(tvos, watchos) NS_SWIFT_UI_ACTOR
48 | @protocol UIPickerViewDataSource<NSObject>
| `- note: 'UIPickerViewDataSource' has been explicitly marked unavailable here
49 | @required
50 |
/Users/admin/builder/spi-builder-workspace/Sources/Forms/FormPickerItem.swift:10:70: error: 'UIPickerViewDelegate' is unavailable in tvOS
8 | ///
9 | /// - Note: This class conforms to the `FormItem` protocol.
10 | open class FormPickerItem: UIView, FormItem, UIPickerViewDataSource, UIPickerViewDelegate {
| `- error: 'UIPickerViewDelegate' is unavailable in tvOS
11 |
12 | /// A structure used to configure a `FormPickerItem`.
/Applications/Xcode-27.0.0-Release.Candidate.app/Contents/Developer/Platforms/AppleTVOS.platform/Developer/SDKs/AppleTVOS27.0.sdk/System/Library/Frameworks/UIKit.framework/Headers/UIPickerView.h:59:11: note: 'UIPickerViewDelegate' has been explicitly marked unavailable here
57 |
58 | API_UNAVAILABLE(tvos, watchos) NS_SWIFT_UI_ACTOR
59 | @protocol UIPickerViewDelegate<NSObject>
| `- note: 'UIPickerViewDelegate' has been explicitly marked unavailable here
60 | @optional
61 |
/Users/admin/builder/spi-builder-workspace/Sources/Forms/FormPickerItem.swift:92:20: error: 'UIPickerView' is unavailable in tvOS
90 | public extension FormPickerItem {
91 | func numberOfComponents(
92 | in pickerView: UIPickerView
| `- error: 'UIPickerView' is unavailable in tvOS
93 | ) -> Int {
94 | options.count
/Applications/Xcode-27.0.0-Release.Candidate.app/Contents/Developer/Platforms/AppleTVOS.platform/Developer/SDKs/AppleTVOS27.0.sdk/System/Library/Frameworks/UIKit.framework/Headers/UIPickerView.h:19:12: note: 'UIPickerView' has been explicitly marked unavailable here
17 |
18 | UIKIT_EXTERN API_AVAILABLE(ios(2.0)) API_UNAVAILABLE(tvos, watchos) NS_SWIFT_UI_ACTOR
19 | @interface UIPickerView : UIView <NSCoding>
| `- note: 'UIPickerView' has been explicitly marked unavailable here
20 |
21 | @property(nullable,nonatomic,weak) id<UIPickerViewDataSource> dataSource; // default is nil. weak reference
/Users/admin/builder/spi-builder-workspace/Sources/Forms/FormPickerItem.swift:98:19: error: 'UIPickerView' is unavailable in tvOS
96 |
97 | func pickerView(
98 | _ pickerView: UIPickerView,
| `- error: 'UIPickerView' is unavailable in tvOS
99 | numberOfRowsInComponent component: Int
100 | ) -> Int {
/Applications/Xcode-27.0.0-Release.Candidate.app/Contents/Developer/Platforms/AppleTVOS.platform/Developer/SDKs/AppleTVOS27.0.sdk/System/Library/Frameworks/UIKit.framework/Headers/UIPickerView.h:19:12: note: 'UIPickerView' has been explicitly marked unavailable here
17 |
18 | UIKIT_EXTERN API_AVAILABLE(ios(2.0)) API_UNAVAILABLE(tvos, watchos) NS_SWIFT_UI_ACTOR
19 | @interface UIPickerView : UIView <NSCoding>
| `- note: 'UIPickerView' has been explicitly marked unavailable here
20 |
21 | @property(nullable,nonatomic,weak) id<UIPickerViewDataSource> dataSource; // default is nil. weak reference
/Users/admin/builder/spi-builder-workspace/Sources/Forms/FormPickerItem.swift:105:19: error: 'UIPickerView' is unavailable in tvOS
103 |
104 | func pickerView(
105 | _ pickerView: UIPickerView,
| `- error: 'UIPickerView' is unavailable in tvOS
106 | titleForRow row: Int,
107 | forComponent component: Int
/Applications/Xcode-27.0.0-Release.Candidate.app/Contents/Developer/Platforms/AppleTVOS.platform/Developer/SDKs/AppleTVOS27.0.sdk/System/Library/Frameworks/UIKit.framework/Headers/UIPickerView.h:19:12: note: 'UIPickerView' has been explicitly marked unavailable here
17 |
18 | UIKIT_EXTERN API_AVAILABLE(ios(2.0)) API_UNAVAILABLE(tvos, watchos) NS_SWIFT_UI_ACTOR
19 | @interface UIPickerView : UIView <NSCoding>
| `- note: 'UIPickerView' has been explicitly marked unavailable here
20 |
21 | @property(nullable,nonatomic,weak) id<UIPickerViewDataSource> dataSource; // default is nil. weak reference
SwiftCompile normal arm64 Compiling\ UIControl+Publishers.swift /Users/admin/builder/spi-builder-workspace/Sources/Forms/UIControl+Publishers.swift (in target 'Forms' from project 'Forms')
SwiftCompile normal arm64 /Users/admin/builder/spi-builder-workspace/Sources/Forms/UIControl+Publishers.swift (in target 'Forms' from project 'Forms')
cd /Users/admin/builder/spi-builder-workspace/.swiftpm/xcode
builtin-SwiftPerFileCompile UIControl+Publishers.swift
SwiftCompile normal arm64 Compiling\ FormTextItem.swift /Users/admin/builder/spi-builder-workspace/Sources/Forms/FormTextItem.swift (in target 'Forms' from project 'Forms')
SwiftCompile normal arm64 /Users/admin/builder/spi-builder-workspace/Sources/Forms/FormTextItem.swift (in target 'Forms' from project 'Forms')
cd /Users/admin/builder/spi-builder-workspace/.swiftpm/xcode
builtin-SwiftPerFileCompile FormTextItem.swift
SwiftCompile normal arm64 Compiling\ FormSpacingItem.swift /Users/admin/builder/spi-builder-workspace/Sources/Forms/FormSpacingItem.swift (in target 'Forms' from project 'Forms')
SwiftCompile normal arm64 /Users/admin/builder/spi-builder-workspace/Sources/Forms/FormSpacingItem.swift (in target 'Forms' from project 'Forms')
cd /Users/admin/builder/spi-builder-workspace/.swiftpm/xcode
builtin-SwiftPerFileCompile FormSpacingItem.swift
SwiftCompile normal arm64 Compiling\ FormButtonItem.swift,\ FormCalendarItem.swift /Users/admin/builder/spi-builder-workspace/Sources/Forms/FormButtonItem.swift /Users/admin/builder/spi-builder-workspace/Sources/Forms/FormCalendarItem.swift (in target 'Forms' from project 'Forms')
SwiftCompile normal arm64 /Users/admin/builder/spi-builder-workspace/Sources/Forms/FormButtonItem.swift (in target 'Forms' from project 'Forms')
cd /Users/admin/builder/spi-builder-workspace/.swiftpm/xcode
builtin-SwiftPerFileCompile FormButtonItem.swift
SwiftCompile normal arm64 /Users/admin/builder/spi-builder-workspace/Sources/Forms/FormCalendarItem.swift (in target 'Forms' from project 'Forms')
cd /Users/admin/builder/spi-builder-workspace/.swiftpm/xcode
builtin-SwiftPerFileCompile FormCalendarItem.swift
PruneExplicitPrecompiledModules /Users/admin/builder/spi-builder-workspace/.derivedData/Build/Intermediates.noindex/ExplicitPrecompiledModules
PruneExplicitPrecompiledModules /Users/admin/builder/spi-builder-workspace/.derivedData/Build/Intermediates.noindex/SwiftExplicitPrecompiledModules
PruneExplicitPrecompiledModules /Users/admin/builder/spi-builder-workspace/.derivedData/SDKExplicitPrecompiledModules
2026-09-19 15:18:44.722 xcodebuild[661:3916] [MT] IDERunDestination: Supported platforms for the buildables in the current scheme is empty.
** BUILD FAILED **
The following build commands failed:
SwiftCompile normal arm64 (in target 'Forms' from project 'Forms')
SwiftEmitModule normal arm64 Emitting\ module\ for\ Forms (in target 'Forms' from project 'Forms')
Building workspace Forms with scheme Forms
(3 failures)
Command line invocation:
/Applications/Xcode-27.0.0-Release.Candidate.app/Contents/Developer/usr/bin/xcodebuild -IDEClonedSourcePackagesDirPathOverride=/Users/admin/builder/spi-builder-workspace/.dependencies -resolvePackageDependencies
Resolve Package Graph
Resolved source packages:
Forms: /Users/admin/builder/spi-builder-workspace
resolved source packages: Forms
2026-09-19 15:18:51.739 xcodebuild[770:4482] [MT] IDERunDestination: Supported platforms for the buildables in the current scheme is empty.
{
"dependencies" : [
],
"manifest_display_name" : "Forms",
"name" : "Forms",
"path" : "/Users/admin/builder/spi-builder-workspace",
"platforms" : [
{
"name" : "ios",
"version" : "13.0"
}
],
"products" : [
{
"name" : "Forms",
"targets" : [
"Forms"
],
"type" : {
"library" : [
"automatic"
]
}
}
],
"targets" : [
{
"c99name" : "FormsTests",
"module_type" : "SwiftTarget",
"name" : "FormsTests",
"path" : "Tests/FormsTests",
"sources" : [
"FormCalendarItemTests.swift",
"FormInputItemTests.swift",
"FormSpacingItemTests.swift",
"FormTextItemTests.swift",
"FormViewTests.swift"
],
"target_dependencies" : [
"Forms"
],
"type" : "test"
},
{
"c99name" : "Forms",
"module_type" : "SwiftTarget",
"name" : "Forms",
"path" : "Sources/Forms",
"product_memberships" : [
"Forms"
],
"sources" : [
"FormButtonItem.swift",
"FormCalendarItem.swift",
"FormCheckboxItem.swift",
"FormInputItem.swift",
"FormPickerItem.swift",
"FormSpacingItem.swift",
"FormSwitchItem.swift",
"FormTextItem.swift",
"FormView.swift",
"Protocols.swift",
"UIControl+Publishers.swift",
"UITextField+Publishers.swift"
],
"type" : "library"
}
],
"tools_version" : "5.9"
}
{
"workspace" : {
"name" : "Forms",
"schemes" : [
"Forms"
]
}
}
2026-09-19 15:18:53.075 xcodebuild[778:4551] [MT] IDERunDestination: Supported platforms for the buildables in the current scheme is empty.
Running build ...
env DEVELOPER_DIR=/Applications/Xcode-27.0.0-Release.Candidate.app xcrun xcodebuild -IDEClonedSourcePackagesDirPathOverride=$PWD/.dependencies -skipMacroValidation -skipPackagePluginValidation -derivedDataPath $PWD/.derivedData build -scheme Forms -destination generic/platform=tvOS
Command line invocation:
/Applications/Xcode-27.0.0-Release.Candidate.app/Contents/Developer/usr/bin/xcodebuild -IDEClonedSourcePackagesDirPathOverride=/Users/admin/builder/spi-builder-workspace/.dependencies -skipMacroValidation -skipPackagePluginValidation -derivedDataPath /Users/admin/builder/spi-builder-workspace/.derivedData build -scheme Forms -destination generic/platform=tvOS
Resolve Package Graph
Resolved source packages:
Forms: /Users/admin/builder/spi-builder-workspace
ComputePackagePrebuildTargetDependencyGraph
Prepare packages
CreateBuildRequest
SendProjectDescription
CreateBuildOperation
ComputeTargetDependencyGraph
note: Building targets in dependency order
note: Target dependency graph (2 targets)
Target 'Forms-product' in project 'Forms'
➜ Explicit dependency on target 'Forms' in project 'Forms'
Target 'Forms' in project 'Forms' (no dependencies)
GatherProvisioningInputs
CreateBuildDescription
ClangStatCache /Applications/Xcode-27.0.0-Release.Candidate.app/Contents/Developer/Toolchains/XcodeDefault.xctoolchain/usr/bin/clang-stat-cache /Applications/Xcode-27.0.0-Release.Candidate.app/Contents/Developer/Platforms/AppleTVOS.platform/Developer/SDKs/AppleTVOS27.0.sdk /Users/admin/builder/spi-builder-workspace/.derivedData/SDKStatCaches.noindex/appletvos27.0-24J360-e829b21a6f8c9b70876ba0858053c044b32bfd8d43560033f8d89884cdb90028.sdkstatcache
cd /Users/admin/builder/spi-builder-workspace/.swiftpm/xcode
/Applications/Xcode-27.0.0-Release.Candidate.app/Contents/Developer/Toolchains/XcodeDefault.xctoolchain/usr/bin/clang-stat-cache /Applications/Xcode-27.0.0-Release.Candidate.app/Contents/Developer/Platforms/AppleTVOS.platform/Developer/SDKs/AppleTVOS27.0.sdk -o /Users/admin/builder/spi-builder-workspace/.derivedData/SDKStatCaches.noindex/appletvos27.0-24J360-e829b21a6f8c9b70876ba0858053c044b32bfd8d43560033f8d89884cdb90028.sdkstatcache
SwiftDriver Forms normal arm64 com.apple.xcode.tools.swift.compiler (in target 'Forms' from project 'Forms')
cd /Users/admin/builder/spi-builder-workspace/.swiftpm/xcode
builtin-SwiftDriver -- /Applications/Xcode-27.0.0-Release.Candidate.app/Contents/Developer/Toolchains/XcodeDefault.xctoolchain/usr/bin/swiftc -parse-as-library -module-name Forms -Onone @/Users/admin/builder/spi-builder-workspace/.derivedData/Build/Intermediates.noindex/Forms.build/Debug-appletvos/Forms-t.build/Objects-normal/arm64/Forms.SwiftFileList -DSWIFT_PACKAGE -DDEBUG -DSWIFT_MODULE_RESOURCE_BUNDLE_UNAVAILABLE -DXcode -plugin-path /Applications/Xcode-27.0.0-Release.Candidate.app/Contents/Developer/Toolchains/XcodeDefault.xctoolchain/usr/lib/swift/host/plugins/testing -enable-experimental-feature DebugDescriptionMacro -sdk /Applications/Xcode-27.0.0-Release.Candidate.app/Contents/Developer/Platforms/AppleTVOS.platform/Developer/SDKs/AppleTVOS27.0.sdk -target arm64-apple-tvos15.0 -g -module-cache-path /Users/admin/builder/spi-builder-workspace/.derivedData/ModuleCache.noindex -Xfrontend -serialize-debugging-options -profile-coverage-mapping -profile-generate -enable-testing -index-store-path /Users/admin/builder/spi-builder-workspace/.derivedData/Index.noindex/DataStore -Xcc -D_LIBCPP_HARDENING_MODE\=_LIBCPP_HARDENING_MODE_DEBUG -swift-version 5 -I /Users/admin/builder/spi-builder-workspace/.derivedData/Build/Products/Debug-appletvos -Isystem /Applications/Xcode-27.0.0-Release.Candidate.app/Contents/Developer/Platforms/AppleTVOS.platform/Developer/usr/lib -F /Users/admin/builder/spi-builder-workspace/.derivedData/Build/Products/Debug-appletvos -F /Applications/Xcode-27.0.0-Release.Candidate.app/Contents/Developer/Platforms/AppleTVOS.platform/Developer/Library/Frameworks -F /Applications/Xcode-27.0.0-Release.Candidate.app/Contents/Developer/Platforms/AppleTVOS.platform/Developer/SDKs/AppleTVOS27.0.sdk/Developer/Library/Frameworks -c -j10 -enable-batch-mode -incremental -Xcc -ivfsstatcache -Xcc /Users/admin/builder/spi-builder-workspace/.derivedData/SDKStatCaches.noindex/appletvos27.0-24J360-e829b21a6f8c9b70876ba0858053c044b32bfd8d43560033f8d89884cdb90028.sdkstatcache -output-file-map /Users/admin/builder/spi-builder-workspace/.derivedData/Build/Intermediates.noindex/Forms.build/Debug-appletvos/Forms-t.build/Objects-normal/arm64/Forms-OutputFileMap.json -save-temps -no-color-diagnostics -explicit-module-build -module-cache-path /Users/admin/builder/spi-builder-workspace/.derivedData/Build/Intermediates.noindex/SwiftExplicitPrecompiledModules -clang-scanner-module-cache-path /Users/admin/builder/spi-builder-workspace/.derivedData/ModuleCache.noindex -sdk-module-cache-path /Users/admin/builder/spi-builder-workspace/.derivedData/SDKExplicitPrecompiledModules -emit-dependencies -emit-module -emit-module-path /Users/admin/builder/spi-builder-workspace/.derivedData/Build/Intermediates.noindex/Forms.build/Debug-appletvos/Forms-t.build/Objects-normal/arm64/Forms.swiftmodule -serialize-diagnostics -dependency-scan-serialize-diagnostics-path /Users/admin/builder/spi-builder-workspace/.derivedData/Build/Intermediates.noindex/Forms.build/Debug-appletvos/Forms-t.build/Objects-normal/arm64/Forms-dependency-scan.dia -validate-clang-modules-once -clang-build-session-file /Users/admin/builder/spi-builder-workspace/.derivedData/ModuleCache.noindex/Session.modulevalidation -Xcc -fmodules-prune-interval\=86400 -Xcc -fmodules-prune-after\=345600 -package-name spi_builder_workspace -emit-const-values -const-gather-protocols-list /Users/admin/builder/spi-builder-workspace/.derivedData/Build/Intermediates.noindex/Forms.build/Debug-appletvos/Forms-t.build/Objects-normal/arm64/Forms_const_extract_protocols.json -Xcc -I/Users/admin/builder/spi-builder-workspace/.derivedData/Build/Products/Debug-appletvos/include -Xcc -I/Users/admin/builder/spi-builder-workspace/.derivedData/Build/Intermediates.noindex/Forms.build/Debug-appletvos/Forms-t.build/DerivedSources-normal/arm64 -Xcc -I/Users/admin/builder/spi-builder-workspace/.derivedData/Build/Intermediates.noindex/Forms.build/Debug-appletvos/Forms-t.build/DerivedSources/arm64 -Xcc -I/Users/admin/builder/spi-builder-workspace/.derivedData/Build/Intermediates.noindex/Forms.build/Debug-appletvos/Forms-t.build/DerivedSources -Xcc -DSWIFT_PACKAGE -Xcc -DDEBUG\=1 -emit-objc-header -emit-objc-header-path /Users/admin/builder/spi-builder-workspace/.derivedData/Build/Intermediates.noindex/Forms.build/Debug-appletvos/Forms-t.build/Objects-normal/arm64/Forms-Swift.h -working-directory /Users/admin/builder/spi-builder-workspace/.swiftpm/xcode -experimental-emit-module-separately -disable-cmo
SwiftCompile normal arm64 Compiling\ FormCheckboxItem.swift,\ FormInputItem.swift /Users/admin/builder/spi-builder-workspace/Sources/Forms/FormCheckboxItem.swift /Users/admin/builder/spi-builder-workspace/Sources/Forms/FormInputItem.swift (in target 'Forms' from project 'Forms')
SwiftCompile normal arm64 /Users/admin/builder/spi-builder-workspace/Sources/Forms/FormCheckboxItem.swift (in target 'Forms' from project 'Forms')
cd /Users/admin/builder/spi-builder-workspace/.swiftpm/xcode
builtin-SwiftPerFileCompile FormCheckboxItem.swift
SwiftCompile normal arm64 /Users/admin/builder/spi-builder-workspace/Sources/Forms/FormInputItem.swift (in target 'Forms' from project 'Forms')
cd /Users/admin/builder/spi-builder-workspace/.swiftpm/xcode
builtin-SwiftPerFileCompile FormInputItem.swift
SwiftCompile normal arm64 Compiling\ FormPickerItem.swift /Users/admin/builder/spi-builder-workspace/Sources/Forms/FormPickerItem.swift (in target 'Forms' from project 'Forms')
/Users/admin/builder/spi-builder-workspace/Sources/Forms/FormPickerItem.swift:37:33: error: 'UIPickerView' is unavailable in tvOS
35 | }
36 |
37 | private(set) var pickerView = UIPickerView()
| `- error: 'UIPickerView' is unavailable in tvOS
38 |
39 | /// Array of options to be displayed in the picker.
/Applications/Xcode-27.0.0-Release.Candidate.app/Contents/Developer/Platforms/AppleTVOS.platform/Developer/SDKs/AppleTVOS27.0.sdk/System/Library/Frameworks/UIKit.framework/Headers/UIPickerView.h:19:12: note: 'UIPickerView' has been explicitly marked unavailable here
17 |
18 | UIKIT_EXTERN API_AVAILABLE(ios(2.0)) API_UNAVAILABLE(tvos, watchos) NS_SWIFT_UI_ACTOR
19 | @interface UIPickerView : UIView <NSCoding>
| `- note: 'UIPickerView' has been explicitly marked unavailable here
20 |
21 | @property(nullable,nonatomic,weak) id<UIPickerViewDataSource> dataSource; // default is nil. weak reference
/Users/admin/builder/spi-builder-workspace/Sources/Forms/FormPickerItem.swift:10:46: error: 'UIPickerViewDataSource' is unavailable in tvOS
8 | ///
9 | /// - Note: This class conforms to the `FormItem` protocol.
10 | open class FormPickerItem: UIView, FormItem, UIPickerViewDataSource, UIPickerViewDelegate {
| `- error: 'UIPickerViewDataSource' is unavailable in tvOS
11 |
12 | /// A structure used to configure a `FormPickerItem`.
/Applications/Xcode-27.0.0-Release.Candidate.app/Contents/Developer/Platforms/AppleTVOS.platform/Developer/SDKs/AppleTVOS27.0.sdk/System/Library/Frameworks/UIKit.framework/Headers/UIPickerView.h:48:11: note: 'UIPickerViewDataSource' has been explicitly marked unavailable here
46 |
47 | API_UNAVAILABLE(tvos, watchos) NS_SWIFT_UI_ACTOR
48 | @protocol UIPickerViewDataSource<NSObject>
| `- note: 'UIPickerViewDataSource' has been explicitly marked unavailable here
49 | @required
50 |
/Users/admin/builder/spi-builder-workspace/Sources/Forms/FormPickerItem.swift:10:70: error: 'UIPickerViewDelegate' is unavailable in tvOS
8 | ///
9 | /// - Note: This class conforms to the `FormItem` protocol.
10 | open class FormPickerItem: UIView, FormItem, UIPickerViewDataSource, UIPickerViewDelegate {
| `- error: 'UIPickerViewDelegate' is unavailable in tvOS
11 |
12 | /// A structure used to configure a `FormPickerItem`.
/Applications/Xcode-27.0.0-Release.Candidate.app/Contents/Developer/Platforms/AppleTVOS.platform/Developer/SDKs/AppleTVOS27.0.sdk/System/Library/Frameworks/UIKit.framework/Headers/UIPickerView.h:59:11: note: 'UIPickerViewDelegate' has been explicitly marked unavailable here
57 |
58 | API_UNAVAILABLE(tvos, watchos) NS_SWIFT_UI_ACTOR
59 | @protocol UIPickerViewDelegate<NSObject>
| `- note: 'UIPickerViewDelegate' has been explicitly marked unavailable here
60 | @optional
61 |
/Users/admin/builder/spi-builder-workspace/Sources/Forms/FormPickerItem.swift:92:20: error: 'UIPickerView' is unavailable in tvOS
90 | public extension FormPickerItem {
91 | func numberOfComponents(
92 | in pickerView: UIPickerView
| `- error: 'UIPickerView' is unavailable in tvOS
93 | ) -> Int {
94 | options.count
/Applications/Xcode-27.0.0-Release.Candidate.app/Contents/Developer/Platforms/AppleTVOS.platform/Developer/SDKs/AppleTVOS27.0.sdk/System/Library/Frameworks/UIKit.framework/Headers/UIPickerView.h:19:12: note: 'UIPickerView' has been explicitly marked unavailable here
17 |
18 | UIKIT_EXTERN API_AVAILABLE(ios(2.0)) API_UNAVAILABLE(tvos, watchos) NS_SWIFT_UI_ACTOR
19 | @interface UIPickerView : UIView <NSCoding>
| `- note: 'UIPickerView' has been explicitly marked unavailable here
20 |
21 | @property(nullable,nonatomic,weak) id<UIPickerViewDataSource> dataSource; // default is nil. weak reference
/Users/admin/builder/spi-builder-workspace/Sources/Forms/FormPickerItem.swift:98:19: error: 'UIPickerView' is unavailable in tvOS
96 |
97 | func pickerView(
98 | _ pickerView: UIPickerView,
| `- error: 'UIPickerView' is unavailable in tvOS
99 | numberOfRowsInComponent component: Int
100 | ) -> Int {
/Applications/Xcode-27.0.0-Release.Candidate.app/Contents/Developer/Platforms/AppleTVOS.platform/Developer/SDKs/AppleTVOS27.0.sdk/System/Library/Frameworks/UIKit.framework/Headers/UIPickerView.h:19:12: note: 'UIPickerView' has been explicitly marked unavailable here
17 |
18 | UIKIT_EXTERN API_AVAILABLE(ios(2.0)) API_UNAVAILABLE(tvos, watchos) NS_SWIFT_UI_ACTOR
19 | @interface UIPickerView : UIView <NSCoding>
| `- note: 'UIPickerView' has been explicitly marked unavailable here
20 |
21 | @property(nullable,nonatomic,weak) id<UIPickerViewDataSource> dataSource; // default is nil. weak reference
/Users/admin/builder/spi-builder-workspace/Sources/Forms/FormPickerItem.swift:105:19: error: 'UIPickerView' is unavailable in tvOS
103 |
104 | func pickerView(
105 | _ pickerView: UIPickerView,
| `- error: 'UIPickerView' is unavailable in tvOS
106 | titleForRow row: Int,
107 | forComponent component: Int
/Applications/Xcode-27.0.0-Release.Candidate.app/Contents/Developer/Platforms/AppleTVOS.platform/Developer/SDKs/AppleTVOS27.0.sdk/System/Library/Frameworks/UIKit.framework/Headers/UIPickerView.h:19:12: note: 'UIPickerView' has been explicitly marked unavailable here
17 |
18 | UIKIT_EXTERN API_AVAILABLE(ios(2.0)) API_UNAVAILABLE(tvos, watchos) NS_SWIFT_UI_ACTOR
19 | @interface UIPickerView : UIView <NSCoding>
| `- note: 'UIPickerView' has been explicitly marked unavailable here
20 |
21 | @property(nullable,nonatomic,weak) id<UIPickerViewDataSource> dataSource; // default is nil. weak reference
SwiftCompile normal arm64 /Users/admin/builder/spi-builder-workspace/Sources/Forms/FormPickerItem.swift (in target 'Forms' from project 'Forms')
cd /Users/admin/builder/spi-builder-workspace/.swiftpm/xcode
builtin-SwiftPerFileCompile FormPickerItem.swift
SwiftEmitModule normal arm64 Emitting\ module\ for\ Forms (in target 'Forms' from project 'Forms')
/Users/admin/builder/spi-builder-workspace/Sources/Forms/FormCalendarItem.swift:19:21: error: 'UICalendarSelectionSingleDateDelegate' is unavailable in tvOS
17 | public struct Configuration {
18 | public struct SelectionSingleDate {
19 | let delegate: UICalendarSelectionSingleDateDelegate?
| `- error: 'UICalendarSelectionSingleDateDelegate' is unavailable in tvOS
20 | let selectedDate: DateComponents
21 |
/Applications/Xcode-27.0.0-Release.Candidate.app/Contents/Developer/Platforms/AppleTVOS.platform/Developer/SDKs/AppleTVOS27.0.sdk/System/Library/Frameworks/UIKit.framework/Headers/UICalendarSelectionSingleDate.h:34:11: note: 'UICalendarSelectionSingleDateDelegate' has been explicitly marked unavailable here
32 |
33 | API_AVAILABLE(ios(16.0)) API_UNAVAILABLE(watchos, tvos) NS_SWIFT_UI_ACTOR
34 | @protocol UICalendarSelectionSingleDateDelegate <NSObject>
| `- note: 'UICalendarSelectionSingleDateDelegate' has been explicitly marked unavailable here
35 |
36 | /**
/Users/admin/builder/spi-builder-workspace/Sources/Forms/FormCalendarItem.swift:27:19: error: 'UICalendarSelectionSingleDateDelegate' is unavailable in tvOS
25 | /// - selectedDate: A date or time specified in terms of units to be evaluated in a calendar system and time zone.
26 | public init(
27 | delegate: UICalendarSelectionSingleDateDelegate?,
| `- error: 'UICalendarSelectionSingleDateDelegate' is unavailable in tvOS
28 | selectedDate: DateComponents
29 | ) {
/Applications/Xcode-27.0.0-Release.Candidate.app/Contents/Developer/Platforms/AppleTVOS.platform/Developer/SDKs/AppleTVOS27.0.sdk/System/Library/Frameworks/UIKit.framework/Headers/UICalendarSelectionSingleDate.h:34:11: note: 'UICalendarSelectionSingleDateDelegate' has been explicitly marked unavailable here
32 |
33 | API_AVAILABLE(ios(16.0)) API_UNAVAILABLE(watchos, tvos) NS_SWIFT_UI_ACTOR
34 | @protocol UICalendarSelectionSingleDateDelegate <NSObject>
| `- note: 'UICalendarSelectionSingleDateDelegate' has been explicitly marked unavailable here
35 |
36 | /**
/Users/admin/builder/spi-builder-workspace/Sources/Forms/FormCalendarItem.swift:36:21: error: 'UICalendarSelectionMultiDateDelegate' is unavailable in tvOS
34 |
35 | public struct SelectionMultiDate {
36 | let delegate: UICalendarSelectionMultiDateDelegate?
| `- error: 'UICalendarSelectionMultiDateDelegate' is unavailable in tvOS
37 | let selectedDates: [DateComponents]
38 |
/Applications/Xcode-27.0.0-Release.Candidate.app/Contents/Developer/Platforms/AppleTVOS.platform/Developer/SDKs/AppleTVOS27.0.sdk/System/Library/Frameworks/UIKit.framework/Headers/UICalendarSelectionMultiDate.h:33:11: note: 'UICalendarSelectionMultiDateDelegate' has been explicitly marked unavailable here
31 |
32 | API_AVAILABLE(ios(16.0)) API_UNAVAILABLE(watchos, tvos) NS_SWIFT_UI_ACTOR
33 | @protocol UICalendarSelectionMultiDateDelegate <NSObject>
| `- note: 'UICalendarSelectionMultiDateDelegate' has been explicitly marked unavailable here
34 |
35 | /**
/Users/admin/builder/spi-builder-workspace/Sources/Forms/FormCalendarItem.swift:44:19: error: 'UICalendarSelectionMultiDateDelegate' is unavailable in tvOS
42 | /// - selectedDates: An array of dates or times specified in terms of units to be evaluated in a calendar system and time zone.
43 | public init(
44 | delegate: UICalendarSelectionMultiDateDelegate?,
| `- error: 'UICalendarSelectionMultiDateDelegate' is unavailable in tvOS
45 | selectedDates: [DateComponents]
46 | ) {
/Applications/Xcode-27.0.0-Release.Candidate.app/Contents/Developer/Platforms/AppleTVOS.platform/Developer/SDKs/AppleTVOS27.0.sdk/System/Library/Frameworks/UIKit.framework/Headers/UICalendarSelectionMultiDate.h:33:11: note: 'UICalendarSelectionMultiDateDelegate' has been explicitly marked unavailable here
31 |
32 | API_AVAILABLE(ios(16.0)) API_UNAVAILABLE(watchos, tvos) NS_SWIFT_UI_ACTOR
33 | @protocol UICalendarSelectionMultiDateDelegate <NSObject>
| `- note: 'UICalendarSelectionMultiDateDelegate' has been explicitly marked unavailable here
34 |
35 | /**
/Users/admin/builder/spi-builder-workspace/Sources/Forms/FormCalendarItem.swift:54:19: error: 'UICalendarViewDelegate' is unavailable in tvOS
52 | let title: [NSAttributedString]
53 | let calendar: Calendar
54 | let delegate: UICalendarViewDelegate?
| `- error: 'UICalendarViewDelegate' is unavailable in tvOS
55 | let tintColor: UIColor
56 | let spacingAfter: CGFloat
/Applications/Xcode-27.0.0-Release.Candidate.app/Contents/Developer/Platforms/AppleTVOS.platform/Developer/SDKs/AppleTVOS27.0.sdk/System/Library/Frameworks/UIKit.framework/Headers/UICalendarView.h:74:11: note: 'UICalendarViewDelegate' has been explicitly marked unavailable here
72 |
73 | API_AVAILABLE(ios(16.0)) API_UNAVAILABLE(watchos, tvos) NS_SWIFT_UI_ACTOR
74 | @protocol UICalendarViewDelegate<NSObject>
| `- note: 'UICalendarViewDelegate' has been explicitly marked unavailable here
75 |
76 | @optional
/Users/admin/builder/spi-builder-workspace/Sources/Forms/FormCalendarItem.swift:77:17: error: 'UICalendarViewDelegate' is unavailable in tvOS
75 | spacingAfter: CGFloat,
76 | availableRange: DateInterval?,
77 | delegate: UICalendarViewDelegate?,
| `- error: 'UICalendarViewDelegate' is unavailable in tvOS
78 | selectionMultiDate: SelectionMultiDate?,
79 | selectionSingleDate: SelectionSingleDate?
/Applications/Xcode-27.0.0-Release.Candidate.app/Contents/Developer/Platforms/AppleTVOS.platform/Developer/SDKs/AppleTVOS27.0.sdk/System/Library/Frameworks/UIKit.framework/Headers/UICalendarView.h:74:11: note: 'UICalendarViewDelegate' has been explicitly marked unavailable here
72 |
73 | API_AVAILABLE(ios(16.0)) API_UNAVAILABLE(watchos, tvos) NS_SWIFT_UI_ACTOR
74 | @protocol UICalendarViewDelegate<NSObject>
| `- note: 'UICalendarViewDelegate' has been explicitly marked unavailable here
75 |
76 | @optional
/Users/admin/builder/spi-builder-workspace/Sources/Forms/FormCalendarItem.swift:94:35: error: 'UICalendarView' is unavailable in tvOS
92 | private let stackView = UIStackView()
93 | private(set) var titleLabel = UILabel()
94 | private(set) var calendarView = UICalendarView()
| `- error: 'UICalendarView' is unavailable in tvOS
95 |
96 | /// The space after the calendar item in the form.
/Applications/Xcode-27.0.0-Release.Candidate.app/Contents/Developer/Platforms/AppleTVOS.platform/Developer/SDKs/AppleTVOS27.0.sdk/System/Library/Frameworks/UIKit.framework/Headers/UICalendarView.h:18:12: note: 'UICalendarView' has been explicitly marked unavailable here
16 |
17 | UIKIT_EXTERN API_AVAILABLE(ios(16.0)) API_UNAVAILABLE(watchos, tvos) NS_SWIFT_UI_ACTOR
18 | @interface UICalendarView : UIView
| `- note: 'UICalendarView' has been explicitly marked unavailable here
19 |
20 | /// The object that defines the delegate of the calendar view.
/Users/admin/builder/spi-builder-workspace/Sources/Forms/FormPickerItem.swift:37:33: error: 'UIPickerView' is unavailable in tvOS
35 | }
36 |
37 | private(set) var pickerView = UIPickerView()
| `- error: 'UIPickerView' is unavailable in tvOS
38 |
39 | /// Array of options to be displayed in the picker.
/Applications/Xcode-27.0.0-Release.Candidate.app/Contents/Developer/Platforms/AppleTVOS.platform/Developer/SDKs/AppleTVOS27.0.sdk/System/Library/Frameworks/UIKit.framework/Headers/UIPickerView.h:19:12: note: 'UIPickerView' has been explicitly marked unavailable here
17 |
18 | UIKIT_EXTERN API_AVAILABLE(ios(2.0)) API_UNAVAILABLE(tvos, watchos) NS_SWIFT_UI_ACTOR
19 | @interface UIPickerView : UIView <NSCoding>
| `- note: 'UIPickerView' has been explicitly marked unavailable here
20 |
21 | @property(nullable,nonatomic,weak) id<UIPickerViewDataSource> dataSource; // default is nil. weak reference
/Users/admin/builder/spi-builder-workspace/Sources/Forms/FormPickerItem.swift:10:46: error: 'UIPickerViewDataSource' is unavailable in tvOS
8 | ///
9 | /// - Note: This class conforms to the `FormItem` protocol.
10 | open class FormPickerItem: UIView, FormItem, UIPickerViewDataSource, UIPickerViewDelegate {
| `- error: 'UIPickerViewDataSource' is unavailable in tvOS
11 |
12 | /// A structure used to configure a `FormPickerItem`.
/Applications/Xcode-27.0.0-Release.Candidate.app/Contents/Developer/Platforms/AppleTVOS.platform/Developer/SDKs/AppleTVOS27.0.sdk/System/Library/Frameworks/UIKit.framework/Headers/UIPickerView.h:48:11: note: 'UIPickerViewDataSource' has been explicitly marked unavailable here
46 |
47 | API_UNAVAILABLE(tvos, watchos) NS_SWIFT_UI_ACTOR
48 | @protocol UIPickerViewDataSource<NSObject>
| `- note: 'UIPickerViewDataSource' has been explicitly marked unavailable here
49 | @required
50 |
/Users/admin/builder/spi-builder-workspace/Sources/Forms/FormPickerItem.swift:10:70: error: 'UIPickerViewDelegate' is unavailable in tvOS
8 | ///
9 | /// - Note: This class conforms to the `FormItem` protocol.
10 | open class FormPickerItem: UIView, FormItem, UIPickerViewDataSource, UIPickerViewDelegate {
| `- error: 'UIPickerViewDelegate' is unavailable in tvOS
11 |
12 | /// A structure used to configure a `FormPickerItem`.
/Applications/Xcode-27.0.0-Release.Candidate.app/Contents/Developer/Platforms/AppleTVOS.platform/Developer/SDKs/AppleTVOS27.0.sdk/System/Library/Frameworks/UIKit.framework/Headers/UIPickerView.h:59:11: note: 'UIPickerViewDelegate' has been explicitly marked unavailable here
57 |
58 | API_UNAVAILABLE(tvos, watchos) NS_SWIFT_UI_ACTOR
59 | @protocol UIPickerViewDelegate<NSObject>
| `- note: 'UIPickerViewDelegate' has been explicitly marked unavailable here
60 | @optional
61 |
/Users/admin/builder/spi-builder-workspace/Sources/Forms/FormPickerItem.swift:92:20: error: 'UIPickerView' is unavailable in tvOS
90 | public extension FormPickerItem {
91 | func numberOfComponents(
92 | in pickerView: UIPickerView
| `- error: 'UIPickerView' is unavailable in tvOS
93 | ) -> Int {
94 | options.count
/Applications/Xcode-27.0.0-Release.Candidate.app/Contents/Developer/Platforms/AppleTVOS.platform/Developer/SDKs/AppleTVOS27.0.sdk/System/Library/Frameworks/UIKit.framework/Headers/UIPickerView.h:19:12: note: 'UIPickerView' has been explicitly marked unavailable here
17 |
18 | UIKIT_EXTERN API_AVAILABLE(ios(2.0)) API_UNAVAILABLE(tvos, watchos) NS_SWIFT_UI_ACTOR
19 | @interface UIPickerView : UIView <NSCoding>
| `- note: 'UIPickerView' has been explicitly marked unavailable here
20 |
21 | @property(nullable,nonatomic,weak) id<UIPickerViewDataSource> dataSource; // default is nil. weak reference
/Users/admin/builder/spi-builder-workspace/Sources/Forms/FormPickerItem.swift:98:19: error: 'UIPickerView' is unavailable in tvOS
96 |
97 | func pickerView(
98 | _ pickerView: UIPickerView,
| `- error: 'UIPickerView' is unavailable in tvOS
99 | numberOfRowsInComponent component: Int
100 | ) -> Int {
/Applications/Xcode-27.0.0-Release.Candidate.app/Contents/Developer/Platforms/AppleTVOS.platform/Developer/SDKs/AppleTVOS27.0.sdk/System/Library/Frameworks/UIKit.framework/Headers/UIPickerView.h:19:12: note: 'UIPickerView' has been explicitly marked unavailable here
17 |
18 | UIKIT_EXTERN API_AVAILABLE(ios(2.0)) API_UNAVAILABLE(tvos, watchos) NS_SWIFT_UI_ACTOR
19 | @interface UIPickerView : UIView <NSCoding>
| `- note: 'UIPickerView' has been explicitly marked unavailable here
20 |
21 | @property(nullable,nonatomic,weak) id<UIPickerViewDataSource> dataSource; // default is nil. weak reference
/Users/admin/builder/spi-builder-workspace/Sources/Forms/FormPickerItem.swift:105:19: error: 'UIPickerView' is unavailable in tvOS
103 |
104 | func pickerView(
105 | _ pickerView: UIPickerView,
| `- error: 'UIPickerView' is unavailable in tvOS
106 | titleForRow row: Int,
107 | forComponent component: Int
/Applications/Xcode-27.0.0-Release.Candidate.app/Contents/Developer/Platforms/AppleTVOS.platform/Developer/SDKs/AppleTVOS27.0.sdk/System/Library/Frameworks/UIKit.framework/Headers/UIPickerView.h:19:12: note: 'UIPickerView' has been explicitly marked unavailable here
17 |
18 | UIKIT_EXTERN API_AVAILABLE(ios(2.0)) API_UNAVAILABLE(tvos, watchos) NS_SWIFT_UI_ACTOR
19 | @interface UIPickerView : UIView <NSCoding>
| `- note: 'UIPickerView' has been explicitly marked unavailable here
20 |
21 | @property(nullable,nonatomic,weak) id<UIPickerViewDataSource> dataSource; // default is nil. weak reference
/Users/admin/builder/spi-builder-workspace/Sources/Forms/FormPickerItem.swift:113:19: error: 'UIPickerView' is unavailable in tvOS
111 |
112 | func pickerView(
113 | _ pickerView: UIPickerView,
| `- error: 'UIPickerView' is unavailable in tvOS
114 | didSelectRow row: Int,
115 | inComponent component: Int
/Applications/Xcode-27.0.0-Release.Candidate.app/Contents/Developer/Platforms/AppleTVOS.platform/Developer/SDKs/AppleTVOS27.0.sdk/System/Library/Frameworks/UIKit.framework/Headers/UIPickerView.h:19:12: note: 'UIPickerView' has been explicitly marked unavailable here
17 |
18 | UIKIT_EXTERN API_AVAILABLE(ios(2.0)) API_UNAVAILABLE(tvos, watchos) NS_SWIFT_UI_ACTOR
19 | @interface UIPickerView : UIView <NSCoding>
| `- note: 'UIPickerView' has been explicitly marked unavailable here
20 |
21 | @property(nullable,nonatomic,weak) id<UIPickerViewDataSource> dataSource; // default is nil. weak reference
/Users/admin/builder/spi-builder-workspace/Sources/Forms/FormSwitchItem.swift:49:28: error: 'UISwitch' is unavailable in tvOS
47 | private let onColor: UIColor
48 | private let titleLabel = UILabel()
49 | private let switchView = UISwitch()
| `- error: 'UISwitch' is unavailable in tvOS
50 | private let subtitleLabel = UILabel()
51 | private let internalStackView = UIStackView()
/Applications/Xcode-27.0.0-Release.Candidate.app/Contents/Developer/Platforms/AppleTVOS.platform/Developer/SDKs/AppleTVOS27.0.sdk/System/Library/Frameworks/UIKit.framework/Headers/UISwitch.h:23:12: note: 'UISwitch' has been explicitly marked unavailable here
21 |
22 | UIKIT_EXTERN API_AVAILABLE(ios(2.0)) API_UNAVAILABLE(tvos, watchos) NS_SWIFT_UI_ACTOR
23 | @interface UISwitch : UIControl <NSCoding>
| `- note: 'UISwitch' has been explicitly marked unavailable here
24 |
25 | @property(nullable, nonatomic, strong) UIColor *onTintColor API_AVAILABLE(ios(5.0)) UI_APPEARANCE_SELECTOR;
Failed frontend command:
/Applications/Xcode-27.0.0-Release.Candidate.app/Contents/Developer/Toolchains/XcodeDefault.xctoolchain/usr/bin/swift-frontend -frontend -emit-module -experimental-skip-non-inlinable-function-bodies-without-types /Users/admin/builder/spi-builder-workspace/Sources/Forms/FormButtonItem.swift /Users/admin/builder/spi-builder-workspace/Sources/Forms/FormCalendarItem.swift /Users/admin/builder/spi-builder-workspace/Sources/Forms/FormCheckboxItem.swift /Users/admin/builder/spi-builder-workspace/Sources/Forms/FormInputItem.swift /Users/admin/builder/spi-builder-workspace/Sources/Forms/FormPickerItem.swift /Users/admin/builder/spi-builder-workspace/Sources/Forms/FormSpacingItem.swift /Users/admin/builder/spi-builder-workspace/Sources/Forms/FormSwitchItem.swift /Users/admin/builder/spi-builder-workspace/Sources/Forms/FormTextItem.swift /Users/admin/builder/spi-builder-workspace/Sources/Forms/FormView.swift /Users/admin/builder/spi-builder-workspace/Sources/Forms/Protocols.swift /Users/admin/builder/spi-builder-workspace/Sources/Forms/UIControl+Publishers.swift /Users/admin/builder/spi-builder-workspace/Sources/Forms/UITextField+Publishers.swift -target arm64-apple-tvos15.0 -disable-cross-import-overlay-search -load-resolved-plugin /Applications/Xcode-27.0.0-Release.Candidate.app/Contents/Developer/Platforms/AppleTVOS.platform/Developer/usr/lib/swift/host/plugins/libFoundationMacros.dylib\#/Applications/Xcode-27.0.0-Release.Candidate.app/Contents/Developer/Platforms/AppleTVOS.platform/Developer/usr/bin/swift-plugin-server\#FoundationMacros -load-resolved-plugin /Applications/Xcode-27.0.0-Release.Candidate.app/Contents/Developer/Platforms/AppleTVOS.platform/Developer/usr/lib/swift/host/plugins/libObservationMacros.dylib\#/Applications/Xcode-27.0.0-Release.Candidate.app/Contents/Developer/Platforms/AppleTVOS.platform/Developer/usr/bin/swift-plugin-server\#ObservationMacros -load-resolved-plugin /Applications/Xcode-27.0.0-Release.Candidate.app/Contents/Developer/Platforms/AppleTVOS.platform/Developer/usr/lib/swift/host/plugins/libPreviewsMacros.dylib\#/Applications/Xcode-27.0.0-Release.Candidate.app/Contents/Developer/Platforms/AppleTVOS.platform/Developer/usr/bin/swift-plugin-server\#PreviewsMacros -load-resolved-plugin /Applications/Xcode-27.0.0-Release.Candidate.app/Contents/Developer/Platforms/AppleTVOS.platform/Developer/usr/lib/swift/host/plugins/libSwiftMacros.dylib\#/Applications/Xcode-27.0.0-Release.Candidate.app/Contents/Developer/Platforms/AppleTVOS.platform/Developer/usr/bin/swift-plugin-server\#SwiftMacros -load-resolved-plugin /Applications/Xcode-27.0.0-Release.Candidate.app/Contents/Developer/Platforms/AppleTVOS.platform/Developer/usr/lib/swift/host/plugins/libSwiftUIMacros.dylib\#/Applications/Xcode-27.0.0-Release.Candidate.app/Contents/Developer/Platforms/AppleTVOS.platform/Developer/usr/bin/swift-plugin-server\#SwiftUIMacros -disable-implicit-swift-modules -Xcc -fno-implicit-modules -Xcc -fno-implicit-module-maps -explicit-swift-module-map-file /Users/admin/builder/spi-builder-workspace/.derivedData/Build/Intermediates.noindex/Forms.build/Debug-appletvos/Forms-t.build/Objects-normal/arm64/Forms-dependencies-1.json -Xllvm -aarch64-use-tbi -enable-objc-interop -stack-check -sdk /Applications/Xcode-27.0.0-Release.Candidate.app/Contents/Developer/Platforms/AppleTVOS.platform/Developer/SDKs/AppleTVOS27.0.sdk -I /Users/admin/builder/spi-builder-workspace/.derivedData/Build/Products/Debug-appletvos -Isystem /Applications/Xcode-27.0.0-Release.Candidate.app/Contents/Developer/Platforms/AppleTVOS.platform/Developer/usr/lib -F /Users/admin/builder/spi-builder-workspace/.derivedData/Build/Products/Debug-appletvos -F /Applications/Xcode-27.0.0-Release.Candidate.app/Contents/Developer/Platforms/AppleTVOS.platform/Developer/Library/Frameworks -F /Applications/Xcode-27.0.0-Release.Candidate.app/Contents/Developer/Platforms/AppleTVOS.platform/Developer/SDKs/AppleTVOS27.0.sdk/Developer/Library/Frameworks -module-cache-path /Users/admin/builder/spi-builder-workspace/.derivedData/Build/Intermediates.noindex/SwiftExplicitPrecompiledModules -no-color-diagnostics -Xcc -fno-color-diagnostics -enable-testing -g -debug-info-format\=dwarf -dwarf-version\=4 -profile-generate -profile-coverage-mapping -swift-version 5 -Onone -D SWIFT_PACKAGE -D DEBUG -D SWIFT_MODULE_RESOURCE_BUNDLE_UNAVAILABLE -D Xcode -serialize-debugging-options -enable-experimental-feature DebugDescriptionMacro -empty-abi-descriptor -validate-clang-modules-once -clang-build-session-file /Users/admin/builder/spi-builder-workspace/.derivedData/ModuleCache.noindex/Session.modulevalidation -Xcc -working-directory -Xcc /Users/admin/builder/spi-builder-workspace/.swiftpm/xcode -enable-anonymous-context-mangled-names -file-compilation-dir /Users/admin/builder/spi-builder-workspace/.swiftpm/xcode -Xcc -D_LIBCPP_HARDENING_MODE\=_LIBCPP_HARDENING_MODE_DEBUG -Xcc -ivfsstatcache -Xcc /Users/admin/builder/spi-builder-workspace/.derivedData/SDKStatCaches.noindex/appletvos27.0-24J360-e829b21a6f8c9b70876ba0858053c044b32bfd8d43560033f8d89884cdb90028.sdkstatcache -Xcc -fmodules-prune-interval\=86400 -Xcc -fmodules-prune-after\=345600 -Xcc -I/Users/admin/builder/spi-builder-workspace/.derivedData/Build/Products/Debug-appletvos/include -Xcc -I/Users/admin/builder/spi-builder-workspace/.derivedData/Build/Intermediates.noindex/Forms.build/Debug-appletvos/Forms-t.build/DerivedSources-normal/arm64 -Xcc -I/Users/admin/builder/spi-builder-workspace/.derivedData/Build/Intermediates.noindex/Forms.build/Debug-appletvos/Forms-t.build/DerivedSources/arm64 -Xcc -I/Users/admin/builder/spi-builder-workspace/.derivedData/Build/Intermediates.noindex/Forms.build/Debug-appletvos/Forms-t.build/DerivedSources -Xcc -DSWIFT_PACKAGE -Xcc -DDEBUG\=1 -no-auto-bridging-header-chaining -module-name Forms -package-name spi_builder_workspace -const-gather-protocols-file /Users/admin/builder/spi-builder-workspace/.derivedData/Build/Intermediates.noindex/Forms.build/Debug-appletvos/Forms-t.build/Objects-normal/arm64/Forms_const_extract_protocols.json -disable-clang-spi -clang-target arm64-apple-tvos27.0 -target-sdk-version 27.0 -target-sdk-name appletvos27.0 -in-process-plugin-server-path /Applications/Xcode-27.0.0-Release.Candidate.app/Contents/Developer/Toolchains/XcodeDefault.xctoolchain/usr/lib/swift/host/libSwiftInProcPluginServer.dylib -emit-module-doc-path /Users/admin/builder/spi-builder-workspace/.derivedData/Build/Intermediates.noindex/Forms.build/Debug-appletvos/Forms-t.build/Objects-normal/arm64/Forms.swiftdoc -emit-module-source-info-path /Users/admin/builder/spi-builder-workspace/.derivedData/Build/Intermediates.noindex/Forms.build/Debug-appletvos/Forms-t.build/Objects-normal/arm64/Forms.swiftsourceinfo -emit-objc-header-path /Users/admin/builder/spi-builder-workspace/.derivedData/Build/Intermediates.noindex/Forms.build/Debug-appletvos/Forms-t.build/Objects-normal/arm64/Forms-Swift.h -serialize-diagnostics-path /Users/admin/builder/spi-builder-workspace/.derivedData/Build/Intermediates.noindex/Forms.build/Debug-appletvos/Forms-t.build/Objects-normal/arm64/Forms-primary-emit-module.dia -emit-dependencies-path /Users/admin/builder/spi-builder-workspace/.derivedData/Build/Intermediates.noindex/Forms.build/Debug-appletvos/Forms-t.build/Objects-normal/arm64/Forms-primary-emit-module.d -parse-as-library -o /Users/admin/builder/spi-builder-workspace/.derivedData/Build/Intermediates.noindex/Forms.build/Debug-appletvos/Forms-t.build/Objects-normal/arm64/Forms.swiftmodule -emit-abi-descriptor-path /Users/admin/builder/spi-builder-workspace/.derivedData/Build/Intermediates.noindex/Forms.build/Debug-appletvos/Forms-t.build/Objects-normal/arm64/Forms.abi.json
SwiftCompile normal arm64 (in target 'Forms' from project 'Forms')
cd /Users/admin/builder/spi-builder-workspace/.swiftpm/xcode
SwiftCompile normal arm64 Compiling\ FormSwitchItem.swift /Users/admin/builder/spi-builder-workspace/Sources/Forms/FormSwitchItem.swift (in target 'Forms' from project 'Forms')
/Users/admin/builder/spi-builder-workspace/Sources/Forms/FormSwitchItem.swift:49:28: error: 'UISwitch' is unavailable in tvOS
47 | private let onColor: UIColor
48 | private let titleLabel = UILabel()
49 | private let switchView = UISwitch()
| `- error: 'UISwitch' is unavailable in tvOS
50 | private let subtitleLabel = UILabel()
51 | private let internalStackView = UIStackView()
/Applications/Xcode-27.0.0-Release.Candidate.app/Contents/Developer/Platforms/AppleTVOS.platform/Developer/SDKs/AppleTVOS27.0.sdk/System/Library/Frameworks/UIKit.framework/Headers/UISwitch.h:23:12: note: 'UISwitch' has been explicitly marked unavailable here
21 |
22 | UIKIT_EXTERN API_AVAILABLE(ios(2.0)) API_UNAVAILABLE(tvos, watchos) NS_SWIFT_UI_ACTOR
23 | @interface UISwitch : UIControl <NSCoding>
| `- note: 'UISwitch' has been explicitly marked unavailable here
24 |
25 | @property(nullable, nonatomic, strong) UIColor *onTintColor API_AVAILABLE(ios(5.0)) UI_APPEARANCE_SELECTOR;
SwiftCompile normal arm64 /Users/admin/builder/spi-builder-workspace/Sources/Forms/FormSwitchItem.swift (in target 'Forms' from project 'Forms')
cd /Users/admin/builder/spi-builder-workspace/.swiftpm/xcode
builtin-SwiftPerFileCompile FormSwitchItem.swift
SwiftCompile normal arm64 Compiling\ FormButtonItem.swift,\ FormCalendarItem.swift /Users/admin/builder/spi-builder-workspace/Sources/Forms/FormButtonItem.swift /Users/admin/builder/spi-builder-workspace/Sources/Forms/FormCalendarItem.swift (in target 'Forms' from project 'Forms')
/Users/admin/builder/spi-builder-workspace/Sources/Forms/FormCalendarItem.swift:19:21: error: 'UICalendarSelectionSingleDateDelegate' is unavailable in tvOS
17 | public struct Configuration {
18 | public struct SelectionSingleDate {
19 | let delegate: UICalendarSelectionSingleDateDelegate?
| `- error: 'UICalendarSelectionSingleDateDelegate' is unavailable in tvOS
20 | let selectedDate: DateComponents
21 |
/Applications/Xcode-27.0.0-Release.Candidate.app/Contents/Developer/Platforms/AppleTVOS.platform/Developer/SDKs/AppleTVOS27.0.sdk/System/Library/Frameworks/UIKit.framework/Headers/UICalendarSelectionSingleDate.h:34:11: note: 'UICalendarSelectionSingleDateDelegate' has been explicitly marked unavailable here
32 |
33 | API_AVAILABLE(ios(16.0)) API_UNAVAILABLE(watchos, tvos) NS_SWIFT_UI_ACTOR
34 | @protocol UICalendarSelectionSingleDateDelegate <NSObject>
| `- note: 'UICalendarSelectionSingleDateDelegate' has been explicitly marked unavailable here
35 |
36 | /**
/Users/admin/builder/spi-builder-workspace/Sources/Forms/FormCalendarItem.swift:27:19: error: 'UICalendarSelectionSingleDateDelegate' is unavailable in tvOS
25 | /// - selectedDate: A date or time specified in terms of units to be evaluated in a calendar system and time zone.
26 | public init(
27 | delegate: UICalendarSelectionSingleDateDelegate?,
| `- error: 'UICalendarSelectionSingleDateDelegate' is unavailable in tvOS
28 | selectedDate: DateComponents
29 | ) {
/Applications/Xcode-27.0.0-Release.Candidate.app/Contents/Developer/Platforms/AppleTVOS.platform/Developer/SDKs/AppleTVOS27.0.sdk/System/Library/Frameworks/UIKit.framework/Headers/UICalendarSelectionSingleDate.h:34:11: note: 'UICalendarSelectionSingleDateDelegate' has been explicitly marked unavailable here
32 |
33 | API_AVAILABLE(ios(16.0)) API_UNAVAILABLE(watchos, tvos) NS_SWIFT_UI_ACTOR
34 | @protocol UICalendarSelectionSingleDateDelegate <NSObject>
| `- note: 'UICalendarSelectionSingleDateDelegate' has been explicitly marked unavailable here
35 |
36 | /**
/Users/admin/builder/spi-builder-workspace/Sources/Forms/FormCalendarItem.swift:36:21: error: 'UICalendarSelectionMultiDateDelegate' is unavailable in tvOS
34 |
35 | public struct SelectionMultiDate {
36 | let delegate: UICalendarSelectionMultiDateDelegate?
| `- error: 'UICalendarSelectionMultiDateDelegate' is unavailable in tvOS
37 | let selectedDates: [DateComponents]
38 |
/Applications/Xcode-27.0.0-Release.Candidate.app/Contents/Developer/Platforms/AppleTVOS.platform/Developer/SDKs/AppleTVOS27.0.sdk/System/Library/Frameworks/UIKit.framework/Headers/UICalendarSelectionMultiDate.h:33:11: note: 'UICalendarSelectionMultiDateDelegate' has been explicitly marked unavailable here
31 |
32 | API_AVAILABLE(ios(16.0)) API_UNAVAILABLE(watchos, tvos) NS_SWIFT_UI_ACTOR
33 | @protocol UICalendarSelectionMultiDateDelegate <NSObject>
| `- note: 'UICalendarSelectionMultiDateDelegate' has been explicitly marked unavailable here
34 |
35 | /**
/Users/admin/builder/spi-builder-workspace/Sources/Forms/FormCalendarItem.swift:44:19: error: 'UICalendarSelectionMultiDateDelegate' is unavailable in tvOS
42 | /// - selectedDates: An array of dates or times specified in terms of units to be evaluated in a calendar system and time zone.
43 | public init(
44 | delegate: UICalendarSelectionMultiDateDelegate?,
| `- error: 'UICalendarSelectionMultiDateDelegate' is unavailable in tvOS
45 | selectedDates: [DateComponents]
46 | ) {
/Applications/Xcode-27.0.0-Release.Candidate.app/Contents/Developer/Platforms/AppleTVOS.platform/Developer/SDKs/AppleTVOS27.0.sdk/System/Library/Frameworks/UIKit.framework/Headers/UICalendarSelectionMultiDate.h:33:11: note: 'UICalendarSelectionMultiDateDelegate' has been explicitly marked unavailable here
31 |
32 | API_AVAILABLE(ios(16.0)) API_UNAVAILABLE(watchos, tvos) NS_SWIFT_UI_ACTOR
33 | @protocol UICalendarSelectionMultiDateDelegate <NSObject>
| `- note: 'UICalendarSelectionMultiDateDelegate' has been explicitly marked unavailable here
34 |
35 | /**
/Users/admin/builder/spi-builder-workspace/Sources/Forms/FormCalendarItem.swift:54:19: error: 'UICalendarViewDelegate' is unavailable in tvOS
52 | let title: [NSAttributedString]
53 | let calendar: Calendar
54 | let delegate: UICalendarViewDelegate?
| `- error: 'UICalendarViewDelegate' is unavailable in tvOS
55 | let tintColor: UIColor
56 | let spacingAfter: CGFloat
/Applications/Xcode-27.0.0-Release.Candidate.app/Contents/Developer/Platforms/AppleTVOS.platform/Developer/SDKs/AppleTVOS27.0.sdk/System/Library/Frameworks/UIKit.framework/Headers/UICalendarView.h:74:11: note: 'UICalendarViewDelegate' has been explicitly marked unavailable here
72 |
73 | API_AVAILABLE(ios(16.0)) API_UNAVAILABLE(watchos, tvos) NS_SWIFT_UI_ACTOR
74 | @protocol UICalendarViewDelegate<NSObject>
| `- note: 'UICalendarViewDelegate' has been explicitly marked unavailable here
75 |
76 | @optional
/Users/admin/builder/spi-builder-workspace/Sources/Forms/FormCalendarItem.swift:77:17: error: 'UICalendarViewDelegate' is unavailable in tvOS
75 | spacingAfter: CGFloat,
76 | availableRange: DateInterval?,
77 | delegate: UICalendarViewDelegate?,
| `- error: 'UICalendarViewDelegate' is unavailable in tvOS
78 | selectionMultiDate: SelectionMultiDate?,
79 | selectionSingleDate: SelectionSingleDate?
/Applications/Xcode-27.0.0-Release.Candidate.app/Contents/Developer/Platforms/AppleTVOS.platform/Developer/SDKs/AppleTVOS27.0.sdk/System/Library/Frameworks/UIKit.framework/Headers/UICalendarView.h:74:11: note: 'UICalendarViewDelegate' has been explicitly marked unavailable here
72 |
73 | API_AVAILABLE(ios(16.0)) API_UNAVAILABLE(watchos, tvos) NS_SWIFT_UI_ACTOR
74 | @protocol UICalendarViewDelegate<NSObject>
| `- note: 'UICalendarViewDelegate' has been explicitly marked unavailable here
75 |
76 | @optional
/Users/admin/builder/spi-builder-workspace/Sources/Forms/FormCalendarItem.swift:94:35: error: 'UICalendarView' is unavailable in tvOS
92 | private let stackView = UIStackView()
93 | private(set) var titleLabel = UILabel()
94 | private(set) var calendarView = UICalendarView()
| `- error: 'UICalendarView' is unavailable in tvOS
95 |
96 | /// The space after the calendar item in the form.
/Applications/Xcode-27.0.0-Release.Candidate.app/Contents/Developer/Platforms/AppleTVOS.platform/Developer/SDKs/AppleTVOS27.0.sdk/System/Library/Frameworks/UIKit.framework/Headers/UICalendarView.h:18:12: note: 'UICalendarView' has been explicitly marked unavailable here
16 |
17 | UIKIT_EXTERN API_AVAILABLE(ios(16.0)) API_UNAVAILABLE(watchos, tvos) NS_SWIFT_UI_ACTOR
18 | @interface UICalendarView : UIView
| `- note: 'UICalendarView' has been explicitly marked unavailable here
19 |
20 | /// The object that defines the delegate of the calendar view.
/Users/admin/builder/spi-builder-workspace/Sources/Forms/FormCalendarItem.swift:117:33: error: 'UICalendarSelectionSingleDate' is unavailable in tvOS
115 |
116 | if let model = configuration.selectionSingleDate {
117 | let singleDateSelection = UICalendarSelectionSingleDate(delegate: model.delegate)
| `- error: 'UICalendarSelectionSingleDate' is unavailable in tvOS
118 | singleDateSelection.selectedDate = model.selectedDate
119 | calendarView.selectionBehavior = singleDateSelection
/Applications/Xcode-27.0.0-Release.Candidate.app/Contents/Developer/Platforms/AppleTVOS.platform/Developer/SDKs/AppleTVOS27.0.sdk/System/Library/Frameworks/UIKit.framework/Headers/UICalendarSelectionSingleDate.h:16:12: note: 'UICalendarSelectionSingleDate' has been explicitly marked unavailable here
14 |
15 | UIKIT_EXTERN API_AVAILABLE(ios(16.0)) API_UNAVAILABLE(watchos, tvos) NS_SWIFT_UI_ACTOR
16 | @interface UICalendarSelectionSingleDate : UICalendarSelection
| `- note: 'UICalendarSelectionSingleDate' has been explicitly marked unavailable here
17 |
18 | /// The object that acts as the delegate of the calendar view selection
SwiftCompile normal arm64 /Users/admin/builder/spi-builder-workspace/Sources/Forms/FormButtonItem.swift (in target 'Forms' from project 'Forms')
cd /Users/admin/builder/spi-builder-workspace/.swiftpm/xcode
builtin-SwiftPerFileCompile FormButtonItem.swift
SwiftCompile normal arm64 /Users/admin/builder/spi-builder-workspace/Sources/Forms/FormCalendarItem.swift (in target 'Forms' from project 'Forms')
cd /Users/admin/builder/spi-builder-workspace/.swiftpm/xcode
builtin-SwiftPerFileCompile FormCalendarItem.swift
SwiftCompile normal arm64 Compiling\ UIControl+Publishers.swift /Users/admin/builder/spi-builder-workspace/Sources/Forms/UIControl+Publishers.swift (in target 'Forms' from project 'Forms')
SwiftCompile normal arm64 /Users/admin/builder/spi-builder-workspace/Sources/Forms/UIControl+Publishers.swift (in target 'Forms' from project 'Forms')
cd /Users/admin/builder/spi-builder-workspace/.swiftpm/xcode
builtin-SwiftPerFileCompile UIControl+Publishers.swift
SwiftCompile normal arm64 Compiling\ FormView.swift /Users/admin/builder/spi-builder-workspace/Sources/Forms/FormView.swift (in target 'Forms' from project 'Forms')
SwiftCompile normal arm64 /Users/admin/builder/spi-builder-workspace/Sources/Forms/FormView.swift (in target 'Forms' from project 'Forms')
cd /Users/admin/builder/spi-builder-workspace/.swiftpm/xcode
builtin-SwiftPerFileCompile FormView.swift
SwiftCompile normal arm64 Compiling\ Protocols.swift /Users/admin/builder/spi-builder-workspace/Sources/Forms/Protocols.swift (in target 'Forms' from project 'Forms')
SwiftCompile normal arm64 /Users/admin/builder/spi-builder-workspace/Sources/Forms/Protocols.swift (in target 'Forms' from project 'Forms')
cd /Users/admin/builder/spi-builder-workspace/.swiftpm/xcode
builtin-SwiftPerFileCompile Protocols.swift
SwiftCompile normal arm64 Compiling\ FormTextItem.swift /Users/admin/builder/spi-builder-workspace/Sources/Forms/FormTextItem.swift (in target 'Forms' from project 'Forms')
SwiftCompile normal arm64 /Users/admin/builder/spi-builder-workspace/Sources/Forms/FormTextItem.swift (in target 'Forms' from project 'Forms')
cd /Users/admin/builder/spi-builder-workspace/.swiftpm/xcode
builtin-SwiftPerFileCompile FormTextItem.swift
SwiftCompile normal arm64 Compiling\ UITextField+Publishers.swift /Users/admin/builder/spi-builder-workspace/Sources/Forms/UITextField+Publishers.swift (in target 'Forms' from project 'Forms')
SwiftCompile normal arm64 /Users/admin/builder/spi-builder-workspace/Sources/Forms/UITextField+Publishers.swift (in target 'Forms' from project 'Forms')
cd /Users/admin/builder/spi-builder-workspace/.swiftpm/xcode
builtin-SwiftPerFileCompile UITextField+Publishers.swift
SwiftCompile normal arm64 Compiling\ FormSpacingItem.swift /Users/admin/builder/spi-builder-workspace/Sources/Forms/FormSpacingItem.swift (in target 'Forms' from project 'Forms')
SwiftCompile normal arm64 /Users/admin/builder/spi-builder-workspace/Sources/Forms/FormSpacingItem.swift (in target 'Forms' from project 'Forms')
cd /Users/admin/builder/spi-builder-workspace/.swiftpm/xcode
builtin-SwiftPerFileCompile FormSpacingItem.swift
PruneExplicitPrecompiledModules /Users/admin/builder/spi-builder-workspace/.derivedData/SDKExplicitPrecompiledModules
PruneExplicitPrecompiledModules /Users/admin/builder/spi-builder-workspace/.derivedData/Build/Intermediates.noindex/SwiftExplicitPrecompiledModules
PruneExplicitPrecompiledModules /Users/admin/builder/spi-builder-workspace/.derivedData/Build/Intermediates.noindex/ExplicitPrecompiledModules
2026-09-19 15:18:54.132 xcodebuild[779:4576] [MT] IDERunDestination: Supported platforms for the buildables in the current scheme is empty.
** BUILD FAILED **
The following build commands failed:
SwiftEmitModule normal arm64 Emitting\ module\ for\ Forms (in target 'Forms' from project 'Forms')
SwiftCompile normal arm64 (in target 'Forms' from project 'Forms')
Building workspace Forms with scheme Forms
(3 failures)
BUILD FAILURE 6.4 tvOS