The Swift Package Index logo.Swift Package Index

Build Information

Failed to build EffectiveNovelCore, reference 1.4.0 (68ba8d), with Swift 6.4 for Wasm on 21 Sep 2026 21:01:33 UTC.

Build Command

bash -c docker run --pull=always --rm -v "checkouts-53886770-0":/host -w "$PWD" -e JAVA_HOME="/root/.sdkman/candidates/java/current" -e SPI_BUILD="1" -e SPI_PROCESSING="1" registry.gitlab.com/saguaro1/spi-images:wasm-6.4-latest swift build --swift-sdk swift-6.4.x-DEVELOPMENT-SNAPSHOT-2026-09-04-a_wasm 2>&1

Build Log

========================================
RunAll
========================================
Builder version: 5.1.0
Interrupt handler set up.
========================================
Checkout
========================================
Clone URL: https://github.com/mui-z/EffectiveNovelCore.git
Reference: 1.4.0
Initialized empty Git repository in /host/spi-builder-workspace/.git/
hint: Using 'master' as the name for the initial branch. This default branch name
hint: is subject to change. To configure the initial branch name to use in all
hint: of your new repositories, which will suppress this warning, call:
hint:
hint: 	git config --global init.defaultBranch <name>
hint:
hint: Names commonly chosen instead of 'master' are 'main', 'trunk' and
hint: 'development'. The just-created branch can be renamed via this command:
hint:
hint: 	git branch -m <name>
From https://github.com/mui-z/EffectiveNovelCore
 * tag               1.4.0      -> FETCH_HEAD
HEAD is now at 68ba8d4 Swift6 (#26)
Cloned https://github.com/mui-z/EffectiveNovelCore.git
Revision (git rev-parse @):
68ba8d49afa210cc20ebfeb720d5578d4b275d6f
SUCCESS checkout https://github.com/mui-z/EffectiveNovelCore.git at 1.4.0
========================================
Build
========================================
Selected platform:         wasm
Swift version:             6.4
Building package at path:  $PWD
https://github.com/mui-z/EffectiveNovelCore.git
Running build ...
bash -c docker run --pull=always --rm -v "checkouts-53886770-0":/host -w "$PWD" -e JAVA_HOME="/root/.sdkman/candidates/java/current" -e SPI_BUILD="1" -e SPI_PROCESSING="1" registry.gitlab.com/saguaro1/spi-images:wasm-6.4-latest swift build --swift-sdk swift-6.4.x-DEVELOPMENT-SNAPSHOT-2026-09-04-a_wasm 2>&1
wasm-6.4-latest: Pulling from saguaro1/spi-images
Digest: sha256:4328fdb43c680d205c1d6761b1e3267aa38277eefdda9ddfb17b6a0f1a77857a
Status: Image is up to date for registry.gitlab.com/saguaro1/spi-images:wasm-6.4-latest
Fetching https://github.com/hmlongco/Factory
[1/23975] Fetching factory
Fetched https://github.com/hmlongco/Factory (0.92s)
Computing version for https://github.com/hmlongco/Factory
Computed https://github.com/hmlongco/Factory at 2.1.5 (1.96s)
Creating working copy for https://github.com/hmlongco/Factory
Working copy of https://github.com/hmlongco/Factory resolved at 2.1.5
Building for debugging...
[Pre-planning 1 / 96]
[23 / 38] Factory
[32 / 47] Factory
error: SwiftCompile normal wasm32 /host/spi-builder-workspace/.build/checkouts/Factory/Sources/Factory/Factory/Globals.swift failed with a nonzero exit code. Command line:     cd /host
    builtin-SwiftPerFileCompile Globals.swift
/host/spi-builder-workspace/.build/checkouts/Factory/Sources/Factory/Factory/Globals.swift:37:9: error: cannot find 'pthread_mutexattr_init' in scope
35 |     init() {
36 |         let mutexAttr = UnsafeMutablePointer<pthread_mutexattr_t>.allocate(capacity: 1)
37 |         pthread_mutexattr_init(mutexAttr)
   |         `- error: cannot find 'pthread_mutexattr_init' in scope
38 |         pthread_mutexattr_settype(mutexAttr, Int32(PTHREAD_MUTEX_RECURSIVE))
39 |         mutex = UnsafeMutablePointer<pthread_mutex_t>.allocate(capacity: 1)
/host/spi-builder-workspace/.build/checkouts/Factory/Sources/Factory/Factory/Globals.swift:38:9: error: cannot find 'pthread_mutexattr_settype' in scope
36 |         let mutexAttr = UnsafeMutablePointer<pthread_mutexattr_t>.allocate(capacity: 1)
37 |         pthread_mutexattr_init(mutexAttr)
38 |         pthread_mutexattr_settype(mutexAttr, Int32(PTHREAD_MUTEX_RECURSIVE))
   |         `- error: cannot find 'pthread_mutexattr_settype' in scope
39 |         mutex = UnsafeMutablePointer<pthread_mutex_t>.allocate(capacity: 1)
40 |         pthread_mutex_init(mutex, mutexAttr)
/host/spi-builder-workspace/.build/checkouts/Factory/Sources/Factory/Factory/Globals.swift:38:52: error: cannot find 'PTHREAD_MUTEX_RECURSIVE' in scope
36 |         let mutexAttr = UnsafeMutablePointer<pthread_mutexattr_t>.allocate(capacity: 1)
37 |         pthread_mutexattr_init(mutexAttr)
38 |         pthread_mutexattr_settype(mutexAttr, Int32(PTHREAD_MUTEX_RECURSIVE))
   |                                                    `- error: cannot find 'PTHREAD_MUTEX_RECURSIVE' in scope
39 |         mutex = UnsafeMutablePointer<pthread_mutex_t>.allocate(capacity: 1)
40 |         pthread_mutex_init(mutex, mutexAttr)
/host/spi-builder-workspace/.build/checkouts/Factory/Sources/Factory/Factory/Globals.swift:40:9: error: cannot find 'pthread_mutex_init' in scope
38 |         pthread_mutexattr_settype(mutexAttr, Int32(PTHREAD_MUTEX_RECURSIVE))
39 |         mutex = UnsafeMutablePointer<pthread_mutex_t>.allocate(capacity: 1)
40 |         pthread_mutex_init(mutex, mutexAttr)
   |         `- error: cannot find 'pthread_mutex_init' in scope
41 |         pthread_mutexattr_destroy(mutexAttr)
42 |         mutexAttr.deallocate()
/host/spi-builder-workspace/.build/checkouts/Factory/Sources/Factory/Factory/Globals.swift:41:9: error: cannot find 'pthread_mutexattr_destroy' in scope
39 |         mutex = UnsafeMutablePointer<pthread_mutex_t>.allocate(capacity: 1)
40 |         pthread_mutex_init(mutex, mutexAttr)
41 |         pthread_mutexattr_destroy(mutexAttr)
   |         `- error: cannot find 'pthread_mutexattr_destroy' in scope
42 |         mutexAttr.deallocate()
43 |     }
/host/spi-builder-workspace/.build/checkouts/Factory/Sources/Factory/Factory/Globals.swift:45:9: error: cannot find 'pthread_mutex_destroy' in scope
43 |     }
44 |     deinit {
45 |         pthread_mutex_destroy(mutex)
   |         `- error: cannot find 'pthread_mutex_destroy' in scope
46 |         mutex.deallocate()
47 |     }
/host/spi-builder-workspace/.build/checkouts/Factory/Sources/Factory/Factory/Globals.swift:49:9: error: cannot find 'pthread_mutex_lock' in scope
47 |     }
48 |     @inlinable func lock() {
49 |         pthread_mutex_lock(mutex)
   |         `- error: cannot find 'pthread_mutex_lock' in scope
50 |     }
51 |     @inlinable func unlock() {
/host/spi-builder-workspace/.build/checkouts/Factory/Sources/Factory/Factory/Globals.swift:52:9: error: cannot find 'pthread_mutex_unlock' in scope
50 |     }
51 |     @inlinable func unlock() {
52 |         pthread_mutex_unlock(mutex)
   |         `- error: cannot find 'pthread_mutex_unlock' in scope
53 |     }
54 |     private var mutex: UnsafeMutablePointer<pthread_mutex_t>
Failed frontend command:
/usr/bin/swift-frontend -frontend -c /host/spi-builder-workspace/.build/checkouts/Factory/Sources/Factory/Factory/Containers.swift /host/spi-builder-workspace/.build/checkouts/Factory/Sources/Factory/Factory/Contexts.swift /host/spi-builder-workspace/.build/checkouts/Factory/Sources/Factory/Factory/Factory.swift -primary-file /host/spi-builder-workspace/.build/checkouts/Factory/Sources/Factory/Factory/Globals.swift /host/spi-builder-workspace/.build/checkouts/Factory/Sources/Factory/Factory/Injections.swift /host/spi-builder-workspace/.build/checkouts/Factory/Sources/Factory/Factory/Modifiers.swift /host/spi-builder-workspace/.build/checkouts/Factory/Sources/Factory/Factory/Registrations.swift /host/spi-builder-workspace/.build/checkouts/Factory/Sources/Factory/Factory/Scopes.swift -emit-dependencies-path /host/spi-builder-workspace/.build/out/Intermediates.noindex/Factory.build/Debug-webassembly-wasm32/Factory-t.build/Objects-normal/wasm32/Globals.d -emit-const-values-path /host/spi-builder-workspace/.build/out/Intermediates.noindex/Factory.build/Debug-webassembly-wasm32/Factory-t.build/Objects-normal/wasm32/Globals.swiftconstvalues -emit-reference-dependencies-path /host/spi-builder-workspace/.build/out/Intermediates.noindex/Factory.build/Debug-webassembly-wasm32/Factory-t.build/Objects-normal/wasm32/Globals.swiftdeps -serialize-diagnostics-path /host/spi-builder-workspace/.build/out/Intermediates.noindex/Factory.build/Debug-webassembly-wasm32/Factory-t.build/Objects-normal/wasm32/Globals.dia -target wasm32-unknown-wasip1 -disable-objc-interop -sdk /root/.swiftpm/swift-sdks/swift-6.4.x-DEVELOPMENT-SNAPSHOT-2026-09-04-a_wasm.artifactbundle/swift-6.4.x-DEVELOPMENT-SNAPSHOT-2026-09-04-a_wasm/wasm32-unknown-wasip1/WASI.sdk -sysroot /root/.swiftpm/swift-sdks/swift-6.4.x-DEVELOPMENT-SNAPSHOT-2026-09-04-a_wasm.artifactbundle/swift-6.4.x-DEVELOPMENT-SNAPSHOT-2026-09-04-a_wasm/wasm32-unknown-wasip1/WASI.sdk -I /host/spi-builder-workspace/.build/out/Products/Debug-webassembly-wasm32 -module-cache-path /host/spi-builder-workspace/.build/out/ModuleCache.noindex -color-diagnostics -Xcc -fcolor-diagnostics -enable-testing -g -debug-info-format\=dwarf -dwarf-version\=4 -suppress-warnings -swift-version 5 -Onone -D SWIFT_PACKAGE -D DEBUG -D SWIFT_MODULE_RESOURCE_BUNDLE_UNAVAILABLE -D Xcode -serialize-debugging-options -enable-experimental-feature DebugDescriptionMacro -empty-abi-descriptor -external-plugin-path /usr/lib/swift/host/plugins/testing\#/usr/bin/swift-plugin-server -validate-clang-modules-once -clang-build-session-file /host/spi-builder-workspace/.build/out/ModuleCache.noindex/Session.modulevalidation -Xcc -working-directory -Xcc /host -resource-dir /root/.swiftpm/swift-sdks/swift-6.4.x-DEVELOPMENT-SNAPSHOT-2026-09-04-a_wasm.artifactbundle/swift-6.4.x-DEVELOPMENT-SNAPSHOT-2026-09-04-a_wasm/wasm32-unknown-wasip1/swift.xctoolchain/usr/lib/swift_static -use-static-resource-dir -enable-anonymous-context-mangled-names -file-compilation-dir /host -Xcc -resource-dir -Xcc /root/.swiftpm/swift-sdks/swift-6.4.x-DEVELOPMENT-SNAPSHOT-2026-09-04-a_wasm.artifactbundle/swift-6.4.x-DEVELOPMENT-SNAPSHOT-2026-09-04-a_wasm/wasm32-unknown-wasip1/swift.xctoolchain/usr/lib/swift_static/clang -Xcc -D_LIBCPP_HARDENING_MODE\=_LIBCPP_HARDENING_MODE_DEBUG -Xcc -fmodules-prune-interval\=86400 -Xcc -fmodules-prune-after\=345600 -Xcc -I/host/spi-builder-workspace/.build/out/Products/Debug-webassembly-wasm32/include -Xcc -I/host/spi-builder-workspace/.build/out/Intermediates.noindex/Factory.build/Debug-webassembly-wasm32/Factory-t.build/DerivedSources-normal/wasm32 -Xcc -I/host/spi-builder-workspace/.build/out/Intermediates.noindex/Factory.build/Debug-webassembly-wasm32/Factory-t.build/DerivedSources/wasm32 -Xcc -I/host/spi-builder-workspace/.build/out/Intermediates.noindex/Factory.build/Debug-webassembly-wasm32/Factory-t.build/DerivedSources -Xcc -DSWIFT_PACKAGE -Xcc -DDEBUG\=1 -no-auto-bridging-header-chaining -module-name Factory -const-gather-protocols-file /host/spi-builder-workspace/.build/out/Intermediates.noindex/Factory.build/Debug-webassembly-wasm32/Factory-t.build/Objects-normal/wasm32/Factory_const_extract_protocols.json -in-process-plugin-server-path /usr/lib/swift/host/libSwiftInProcPluginServer.so -plugin-path /usr/lib/swift/host/plugins -plugin-path /usr/local/lib/swift/host/plugins -parse-as-library -o /host/spi-builder-workspace/.build/out/Intermediates.noindex/Factory.build/Debug-webassembly-wasm32/Factory-t.build/Objects-normal/wasm32/Globals.o -index-unit-output-path /Factory.build/Debug-webassembly-wasm32/Factory-t.build/Objects-normal/wasm32/Globals.o -index-store-path /host/spi-builder-workspace/.build/out -index-system-modules
error: SwiftCompile normal wasm32 /host/spi-builder-workspace/.build/checkouts/Factory/Sources/Factory/Factory/Scopes.swift failed with a nonzero exit code. Command line:     cd /host
    builtin-SwiftPerFileCompile Scopes.swift
/host/spi-builder-workspace/.build/checkouts/Factory/Sources/Factory/Factory/Scopes.swift:59:27: error: cannot find 'CFAbsoluteTimeGetCurrent' in scope
 57 |         if let box = cache.value(forKey: id), let cached: T = unboxed(box: box) {
 58 |             if let ttl = ttl {
 59 |                 let now = CFAbsoluteTimeGetCurrent()
    |                           `- error: cannot find 'CFAbsoluteTimeGetCurrent' in scope
 60 |                 if (box.timestamp + ttl) > now {
 61 |                     cache.set(timestamp: now, forKey: id)
/host/spi-builder-workspace/.build/checkouts/Factory/Sources/Factory/Factory/Scopes.swift:84:66: error: cannot find 'CFAbsoluteTimeGetCurrent' in scope
 82 |         if let optional = instance as? OptionalProtocol {
 83 |             if optional.hasWrappedValue {
 84 |                 return StrongBox<T>(scopeID: scopeID, timestamp: CFAbsoluteTimeGetCurrent(), boxed: instance)
    |                                                                  `- error: cannot find 'CFAbsoluteTimeGetCurrent' in scope
 85 |             }
 86 |             return nil
/host/spi-builder-workspace/.build/checkouts/Factory/Sources/Factory/Factory/Scopes.swift:88:58: error: cannot find 'CFAbsoluteTimeGetCurrent' in scope
 86 |             return nil
 87 |         }
 88 |         return StrongBox<T>(scopeID: scopeID, timestamp: CFAbsoluteTimeGetCurrent(), boxed: instance)
    |                                                          `- error: cannot find 'CFAbsoluteTimeGetCurrent' in scope
 89 |     }
 90 |
/host/spi-builder-workspace/.build/checkouts/Factory/Sources/Factory/Factory/Scopes.swift:149:65: error: cannot find 'CFAbsoluteTimeGetCurrent' in scope
147 |             if let optional = instance as? OptionalProtocol {
148 |                 if let unwrapped = optional.wrappedValue, type(of: unwrapped) is AnyObject.Type {
149 |                     return WeakBox(scopeID: scopeID, timestamp: CFAbsoluteTimeGetCurrent(), boxed: unwrapped as AnyObject)
    |                                                                 `- error: cannot find 'CFAbsoluteTimeGetCurrent' in scope
150 |                 }
151 |             } else if type(of: instance as Any) is AnyObject.Type {
/host/spi-builder-workspace/.build/checkouts/Factory/Sources/Factory/Factory/Scopes.swift:152:61: error: cannot find 'CFAbsoluteTimeGetCurrent' in scope
150 |                 }
151 |             } else if type(of: instance as Any) is AnyObject.Type {
152 |                 return WeakBox(scopeID: scopeID, timestamp: CFAbsoluteTimeGetCurrent(), boxed: instance as AnyObject)
    |                                                             `- error: cannot find 'CFAbsoluteTimeGetCurrent' in scope
153 |             }
154 |             return nil
Failed frontend command:
/usr/bin/swift-frontend -frontend -c /host/spi-builder-workspace/.build/checkouts/Factory/Sources/Factory/Factory/Containers.swift /host/spi-builder-workspace/.build/checkouts/Factory/Sources/Factory/Factory/Contexts.swift /host/spi-builder-workspace/.build/checkouts/Factory/Sources/Factory/Factory/Factory.swift /host/spi-builder-workspace/.build/checkouts/Factory/Sources/Factory/Factory/Globals.swift /host/spi-builder-workspace/.build/checkouts/Factory/Sources/Factory/Factory/Injections.swift /host/spi-builder-workspace/.build/checkouts/Factory/Sources/Factory/Factory/Modifiers.swift /host/spi-builder-workspace/.build/checkouts/Factory/Sources/Factory/Factory/Registrations.swift -primary-file /host/spi-builder-workspace/.build/checkouts/Factory/Sources/Factory/Factory/Scopes.swift -emit-dependencies-path /host/spi-builder-workspace/.build/out/Intermediates.noindex/Factory.build/Debug-webassembly-wasm32/Factory-t.build/Objects-normal/wasm32/Scopes.d -emit-const-values-path /host/spi-builder-workspace/.build/out/Intermediates.noindex/Factory.build/Debug-webassembly-wasm32/Factory-t.build/Objects-normal/wasm32/Scopes.swiftconstvalues -emit-reference-dependencies-path /host/spi-builder-workspace/.build/out/Intermediates.noindex/Factory.build/Debug-webassembly-wasm32/Factory-t.build/Objects-normal/wasm32/Scopes.swiftdeps -serialize-diagnostics-path /host/spi-builder-workspace/.build/out/Intermediates.noindex/Factory.build/Debug-webassembly-wasm32/Factory-t.build/Objects-normal/wasm32/Scopes.dia -target wasm32-unknown-wasip1 -disable-objc-interop -sdk /root/.swiftpm/swift-sdks/swift-6.4.x-DEVELOPMENT-SNAPSHOT-2026-09-04-a_wasm.artifactbundle/swift-6.4.x-DEVELOPMENT-SNAPSHOT-2026-09-04-a_wasm/wasm32-unknown-wasip1/WASI.sdk -sysroot /root/.swiftpm/swift-sdks/swift-6.4.x-DEVELOPMENT-SNAPSHOT-2026-09-04-a_wasm.artifactbundle/swift-6.4.x-DEVELOPMENT-SNAPSHOT-2026-09-04-a_wasm/wasm32-unknown-wasip1/WASI.sdk -I /host/spi-builder-workspace/.build/out/Products/Debug-webassembly-wasm32 -module-cache-path /host/spi-builder-workspace/.build/out/ModuleCache.noindex -color-diagnostics -Xcc -fcolor-diagnostics -enable-testing -g -debug-info-format\=dwarf -dwarf-version\=4 -suppress-warnings -swift-version 5 -Onone -D SWIFT_PACKAGE -D DEBUG -D SWIFT_MODULE_RESOURCE_BUNDLE_UNAVAILABLE -D Xcode -serialize-debugging-options -enable-experimental-feature DebugDescriptionMacro -empty-abi-descriptor -external-plugin-path /usr/lib/swift/host/plugins/testing\#/usr/bin/swift-plugin-server -validate-clang-modules-once -clang-build-session-file /host/spi-builder-workspace/.build/out/ModuleCache.noindex/Session.modulevalidation -Xcc -working-directory -Xcc /host -resource-dir /root/.swiftpm/swift-sdks/swift-6.4.x-DEVELOPMENT-SNAPSHOT-2026-09-04-a_wasm.artifactbundle/swift-6.4.x-DEVELOPMENT-SNAPSHOT-2026-09-04-a_wasm/wasm32-unknown-wasip1/swift.xctoolchain/usr/lib/swift_static -use-static-resource-dir -enable-anonymous-context-mangled-names -file-compilation-dir /host -Xcc -resource-dir -Xcc /root/.swiftpm/swift-sdks/swift-6.4.x-DEVELOPMENT-SNAPSHOT-2026-09-04-a_wasm.artifactbundle/swift-6.4.x-DEVELOPMENT-SNAPSHOT-2026-09-04-a_wasm/wasm32-unknown-wasip1/swift.xctoolchain/usr/lib/swift_static/clang -Xcc -D_LIBCPP_HARDENING_MODE\=_LIBCPP_HARDENING_MODE_DEBUG -Xcc -fmodules-prune-interval\=86400 -Xcc -fmodules-prune-after\=345600 -Xcc -I/host/spi-builder-workspace/.build/out/Products/Debug-webassembly-wasm32/include -Xcc -I/host/spi-builder-workspace/.build/out/Intermediates.noindex/Factory.build/Debug-webassembly-wasm32/Factory-t.build/DerivedSources-normal/wasm32 -Xcc -I/host/spi-builder-workspace/.build/out/Intermediates.noindex/Factory.build/Debug-webassembly-wasm32/Factory-t.build/DerivedSources/wasm32 -Xcc -I/host/spi-builder-workspace/.build/out/Intermediates.noindex/Factory.build/Debug-webassembly-wasm32/Factory-t.build/DerivedSources -Xcc -DSWIFT_PACKAGE -Xcc -DDEBUG\=1 -no-auto-bridging-header-chaining -module-name Factory -const-gather-protocols-file /host/spi-builder-workspace/.build/out/Intermediates.noindex/Factory.build/Debug-webassembly-wasm32/Factory-t.build/Objects-normal/wasm32/Factory_const_extract_protocols.json -in-process-plugin-server-path /usr/lib/swift/host/libSwiftInProcPluginServer.so -plugin-path /usr/lib/swift/host/plugins -plugin-path /usr/local/lib/swift/host/plugins -parse-as-library -o /host/spi-builder-workspace/.build/out/Intermediates.noindex/Factory.build/Debug-webassembly-wasm32/Factory-t.build/Objects-normal/wasm32/Scopes.o -index-unit-output-path /Factory.build/Debug-webassembly-wasm32/Factory-t.build/Objects-normal/wasm32/Scopes.o -index-store-path /host/spi-builder-workspace/.build/out -index-system-modules
error: Build failed
BUILD FAILURE 6.4 wasm