Build Information
Failed to build ZeeQL3Freddy, reference develop (c3d7b1), with Swift 6.4 for watchOS using Xcode 27.0 on 17 Sep 2026 12:41:54 UTC.
Build Command
env DEVELOPER_DIR=/Applications/Xcode-27.0.0-Release.Candidate.app xcrun xcodebuild -IDEClonedSourcePackagesDirPathOverride=$PWD/.dependencies -skipMacroValidation -skipPackagePluginValidation -derivedDataPath $PWD/.derivedData build -scheme ZeeQL3Freddy -destination generic/platform=watchOSBuild Log
cd /Users/admin/builder/spi-builder-workspace/.swiftpm/xcode
/Applications/Xcode-27.0.0-Release.Candidate.app/Contents/Developer/Toolchains/XcodeDefault.xctoolchain/usr/bin/clang-stat-cache /Applications/Xcode-27.0.0-Release.Candidate.app/Contents/Developer/Platforms/WatchOS.platform/Developer/SDKs/WatchOS27.0.sdk -o /Users/admin/builder/spi-builder-workspace/.derivedData/SDKStatCaches.noindex/watchos27.0-24R360-e829b21a6f8c9b70876ba0858053c04477534ef55a1706bf4c1112bbb242f0a2.sdkstatcache
CreateBuildDirectory /Users/admin/builder/spi-builder-workspace/.derivedData/Build/Products
cd /Users/admin/builder/spi-builder-workspace/.swiftpm/xcode
builtin-create-build-directory /Users/admin/builder/spi-builder-workspace/.derivedData/Build/Products
CreateBuildDirectory /Users/admin/builder/spi-builder-workspace/.derivedData/Build/Intermediates.noindex
cd /Users/admin/builder/spi-builder-workspace/.swiftpm/xcode
builtin-create-build-directory /Users/admin/builder/spi-builder-workspace/.derivedData/Build/Intermediates.noindex
CreateBuildDirectory /Users/admin/builder/spi-builder-workspace/.derivedData/Build/Products/Debug-watchos
cd /Users/admin/builder/spi-builder-workspace/.swiftpm/xcode
builtin-create-build-directory /Users/admin/builder/spi-builder-workspace/.derivedData/Build/Products/Debug-watchos
CreateBuildDirectory /Users/admin/builder/spi-builder-workspace/.derivedData/Build/Intermediates.noindex/SwiftExplicitPrecompiledModules
cd /Users/admin/builder/spi-builder-workspace/.swiftpm/xcode
builtin-create-build-directory /Users/admin/builder/spi-builder-workspace/.derivedData/Build/Intermediates.noindex/SwiftExplicitPrecompiledModules
CreateBuildDirectory /Users/admin/builder/spi-builder-workspace/.derivedData/Build/Intermediates.noindex/PrecompiledHeaders
cd /Users/admin/builder/spi-builder-workspace/.swiftpm/xcode
builtin-create-build-directory /Users/admin/builder/spi-builder-workspace/.derivedData/Build/Intermediates.noindex/PrecompiledHeaders
CreateBuildDirectory /Users/admin/builder/spi-builder-workspace/.derivedData/Build/Intermediates.noindex/ExplicitPrecompiledModules
cd /Users/admin/builder/spi-builder-workspace/.swiftpm/xcode
builtin-create-build-directory /Users/admin/builder/spi-builder-workspace/.derivedData/Build/Intermediates.noindex/ExplicitPrecompiledModules
CreateBuildDirectory /Users/admin/builder/spi-builder-workspace/.derivedData/Build/Intermediates.noindex/EagerLinkingTBDs/Debug-watchos
cd /Users/admin/builder/spi-builder-workspace/.swiftpm/xcode
builtin-create-build-directory /Users/admin/builder/spi-builder-workspace/.derivedData/Build/Intermediates.noindex/EagerLinkingTBDs/Debug-watchos
CreateBuildDirectory /Users/admin/builder/spi-builder-workspace/.derivedData/Build/Products/Debug-watchos/PackageFrameworks
cd /Users/admin/builder/spi-builder-workspace/.swiftpm/xcode
builtin-create-build-directory /Users/admin/builder/spi-builder-workspace/.derivedData/Build/Products/Debug-watchos/PackageFrameworks
WriteAuxiliaryFile /Users/admin/builder/spi-builder-workspace/.derivedData/Build/Intermediates.noindex/ZeeQL3Freddy.build/Debug-watchos/ZeeQL3Freddy-t.build/ZeeQL3Freddy.modulemap (in target 'ZeeQL3Freddy' from project 'ZeeQL3Freddy')
cd /Users/admin/builder/spi-builder-workspace
write-file /Users/admin/builder/spi-builder-workspace/.derivedData/Build/Intermediates.noindex/ZeeQL3Freddy.build/Debug-watchos/ZeeQL3Freddy-t.build/ZeeQL3Freddy.modulemap
WriteAuxiliaryFile /Users/admin/builder/spi-builder-workspace/.derivedData/Build/Intermediates.noindex/ZeeQL3Freddy.build/Debug-watchos/ZeeQL3Freddy-t.build/ZeeQL3Freddy.DependencyStaticMetadataFileList (in target 'ZeeQL3Freddy' from project 'ZeeQL3Freddy')
cd /Users/admin/builder/spi-builder-workspace
write-file /Users/admin/builder/spi-builder-workspace/.derivedData/Build/Intermediates.noindex/ZeeQL3Freddy.build/Debug-watchos/ZeeQL3Freddy-t.build/ZeeQL3Freddy.DependencyStaticMetadataFileList
WriteAuxiliaryFile /Users/admin/builder/spi-builder-workspace/.derivedData/Build/Intermediates.noindex/ZeeQL3Freddy.build/Debug-watchos/ZeeQL3Freddy-t.build/ZeeQL3Freddy.DependencyMetadataFileList (in target 'ZeeQL3Freddy' from project 'ZeeQL3Freddy')
cd /Users/admin/builder/spi-builder-workspace
write-file /Users/admin/builder/spi-builder-workspace/.derivedData/Build/Intermediates.noindex/ZeeQL3Freddy.build/Debug-watchos/ZeeQL3Freddy-t.build/ZeeQL3Freddy.DependencyMetadataFileList
WriteAuxiliaryFile /Users/admin/builder/spi-builder-workspace/.derivedData/Build/Intermediates.noindex/ZeeQL3Freddy.build/Debug-watchos/ZeeQL3Freddy-t.build/Objects-normal/arm64/ZeeQL3Freddy_const_extract_protocols.json (in target 'ZeeQL3Freddy' from project 'ZeeQL3Freddy')
cd /Users/admin/builder/spi-builder-workspace
write-file /Users/admin/builder/spi-builder-workspace/.derivedData/Build/Intermediates.noindex/ZeeQL3Freddy.build/Debug-watchos/ZeeQL3Freddy-t.build/Objects-normal/arm64/ZeeQL3Freddy_const_extract_protocols.json
WriteAuxiliaryFile /Users/admin/builder/spi-builder-workspace/.derivedData/Build/Intermediates.noindex/ZeeQL3Freddy.build/Debug-watchos/ZeeQL3Freddy-t.build/Objects-normal/arm64_32/ZeeQL3Freddy-OutputFileMap.json (in target 'ZeeQL3Freddy' from project 'ZeeQL3Freddy')
cd /Users/admin/builder/spi-builder-workspace
write-file /Users/admin/builder/spi-builder-workspace/.derivedData/Build/Intermediates.noindex/ZeeQL3Freddy.build/Debug-watchos/ZeeQL3Freddy-t.build/Objects-normal/arm64_32/ZeeQL3Freddy-OutputFileMap.json
WriteAuxiliaryFile /Users/admin/builder/spi-builder-workspace/.derivedData/Build/Intermediates.noindex/ZeeQL3Freddy.build/Debug-watchos/ZeeQL3Freddy-t.build/Objects-normal/arm64_32/ZeeQL3Freddy.SwiftConstValuesFileList (in target 'ZeeQL3Freddy' from project 'ZeeQL3Freddy')
cd /Users/admin/builder/spi-builder-workspace
write-file /Users/admin/builder/spi-builder-workspace/.derivedData/Build/Intermediates.noindex/ZeeQL3Freddy.build/Debug-watchos/ZeeQL3Freddy-t.build/Objects-normal/arm64_32/ZeeQL3Freddy.SwiftConstValuesFileList
WriteAuxiliaryFile /Users/admin/builder/spi-builder-workspace/.derivedData/Build/Intermediates.noindex/ZeeQL3Freddy.build/Debug-watchos/ZeeQL3Freddy-t.build/Objects-normal/arm64_32/ZeeQL3Freddy.LinkFileList (in target 'ZeeQL3Freddy' from project 'ZeeQL3Freddy')
cd /Users/admin/builder/spi-builder-workspace
write-file /Users/admin/builder/spi-builder-workspace/.derivedData/Build/Intermediates.noindex/ZeeQL3Freddy.build/Debug-watchos/ZeeQL3Freddy-t.build/Objects-normal/arm64_32/ZeeQL3Freddy.LinkFileList
WriteAuxiliaryFile /Users/admin/builder/spi-builder-workspace/.derivedData/Build/Intermediates.noindex/ZeeQL3Freddy.build/Debug-watchos/ZeeQL3Freddy-t.build/Objects-normal/arm64_32/ZeeQL3Freddy_const_extract_protocols.json (in target 'ZeeQL3Freddy' from project 'ZeeQL3Freddy')
cd /Users/admin/builder/spi-builder-workspace
write-file /Users/admin/builder/spi-builder-workspace/.derivedData/Build/Intermediates.noindex/ZeeQL3Freddy.build/Debug-watchos/ZeeQL3Freddy-t.build/Objects-normal/arm64_32/ZeeQL3Freddy_const_extract_protocols.json
WriteAuxiliaryFile /Users/admin/builder/spi-builder-workspace/.derivedData/Build/Intermediates.noindex/ZeeQL3Freddy.build/Debug-watchos/ZeeQL3Freddy-t.build/Objects-normal/arm64_32/ZeeQL3Freddy.SwiftFileList (in target 'ZeeQL3Freddy' from project 'ZeeQL3Freddy')
cd /Users/admin/builder/spi-builder-workspace
write-file /Users/admin/builder/spi-builder-workspace/.derivedData/Build/Intermediates.noindex/ZeeQL3Freddy.build/Debug-watchos/ZeeQL3Freddy-t.build/Objects-normal/arm64_32/ZeeQL3Freddy.SwiftFileList
WriteAuxiliaryFile /Users/admin/builder/spi-builder-workspace/.derivedData/Build/Intermediates.noindex/ZeeQL3Freddy.build/Debug-watchos/ZeeQL3Freddy-t.build/Objects-normal/arm64/ZeeQL3Freddy.SwiftFileList (in target 'ZeeQL3Freddy' from project 'ZeeQL3Freddy')
cd /Users/admin/builder/spi-builder-workspace
write-file /Users/admin/builder/spi-builder-workspace/.derivedData/Build/Intermediates.noindex/ZeeQL3Freddy.build/Debug-watchos/ZeeQL3Freddy-t.build/Objects-normal/arm64/ZeeQL3Freddy.SwiftFileList
WriteAuxiliaryFile /Users/admin/builder/spi-builder-workspace/.derivedData/Build/Intermediates.noindex/ZeeQL3Freddy.build/Debug-watchos/ZeeQL3Freddy-t.build/Objects-normal/arm64/ZeeQL3Freddy.LinkFileList (in target 'ZeeQL3Freddy' from project 'ZeeQL3Freddy')
cd /Users/admin/builder/spi-builder-workspace
write-file /Users/admin/builder/spi-builder-workspace/.derivedData/Build/Intermediates.noindex/ZeeQL3Freddy.build/Debug-watchos/ZeeQL3Freddy-t.build/Objects-normal/arm64/ZeeQL3Freddy.LinkFileList
WriteAuxiliaryFile /Users/admin/builder/spi-builder-workspace/.derivedData/Build/Intermediates.noindex/ZeeQL3Freddy.build/Debug-watchos/ZeeQL3Freddy-t.build/Objects-normal/arm64/ZeeQL3Freddy.SwiftConstValuesFileList (in target 'ZeeQL3Freddy' from project 'ZeeQL3Freddy')
cd /Users/admin/builder/spi-builder-workspace
write-file /Users/admin/builder/spi-builder-workspace/.derivedData/Build/Intermediates.noindex/ZeeQL3Freddy.build/Debug-watchos/ZeeQL3Freddy-t.build/Objects-normal/arm64/ZeeQL3Freddy.SwiftConstValuesFileList
WriteAuxiliaryFile /Users/admin/builder/spi-builder-workspace/.derivedData/Build/Intermediates.noindex/ZeeQL3Freddy.build/Debug-watchos/ZeeQL3Freddy-t.build/Objects-normal/arm64/ZeeQL3Freddy-OutputFileMap.json (in target 'ZeeQL3Freddy' from project 'ZeeQL3Freddy')
cd /Users/admin/builder/spi-builder-workspace
write-file /Users/admin/builder/spi-builder-workspace/.derivedData/Build/Intermediates.noindex/ZeeQL3Freddy.build/Debug-watchos/ZeeQL3Freddy-t.build/Objects-normal/arm64/ZeeQL3Freddy-OutputFileMap.json
Copy /Users/admin/builder/spi-builder-workspace/.derivedData/Build/Intermediates.noindex/GeneratedModuleMaps-watchos/ZeeQL3Freddy.modulemap /Users/admin/builder/spi-builder-workspace/.derivedData/Build/Intermediates.noindex/ZeeQL3Freddy.build/Debug-watchos/ZeeQL3Freddy-t.build/ZeeQL3Freddy.modulemap (in target 'ZeeQL3Freddy' from project 'ZeeQL3Freddy')
cd /Users/admin/builder/spi-builder-workspace
builtin-copy -exclude .DS_Store -exclude CVS -exclude .svn -exclude .git -exclude .hg -resolve-src-symlinks /Users/admin/builder/spi-builder-workspace/.derivedData/Build/Intermediates.noindex/ZeeQL3Freddy.build/Debug-watchos/ZeeQL3Freddy-t.build/ZeeQL3Freddy.modulemap /Users/admin/builder/spi-builder-workspace/.derivedData/Build/Intermediates.noindex/GeneratedModuleMaps-watchos
WriteAuxiliaryFile /Users/admin/builder/spi-builder-workspace/.derivedData/Build/Intermediates.noindex/ZeeQL3.build/Debug-watchos/ZeeQL-t.build/ZeeQL.DependencyStaticMetadataFileList (in target 'ZeeQL' from project 'ZeeQL3')
cd /Users/admin/builder/spi-builder-workspace/.dependencies/checkouts/ZeeQL3
write-file /Users/admin/builder/spi-builder-workspace/.derivedData/Build/Intermediates.noindex/ZeeQL3.build/Debug-watchos/ZeeQL-t.build/ZeeQL.DependencyStaticMetadataFileList
WriteAuxiliaryFile /Users/admin/builder/spi-builder-workspace/.derivedData/Build/Intermediates.noindex/ZeeQL3.build/Debug-watchos/ZeeQL-t.build/ZeeQL.modulemap (in target 'ZeeQL' from project 'ZeeQL3')
cd /Users/admin/builder/spi-builder-workspace/.dependencies/checkouts/ZeeQL3
write-file /Users/admin/builder/spi-builder-workspace/.derivedData/Build/Intermediates.noindex/ZeeQL3.build/Debug-watchos/ZeeQL-t.build/ZeeQL.modulemap
WriteAuxiliaryFile /Users/admin/builder/spi-builder-workspace/.derivedData/Build/Intermediates.noindex/ZeeQL3.build/Debug-watchos/ZeeQL-t.build/ZeeQL.DependencyMetadataFileList (in target 'ZeeQL' from project 'ZeeQL3')
cd /Users/admin/builder/spi-builder-workspace/.dependencies/checkouts/ZeeQL3
write-file /Users/admin/builder/spi-builder-workspace/.derivedData/Build/Intermediates.noindex/ZeeQL3.build/Debug-watchos/ZeeQL-t.build/ZeeQL.DependencyMetadataFileList
WriteAuxiliaryFile /Users/admin/builder/spi-builder-workspace/.derivedData/Build/Intermediates.noindex/ZeeQL3.build/Debug-watchos/ZeeQL-t.build/Objects-normal/arm64_32/ZeeQL.SwiftFileList (in target 'ZeeQL' from project 'ZeeQL3')
cd /Users/admin/builder/spi-builder-workspace/.dependencies/checkouts/ZeeQL3
write-file /Users/admin/builder/spi-builder-workspace/.derivedData/Build/Intermediates.noindex/ZeeQL3.build/Debug-watchos/ZeeQL-t.build/Objects-normal/arm64_32/ZeeQL.SwiftFileList
WriteAuxiliaryFile /Users/admin/builder/spi-builder-workspace/.derivedData/Build/Intermediates.noindex/ZeeQL3.build/Debug-watchos/ZeeQL-t.build/Objects-normal/arm64_32/ZeeQL_const_extract_protocols.json (in target 'ZeeQL' from project 'ZeeQL3')
cd /Users/admin/builder/spi-builder-workspace/.dependencies/checkouts/ZeeQL3
write-file /Users/admin/builder/spi-builder-workspace/.derivedData/Build/Intermediates.noindex/ZeeQL3.build/Debug-watchos/ZeeQL-t.build/Objects-normal/arm64_32/ZeeQL_const_extract_protocols.json
WriteAuxiliaryFile /Users/admin/builder/spi-builder-workspace/.derivedData/Build/Intermediates.noindex/ZeeQL3.build/Debug-watchos/ZeeQL-t.build/Objects-normal/arm64_32/ZeeQL.SwiftConstValuesFileList (in target 'ZeeQL' from project 'ZeeQL3')
cd /Users/admin/builder/spi-builder-workspace/.dependencies/checkouts/ZeeQL3
write-file /Users/admin/builder/spi-builder-workspace/.derivedData/Build/Intermediates.noindex/ZeeQL3.build/Debug-watchos/ZeeQL-t.build/Objects-normal/arm64_32/ZeeQL.SwiftConstValuesFileList
WriteAuxiliaryFile /Users/admin/builder/spi-builder-workspace/.derivedData/Build/Intermediates.noindex/ZeeQL3.build/Debug-watchos/ZeeQL-t.build/Objects-normal/arm64_32/ZeeQL.LinkFileList (in target 'ZeeQL' from project 'ZeeQL3')
cd /Users/admin/builder/spi-builder-workspace/.dependencies/checkouts/ZeeQL3
write-file /Users/admin/builder/spi-builder-workspace/.derivedData/Build/Intermediates.noindex/ZeeQL3.build/Debug-watchos/ZeeQL-t.build/Objects-normal/arm64_32/ZeeQL.LinkFileList
WriteAuxiliaryFile /Users/admin/builder/spi-builder-workspace/.derivedData/Build/Intermediates.noindex/ZeeQL3.build/Debug-watchos/ZeeQL-t.build/Objects-normal/arm64_32/ZeeQL-OutputFileMap.json (in target 'ZeeQL' from project 'ZeeQL3')
cd /Users/admin/builder/spi-builder-workspace/.dependencies/checkouts/ZeeQL3
write-file /Users/admin/builder/spi-builder-workspace/.derivedData/Build/Intermediates.noindex/ZeeQL3.build/Debug-watchos/ZeeQL-t.build/Objects-normal/arm64_32/ZeeQL-OutputFileMap.json
WriteAuxiliaryFile /Users/admin/builder/spi-builder-workspace/.derivedData/Build/Intermediates.noindex/ZeeQL3.build/Debug-watchos/ZeeQL-t.build/Objects-normal/arm64/ZeeQL.SwiftFileList (in target 'ZeeQL' from project 'ZeeQL3')
cd /Users/admin/builder/spi-builder-workspace/.dependencies/checkouts/ZeeQL3
write-file /Users/admin/builder/spi-builder-workspace/.derivedData/Build/Intermediates.noindex/ZeeQL3.build/Debug-watchos/ZeeQL-t.build/Objects-normal/arm64/ZeeQL.SwiftFileList
WriteAuxiliaryFile /Users/admin/builder/spi-builder-workspace/.derivedData/Build/Intermediates.noindex/ZeeQL3.build/Debug-watchos/ZeeQL-t.build/Objects-normal/arm64/ZeeQL.SwiftConstValuesFileList (in target 'ZeeQL' from project 'ZeeQL3')
cd /Users/admin/builder/spi-builder-workspace/.dependencies/checkouts/ZeeQL3
write-file /Users/admin/builder/spi-builder-workspace/.derivedData/Build/Intermediates.noindex/ZeeQL3.build/Debug-watchos/ZeeQL-t.build/Objects-normal/arm64/ZeeQL.SwiftConstValuesFileList
WriteAuxiliaryFile /Users/admin/builder/spi-builder-workspace/.derivedData/Build/Intermediates.noindex/ZeeQL3.build/Debug-watchos/ZeeQL-t.build/Objects-normal/arm64/ZeeQL_const_extract_protocols.json (in target 'ZeeQL' from project 'ZeeQL3')
cd /Users/admin/builder/spi-builder-workspace/.dependencies/checkouts/ZeeQL3
write-file /Users/admin/builder/spi-builder-workspace/.derivedData/Build/Intermediates.noindex/ZeeQL3.build/Debug-watchos/ZeeQL-t.build/Objects-normal/arm64/ZeeQL_const_extract_protocols.json
WriteAuxiliaryFile /Users/admin/builder/spi-builder-workspace/.derivedData/Build/Intermediates.noindex/ZeeQL3.build/Debug-watchos/ZeeQL-t.build/Objects-normal/arm64/ZeeQL.LinkFileList (in target 'ZeeQL' from project 'ZeeQL3')
cd /Users/admin/builder/spi-builder-workspace/.dependencies/checkouts/ZeeQL3
write-file /Users/admin/builder/spi-builder-workspace/.derivedData/Build/Intermediates.noindex/ZeeQL3.build/Debug-watchos/ZeeQL-t.build/Objects-normal/arm64/ZeeQL.LinkFileList
WriteAuxiliaryFile /Users/admin/builder/spi-builder-workspace/.derivedData/Build/Intermediates.noindex/ZeeQL3.build/Debug-watchos/ZeeQL-t.build/Objects-normal/arm64/ZeeQL-OutputFileMap.json (in target 'ZeeQL' from project 'ZeeQL3')
cd /Users/admin/builder/spi-builder-workspace/.dependencies/checkouts/ZeeQL3
write-file /Users/admin/builder/spi-builder-workspace/.derivedData/Build/Intermediates.noindex/ZeeQL3.build/Debug-watchos/ZeeQL-t.build/Objects-normal/arm64/ZeeQL-OutputFileMap.json
Copy /Users/admin/builder/spi-builder-workspace/.derivedData/Build/Intermediates.noindex/GeneratedModuleMaps-watchos/ZeeQL.modulemap /Users/admin/builder/spi-builder-workspace/.derivedData/Build/Intermediates.noindex/ZeeQL3.build/Debug-watchos/ZeeQL-t.build/ZeeQL.modulemap (in target 'ZeeQL' from project 'ZeeQL3')
cd /Users/admin/builder/spi-builder-workspace/.dependencies/checkouts/ZeeQL3
builtin-copy -exclude .DS_Store -exclude CVS -exclude .svn -exclude .git -exclude .hg -resolve-src-symlinks /Users/admin/builder/spi-builder-workspace/.derivedData/Build/Intermediates.noindex/ZeeQL3.build/Debug-watchos/ZeeQL-t.build/ZeeQL.modulemap /Users/admin/builder/spi-builder-workspace/.derivedData/Build/Intermediates.noindex/GeneratedModuleMaps-watchos
WriteAuxiliaryFile /Users/admin/builder/spi-builder-workspace/.derivedData/Build/Intermediates.noindex/Freddy.build/Debug-watchos/Freddy-t.build/Objects-normal/arm64_32/Freddy_const_extract_protocols.json (in target 'Freddy' from project 'Freddy')
cd /Users/admin/builder/spi-builder-workspace/.dependencies/checkouts/Freddy
write-file /Users/admin/builder/spi-builder-workspace/.derivedData/Build/Intermediates.noindex/Freddy.build/Debug-watchos/Freddy-t.build/Objects-normal/arm64_32/Freddy_const_extract_protocols.json
WriteAuxiliaryFile /Users/admin/builder/spi-builder-workspace/.derivedData/Build/Intermediates.noindex/Freddy.build/Debug-watchos/Freddy-t.build/Objects-normal/arm64_32/Freddy.SwiftFileList (in target 'Freddy' from project 'Freddy')
cd /Users/admin/builder/spi-builder-workspace/.dependencies/checkouts/Freddy
write-file /Users/admin/builder/spi-builder-workspace/.derivedData/Build/Intermediates.noindex/Freddy.build/Debug-watchos/Freddy-t.build/Objects-normal/arm64_32/Freddy.SwiftFileList
WriteAuxiliaryFile /Users/admin/builder/spi-builder-workspace/.derivedData/Build/Intermediates.noindex/Freddy.build/Debug-watchos/Freddy-t.build/Objects-normal/arm64_32/Freddy.SwiftConstValuesFileList (in target 'Freddy' from project 'Freddy')
cd /Users/admin/builder/spi-builder-workspace/.dependencies/checkouts/Freddy
write-file /Users/admin/builder/spi-builder-workspace/.derivedData/Build/Intermediates.noindex/Freddy.build/Debug-watchos/Freddy-t.build/Objects-normal/arm64_32/Freddy.SwiftConstValuesFileList
WriteAuxiliaryFile /Users/admin/builder/spi-builder-workspace/.derivedData/Build/Intermediates.noindex/Freddy.build/Debug-watchos/Freddy-t.build/Objects-normal/arm64_32/Freddy.LinkFileList (in target 'Freddy' from project 'Freddy')
cd /Users/admin/builder/spi-builder-workspace/.dependencies/checkouts/Freddy
write-file /Users/admin/builder/spi-builder-workspace/.derivedData/Build/Intermediates.noindex/Freddy.build/Debug-watchos/Freddy-t.build/Objects-normal/arm64_32/Freddy.LinkFileList
WriteAuxiliaryFile /Users/admin/builder/spi-builder-workspace/.derivedData/Build/Intermediates.noindex/Freddy.build/Debug-watchos/Freddy-t.build/Objects-normal/arm64_32/Freddy-OutputFileMap.json (in target 'Freddy' from project 'Freddy')
cd /Users/admin/builder/spi-builder-workspace/.dependencies/checkouts/Freddy
write-file /Users/admin/builder/spi-builder-workspace/.derivedData/Build/Intermediates.noindex/Freddy.build/Debug-watchos/Freddy-t.build/Objects-normal/arm64_32/Freddy-OutputFileMap.json
WriteAuxiliaryFile /Users/admin/builder/spi-builder-workspace/.derivedData/Build/Intermediates.noindex/Freddy.build/Debug-watchos/Freddy-t.build/Objects-normal/arm64/Freddy.SwiftFileList (in target 'Freddy' from project 'Freddy')
cd /Users/admin/builder/spi-builder-workspace/.dependencies/checkouts/Freddy
write-file /Users/admin/builder/spi-builder-workspace/.derivedData/Build/Intermediates.noindex/Freddy.build/Debug-watchos/Freddy-t.build/Objects-normal/arm64/Freddy.SwiftFileList
WriteAuxiliaryFile /Users/admin/builder/spi-builder-workspace/.derivedData/Build/Intermediates.noindex/Freddy.build/Debug-watchos/Freddy-t.build/Objects-normal/arm64/Freddy_const_extract_protocols.json (in target 'Freddy' from project 'Freddy')
cd /Users/admin/builder/spi-builder-workspace/.dependencies/checkouts/Freddy
write-file /Users/admin/builder/spi-builder-workspace/.derivedData/Build/Intermediates.noindex/Freddy.build/Debug-watchos/Freddy-t.build/Objects-normal/arm64/Freddy_const_extract_protocols.json
WriteAuxiliaryFile /Users/admin/builder/spi-builder-workspace/.derivedData/Build/Intermediates.noindex/Freddy.build/Debug-watchos/Freddy-t.build/Objects-normal/arm64/Freddy.SwiftConstValuesFileList (in target 'Freddy' from project 'Freddy')
cd /Users/admin/builder/spi-builder-workspace/.dependencies/checkouts/Freddy
write-file /Users/admin/builder/spi-builder-workspace/.derivedData/Build/Intermediates.noindex/Freddy.build/Debug-watchos/Freddy-t.build/Objects-normal/arm64/Freddy.SwiftConstValuesFileList
WriteAuxiliaryFile /Users/admin/builder/spi-builder-workspace/.derivedData/Build/Intermediates.noindex/Freddy.build/Debug-watchos/Freddy-t.build/Objects-normal/arm64/Freddy.LinkFileList (in target 'Freddy' from project 'Freddy')
cd /Users/admin/builder/spi-builder-workspace/.dependencies/checkouts/Freddy
write-file /Users/admin/builder/spi-builder-workspace/.derivedData/Build/Intermediates.noindex/Freddy.build/Debug-watchos/Freddy-t.build/Objects-normal/arm64/Freddy.LinkFileList
WriteAuxiliaryFile /Users/admin/builder/spi-builder-workspace/.derivedData/Build/Intermediates.noindex/Freddy.build/Debug-watchos/Freddy-t.build/Objects-normal/arm64/Freddy-OutputFileMap.json (in target 'Freddy' from project 'Freddy')
cd /Users/admin/builder/spi-builder-workspace/.dependencies/checkouts/Freddy
write-file /Users/admin/builder/spi-builder-workspace/.derivedData/Build/Intermediates.noindex/Freddy.build/Debug-watchos/Freddy-t.build/Objects-normal/arm64/Freddy-OutputFileMap.json
WriteAuxiliaryFile /Users/admin/builder/spi-builder-workspace/.derivedData/Build/Intermediates.noindex/Freddy.build/Debug-watchos/Freddy-t.build/Freddy.modulemap (in target 'Freddy' from project 'Freddy')
cd /Users/admin/builder/spi-builder-workspace/.dependencies/checkouts/Freddy
write-file /Users/admin/builder/spi-builder-workspace/.derivedData/Build/Intermediates.noindex/Freddy.build/Debug-watchos/Freddy-t.build/Freddy.modulemap
WriteAuxiliaryFile /Users/admin/builder/spi-builder-workspace/.derivedData/Build/Intermediates.noindex/Freddy.build/Debug-watchos/Freddy-t.build/Freddy.DependencyStaticMetadataFileList (in target 'Freddy' from project 'Freddy')
cd /Users/admin/builder/spi-builder-workspace/.dependencies/checkouts/Freddy
write-file /Users/admin/builder/spi-builder-workspace/.derivedData/Build/Intermediates.noindex/Freddy.build/Debug-watchos/Freddy-t.build/Freddy.DependencyStaticMetadataFileList
WriteAuxiliaryFile /Users/admin/builder/spi-builder-workspace/.derivedData/Build/Intermediates.noindex/Freddy.build/Debug-watchos/Freddy-t.build/Freddy.DependencyMetadataFileList (in target 'Freddy' from project 'Freddy')
cd /Users/admin/builder/spi-builder-workspace/.dependencies/checkouts/Freddy
write-file /Users/admin/builder/spi-builder-workspace/.derivedData/Build/Intermediates.noindex/Freddy.build/Debug-watchos/Freddy-t.build/Freddy.DependencyMetadataFileList
Copy /Users/admin/builder/spi-builder-workspace/.derivedData/Build/Intermediates.noindex/GeneratedModuleMaps-watchos/Freddy.modulemap /Users/admin/builder/spi-builder-workspace/.derivedData/Build/Intermediates.noindex/Freddy.build/Debug-watchos/Freddy-t.build/Freddy.modulemap (in target 'Freddy' from project 'Freddy')
cd /Users/admin/builder/spi-builder-workspace/.dependencies/checkouts/Freddy
builtin-copy -exclude .DS_Store -exclude CVS -exclude .svn -exclude .git -exclude .hg -resolve-src-symlinks /Users/admin/builder/spi-builder-workspace/.derivedData/Build/Intermediates.noindex/Freddy.build/Debug-watchos/Freddy-t.build/Freddy.modulemap /Users/admin/builder/spi-builder-workspace/.derivedData/Build/Intermediates.noindex/GeneratedModuleMaps-watchos
SwiftDriver ZeeQL normal arm64 com.apple.xcode.tools.swift.compiler (in target 'ZeeQL' from project 'ZeeQL3')
cd /Users/admin/builder/spi-builder-workspace/.swiftpm/xcode
builtin-SwiftDriver -- /Applications/Xcode-27.0.0-Release.Candidate.app/Contents/Developer/Toolchains/XcodeDefault.xctoolchain/usr/bin/swiftc -parse-as-library -module-name ZeeQL -Onone @/Users/admin/builder/spi-builder-workspace/.derivedData/Build/Intermediates.noindex/ZeeQL3.build/Debug-watchos/ZeeQL-t.build/Objects-normal/arm64/ZeeQL.SwiftFileList -DSWIFT_PACKAGE -DDEBUG -DSWIFT_MODULE_RESOURCE_BUNDLE_UNAVAILABLE -Xcc -fmodule-map-file\=/Users/admin/builder/spi-builder-workspace/.dependencies/checkouts/CSQLite3/Sources/CSQLite3/module.modulemap -DXcode -plugin-path /Applications/Xcode-27.0.0-Release.Candidate.app/Contents/Developer/Toolchains/XcodeDefault.xctoolchain/usr/lib/swift/host/plugins/testing -enable-experimental-feature DebugDescriptionMacro -sdk /Applications/Xcode-27.0.0-Release.Candidate.app/Contents/Developer/Platforms/WatchOS.platform/Developer/SDKs/WatchOS27.0.sdk -target arm64-apple-watchos9.0 -g -module-cache-path /Users/admin/builder/spi-builder-workspace/.derivedData/ModuleCache.noindex -Xfrontend -serialize-debugging-options -enable-testing -suppress-warnings -index-store-path /Users/admin/builder/spi-builder-workspace/.derivedData/Index.noindex/DataStore -Xcc -D_LIBCPP_HARDENING_MODE\=_LIBCPP_HARDENING_MODE_DEBUG -swift-version 5 -I /Users/admin/builder/spi-builder-workspace/.derivedData/Build/Products/Debug-watchos -Isystem /Applications/Xcode-27.0.0-Release.Candidate.app/Contents/Developer/Platforms/WatchOS.platform/Developer/usr/lib -F /Users/admin/builder/spi-builder-workspace/.derivedData/Build/Products/Debug-watchos -F /Applications/Xcode-27.0.0-Release.Candidate.app/Contents/Developer/Platforms/WatchOS.platform/Developer/Library/Frameworks -F /Applications/Xcode-27.0.0-Release.Candidate.app/Contents/Developer/Platforms/WatchOS.platform/Developer/SDKs/WatchOS27.0.sdk/Developer/Library/Frameworks -c -j10 -enable-batch-mode -incremental -Xcc -ivfsstatcache -Xcc /Users/admin/builder/spi-builder-workspace/.derivedData/SDKStatCaches.noindex/watchos27.0-24R360-e829b21a6f8c9b70876ba0858053c04477534ef55a1706bf4c1112bbb242f0a2.sdkstatcache -output-file-map /Users/admin/builder/spi-builder-workspace/.derivedData/Build/Intermediates.noindex/ZeeQL3.build/Debug-watchos/ZeeQL-t.build/Objects-normal/arm64/ZeeQL-OutputFileMap.json -save-temps -no-color-diagnostics -explicit-module-build -module-cache-path /Users/admin/builder/spi-builder-workspace/.derivedData/Build/Intermediates.noindex/SwiftExplicitPrecompiledModules -clang-scanner-module-cache-path /Users/admin/builder/spi-builder-workspace/.derivedData/ModuleCache.noindex -sdk-module-cache-path /Users/admin/builder/spi-builder-workspace/.derivedData/SDKExplicitPrecompiledModules -emit-dependencies -emit-module -emit-module-path /Users/admin/builder/spi-builder-workspace/.derivedData/Build/Intermediates.noindex/ZeeQL3.build/Debug-watchos/ZeeQL-t.build/Objects-normal/arm64/ZeeQL.swiftmodule -serialize-diagnostics -dependency-scan-serialize-diagnostics-path /Users/admin/builder/spi-builder-workspace/.derivedData/Build/Intermediates.noindex/ZeeQL3.build/Debug-watchos/ZeeQL-t.build/Objects-normal/arm64/ZeeQL-dependency-scan.dia -validate-clang-modules-once -clang-build-session-file /Users/admin/builder/spi-builder-workspace/.derivedData/ModuleCache.noindex/Session.modulevalidation -Xcc -fmodules-prune-interval\=86400 -Xcc -fmodules-prune-after\=345600 -emit-const-values -const-gather-protocols-list /Users/admin/builder/spi-builder-workspace/.derivedData/Build/Intermediates.noindex/ZeeQL3.build/Debug-watchos/ZeeQL-t.build/Objects-normal/arm64/ZeeQL_const_extract_protocols.json -Xcc -I/Users/admin/builder/spi-builder-workspace/.derivedData/Build/Products/Debug-watchos/include -Xcc -I/Users/admin/builder/spi-builder-workspace/.derivedData/Build/Intermediates.noindex/ZeeQL3.build/Debug-watchos/ZeeQL-t.build/DerivedSources-normal/arm64 -Xcc -I/Users/admin/builder/spi-builder-workspace/.derivedData/Build/Intermediates.noindex/ZeeQL3.build/Debug-watchos/ZeeQL-t.build/DerivedSources/arm64 -Xcc -I/Users/admin/builder/spi-builder-workspace/.derivedData/Build/Intermediates.noindex/ZeeQL3.build/Debug-watchos/ZeeQL-t.build/DerivedSources -Xcc -DSWIFT_PACKAGE -Xcc -DDEBUG\=1 -emit-objc-header -emit-objc-header-path /Users/admin/builder/spi-builder-workspace/.derivedData/Build/Intermediates.noindex/ZeeQL3.build/Debug-watchos/ZeeQL-t.build/Objects-normal/arm64/ZeeQL-Swift.h -working-directory /Users/admin/builder/spi-builder-workspace/.swiftpm/xcode -experimental-emit-module-separately -disable-cmo
SwiftDriver ZeeQL normal arm64_32 com.apple.xcode.tools.swift.compiler (in target 'ZeeQL' from project 'ZeeQL3')
cd /Users/admin/builder/spi-builder-workspace/.swiftpm/xcode
builtin-SwiftDriver -- /Applications/Xcode-27.0.0-Release.Candidate.app/Contents/Developer/Toolchains/XcodeDefault.xctoolchain/usr/bin/swiftc -parse-as-library -module-name ZeeQL -Onone @/Users/admin/builder/spi-builder-workspace/.derivedData/Build/Intermediates.noindex/ZeeQL3.build/Debug-watchos/ZeeQL-t.build/Objects-normal/arm64_32/ZeeQL.SwiftFileList -DSWIFT_PACKAGE -DDEBUG -DSWIFT_MODULE_RESOURCE_BUNDLE_UNAVAILABLE -Xcc -fmodule-map-file\=/Users/admin/builder/spi-builder-workspace/.dependencies/checkouts/CSQLite3/Sources/CSQLite3/module.modulemap -DXcode -plugin-path /Applications/Xcode-27.0.0-Release.Candidate.app/Contents/Developer/Toolchains/XcodeDefault.xctoolchain/usr/lib/swift/host/plugins/testing -enable-experimental-feature DebugDescriptionMacro -sdk /Applications/Xcode-27.0.0-Release.Candidate.app/Contents/Developer/Platforms/WatchOS.platform/Developer/SDKs/WatchOS27.0.sdk -target arm64_32-apple-watchos9.0 -g -module-cache-path /Users/admin/builder/spi-builder-workspace/.derivedData/ModuleCache.noindex -Xfrontend -serialize-debugging-options -enable-testing -suppress-warnings -index-store-path /Users/admin/builder/spi-builder-workspace/.derivedData/Index.noindex/DataStore -Xcc -D_LIBCPP_HARDENING_MODE\=_LIBCPP_HARDENING_MODE_DEBUG -swift-version 5 -I /Users/admin/builder/spi-builder-workspace/.derivedData/Build/Products/Debug-watchos -Isystem /Applications/Xcode-27.0.0-Release.Candidate.app/Contents/Developer/Platforms/WatchOS.platform/Developer/usr/lib -F /Users/admin/builder/spi-builder-workspace/.derivedData/Build/Products/Debug-watchos -F /Applications/Xcode-27.0.0-Release.Candidate.app/Contents/Developer/Platforms/WatchOS.platform/Developer/Library/Frameworks -F /Applications/Xcode-27.0.0-Release.Candidate.app/Contents/Developer/Platforms/WatchOS.platform/Developer/SDKs/WatchOS27.0.sdk/Developer/Library/Frameworks -c -j10 -enable-batch-mode -incremental -Xcc -ivfsstatcache -Xcc /Users/admin/builder/spi-builder-workspace/.derivedData/SDKStatCaches.noindex/watchos27.0-24R360-e829b21a6f8c9b70876ba0858053c04477534ef55a1706bf4c1112bbb242f0a2.sdkstatcache -output-file-map /Users/admin/builder/spi-builder-workspace/.derivedData/Build/Intermediates.noindex/ZeeQL3.build/Debug-watchos/ZeeQL-t.build/Objects-normal/arm64_32/ZeeQL-OutputFileMap.json -save-temps -no-color-diagnostics -explicit-module-build -module-cache-path /Users/admin/builder/spi-builder-workspace/.derivedData/Build/Intermediates.noindex/SwiftExplicitPrecompiledModules -clang-scanner-module-cache-path /Users/admin/builder/spi-builder-workspace/.derivedData/ModuleCache.noindex -sdk-module-cache-path /Users/admin/builder/spi-builder-workspace/.derivedData/SDKExplicitPrecompiledModules -emit-dependencies -emit-module -emit-module-path /Users/admin/builder/spi-builder-workspace/.derivedData/Build/Intermediates.noindex/ZeeQL3.build/Debug-watchos/ZeeQL-t.build/Objects-normal/arm64_32/ZeeQL.swiftmodule -serialize-diagnostics -dependency-scan-serialize-diagnostics-path /Users/admin/builder/spi-builder-workspace/.derivedData/Build/Intermediates.noindex/ZeeQL3.build/Debug-watchos/ZeeQL-t.build/Objects-normal/arm64_32/ZeeQL-dependency-scan.dia -validate-clang-modules-once -clang-build-session-file /Users/admin/builder/spi-builder-workspace/.derivedData/ModuleCache.noindex/Session.modulevalidation -Xcc -fmodules-prune-interval\=86400 -Xcc -fmodules-prune-after\=345600 -emit-const-values -const-gather-protocols-list /Users/admin/builder/spi-builder-workspace/.derivedData/Build/Intermediates.noindex/ZeeQL3.build/Debug-watchos/ZeeQL-t.build/Objects-normal/arm64_32/ZeeQL_const_extract_protocols.json -Xcc -I/Users/admin/builder/spi-builder-workspace/.derivedData/Build/Products/Debug-watchos/include -Xcc -I/Users/admin/builder/spi-builder-workspace/.derivedData/Build/Intermediates.noindex/ZeeQL3.build/Debug-watchos/ZeeQL-t.build/DerivedSources-normal/arm64_32 -Xcc -I/Users/admin/builder/spi-builder-workspace/.derivedData/Build/Intermediates.noindex/ZeeQL3.build/Debug-watchos/ZeeQL-t.build/DerivedSources/arm64_32 -Xcc -I/Users/admin/builder/spi-builder-workspace/.derivedData/Build/Intermediates.noindex/ZeeQL3.build/Debug-watchos/ZeeQL-t.build/DerivedSources -Xcc -DSWIFT_PACKAGE -Xcc -DDEBUG\=1 -emit-objc-header -emit-objc-header-path /Users/admin/builder/spi-builder-workspace/.derivedData/Build/Intermediates.noindex/ZeeQL3.build/Debug-watchos/ZeeQL-t.build/Objects-normal/arm64_32/ZeeQL-Swift.h -working-directory /Users/admin/builder/spi-builder-workspace/.swiftpm/xcode -experimental-emit-module-separately -disable-cmo
SwiftDriver Freddy normal arm64_32 com.apple.xcode.tools.swift.compiler (in target 'Freddy' from project 'Freddy')
cd /Users/admin/builder/spi-builder-workspace/.swiftpm/xcode
builtin-SwiftDriver -- /Applications/Xcode-27.0.0-Release.Candidate.app/Contents/Developer/Toolchains/XcodeDefault.xctoolchain/usr/bin/swiftc -parse-as-library -module-name Freddy -Onone @/Users/admin/builder/spi-builder-workspace/.derivedData/Build/Intermediates.noindex/Freddy.build/Debug-watchos/Freddy-t.build/Objects-normal/arm64_32/Freddy.SwiftFileList -DSWIFT_PACKAGE -DDEBUG -DSWIFT_MODULE_RESOURCE_BUNDLE_UNAVAILABLE -DXcode -plugin-path /Applications/Xcode-27.0.0-Release.Candidate.app/Contents/Developer/Toolchains/XcodeDefault.xctoolchain/usr/lib/swift/host/plugins/testing -enable-experimental-feature DebugDescriptionMacro -sdk /Applications/Xcode-27.0.0-Release.Candidate.app/Contents/Developer/Platforms/WatchOS.platform/Developer/SDKs/WatchOS27.0.sdk -target arm64_32-apple-watchos9.0 -g -module-cache-path /Users/admin/builder/spi-builder-workspace/.derivedData/ModuleCache.noindex -Xfrontend -serialize-debugging-options -enable-testing -suppress-warnings -index-store-path /Users/admin/builder/spi-builder-workspace/.derivedData/Index.noindex/DataStore -Xcc -D_LIBCPP_HARDENING_MODE\=_LIBCPP_HARDENING_MODE_DEBUG -swift-version 5 -I /Users/admin/builder/spi-builder-workspace/.derivedData/Build/Products/Debug-watchos -Isystem /Applications/Xcode-27.0.0-Release.Candidate.app/Contents/Developer/Platforms/WatchOS.platform/Developer/usr/lib -F /Users/admin/builder/spi-builder-workspace/.derivedData/Build/Products/Debug-watchos -F /Applications/Xcode-27.0.0-Release.Candidate.app/Contents/Developer/Platforms/WatchOS.platform/Developer/Library/Frameworks -F /Applications/Xcode-27.0.0-Release.Candidate.app/Contents/Developer/Platforms/WatchOS.platform/Developer/SDKs/WatchOS27.0.sdk/Developer/Library/Frameworks -c -j10 -enable-batch-mode -incremental -Xcc -ivfsstatcache -Xcc /Users/admin/builder/spi-builder-workspace/.derivedData/SDKStatCaches.noindex/watchos27.0-24R360-e829b21a6f8c9b70876ba0858053c04477534ef55a1706bf4c1112bbb242f0a2.sdkstatcache -output-file-map /Users/admin/builder/spi-builder-workspace/.derivedData/Build/Intermediates.noindex/Freddy.build/Debug-watchos/Freddy-t.build/Objects-normal/arm64_32/Freddy-OutputFileMap.json -save-temps -no-color-diagnostics -explicit-module-build -module-cache-path /Users/admin/builder/spi-builder-workspace/.derivedData/Build/Intermediates.noindex/SwiftExplicitPrecompiledModules -clang-scanner-module-cache-path /Users/admin/builder/spi-builder-workspace/.derivedData/ModuleCache.noindex -sdk-module-cache-path /Users/admin/builder/spi-builder-workspace/.derivedData/SDKExplicitPrecompiledModules -emit-dependencies -emit-module -emit-module-path /Users/admin/builder/spi-builder-workspace/.derivedData/Build/Intermediates.noindex/Freddy.build/Debug-watchos/Freddy-t.build/Objects-normal/arm64_32/Freddy.swiftmodule -serialize-diagnostics -dependency-scan-serialize-diagnostics-path /Users/admin/builder/spi-builder-workspace/.derivedData/Build/Intermediates.noindex/Freddy.build/Debug-watchos/Freddy-t.build/Objects-normal/arm64_32/Freddy-dependency-scan.dia -validate-clang-modules-once -clang-build-session-file /Users/admin/builder/spi-builder-workspace/.derivedData/ModuleCache.noindex/Session.modulevalidation -Xcc -fmodules-prune-interval\=86400 -Xcc -fmodules-prune-after\=345600 -emit-const-values -const-gather-protocols-list /Users/admin/builder/spi-builder-workspace/.derivedData/Build/Intermediates.noindex/Freddy.build/Debug-watchos/Freddy-t.build/Objects-normal/arm64_32/Freddy_const_extract_protocols.json -Xcc -I/Users/admin/builder/spi-builder-workspace/.derivedData/Build/Products/Debug-watchos/include -Xcc -I/Users/admin/builder/spi-builder-workspace/.derivedData/Build/Intermediates.noindex/Freddy.build/Debug-watchos/Freddy-t.build/DerivedSources-normal/arm64_32 -Xcc -I/Users/admin/builder/spi-builder-workspace/.derivedData/Build/Intermediates.noindex/Freddy.build/Debug-watchos/Freddy-t.build/DerivedSources/arm64_32 -Xcc -I/Users/admin/builder/spi-builder-workspace/.derivedData/Build/Intermediates.noindex/Freddy.build/Debug-watchos/Freddy-t.build/DerivedSources -Xcc -DSWIFT_PACKAGE -Xcc -DDEBUG\=1 -emit-objc-header -emit-objc-header-path /Users/admin/builder/spi-builder-workspace/.derivedData/Build/Intermediates.noindex/Freddy.build/Debug-watchos/Freddy-t.build/Objects-normal/arm64_32/Freddy-Swift.h -working-directory /Users/admin/builder/spi-builder-workspace/.swiftpm/xcode -experimental-emit-module-separately -disable-cmo
SwiftDriver Freddy normal arm64 com.apple.xcode.tools.swift.compiler (in target 'Freddy' from project 'Freddy')
cd /Users/admin/builder/spi-builder-workspace/.swiftpm/xcode
builtin-SwiftDriver -- /Applications/Xcode-27.0.0-Release.Candidate.app/Contents/Developer/Toolchains/XcodeDefault.xctoolchain/usr/bin/swiftc -parse-as-library -module-name Freddy -Onone @/Users/admin/builder/spi-builder-workspace/.derivedData/Build/Intermediates.noindex/Freddy.build/Debug-watchos/Freddy-t.build/Objects-normal/arm64/Freddy.SwiftFileList -DSWIFT_PACKAGE -DDEBUG -DSWIFT_MODULE_RESOURCE_BUNDLE_UNAVAILABLE -DXcode -plugin-path /Applications/Xcode-27.0.0-Release.Candidate.app/Contents/Developer/Toolchains/XcodeDefault.xctoolchain/usr/lib/swift/host/plugins/testing -enable-experimental-feature DebugDescriptionMacro -sdk /Applications/Xcode-27.0.0-Release.Candidate.app/Contents/Developer/Platforms/WatchOS.platform/Developer/SDKs/WatchOS27.0.sdk -target arm64-apple-watchos9.0 -g -module-cache-path /Users/admin/builder/spi-builder-workspace/.derivedData/ModuleCache.noindex -Xfrontend -serialize-debugging-options -enable-testing -suppress-warnings -index-store-path /Users/admin/builder/spi-builder-workspace/.derivedData/Index.noindex/DataStore -Xcc -D_LIBCPP_HARDENING_MODE\=_LIBCPP_HARDENING_MODE_DEBUG -swift-version 5 -I /Users/admin/builder/spi-builder-workspace/.derivedData/Build/Products/Debug-watchos -Isystem /Applications/Xcode-27.0.0-Release.Candidate.app/Contents/Developer/Platforms/WatchOS.platform/Developer/usr/lib -F /Users/admin/builder/spi-builder-workspace/.derivedData/Build/Products/Debug-watchos -F /Applications/Xcode-27.0.0-Release.Candidate.app/Contents/Developer/Platforms/WatchOS.platform/Developer/Library/Frameworks -F /Applications/Xcode-27.0.0-Release.Candidate.app/Contents/Developer/Platforms/WatchOS.platform/Developer/SDKs/WatchOS27.0.sdk/Developer/Library/Frameworks -c -j10 -enable-batch-mode -incremental -Xcc -ivfsstatcache -Xcc /Users/admin/builder/spi-builder-workspace/.derivedData/SDKStatCaches.noindex/watchos27.0-24R360-e829b21a6f8c9b70876ba0858053c04477534ef55a1706bf4c1112bbb242f0a2.sdkstatcache -output-file-map /Users/admin/builder/spi-builder-workspace/.derivedData/Build/Intermediates.noindex/Freddy.build/Debug-watchos/Freddy-t.build/Objects-normal/arm64/Freddy-OutputFileMap.json -save-temps -no-color-diagnostics -explicit-module-build -module-cache-path /Users/admin/builder/spi-builder-workspace/.derivedData/Build/Intermediates.noindex/SwiftExplicitPrecompiledModules -clang-scanner-module-cache-path /Users/admin/builder/spi-builder-workspace/.derivedData/ModuleCache.noindex -sdk-module-cache-path /Users/admin/builder/spi-builder-workspace/.derivedData/SDKExplicitPrecompiledModules -emit-dependencies -emit-module -emit-module-path /Users/admin/builder/spi-builder-workspace/.derivedData/Build/Intermediates.noindex/Freddy.build/Debug-watchos/Freddy-t.build/Objects-normal/arm64/Freddy.swiftmodule -serialize-diagnostics -dependency-scan-serialize-diagnostics-path /Users/admin/builder/spi-builder-workspace/.derivedData/Build/Intermediates.noindex/Freddy.build/Debug-watchos/Freddy-t.build/Objects-normal/arm64/Freddy-dependency-scan.dia -validate-clang-modules-once -clang-build-session-file /Users/admin/builder/spi-builder-workspace/.derivedData/ModuleCache.noindex/Session.modulevalidation -Xcc -fmodules-prune-interval\=86400 -Xcc -fmodules-prune-after\=345600 -emit-const-values -const-gather-protocols-list /Users/admin/builder/spi-builder-workspace/.derivedData/Build/Intermediates.noindex/Freddy.build/Debug-watchos/Freddy-t.build/Objects-normal/arm64/Freddy_const_extract_protocols.json -Xcc -I/Users/admin/builder/spi-builder-workspace/.derivedData/Build/Products/Debug-watchos/include -Xcc -I/Users/admin/builder/spi-builder-workspace/.derivedData/Build/Intermediates.noindex/Freddy.build/Debug-watchos/Freddy-t.build/DerivedSources-normal/arm64 -Xcc -I/Users/admin/builder/spi-builder-workspace/.derivedData/Build/Intermediates.noindex/Freddy.build/Debug-watchos/Freddy-t.build/DerivedSources/arm64 -Xcc -I/Users/admin/builder/spi-builder-workspace/.derivedData/Build/Intermediates.noindex/Freddy.build/Debug-watchos/Freddy-t.build/DerivedSources -Xcc -DSWIFT_PACKAGE -Xcc -DDEBUG\=1 -emit-objc-header -emit-objc-header-path /Users/admin/builder/spi-builder-workspace/.derivedData/Build/Intermediates.noindex/Freddy.build/Debug-watchos/Freddy-t.build/Objects-normal/arm64/Freddy-Swift.h -working-directory /Users/admin/builder/spi-builder-workspace/.swiftpm/xcode -experimental-emit-module-separately -disable-cmo
SwiftExplicitDependencyGeneratePcm arm64 /Users/admin/builder/spi-builder-workspace/.derivedData/SDKExplicitPrecompiledModules/_SwiftConcurrencyShims-659N52XSKR5F0QSB880BH2FJR.pcm
SwiftExplicitDependencyGeneratePcm arm64 /Users/admin/builder/spi-builder-workspace/.derivedData/SDKExplicitPrecompiledModules/ptrcheck-AIF0NDOYZ8ORBNHQAQR5NNB8M.pcm
SwiftExplicitDependencyGeneratePcm arm64 /Users/admin/builder/spi-builder-workspace/.derivedData/SDKExplicitPrecompiledModules/_AvailabilityInternal-BUNV3UXM65NT37THI4W1AM0SF.pcm
SwiftExplicitDependencyGeneratePcm arm64_32 /Users/admin/builder/spi-builder-workspace/.derivedData/SDKExplicitPrecompiledModules/ptrauth-BFXF358ME5AK535N5A9Z766WU.pcm
SwiftExplicitDependencyGeneratePcm arm64 /Users/admin/builder/spi-builder-workspace/.derivedData/SDKExplicitPrecompiledModules/SwiftShims-4MXFZPV6FEB0XBYXCGPWAMQGL.pcm
SwiftExplicitDependencyGeneratePcm arm64 /Users/admin/builder/spi-builder-workspace/.derivedData/SDKExplicitPrecompiledModules/_Builtin_stdarg-A7UU8LE6MP85SM26YO7PBZNUQ.pcm
SwiftExplicitDependencyGeneratePcm arm64_32 /Users/admin/builder/spi-builder-workspace/.derivedData/SDKExplicitPrecompiledModules/_Builtin_stdbool-A967K8W8YUYEC9SN52KJ7OO88.pcm
SwiftExplicitDependencyGeneratePcm arm64_32 /Users/admin/builder/spi-builder-workspace/.derivedData/SDKExplicitPrecompiledModules/ptrcheck-7ELIH9BTIGVKX3UBITM9N72WD.pcm
SwiftExplicitDependencyGeneratePcm arm64_32 /Users/admin/builder/spi-builder-workspace/.derivedData/SDKExplicitPrecompiledModules/_Builtin_stddef-H44EFHQX6XSS5MZ7QP6YJZ76.pcm
SwiftExplicitDependencyGeneratePcm arm64_32 /Users/admin/builder/spi-builder-workspace/.derivedData/SDKExplicitPrecompiledModules/_AvailabilityInternal-244WAN3Z1QBT7PIA64EZEFY1R.pcm
SwiftExplicitDependencyGeneratePcm arm64 /Users/admin/builder/spi-builder-workspace/.derivedData/SDKExplicitPrecompiledModules/ptrauth-3TZ9WJCGLYD25HQPWH4968ONX.pcm
SwiftExplicitDependencyGeneratePcm arm64 /Users/admin/builder/spi-builder-workspace/.derivedData/SDKExplicitPrecompiledModules/_Builtin_stddef-1FU30Y8SWFB7OUUHMJQH5J6FM.pcm
SwiftExplicitDependencyGeneratePcm arm64 /Users/admin/builder/spi-builder-workspace/.derivedData/SDKExplicitPrecompiledModules/_Builtin_stdbool-83J96QSOFE9VX04AAS6310UAE.pcm
SwiftExplicitDependencyGeneratePcm arm64_32 /Users/admin/builder/spi-builder-workspace/.derivedData/SDKExplicitPrecompiledModules/_SwiftConcurrencyShims-6RTBPQ03V7BM9SPRK8SUE055H.pcm
SwiftExplicitDependencyGeneratePcm arm64_32 /Users/admin/builder/spi-builder-workspace/.derivedData/SDKExplicitPrecompiledModules/_Builtin_stdarg-D305JG44A2WPI6CJY37X3QJE8.pcm
SwiftExplicitDependencyGeneratePcm arm64_32 /Users/admin/builder/spi-builder-workspace/.derivedData/SDKExplicitPrecompiledModules/_Builtin_float-6KO8O3PEWRCA4WC6PPLOYO6WJ.pcm
SwiftExplicitDependencyGeneratePcm arm64_32 /Users/admin/builder/spi-builder-workspace/.derivedData/SDKExplicitPrecompiledModules/SwiftShims-9CQQGWTSNTN9EB5NSHDWUJICH.pcm
SwiftExplicitDependencyGeneratePcm arm64 /Users/admin/builder/spi-builder-workspace/.derivedData/SDKExplicitPrecompiledModules/_Builtin_float-C0CW5Q4HGBQYKE77TC42IAFB5.pcm
SwiftExplicitDependencyGeneratePcm arm64_32 /Users/admin/builder/spi-builder-workspace/.derivedData/SDKExplicitPrecompiledModules/_DarwinFoundation1-2GWF9RFMPLQW4PDHS3NARVI3G.pcm
SwiftExplicitDependencyGeneratePcm arm64 /Users/admin/builder/spi-builder-workspace/.derivedData/SDKExplicitPrecompiledModules/_DarwinFoundation1-7SPX3MD0HMP55E4OLNCPNDQ53.pcm
SwiftExplicitDependencyGeneratePcm arm64_32 /Users/admin/builder/spi-builder-workspace/.derivedData/SDKExplicitPrecompiledModules/_DarwinFoundation2-9MY8GOSYRO0M9MKNXF6D3MBNK.pcm
SwiftExplicitDependencyGeneratePcm arm64_32 /Users/admin/builder/spi-builder-workspace/.derivedData/SDKExplicitPrecompiledModules/_Builtin_limits-3VKBU2AFTD65PAJZ5CJ3LHFM2.pcm
SwiftExplicitDependencyGeneratePcm arm64_32 /Users/admin/builder/spi-builder-workspace/.derivedData/SDKExplicitPrecompiledModules/SQLite3-XQYJ99QSC0C1F9QFMDJ3G2YG.pcm
SwiftExplicitDependencyGeneratePcm arm64 /Users/admin/builder/spi-builder-workspace/.derivedData/SDKExplicitPrecompiledModules/_DarwinFoundation2-D0XAPJU49S5E9XMKYOFGSTB1Q.pcm
SwiftExplicitDependencyGeneratePcm arm64 /Users/admin/builder/spi-builder-workspace/.derivedData/SDKExplicitPrecompiledModules/_Builtin_limits-9GWPA2B0H20DYUNYHYCWKABJG.pcm
SwiftExplicitDependencyGeneratePcm arm64 /Users/admin/builder/spi-builder-workspace/.derivedData/SDKExplicitPrecompiledModules/SQLite3-5AWX4HLVYPUFTBU8N2ZLPZUG4.pcm
SwiftExplicitDependencyGeneratePcm arm64_32 /Users/admin/builder/spi-builder-workspace/.derivedData/SDKExplicitPrecompiledModules/_Builtin_stdint-1HMXWI3V0V4TXHRWZOMZGZ80Y.pcm
SwiftExplicitDependencyGeneratePcm arm64_32 /Users/admin/builder/spi-builder-workspace/.derivedData/SDKExplicitPrecompiledModules/string_h-BFVLUQUSBZWYMLCU9QI7VZALW.pcm
SwiftExplicitDependencyGeneratePcm arm64_32 /Users/admin/builder/spi-builder-workspace/.derivedData/SDKExplicitPrecompiledModules/sys_types-8TLLMW08ZJWDGIIPKOYFGHHZW.pcm
SwiftExplicitDependencyGeneratePcm arm64 /Users/admin/builder/spi-builder-workspace/.derivedData/SDKExplicitPrecompiledModules/sys_types-2KXQLI78OUCDP779AE68GZJ2.pcm
SwiftExplicitDependencyGeneratePcm arm64 /Users/admin/builder/spi-builder-workspace/.derivedData/SDKExplicitPrecompiledModules/_Builtin_stdint-8XMILLJZEGRN2XG7XZUXZ5RLX.pcm
SwiftExplicitDependencyGeneratePcm arm64 /Users/admin/builder/spi-builder-workspace/.derivedData/SDKExplicitPrecompiledModules/string_h-E6PRXK75PHIPCZFWOFCQ3QBMK.pcm
SwiftExplicitDependencyGeneratePcm arm64_32 /Users/admin/builder/spi-builder-workspace/.derivedData/SDKExplicitPrecompiledModules/_DarwinFoundation3-3DUTYQDQSD9HUAAVY947NMWOI.pcm
SwiftExplicitDependencyGeneratePcm arm64 /Users/admin/builder/spi-builder-workspace/.derivedData/SDKExplicitPrecompiledModules/_DarwinFoundation3-B97LRG0E9GON2NUE65TVG81HU.pcm
SwiftExplicitDependencyGeneratePcm arm64_32 /Users/admin/builder/spi-builder-workspace/.derivedData/SDKExplicitPrecompiledModules/_Builtin_inttypes-D2KPCR4PEX9AQA33NGLUT5SBR.pcm
SwiftExplicitDependencyGeneratePcm arm64 /Users/admin/builder/spi-builder-workspace/.derivedData/SDKExplicitPrecompiledModules/_Builtin_inttypes-3UQSCM7WNM9EK4HZML8TY5J3D.pcm
SwiftExplicitDependencyGeneratePcm arm64 /Users/admin/builder/spi-builder-workspace/.derivedData/SDKExplicitPrecompiledModules/Darwin-3984OXKFNSPE77NT743WK8SEX.pcm
SwiftExplicitDependencyGeneratePcm arm64_32 /Users/admin/builder/spi-builder-workspace/.derivedData/SDKExplicitPrecompiledModules/Darwin-3FVT1SKLN2ZQ5RVOABMTQBB34.pcm
SwiftExplicitDependencyGeneratePcm arm64_32 /Users/admin/builder/spi-builder-workspace/.derivedData/SDKExplicitPrecompiledModules/ObjectiveC-6IJNELR2E80E7LUKESVCP2KET.pcm
SwiftExplicitDependencyGeneratePcm arm64 /Users/admin/builder/spi-builder-workspace/.derivedData/SDKExplicitPrecompiledModules/ObjectiveC-72IVD3VS2RS8Q28D9PIMY0KQP.pcm
SwiftExplicitDependencyGeneratePcm arm64_32 /Users/admin/builder/spi-builder-workspace/.derivedData/SDKExplicitPrecompiledModules/os_object-5YWTC6L4756IWSTPGXS5NM0D0.pcm
SwiftExplicitDependencyGeneratePcm arm64 /Users/admin/builder/spi-builder-workspace/.derivedData/SDKExplicitPrecompiledModules/os_object-3SDKD7F87FTZ26OON37DRYT6O.pcm
SwiftExplicitDependencyGeneratePcm arm64 /Users/admin/builder/spi-builder-workspace/.derivedData/SDKExplicitPrecompiledModules/os_workgroup-89GG5G7YC2D0ZTK6AZXXQ20DH.pcm
SwiftExplicitDependencyGeneratePcm arm64_32 /Users/admin/builder/spi-builder-workspace/.derivedData/SDKExplicitPrecompiledModules/os_workgroup-5JHTPDMNBUNHLJI8LPHKQK1JK.pcm
SwiftExplicitDependencyGeneratePcm arm64 /Users/admin/builder/spi-builder-workspace/.derivedData/SDKExplicitPrecompiledModules/Dispatch-1NLJOVAK60XP0DUB05XA59EIM.pcm
SwiftExplicitDependencyGeneratePcm arm64_32 /Users/admin/builder/spi-builder-workspace/.derivedData/SDKExplicitPrecompiledModules/Dispatch-2P62F1T4XV63S4P99TUDTOK2Q.pcm
SwiftExplicitDependencyGeneratePcm arm64 /Users/admin/builder/spi-builder-workspace/.derivedData/SDKExplicitPrecompiledModules/CoreFoundation-8T2L24YC5NU7WO6WQJWRY7W08.pcm
SwiftExplicitDependencyGeneratePcm arm64 /Users/admin/builder/spi-builder-workspace/.derivedData/SDKExplicitPrecompiledModules/XPC-40DR0X1DHKGCV4J1IOLFS8MOU.pcm
SwiftExplicitDependencyGeneratePcm arm64_32 /Users/admin/builder/spi-builder-workspace/.derivedData/SDKExplicitPrecompiledModules/CoreFoundation-8E6Y4BA3EXYKUGJ24GT9LGV3N.pcm
SwiftExplicitDependencyGeneratePcm arm64_32 /Users/admin/builder/spi-builder-workspace/.derivedData/SDKExplicitPrecompiledModules/XPC-81Y45QFY96XYYFCW2GT6FY8S4.pcm
SwiftExplicitDependencyGeneratePcm arm64 /Users/admin/builder/spi-builder-workspace/.derivedData/SDKExplicitPrecompiledModules/Security-6RZ6YBRU8WCUHRFFRVUK5WKMM.pcm
SwiftExplicitDependencyGeneratePcm arm64_32 /Users/admin/builder/spi-builder-workspace/.derivedData/SDKExplicitPrecompiledModules/Security-D7TOWF88VWF67TB9HAFP5UWB1.pcm
SwiftExplicitDependencyGeneratePcm arm64_32 /Users/admin/builder/spi-builder-workspace/.derivedData/SDKExplicitPrecompiledModules/Foundation-BJ2VQGI3OGR34500MEQ1VKHPH.pcm
SwiftExplicitDependencyGeneratePcm arm64 /Users/admin/builder/spi-builder-workspace/.derivedData/SDKExplicitPrecompiledModules/Foundation-DLBKUSGXN8QHAT8W0OARR9S8A.pcm
SwiftEmitModule normal arm64 Emitting\ module\ for\ ZeeQL (in target 'ZeeQL' from project 'ZeeQL3')
/Users/admin/builder/spi-builder-workspace/.dependencies/checkouts/ZeeQL3/Sources/ZeeQL/Access/AdaptorQueryColumnRepresentable.swift:58:11: error: 'Int128' is only available in watchOS 11.0 or newer
56 | #if compiler(>=6)
57 | @available(macOS 15, iOS 13, *)
58 | extension Int128 : AdaptorQueryColumnRepresentable {}
| | `- error: 'Int128' is only available in watchOS 11.0 or newer
| `- note: add '@available' attribute to enclosing extension
59 | @available(macOS 15, iOS 13, *)
60 | extension UInt128 : AdaptorQueryColumnRepresentable {}
/Users/admin/builder/spi-builder-workspace/.dependencies/checkouts/ZeeQL3/Sources/ZeeQL/Access/AdaptorQueryColumnRepresentable.swift:60:11: error: 'UInt128' is only available in watchOS 11.0 or newer
58 | extension Int128 : AdaptorQueryColumnRepresentable {}
59 | @available(macOS 15, iOS 13, *)
60 | extension UInt128 : AdaptorQueryColumnRepresentable {}
| | `- error: 'UInt128' is only available in watchOS 11.0 or newer
| `- note: add '@available' attribute to enclosing extension
61 | #endif
62 |
/Users/admin/builder/spi-builder-workspace/.dependencies/checkouts/ZeeQL3/Sources/ZeeQL/Access/AdaptorQueryColumnRepresentable.swift:256:59: error: 'UInt128' is only available in watchOS 11.0 or newer
235 | }
236 |
237 | extension UUID: AdaptorQueryColumnRepresentable {
| `- note: add '@available' attribute to enclosing extension
238 |
239 | @inlinable
240 | public static func fromAdaptorQueryValue(_ value: Any?) throws -> UUID {
| `- note: add '@available' attribute to enclosing static method
241 | guard let value = value else {
242 | throw AdaptorQueryTypeError.nullInNonOptionalType(Self.self)
:
254 | }
255 | #if compiler(>=6)
256 | if #available(macOS 15, iOS 13, *), let n = value as? UInt128 {
| |- error: 'UInt128' is only available in watchOS 11.0 or newer
| `- note: add 'if #available' version check
257 | return withUnsafeBytes(of: n.bigEndian) { (raw: UnsafeRawBufferPointer) in
258 | UUID(uuid: ( raw[0], raw[1], raw[2], raw[3],
Failed frontend command:
SwiftCompile normal arm64 (in target 'ZeeQL' from project 'ZeeQL3')
cd /Users/admin/builder/spi-builder-workspace/.swiftpm/xcode
/Applications/Xcode-27.0.0-Release.Candidate.app/Contents/Developer/Toolchains/XcodeDefault.xctoolchain/usr/bin/swift-frontend -frontend -emit-module -experimental-skip-non-inlinable-function-bodies-without-types /Users/admin/builder/spi-builder-workspace/.dependencies/checkouts/ZeeQL3/Sources/ZeeQL/Access/AccessDataSource.swift /Users/admin/builder/spi-builder-workspace/.dependencies/checkouts/ZeeQL3/Sources/ZeeQL/Access/AccessDataSourceError.swift /Users/admin/builder/spi-builder-workspace/.dependencies/checkouts/ZeeQL3/Sources/ZeeQL/Access/AccessDataSourceFinders.swift /Users/admin/builder/spi-builder-workspace/.dependencies/checkouts/ZeeQL3/Sources/ZeeQL/Access/ActiveDataSource.swift /Users/admin/builder/spi-builder-workspace/.dependencies/checkouts/ZeeQL3/Sources/ZeeQL/Access/ActiveRecord.swift /Users/admin/builder/spi-builder-workspace/.dependencies/checkouts/ZeeQL3/Sources/ZeeQL/Access/ActiveRecordType.swift /Users/admin/builder/spi-builder-workspace/.dependencies/checkouts/ZeeQL3/Sources/ZeeQL/Access/Adaptor+Async.swift /Users/admin/builder/spi-builder-workspace/.dependencies/checkouts/ZeeQL3/Sources/ZeeQL/Access/Adaptor.swift /Users/admin/builder/spi-builder-workspace/.dependencies/checkouts/ZeeQL3/Sources/ZeeQL/Access/AdaptorAsyncRunner.swift /Users/admin/builder/spi-builder-workspace/.dependencies/checkouts/ZeeQL3/Sources/ZeeQL/Access/AdaptorChannel.swift /Users/admin/builder/spi-builder-workspace/.dependencies/checkouts/ZeeQL3/Sources/ZeeQL/Access/AdaptorChannelPool.swift /Users/admin/builder/spi-builder-workspace/.dependencies/checkouts/ZeeQL3/Sources/ZeeQL/Access/AdaptorDataSource.swift /Users/admin/builder/spi-builder-workspace/.dependencies/checkouts/ZeeQL3/Sources/ZeeQL/Access/AdaptorError.swift /Users/admin/builder/spi-builder-workspace/.dependencies/checkouts/ZeeQL3/Sources/ZeeQL/Access/AdaptorModelFetch.swift /Users/admin/builder/spi-builder-workspace/.dependencies/checkouts/ZeeQL3/Sources/ZeeQL/Access/AdaptorOperation.swift /Users/admin/builder/spi-builder-workspace/.dependencies/checkouts/ZeeQL3/Sources/ZeeQL/Access/AdaptorQueryColumnRepresentable.swift /Users/admin/builder/spi-builder-workspace/.dependencies/checkouts/ZeeQL3/Sources/ZeeQL/Access/AdaptorQueryType.swift /Users/admin/builder/spi-builder-workspace/.dependencies/checkouts/ZeeQL3/Sources/ZeeQL/Access/AdaptorRecord.swift /Users/admin/builder/spi-builder-workspace/.dependencies/checkouts/ZeeQL3/Sources/ZeeQL/Access/AdaptorRecordSchema.swift /Users/admin/builder/spi-builder-workspace/.dependencies/checkouts/ZeeQL3/Sources/ZeeQL/Access/Attribute.swift /Users/admin/builder/spi-builder-workspace/.dependencies/checkouts/ZeeQL3/Sources/ZeeQL/Access/AttributeKey.swift /Users/admin/builder/spi-builder-workspace/.dependencies/checkouts/ZeeQL3/Sources/ZeeQL/Access/AttributeValue.swift /Users/admin/builder/spi-builder-workspace/.dependencies/checkouts/ZeeQL3/Sources/ZeeQL/Access/CodeAttribute.swift /Users/admin/builder/spi-builder-workspace/.dependencies/checkouts/ZeeQL3/Sources/ZeeQL/Access/CodeEntity.swift /Users/admin/builder/spi-builder-workspace/.dependencies/checkouts/ZeeQL3/Sources/ZeeQL/Access/CodeRelationship.swift /Users/admin/builder/spi-builder-workspace/.dependencies/checkouts/ZeeQL3/Sources/ZeeQL/Access/CodeValueAttribute.swift /Users/admin/builder/spi-builder-workspace/.dependencies/checkouts/ZeeQL3/Sources/ZeeQL/Access/Database.swift /Users/admin/builder/spi-builder-workspace/.dependencies/checkouts/ZeeQL3/Sources/ZeeQL/Access/DatabaseChannel.swift /Users/admin/builder/spi-builder-workspace/.dependencies/checkouts/ZeeQL3/Sources/ZeeQL/Access/DatabaseChannelBase.swift /Users/admin/builder/spi-builder-workspace/.dependencies/checkouts/ZeeQL3/Sources/ZeeQL/Access/DatabaseChannelFetchHelper.swift /Users/admin/builder/spi-builder-workspace/.dependencies/checkouts/ZeeQL3/Sources/ZeeQL/Access/DatabaseContext.swift /Users/admin/builder/spi-builder-workspace/.dependencies/checkouts/ZeeQL3/Sources/ZeeQL/Access/DatabaseDataSource.swift /Users/admin/builder/spi-builder-workspace/.dependencies/checkouts/ZeeQL3/Sources/ZeeQL/Access/DatabaseObject.swift /Users/admin/builder/spi-builder-workspace/.dependencies/checkouts/ZeeQL3/Sources/ZeeQL/Access/DatabaseOperation.swift /Users/admin/builder/spi-builder-workspace/.dependencies/checkouts/ZeeQL3/Sources/ZeeQL/Access/Entity.swift /Users/admin/builder/spi-builder-workspace/.dependencies/checkouts/ZeeQL3/Sources/ZeeQL/Access/FancyModelMaker.swift /Users/admin/builder/spi-builder-workspace/.dependencies/checkouts/ZeeQL3/Sources/ZeeQL/Access/Join.swift /Users/admin/builder/spi-builder-workspace/.dependencies/checkouts/ZeeQL3/Sources/ZeeQL/Access/MirrorHelpers.swift /Users/admin/builder/spi-builder-workspace/.dependencies/checkouts/ZeeQL3/Sources/ZeeQL/Access/Model.swift /Users/admin/builder/spi-builder-workspace/.dependencies/checkouts/ZeeQL3/Sources/ZeeQL/Access/ModelLoader.swift /Users/admin/builder/spi-builder-workspace/.dependencies/checkouts/ZeeQL3/Sources/ZeeQL/Access/ModelPattern.swift /Users/admin/builder/spi-builder-workspace/.dependencies/checkouts/ZeeQL3/Sources/ZeeQL/Access/ModelSQLizer.swift /Users/admin/builder/spi-builder-workspace/.dependencies/checkouts/ZeeQL3/Sources/ZeeQL/Access/Property.swift /Users/admin/builder/spi-builder-workspace/.dependencies/checkouts/ZeeQL3/Sources/ZeeQL/Access/Relationship.swift /Users/admin/builder/spi-builder-workspace/.dependencies/checkouts/ZeeQL3/Sources/ZeeQL/Access/SQLAttributeChange.swift /Users/admin/builder/spi-builder-workspace/.dependencies/checkouts/ZeeQL3/Sources/ZeeQL/Access/SQLExpression.swift /Users/admin/builder/spi-builder-workspace/.dependencies/checkouts/ZeeQL3/Sources/ZeeQL/Access/SQLExpressionFactory.swift /Users/admin/builder/spi-builder-workspace/.dependencies/checkouts/ZeeQL3/Sources/ZeeQL/Access/SQLForeignKey.swift /Users/admin/builder/spi-builder-workspace/.dependencies/checkouts/ZeeQL3/Sources/ZeeQL/Access/SQLTableGroups.swift /Users/admin/builder/spi-builder-workspace/.dependencies/checkouts/ZeeQL3/Sources/ZeeQL/Access/SchemaGeneration.swift /Users/admin/builder/spi-builder-workspace/.dependencies/checkouts/ZeeQL3/Sources/ZeeQL/Access/SchemaSynchronization.swift /Users/admin/builder/spi-builder-workspace/.dependencies/checkouts/ZeeQL3/Sources/ZeeQL/Access/SchemaSynchronizationFactory.swift /Users/admin/builder/spi-builder-workspace/.dependencies/checkouts/ZeeQL3/Sources/ZeeQL/Access/TypedDatabaseChannel.swift /Users/admin/builder/spi-builder-workspace/.dependencies/checkouts/ZeeQL3/Sources/ZeeQL/Access/TypedFetchSpecification.swift /Users/admin/builder/spi-builder-workspace/.dependencies/checkouts/ZeeQL3/Sources/ZeeQL/Access/ZeeQLTypes.swift /Users/admin/builder/spi-builder-workspace/.dependencies/checkouts/ZeeQL3/Sources/ZeeQL/Control/ArrayDataSource.swift /Users/admin/builder/spi-builder-workspace/.dependencies/checkouts/ZeeQL3/Sources/ZeeQL/Control/BooleanQualifier.swift /Users/admin/builder/spi-builder-workspace/.dependencies/checkouts/ZeeQL3/Sources/ZeeQL/Control/ComparisonOperation.swift /Users/admin/builder/spi-builder-workspace/.dependencies/checkouts/ZeeQL3/Sources/ZeeQL/Control/CompoundQualifier.swift /Users/admin/builder/spi-builder-workspace/.dependencies/checkouts/ZeeQL3/Sources/ZeeQL/Control/Constant.swift /Users/admin/builder/spi-builder-workspace/.dependencies/checkouts/ZeeQL3/Sources/ZeeQL/Control/DataSource.swift /Users/admin/builder/spi-builder-workspace/.dependencies/checkouts/ZeeQL3/Sources/ZeeQL/Control/EntityType+Builder.swift /Users/admin/builder/spi-builder-workspace/.dependencies/checkouts/ZeeQL3/Sources/ZeeQL/Control/EntityType.swift /Users/admin/builder/spi-builder-workspace/.dependencies/checkouts/ZeeQL3/Sources/ZeeQL/Control/Expression.swift /Users/admin/builder/spi-builder-workspace/.dependencies/checkouts/ZeeQL3/Sources/ZeeQL/Control/ExpressionEvaluation.swift /Users/admin/builder/spi-builder-workspace/.dependencies/checkouts/ZeeQL3/Sources/ZeeQL/Control/FetchSpecification+Builder.swift /Users/admin/builder/spi-builder-workspace/.dependencies/checkouts/ZeeQL3/Sources/ZeeQL/Control/FetchSpecification.swift /Users/admin/builder/spi-builder-workspace/.dependencies/checkouts/ZeeQL3/Sources/ZeeQL/Control/GlobalID.swift /Users/admin/builder/spi-builder-workspace/.dependencies/checkouts/ZeeQL3/Sources/ZeeQL/Control/Key.swift /Users/admin/builder/spi-builder-workspace/.dependencies/checkouts/ZeeQL3/Sources/ZeeQL/Control/KeyComparisonQualifier.swift /Users/admin/builder/spi-builder-workspace/.dependencies/checkouts/ZeeQL3/Sources/ZeeQL/Control/KeyValueQualifier.swift /Users/admin/builder/spi-builder-workspace/.dependencies/checkouts/ZeeQL3/Sources/ZeeQL/Control/ModelFetchSpecification.swift /Users/admin/builder/spi-builder-workspace/.dependencies/checkouts/ZeeQL3/Sources/ZeeQL/Control/NotQualifier.swift /Users/admin/builder/spi-builder-workspace/.dependencies/checkouts/ZeeQL3/Sources/ZeeQL/Control/ObjectStore.swift /Users/admin/builder/spi-builder-workspace/.dependencies/checkouts/ZeeQL3/Sources/ZeeQL/Control/ObjectTrackingContext.swift /Users/admin/builder/spi-builder-workspace/.dependencies/checkouts/ZeeQL3/Sources/ZeeQL/Control/Qualifier.swift /Users/admin/builder/spi-builder-workspace/.dependencies/checkouts/ZeeQL3/Sources/ZeeQL/Control/QualifierEvaluation.swift /Users/admin/builder/spi-builder-workspace/.dependencies/checkouts/ZeeQL3/Sources/ZeeQL/Control/QualifierParser.swift /Users/admin/builder/spi-builder-workspace/.dependencies/checkouts/ZeeQL3/Sources/ZeeQL/Control/QualifierVariable.swift /Users/admin/builder/spi-builder-workspace/.dependencies/checkouts/ZeeQL3/Sources/ZeeQL/Control/SQLQualifier.swift /Users/admin/builder/spi-builder-workspace/.dependencies/checkouts/ZeeQL3/Sources/ZeeQL/Control/SortOrdering.swift /Users/admin/builder/spi-builder-workspace/.dependencies/checkouts/ZeeQL3/Sources/ZeeQL/Control/StoreKeyValueCoding.swift /Users/admin/builder/spi-builder-workspace/.dependencies/checkouts/ZeeQL3/Sources/ZeeQL/Foundation/AnyOptional.swift /Users/admin/builder/spi-builder-workspace/.dependencies/checkouts/ZeeQL3/Sources/ZeeQL/Foundation/Dictionary+Extensions.swift /Users/admin/builder/spi-builder-workspace/.dependencies/checkouts/ZeeQL3/Sources/ZeeQL/Foundation/EquatableType.swift /Users/admin/builder/spi-builder-workspace/.dependencies/checkouts/ZeeQL3/Sources/ZeeQL/Foundation/KeyValueStringFormatter.swift /Users/admin/builder/spi-builder-workspace/.dependencies/checkouts/ZeeQL3/Sources/ZeeQL/Foundation/Logger.swift /Users/admin/builder/spi-builder-workspace/.dependencies/checkouts/ZeeQL3/Sources/ZeeQL/Foundation/OpenDateInterval.swift /Users/admin/builder/spi-builder-workspace/.dependencies/checkouts/ZeeQL3/Sources/ZeeQL/Foundation/Pluralize.swift /Users/admin/builder/spi-builder-workspace/.dependencies/checkouts/ZeeQL3/Sources/ZeeQL/Foundation/SimpleKVC.swift /Users/admin/builder/spi-builder-workspace/.dependencies/checkouts/ZeeQL3/Sources/ZeeQL/Foundation/SmartDescription.swift /Users/admin/builder/spi-builder-workspace/.dependencies/checkouts/ZeeQL3/Sources/ZeeQL/SQLite3Adaptor/SQLite3Adaptor.swift /Users/admin/builder/spi-builder-workspace/.dependencies/checkouts/ZeeQL3/Sources/ZeeQL/SQLite3Adaptor/SQLite3AdaptorChannel.swift /Users/admin/builder/spi-builder-workspace/.dependencies/checkouts/ZeeQL3/Sources/ZeeQL/SQLite3Adaptor/SQLite3Expression.swift /Users/admin/builder/spi-builder-workspace/.dependencies/checkouts/ZeeQL3/Sources/ZeeQL/SQLite3Adaptor/SQLite3ModelFetch.swift /Users/admin/builder/spi-builder-workspace/.dependencies/checkouts/ZeeQL3/Sources/ZeeQL/SQLite3Adaptor/SQLite3SchemaSynchronizationFactory.swift -target arm64-apple-watchos9.0 -module-can-import CSQLite3 -module-can-import-version Foundation 5027.0.69 5027.0.69 -module-can-import SQLite3 -module-can-import-version Synchronization 6.4.0.31 0 -disable-cross-import-overlay-search -swift-module-cross-import Darwin /Applications/Xcode-27.0.0-Release.Candidate.app/Contents/Developer/Platforms/WatchOS.platform/Developer/SDKs/WatchOS.sdk/usr/include/Darwin.swiftcrossimport/xlocale.swiftoverlay -load-resolved-plugin /Applications/Xcode-27.0.0-Release.Candidate.app/Contents/Developer/Platforms/WatchOS.platform/Developer/usr/lib/swift/host/plugins/libFoundationMacros.dylib\#/Applications/Xcode-27.0.0-Release.Candidate.app/Contents/Developer/Platforms/WatchOS.platform/Developer/usr/bin/swift-plugin-server\#FoundationMacros -load-resolved-plugin /Applications/Xcode-27.0.0-Release.Candidate.app/Contents/Developer/Platforms/WatchOS.platform/Developer/usr/lib/swift/host/plugins/libObservationMacros.dylib\#/Applications/Xcode-27.0.0-Release.Candidate.app/Contents/Developer/Platforms/WatchOS.platform/Developer/usr/bin/swift-plugin-server\#ObservationMacros -load-resolved-plugin /Applications/Xcode-27.0.0-Release.Candidate.app/Contents/Developer/Platforms/WatchOS.platform/Developer/usr/lib/swift/host/plugins/libSwiftMacros.dylib\#/Applications/Xcode-27.0.0-Release.Candidate.app/Contents/Developer/Platforms/WatchOS.platform/Developer/usr/bin/swift-plugin-server\#SwiftMacros -disable-implicit-swift-modules -Xcc -fno-implicit-modules -Xcc -fno-implicit-module-maps -explicit-swift-module-map-file /Users/admin/builder/spi-builder-workspace/.derivedData/Build/Intermediates.noindex/ZeeQL3.build/Debug-watchos/ZeeQL-t.build/Objects-normal/arm64/ZeeQL-dependencies-1.json -Xllvm -aarch64-use-tbi -enable-objc-interop -stack-check -sdk /Applications/Xcode-27.0.0-Release.Candidate.app/Contents/Developer/Platforms/WatchOS.platform/Developer/SDKs/WatchOS27.0.sdk -I /Users/admin/builder/spi-builder-workspace/.derivedData/Build/Products/Debug-watchos -Isystem /Applications/Xcode-27.0.0-Release.Candidate.app/Contents/Developer/Platforms/WatchOS.platform/Developer/usr/lib -F /Users/admin/builder/spi-builder-workspace/.derivedData/Build/Products/Debug-watchos -F /Applications/Xcode-27.0.0-Release.Candidate.app/Contents/Developer/Platforms/WatchOS.platform/Developer/Library/Frameworks -F /Applications/Xcode-27.0.0-Release.Candidate.app/Contents/Developer/Platforms/WatchOS.platform/Developer/SDKs/WatchOS27.0.sdk/Developer/Library/Frameworks -module-cache-path /Users/admin/builder/spi-builder-workspace/.derivedData/Build/Intermediates.noindex/SwiftExplicitPrecompiledModules -no-color-diagnostics -Xcc -fno-color-diagnostics -enable-testing -g -debug-info-format\=dwarf -dwarf-version\=4 -suppress-warnings -swift-version 5 -Onone -D SWIFT_PACKAGE -D DEBUG -D SWIFT_MODULE_RESOURCE_BUNDLE_UNAVAILABLE -D Xcode -serialize-debugging-options -enable-experimental-feature DebugDescriptionMacro -empty-abi-descriptor -validate-clang-modules-once -clang-build-session-file /Users/admin/builder/spi-builder-workspace/.derivedData/ModuleCache.noindex/Session.modulevalidation -Xcc -working-directory -Xcc /Users/admin/builder/spi-builder-workspace/.swiftpm/xcode -enable-anonymous-context-mangled-names -file-compilation-dir /Users/admin/builder/spi-builder-workspace/.swiftpm/xcode -Xcc -fmodule-map-file\=/Users/admin/builder/spi-builder-workspace/.dependencies/checkouts/CSQLite3/Sources/CSQLite3/module.modulemap -Xcc -D_LIBCPP_HARDENING_MODE\=_LIBCPP_HARDENING_MODE_DEBUG -Xcc -ivfsstatcache -Xcc /Users/admin/builder/spi-builder-workspace/.derivedData/SDKStatCaches.noindex/watchos27.0-24R360-e829b21a6f8c9b70876ba0858053c04477534ef55a1706bf4c1112bbb242f0a2.sdkstatcache -Xcc -fmodules-prune-interval\=86400 -Xcc -fmodules-prune-after\=345600 -Xcc -I/Users/admin/builder/spi-builder-workspace/.derivedData/Build/Products/Debug-watchos/include -Xcc -I/Users/admin/builder/spi-builder-workspace/.derivedData/Build/Intermediates.noindex/ZeeQL3.build/Debug-watchos/ZeeQL-t.build/DerivedSources-normal/arm64 -Xcc -I/Users/admin/builder/spi-builder-workspace/.derivedData/Build/Intermediates.noindex/ZeeQL3.build/Debug-watchos/ZeeQL-t.build/DerivedSources/arm64 -Xcc -I/Users/admin/builder/spi-builder-workspace/.derivedData/Build/Intermediates.noindex/ZeeQL3.build/Debug-watchos/ZeeQL-t.build/DerivedSources -Xcc -DSWIFT_PACKAGE -Xcc -DDEBUG\=1 -no-auto-bridging-header-chaining -module-name ZeeQL -const-gather-protocols-file /Users/admin/builder/spi-builder-workspace/.derivedData/Build/Intermediates.noindex/ZeeQL3.build/Debug-watchos/ZeeQL-t.build/Objects-normal/arm64/ZeeQL_const_extract_protocols.json -disable-clang-spi -clang-target arm64-apple-watchos27.0 -target-sdk-version 27.0 -target-sdk-name watchos27.0 -in-process-plugin-server-path /Applications/Xcode-27.0.0-Release.Candidate.app/Contents/Developer/Toolchains/XcodeDefault.xctoolchain/usr/lib/swift/host/libSwiftInProcPluginServer.dylib -emit-module-doc-path /Users/admin/builder/spi-builder-workspace/.derivedData/Build/Intermediates.noindex/ZeeQL3.build/Debug-watchos/ZeeQL-t.build/Objects-normal/arm64/ZeeQL.swiftdoc -emit-module-source-info-path /Users/admin/builder/spi-builder-workspace/.derivedData/Build/Intermediates.noindex/ZeeQL3.build/Debug-watchos/ZeeQL-t.build/Objects-normal/arm64/ZeeQL.swiftsourceinfo -emit-objc-header-path /Users/admin/builder/spi-builder-workspace/.derivedData/Build/Intermediates.noindex/ZeeQL3.build/Debug-watchos/ZeeQL-t.build/Objects-normal/arm64/ZeeQL-Swift.h -serialize-diagnostics-path /Users/admin/builder/spi-builder-workspace/.derivedData/Build/Intermediates.noindex/ZeeQL3.build/Debug-watchos/ZeeQL-t.build/Objects-normal/arm64/ZeeQL-primary-emit-module.dia -emit-dependencies-path /Users/admin/builder/spi-builder-workspace/.derivedData/Build/Intermediates.noindex/ZeeQL3.build/Debug-watchos/ZeeQL-t.build/Objects-normal/arm64/ZeeQL-primary-emit-module.d -parse-as-library -o /Users/admin/builder/spi-builder-workspace/.derivedData/Build/Intermediates.noindex/ZeeQL3.build/Debug-watchos/ZeeQL-t.build/Objects-normal/arm64/ZeeQL.swiftmodule -emit-abi-descriptor-path /Users/admin/builder/spi-builder-workspace/.derivedData/Build/Intermediates.noindex/ZeeQL3.build/Debug-watchos/ZeeQL-t.build/Objects-normal/arm64/ZeeQL.abi.json
SwiftCompile normal arm64 Compiling\ QualifierVariable.swift,\ SQLQualifier.swift,\ SortOrdering.swift,\ StoreKeyValueCoding.swift,\ AnyOptional.swift,\ Dictionary+Extensions.swift,\ EquatableType.swift,\ KeyValueStringFormatter.swift,\ Logger.swift /Users/admin/builder/spi-builder-workspace/.dependencies/checkouts/ZeeQL3/Sources/ZeeQL/Control/QualifierVariable.swift /Users/admin/builder/spi-builder-workspace/.dependencies/checkouts/ZeeQL3/Sources/ZeeQL/Control/SQLQualifier.swift /Users/admin/builder/spi-builder-workspace/.dependencies/checkouts/ZeeQL3/Sources/ZeeQL/Control/SortOrdering.swift /Users/admin/builder/spi-builder-workspace/.dependencies/checkouts/ZeeQL3/Sources/ZeeQL/Control/StoreKeyValueCoding.swift /Users/admin/builder/spi-builder-workspace/.dependencies/checkouts/ZeeQL3/Sources/ZeeQL/Foundation/AnyOptional.swift /Users/admin/builder/spi-builder-workspace/.dependencies/checkouts/ZeeQL3/Sources/ZeeQL/Foundation/Dictionary+Extensions.swift /Users/admin/builder/spi-builder-workspace/.dependencies/checkouts/ZeeQL3/Sources/ZeeQL/Foundation/EquatableType.swift /Users/admin/builder/spi-builder-workspace/.dependencies/checkouts/ZeeQL3/Sources/ZeeQL/Foundation/KeyValueStringFormatter.swift /Users/admin/builder/spi-builder-workspace/.dependencies/checkouts/ZeeQL3/Sources/ZeeQL/Foundation/Logger.swift (in target 'ZeeQL' from project 'ZeeQL3')
SwiftCompile normal arm64 /Users/admin/builder/spi-builder-workspace/.dependencies/checkouts/ZeeQL3/Sources/ZeeQL/Control/QualifierVariable.swift (in target 'ZeeQL' from project 'ZeeQL3')
cd /Users/admin/builder/spi-builder-workspace/.swiftpm/xcode
builtin-SwiftPerFileCompile QualifierVariable.swift
SwiftCompile normal arm64 /Users/admin/builder/spi-builder-workspace/.dependencies/checkouts/ZeeQL3/Sources/ZeeQL/Control/SQLQualifier.swift (in target 'ZeeQL' from project 'ZeeQL3')
cd /Users/admin/builder/spi-builder-workspace/.swiftpm/xcode
builtin-SwiftPerFileCompile SQLQualifier.swift
SwiftCompile normal arm64 /Users/admin/builder/spi-builder-workspace/.dependencies/checkouts/ZeeQL3/Sources/ZeeQL/Control/SortOrdering.swift (in target 'ZeeQL' from project 'ZeeQL3')
cd /Users/admin/builder/spi-builder-workspace/.swiftpm/xcode
builtin-SwiftPerFileCompile SortOrdering.swift
SwiftCompile normal arm64 /Users/admin/builder/spi-builder-workspace/.dependencies/checkouts/ZeeQL3/Sources/ZeeQL/Control/StoreKeyValueCoding.swift (in target 'ZeeQL' from project 'ZeeQL3')
cd /Users/admin/builder/spi-builder-workspace/.swiftpm/xcode
builtin-SwiftPerFileCompile StoreKeyValueCoding.swift
SwiftCompile normal arm64 /Users/admin/builder/spi-builder-workspace/.dependencies/checkouts/ZeeQL3/Sources/ZeeQL/Foundation/AnyOptional.swift (in target 'ZeeQL' from project 'ZeeQL3')
cd /Users/admin/builder/spi-builder-workspace/.swiftpm/xcode
builtin-SwiftPerFileCompile AnyOptional.swift
SwiftCompile normal arm64 /Users/admin/builder/spi-builder-workspace/.dependencies/checkouts/ZeeQL3/Sources/ZeeQL/Foundation/Dictionary+Extensions.swift (in target 'ZeeQL' from project 'ZeeQL3')
cd /Users/admin/builder/spi-builder-workspace/.swiftpm/xcode
builtin-SwiftPerFileCompile Dictionary+Extensions.swift
SwiftCompile normal arm64 /Users/admin/builder/spi-builder-workspace/.dependencies/checkouts/ZeeQL3/Sources/ZeeQL/Foundation/EquatableType.swift (in target 'ZeeQL' from project 'ZeeQL3')
cd /Users/admin/builder/spi-builder-workspace/.swiftpm/xcode
builtin-SwiftPerFileCompile EquatableType.swift
SwiftCompile normal arm64 /Users/admin/builder/spi-builder-workspace/.dependencies/checkouts/ZeeQL3/Sources/ZeeQL/Foundation/KeyValueStringFormatter.swift (in target 'ZeeQL' from project 'ZeeQL3')
cd /Users/admin/builder/spi-builder-workspace/.swiftpm/xcode
builtin-SwiftPerFileCompile KeyValueStringFormatter.swift
SwiftCompile normal arm64 /Users/admin/builder/spi-builder-workspace/.dependencies/checkouts/ZeeQL3/Sources/ZeeQL/Foundation/Logger.swift (in target 'ZeeQL' from project 'ZeeQL3')
cd /Users/admin/builder/spi-builder-workspace/.swiftpm/xcode
builtin-SwiftPerFileCompile Logger.swift
SwiftCompile normal arm64 Compiling\ ModelPattern.swift,\ ModelSQLizer.swift,\ Property.swift,\ Relationship.swift,\ SQLAttributeChange.swift,\ SQLExpression.swift,\ SQLExpressionFactory.swift,\ SQLForeignKey.swift,\ SQLTableGroups.swift,\ SchemaGeneration.swift /Users/admin/builder/spi-builder-workspace/.dependencies/checkouts/ZeeQL3/Sources/ZeeQL/Access/ModelPattern.swift /Users/admin/builder/spi-builder-workspace/.dependencies/checkouts/ZeeQL3/Sources/ZeeQL/Access/ModelSQLizer.swift /Users/admin/builder/spi-builder-workspace/.dependencies/checkouts/ZeeQL3/Sources/ZeeQL/Access/Property.swift /Users/admin/builder/spi-builder-workspace/.dependencies/checkouts/ZeeQL3/Sources/ZeeQL/Access/Relationship.swift /Users/admin/builder/spi-builder-workspace/.dependencies/checkouts/ZeeQL3/Sources/ZeeQL/Access/SQLAttributeChange.swift /Users/admin/builder/spi-builder-workspace/.dependencies/checkouts/ZeeQL3/Sources/ZeeQL/Access/SQLExpression.swift /Users/admin/builder/spi-builder-workspace/.dependencies/checkouts/ZeeQL3/Sources/ZeeQL/Access/SQLExpressionFactory.swift /Users/admin/builder/spi-builder-workspace/.dependencies/checkouts/ZeeQL3/Sources/ZeeQL/Access/SQLForeignKey.swift /Users/admin/builder/spi-builder-workspace/.dependencies/checkouts/ZeeQL3/Sources/ZeeQL/Access/SQLTableGroups.swift /Users/admin/builder/spi-builder-workspace/.dependencies/checkouts/ZeeQL3/Sources/ZeeQL/Access/SchemaGeneration.swift (in target 'ZeeQL' from project 'ZeeQL3')
SwiftCompile normal arm64 /Users/admin/builder/spi-builder-workspace/.dependencies/checkouts/ZeeQL3/Sources/ZeeQL/Access/ModelPattern.swift (in target 'ZeeQL' from project 'ZeeQL3')
cd /Users/admin/builder/spi-builder-workspace/.swiftpm/xcode
builtin-SwiftPerFileCompile ModelPattern.swift
SwiftCompile normal arm64 /Users/admin/builder/spi-builder-workspace/.dependencies/checkouts/ZeeQL3/Sources/ZeeQL/Access/ModelSQLizer.swift (in target 'ZeeQL' from project 'ZeeQL3')
cd /Users/admin/builder/spi-builder-workspace/.swiftpm/xcode
builtin-SwiftPerFileCompile ModelSQLizer.swift
SwiftCompile normal arm64 /Users/admin/builder/spi-builder-workspace/.dependencies/checkouts/ZeeQL3/Sources/ZeeQL/Access/Property.swift (in target 'ZeeQL' from project 'ZeeQL3')
cd /Users/admin/builder/spi-builder-workspace/.swiftpm/xcode
builtin-SwiftPerFileCompile Property.swift
SwiftCompile normal arm64 /Users/admin/builder/spi-builder-workspace/.dependencies/checkouts/ZeeQL3/Sources/ZeeQL/Access/Relationship.swift (in target 'ZeeQL' from project 'ZeeQL3')
cd /Users/admin/builder/spi-builder-workspace/.swiftpm/xcode
builtin-SwiftPerFileCompile Relationship.swift
SwiftCompile normal arm64 /Users/admin/builder/spi-builder-workspace/.dependencies/checkouts/ZeeQL3/Sources/ZeeQL/Access/SQLAttributeChange.swift (in target 'ZeeQL' from project 'ZeeQL3')
cd /Users/admin/builder/spi-builder-workspace/.swiftpm/xcode
builtin-SwiftPerFileCompile SQLAttributeChange.swift
SwiftCompile normal arm64 /Users/admin/builder/spi-builder-workspace/.dependencies/checkouts/ZeeQL3/Sources/ZeeQL/Access/SQLExpression.swift (in target 'ZeeQL' from project 'ZeeQL3')
cd /Users/admin/builder/spi-builder-workspace/.swiftpm/xcode
builtin-SwiftPerFileCompile SQLExpression.swift
SwiftCompile normal arm64 /Users/admin/builder/spi-builder-workspace/.dependencies/checkouts/ZeeQL3/Sources/ZeeQL/Access/SQLExpressionFactory.swift (in target 'ZeeQL' from project 'ZeeQL3')
cd /Users/admin/builder/spi-builder-workspace/.swiftpm/xcode
builtin-SwiftPerFileCompile SQLExpressionFactory.swift
SwiftCompile normal arm64 /Users/admin/builder/spi-builder-workspace/.dependencies/checkouts/ZeeQL3/Sources/ZeeQL/Access/SQLForeignKey.swift (in target 'ZeeQL' from project 'ZeeQL3')
cd /Users/admin/builder/spi-builder-workspace/.swiftpm/xcode
builtin-SwiftPerFileCompile SQLForeignKey.swift
SwiftCompile normal arm64 /Users/admin/builder/spi-builder-workspace/.dependencies/checkouts/ZeeQL3/Sources/ZeeQL/Access/SQLTableGroups.swift (in target 'ZeeQL' from project 'ZeeQL3')
cd /Users/admin/builder/spi-builder-workspace/.swiftpm/xcode
builtin-SwiftPerFileCompile SQLTableGroups.swift
SwiftCompile normal arm64 /Users/admin/builder/spi-builder-workspace/.dependencies/checkouts/ZeeQL3/Sources/ZeeQL/Access/SchemaGeneration.swift (in target 'ZeeQL' from project 'ZeeQL3')
cd /Users/admin/builder/spi-builder-workspace/.swiftpm/xcode
builtin-SwiftPerFileCompile SchemaGeneration.swift
SwiftCompile normal arm64 Compiling\ OpenDateInterval.swift,\ Pluralize.swift,\ SimpleKVC.swift,\ SmartDescription.swift,\ SQLite3Adaptor.swift,\ SQLite3AdaptorChannel.swift,\ SQLite3Expression.swift,\ SQLite3ModelFetch.swift,\ SQLite3SchemaSynchronizationFactory.swift /Users/admin/builder/spi-builder-workspace/.dependencies/checkouts/ZeeQL3/Sources/ZeeQL/Foundation/OpenDateInterval.swift /Users/admin/builder/spi-builder-workspace/.dependencies/checkouts/ZeeQL3/Sources/ZeeQL/Foundation/Pluralize.swift /Users/admin/builder/spi-builder-workspace/.dependencies/checkouts/ZeeQL3/Sources/ZeeQL/Foundation/SimpleKVC.swift /Users/admin/builder/spi-builder-workspace/.dependencies/checkouts/ZeeQL3/Sources/ZeeQL/Foundation/SmartDescription.swift /Users/admin/builder/spi-builder-workspace/.dependencies/checkouts/ZeeQL3/Sources/ZeeQL/SQLite3Adaptor/SQLite3Adaptor.swift /Users/admin/builder/spi-builder-workspace/.dependencies/checkouts/ZeeQL3/Sources/ZeeQL/SQLite3Adaptor/SQLite3AdaptorChannel.swift /Users/admin/builder/spi-builder-workspace/.dependencies/checkouts/ZeeQL3/Sources/ZeeQL/SQLite3Adaptor/SQLite3Expression.swift /Users/admin/builder/spi-builder-workspace/.dependencies/checkouts/ZeeQL3/Sources/ZeeQL/SQLite3Adaptor/SQLite3ModelFetch.swift /Users/admin/builder/spi-builder-workspace/.dependencies/checkouts/ZeeQL3/Sources/ZeeQL/SQLite3Adaptor/SQLite3SchemaSynchronizationFactory.swift (in target 'ZeeQL' from project 'ZeeQL3')
SwiftCompile normal arm64 /Users/admin/builder/spi-builder-workspace/.dependencies/checkouts/ZeeQL3/Sources/ZeeQL/Foundation/OpenDateInterval.swift (in target 'ZeeQL' from project 'ZeeQL3')
cd /Users/admin/builder/spi-builder-workspace/.swiftpm/xcode
builtin-SwiftPerFileCompile OpenDateInterval.swift
SwiftCompile normal arm64 /Users/admin/builder/spi-builder-workspace/.dependencies/checkouts/ZeeQL3/Sources/ZeeQL/Foundation/Pluralize.swift (in target 'ZeeQL' from project 'ZeeQL3')
cd /Users/admin/builder/spi-builder-workspace/.swiftpm/xcode
builtin-SwiftPerFileCompile Pluralize.swift
SwiftCompile normal arm64 /Users/admin/builder/spi-builder-workspace/.dependencies/checkouts/ZeeQL3/Sources/ZeeQL/Foundation/SimpleKVC.swift (in target 'ZeeQL' from project 'ZeeQL3')
cd /Users/admin/builder/spi-builder-workspace/.swiftpm/xcode
builtin-SwiftPerFileCompile SimpleKVC.swift
SwiftCompile normal arm64 /Users/admin/builder/spi-builder-workspace/.dependencies/checkouts/ZeeQL3/Sources/ZeeQL/Foundation/SmartDescription.swift (in target 'ZeeQL' from project 'ZeeQL3')
cd /Users/admin/builder/spi-builder-workspace/.swiftpm/xcode
builtin-SwiftPerFileCompile SmartDescription.swift
SwiftCompile normal arm64 /Users/admin/builder/spi-builder-workspace/.dependencies/checkouts/ZeeQL3/Sources/ZeeQL/SQLite3Adaptor/SQLite3Adaptor.swift (in target 'ZeeQL' from project 'ZeeQL3')
cd /Users/admin/builder/spi-builder-workspace/.swiftpm/xcode
builtin-SwiftPerFileCompile SQLite3Adaptor.swift
SwiftCompile normal arm64 /Users/admin/builder/spi-builder-workspace/.dependencies/checkouts/ZeeQL3/Sources/ZeeQL/SQLite3Adaptor/SQLite3AdaptorChannel.swift (in target 'ZeeQL' from project 'ZeeQL3')
cd /Users/admin/builder/spi-builder-workspace/.swiftpm/xcode
builtin-SwiftPerFileCompile SQLite3AdaptorChannel.swift
SwiftCompile normal arm64 /Users/admin/builder/spi-builder-workspace/.dependencies/checkouts/ZeeQL3/Sources/ZeeQL/SQLite3Adaptor/SQLite3Expression.swift (in target 'ZeeQL' from project 'ZeeQL3')
cd /Users/admin/builder/spi-builder-workspace/.swiftpm/xcode
builtin-SwiftPerFileCompile SQLite3Expression.swift
SwiftCompile normal arm64 /Users/admin/builder/spi-builder-workspace/.dependencies/checkouts/ZeeQL3/Sources/ZeeQL/SQLite3Adaptor/SQLite3ModelFetch.swift (in target 'ZeeQL' from project 'ZeeQL3')
cd /Users/admin/builder/spi-builder-workspace/.swiftpm/xcode
builtin-SwiftPerFileCompile SQLite3ModelFetch.swift
SwiftCompile normal arm64 /Users/admin/builder/spi-builder-workspace/.dependencies/checkouts/ZeeQL3/Sources/ZeeQL/SQLite3Adaptor/SQLite3SchemaSynchronizationFactory.swift (in target 'ZeeQL' from project 'ZeeQL3')
cd /Users/admin/builder/spi-builder-workspace/.swiftpm/xcode
builtin-SwiftPerFileCompile SQLite3SchemaSynchronizationFactory.swift
SwiftCompile normal arm64 Compiling\ DataSource.swift,\ EntityType+Builder.swift,\ EntityType.swift,\ Expression.swift,\ ExpressionEvaluation.swift,\ FetchSpecification+Builder.swift,\ FetchSpecification.swift,\ GlobalID.swift,\ Key.swift /Users/admin/builder/spi-builder-workspace/.dependencies/checkouts/ZeeQL3/Sources/ZeeQL/Control/DataSource.swift /Users/admin/builder/spi-builder-workspace/.dependencies/checkouts/ZeeQL3/Sources/ZeeQL/Control/EntityType+Builder.swift /Users/admin/builder/spi-builder-workspace/.dependencies/checkouts/ZeeQL3/Sources/ZeeQL/Control/EntityType.swift /Users/admin/builder/spi-builder-workspace/.dependencies/checkouts/ZeeQL3/Sources/ZeeQL/Control/Expression.swift /Users/admin/builder/spi-builder-workspace/.dependencies/checkouts/ZeeQL3/Sources/ZeeQL/Control/ExpressionEvaluation.swift /Users/admin/builder/spi-builder-workspace/.dependencies/checkouts/ZeeQL3/Sources/ZeeQL/Control/FetchSpecification+Builder.swift /Users/admin/builder/spi-builder-workspace/.dependencies/checkouts/ZeeQL3/Sources/ZeeQL/Control/FetchSpecification.swift /Users/admin/builder/spi-builder-workspace/.dependencies/checkouts/ZeeQL3/Sources/ZeeQL/Control/GlobalID.swift /Users/admin/builder/spi-builder-workspace/.dependencies/checkouts/ZeeQL3/Sources/ZeeQL/Control/Key.swift (in target 'ZeeQL' from project 'ZeeQL3')
SwiftCompile normal arm64 /Users/admin/builder/spi-builder-workspace/.dependencies/checkouts/ZeeQL3/Sources/ZeeQL/Control/DataSource.swift (in target 'ZeeQL' from project 'ZeeQL3')
cd /Users/admin/builder/spi-builder-workspace/.swiftpm/xcode
builtin-SwiftPerFileCompile DataSource.swift
SwiftCompile normal arm64 /Users/admin/builder/spi-builder-workspace/.dependencies/checkouts/ZeeQL3/Sources/ZeeQL/Control/EntityType+Builder.swift (in target 'ZeeQL' from project 'ZeeQL3')
cd /Users/admin/builder/spi-builder-workspace/.swiftpm/xcode
builtin-SwiftPerFileCompile EntityType+Builder.swift
SwiftCompile normal arm64 /Users/admin/builder/spi-builder-workspace/.dependencies/checkouts/ZeeQL3/Sources/ZeeQL/Control/EntityType.swift (in target 'ZeeQL' from project 'ZeeQL3')
cd /Users/admin/builder/spi-builder-workspace/.swiftpm/xcode
builtin-SwiftPerFileCompile EntityType.swift
SwiftCompile normal arm64 /Users/admin/builder/spi-builder-workspace/.dependencies/checkouts/ZeeQL3/Sources/ZeeQL/Control/Expression.swift (in target 'ZeeQL' from project 'ZeeQL3')
cd /Users/admin/builder/spi-builder-workspace/.swiftpm/xcode
builtin-SwiftPerFileCompile Expression.swift
SwiftCompile normal arm64 /Users/admin/builder/spi-builder-workspace/.dependencies/checkouts/ZeeQL3/Sources/ZeeQL/Control/ExpressionEvaluation.swift (in target 'ZeeQL' from project 'ZeeQL3')
cd /Users/admin/builder/spi-builder-workspace/.swiftpm/xcode
builtin-SwiftPerFileCompile ExpressionEvaluation.swift
SwiftCompile normal arm64 /Users/admin/builder/spi-builder-workspace/.dependencies/checkouts/ZeeQL3/Sources/ZeeQL/Control/FetchSpecification+Builder.swift (in target 'ZeeQL' from project 'ZeeQL3')
cd /Users/admin/builder/spi-builder-workspace/.swiftpm/xcode
builtin-SwiftPerFileCompile FetchSpecification+Builder.swift
SwiftCompile normal arm64 /Users/admin/builder/spi-builder-workspace/.dependencies/checkouts/ZeeQL3/Sources/ZeeQL/Control/FetchSpecification.swift (in target 'ZeeQL' from project 'ZeeQL3')
cd /Users/admin/builder/spi-builder-workspace/.swiftpm/xcode
builtin-SwiftPerFileCompile FetchSpecification.swift
SwiftCompile normal arm64 /Users/admin/builder/spi-builder-workspace/.dependencies/checkouts/ZeeQL3/Sources/ZeeQL/Control/GlobalID.swift (in target 'ZeeQL' from project 'ZeeQL3')
cd /Users/admin/builder/spi-builder-workspace/.swiftpm/xcode
builtin-SwiftPerFileCompile GlobalID.swift
SwiftCompile normal arm64 /Users/admin/builder/spi-builder-workspace/.dependencies/checkouts/ZeeQL3/Sources/ZeeQL/Control/Key.swift (in target 'ZeeQL' from project 'ZeeQL3')
cd /Users/admin/builder/spi-builder-workspace/.swiftpm/xcode
builtin-SwiftPerFileCompile Key.swift
SwiftCompile normal arm64 Compiling\ SchemaSynchronization.swift,\ SchemaSynchronizationFactory.swift,\ TypedDatabaseChannel.swift,\ TypedFetchSpecification.swift,\ ZeeQLTypes.swift,\ ArrayDataSource.swift,\ BooleanQualifier.swift,\ ComparisonOperation.swift,\ CompoundQualifier.swift,\ Constant.swift /Users/admin/builder/spi-builder-workspace/.dependencies/checkouts/ZeeQL3/Sources/ZeeQL/Access/SchemaSynchronization.swift /Users/admin/builder/spi-builder-workspace/.dependencies/checkouts/ZeeQL3/Sources/ZeeQL/Access/SchemaSynchronizationFactory.swift /Users/admin/builder/spi-builder-workspace/.dependencies/checkouts/ZeeQL3/Sources/ZeeQL/Access/TypedDatabaseChannel.swift /Users/admin/builder/spi-builder-workspace/.dependencies/checkouts/ZeeQL3/Sources/ZeeQL/Access/TypedFetchSpecification.swift /Users/admin/builder/spi-builder-workspace/.dependencies/checkouts/ZeeQL3/Sources/ZeeQL/Access/ZeeQLTypes.swift /Users/admin/builder/spi-builder-workspace/.dependencies/checkouts/ZeeQL3/Sources/ZeeQL/Control/ArrayDataSource.swift /Users/admin/builder/spi-builder-workspace/.dependencies/checkouts/ZeeQL3/Sources/ZeeQL/Control/BooleanQualifier.swift /Users/admin/builder/spi-builder-workspace/.dependencies/checkouts/ZeeQL3/Sources/ZeeQL/Control/ComparisonOperation.swift /Users/admin/builder/spi-builder-workspace/.dependencies/checkouts/ZeeQL3/Sources/ZeeQL/Control/CompoundQualifier.swift /Users/admin/builder/spi-builder-workspace/.dependencies/checkouts/ZeeQL3/Sources/ZeeQL/Control/Constant.swift (in target 'ZeeQL' from project 'ZeeQL3')
SwiftCompile normal arm64 /Users/admin/builder/spi-builder-workspace/.dependencies/checkouts/ZeeQL3/Sources/ZeeQL/Access/SchemaSynchronization.swift (in target 'ZeeQL' from project 'ZeeQL3')
cd /Users/admin/builder/spi-builder-workspace/.swiftpm/xcode
builtin-SwiftPerFileCompile SchemaSynchronization.swift
SwiftCompile normal arm64 /Users/admin/builder/spi-builder-workspace/.dependencies/checkouts/ZeeQL3/Sources/ZeeQL/Access/SchemaSynchronizationFactory.swift (in target 'ZeeQL' from project 'ZeeQL3')
cd /Users/admin/builder/spi-builder-workspace/.swiftpm/xcode
builtin-SwiftPerFileCompile SchemaSynchronizationFactory.swift
SwiftCompile normal arm64 /Users/admin/builder/spi-builder-workspace/.dependencies/checkouts/ZeeQL3/Sources/ZeeQL/Access/TypedDatabaseChannel.swift (in target 'ZeeQL' from project 'ZeeQL3')
cd /Users/admin/builder/spi-builder-workspace/.swiftpm/xcode
builtin-SwiftPerFileCompile TypedDatabaseChannel.swift
SwiftCompile normal arm64 /Users/admin/builder/spi-builder-workspace/.dependencies/checkouts/ZeeQL3/Sources/ZeeQL/Access/TypedFetchSpecification.swift (in target 'ZeeQL' from project 'ZeeQL3')
cd /Users/admin/builder/spi-builder-workspace/.swiftpm/xcode
builtin-SwiftPerFileCompile TypedFetchSpecification.swift
SwiftCompile normal arm64 /Users/admin/builder/spi-builder-workspace/.dependencies/checkouts/ZeeQL3/Sources/ZeeQL/Access/ZeeQLTypes.swift (in target 'ZeeQL' from project 'ZeeQL3')
cd /Users/admin/builder/spi-builder-workspace/.swiftpm/xcode
builtin-SwiftPerFileCompile ZeeQLTypes.swift
SwiftCompile normal arm64 /Users/admin/builder/spi-builder-workspace/.dependencies/checkouts/ZeeQL3/Sources/ZeeQL/Control/ArrayDataSource.swift (in target 'ZeeQL' from project 'ZeeQL3')
cd /Users/admin/builder/spi-builder-workspace/.swiftpm/xcode
builtin-SwiftPerFileCompile ArrayDataSource.swift
SwiftCompile normal arm64 /Users/admin/builder/spi-builder-workspace/.dependencies/checkouts/ZeeQL3/Sources/ZeeQL/Control/BooleanQualifier.swift (in target 'ZeeQL' from project 'ZeeQL3')
cd /Users/admin/builder/spi-builder-workspace/.swiftpm/xcode
builtin-SwiftPerFileCompile BooleanQualifier.swift
SwiftCompile normal arm64 /Users/admin/builder/spi-builder-workspace/.dependencies/checkouts/ZeeQL3/Sources/ZeeQL/Control/ComparisonOperation.swift (in target 'ZeeQL' from project 'ZeeQL3')
cd /Users/admin/builder/spi-builder-workspace/.swiftpm/xcode
builtin-SwiftPerFileCompile ComparisonOperation.swift
SwiftCompile normal arm64 /Users/admin/builder/spi-builder-workspace/.dependencies/checkouts/ZeeQL3/Sources/ZeeQL/Control/CompoundQualifier.swift (in target 'ZeeQL' from project 'ZeeQL3')
cd /Users/admin/builder/spi-builder-workspace/.swiftpm/xcode
builtin-SwiftPerFileCompile CompoundQualifier.swift
SwiftCompile normal arm64 /Users/admin/builder/spi-builder-workspace/.dependencies/checkouts/ZeeQL3/Sources/ZeeQL/Control/Constant.swift (in target 'ZeeQL' from project 'ZeeQL3')
cd /Users/admin/builder/spi-builder-workspace/.swiftpm/xcode
builtin-SwiftPerFileCompile Constant.swift
SwiftCompile normal arm64 Compiling\ DatabaseContext.swift,\ DatabaseDataSource.swift,\ DatabaseObject.swift,\ DatabaseOperation.swift,\ Entity.swift,\ FancyModelMaker.swift,\ Join.swift,\ MirrorHelpers.swift,\ Model.swift,\ ModelLoader.swift /Users/admin/builder/spi-builder-workspace/.dependencies/checkouts/ZeeQL3/Sources/ZeeQL/Access/DatabaseContext.swift /Users/admin/builder/spi-builder-workspace/.dependencies/checkouts/ZeeQL3/Sources/ZeeQL/Access/DatabaseDataSource.swift /Users/admin/builder/spi-builder-workspace/.dependencies/checkouts/ZeeQL3/Sources/ZeeQL/Access/DatabaseObject.swift /Users/admin/builder/spi-builder-workspace/.dependencies/checkouts/ZeeQL3/Sources/ZeeQL/Access/DatabaseOperation.swift /Users/admin/builder/spi-builder-workspace/.dependencies/checkouts/ZeeQL3/Sources/ZeeQL/Access/Entity.swift /Users/admin/builder/spi-builder-workspace/.dependencies/checkouts/ZeeQL3/Sources/ZeeQL/Access/FancyModelMaker.swift /Users/admin/builder/spi-builder-workspace/.dependencies/checkouts/ZeeQL3/Sources/ZeeQL/Access/Join.swift /Users/admin/builder/spi-builder-workspace/.dependencies/checkouts/ZeeQL3/Sources/ZeeQL/Access/MirrorHelpers.swift /Users/admin/builder/spi-builder-workspace/.dependencies/checkouts/ZeeQL3/Sources/ZeeQL/Access/Model.swift /Users/admin/builder/spi-builder-workspace/.dependencies/checkouts/ZeeQL3/Sources/ZeeQL/Access/ModelLoader.swift (in target 'ZeeQL' from project 'ZeeQL3')
/Users/admin/builder/spi-builder-workspace/.dependencies/checkouts/ZeeQL3/Sources/ZeeQL/Access/ModelLoader.swift:1546:39: error: value of type 'XMLNode' has no member 'kind'
1544 | guard let children else { return nil }
1545 | var content : String?
1546 | for child in children where child.kind == .text {
| `- error: value of type 'XMLNode' has no member 'kind'
1547 | if let s = child.stringValue {
1548 | if content == nil { content = s } else { content?.append(s) }
SwiftCompile normal arm64 /Users/admin/builder/spi-builder-workspace/.dependencies/checkouts/ZeeQL3/Sources/ZeeQL/Access/DatabaseContext.swift (in target 'ZeeQL' from project 'ZeeQL3')
cd /Users/admin/builder/spi-builder-workspace/.swiftpm/xcode
builtin-SwiftPerFileCompile DatabaseContext.swift
SwiftCompile normal arm64 /Users/admin/builder/spi-builder-workspace/.dependencies/checkouts/ZeeQL3/Sources/ZeeQL/Access/DatabaseDataSource.swift (in target 'ZeeQL' from project 'ZeeQL3')
cd /Users/admin/builder/spi-builder-workspace/.swiftpm/xcode
builtin-SwiftPerFileCompile DatabaseDataSource.swift
SwiftCompile normal arm64 /Users/admin/builder/spi-builder-workspace/.dependencies/checkouts/ZeeQL3/Sources/ZeeQL/Access/DatabaseObject.swift (in target 'ZeeQL' from project 'ZeeQL3')
cd /Users/admin/builder/spi-builder-workspace/.swiftpm/xcode
builtin-SwiftPerFileCompile DatabaseObject.swift
SwiftCompile normal arm64 /Users/admin/builder/spi-builder-workspace/.dependencies/checkouts/ZeeQL3/Sources/ZeeQL/Access/DatabaseOperation.swift (in target 'ZeeQL' from project 'ZeeQL3')
cd /Users/admin/builder/spi-builder-workspace/.swiftpm/xcode
builtin-SwiftPerFileCompile DatabaseOperation.swift
SwiftCompile normal arm64 /Users/admin/builder/spi-builder-workspace/.dependencies/checkouts/ZeeQL3/Sources/ZeeQL/Access/Entity.swift (in target 'ZeeQL' from project 'ZeeQL3')
cd /Users/admin/builder/spi-builder-workspace/.swiftpm/xcode
builtin-SwiftPerFileCompile Entity.swift
SwiftCompile normal arm64 /Users/admin/builder/spi-builder-workspace/.dependencies/checkouts/ZeeQL3/Sources/ZeeQL/Access/FancyModelMaker.swift (in target 'ZeeQL' from project 'ZeeQL3')
cd /Users/admin/builder/spi-builder-workspace/.swiftpm/xcode
builtin-SwiftPerFileCompile FancyModelMaker.swift
SwiftCompile normal arm64 /Users/admin/builder/spi-builder-workspace/.dependencies/checkouts/ZeeQL3/Sources/ZeeQL/Access/Join.swift (in target 'ZeeQL' from project 'ZeeQL3')
cd /Users/admin/builder/spi-builder-workspace/.swiftpm/xcode
builtin-SwiftPerFileCompile Join.swift
SwiftCompile normal arm64 /Users/admin/builder/spi-builder-workspace/.dependencies/checkouts/ZeeQL3/Sources/ZeeQL/Access/MirrorHelpers.swift (in target 'ZeeQL' from project 'ZeeQL3')
cd /Users/admin/builder/spi-builder-workspace/.swiftpm/xcode
builtin-SwiftPerFileCompile MirrorHelpers.swift
SwiftCompile normal arm64 /Users/admin/builder/spi-builder-workspace/.dependencies/checkouts/ZeeQL3/Sources/ZeeQL/Access/Model.swift (in target 'ZeeQL' from project 'ZeeQL3')
cd /Users/admin/builder/spi-builder-workspace/.swiftpm/xcode
builtin-SwiftPerFileCompile Model.swift
SwiftCompile normal arm64 /Users/admin/builder/spi-builder-workspace/.dependencies/checkouts/ZeeQL3/Sources/ZeeQL/Access/ModelLoader.swift (in target 'ZeeQL' from project 'ZeeQL3')
cd /Users/admin/builder/spi-builder-workspace/.swiftpm/xcode
builtin-SwiftPerFileCompile ModelLoader.swift
SwiftCompile normal arm64 Compiling\ KeyComparisonQualifier.swift,\ KeyValueQualifier.swift,\ ModelFetchSpecification.swift,\ NotQualifier.swift,\ ObjectStore.swift,\ ObjectTrackingContext.swift,\ Qualifier.swift,\ QualifierEvaluation.swift,\ QualifierParser.swift /Users/admin/builder/spi-builder-workspace/.dependencies/checkouts/ZeeQL3/Sources/ZeeQL/Control/KeyComparisonQualifier.swift /Users/admin/builder/spi-builder-workspace/.dependencies/checkouts/ZeeQL3/Sources/ZeeQL/Control/KeyValueQualifier.swift /Users/admin/builder/spi-builder-workspace/.dependencies/checkouts/ZeeQL3/Sources/ZeeQL/Control/ModelFetchSpecification.swift /Users/admin/builder/spi-builder-workspace/.dependencies/checkouts/ZeeQL3/Sources/ZeeQL/Control/NotQualifier.swift /Users/admin/builder/spi-builder-workspace/.dependencies/checkouts/ZeeQL3/Sources/ZeeQL/Control/ObjectStore.swift /Users/admin/builder/spi-builder-workspace/.dependencies/checkouts/ZeeQL3/Sources/ZeeQL/Control/ObjectTrackingContext.swift /Users/admin/builder/spi-builder-workspace/.dependencies/checkouts/ZeeQL3/Sources/ZeeQL/Control/Qualifier.swift /Users/admin/builder/spi-builder-workspace/.dependencies/checkouts/ZeeQL3/Sources/ZeeQL/Control/QualifierEvaluation.swift /Users/admin/builder/spi-builder-workspace/.dependencies/checkouts/ZeeQL3/Sources/ZeeQL/Control/QualifierParser.swift (in target 'ZeeQL' from project 'ZeeQL3')
SwiftCompile normal arm64 /Users/admin/builder/spi-builder-workspace/.dependencies/checkouts/ZeeQL3/Sources/ZeeQL/Control/KeyComparisonQualifier.swift (in target 'ZeeQL' from project 'ZeeQL3')
cd /Users/admin/builder/spi-builder-workspace/.swiftpm/xcode
builtin-SwiftPerFileCompile KeyComparisonQualifier.swift
SwiftCompile normal arm64 /Users/admin/builder/spi-builder-workspace/.dependencies/checkouts/ZeeQL3/Sources/ZeeQL/Control/KeyValueQualifier.swift (in target 'ZeeQL' from project 'ZeeQL3')
cd /Users/admin/builder/spi-builder-workspace/.swiftpm/xcode
builtin-SwiftPerFileCompile KeyValueQualifier.swift
SwiftCompile normal arm64 /Users/admin/builder/spi-builder-workspace/.dependencies/checkouts/ZeeQL3/Sources/ZeeQL/Control/ModelFetchSpecification.swift (in target 'ZeeQL' from project 'ZeeQL3')
cd /Users/admin/builder/spi-builder-workspace/.swiftpm/xcode
builtin-SwiftPerFileCompile ModelFetchSpecification.swift
SwiftCompile normal arm64 /Users/admin/builder/spi-builder-workspace/.dependencies/checkouts/ZeeQL3/Sources/ZeeQL/Control/NotQualifier.swift (in target 'ZeeQL' from project 'ZeeQL3')
cd /Users/admin/builder/spi-builder-workspace/.swiftpm/xcode
builtin-SwiftPerFileCompile NotQualifier.swift
SwiftCompile normal arm64 /Users/admin/builder/spi-builder-workspace/.dependencies/checkouts/ZeeQL3/Sources/ZeeQL/Control/ObjectStore.swift (in target 'ZeeQL' from project 'ZeeQL3')
cd /Users/admin/builder/spi-builder-workspace/.swiftpm/xcode
builtin-SwiftPerFileCompile ObjectStore.swift
SwiftCompile normal arm64 /Users/admin/builder/spi-builder-workspace/.dependencies/checkouts/ZeeQL3/Sources/ZeeQL/Control/ObjectTrackingContext.swift (in target 'ZeeQL' from project 'ZeeQL3')
cd /Users/admin/builder/spi-builder-workspace/.swiftpm/xcode
builtin-SwiftPerFileCompile ObjectTrackingContext.swift
SwiftCompile normal arm64 /Users/admin/builder/spi-builder-workspace/.dependencies/checkouts/ZeeQL3/Sources/ZeeQL/Control/Qualifier.swift (in target 'ZeeQL' from project 'ZeeQL3')
cd /Users/admin/builder/spi-builder-workspace/.swiftpm/xcode
builtin-SwiftPerFileCompile Qualifier.swift
SwiftCompile normal arm64 /Users/admin/builder/spi-builder-workspace/.dependencies/checkouts/ZeeQL3/Sources/ZeeQL/Control/QualifierEvaluation.swift (in target 'ZeeQL' from project 'ZeeQL3')
cd /Users/admin/builder/spi-builder-workspace/.swiftpm/xcode
builtin-SwiftPerFileCompile QualifierEvaluation.swift
SwiftCompile normal arm64 /Users/admin/builder/spi-builder-workspace/.dependencies/checkouts/ZeeQL3/Sources/ZeeQL/Control/QualifierParser.swift (in target 'ZeeQL' from project 'ZeeQL3')
cd /Users/admin/builder/spi-builder-workspace/.swiftpm/xcode
builtin-SwiftPerFileCompile QualifierParser.swift
SwiftCompile normal arm64 Compiling\ AttributeKey.swift,\ AttributeValue.swift,\ CodeAttribute.swift,\ CodeEntity.swift,\ CodeRelationship.swift,\ CodeValueAttribute.swift,\ Database.swift,\ DatabaseChannel.swift,\ DatabaseChannelBase.swift,\ DatabaseChannelFetchHelper.swift /Users/admin/builder/spi-builder-workspace/.dependencies/checkouts/ZeeQL3/Sources/ZeeQL/Access/AttributeKey.swift /Users/admin/builder/spi-builder-workspace/.dependencies/checkouts/ZeeQL3/Sources/ZeeQL/Access/AttributeValue.swift /Users/admin/builder/spi-builder-workspace/.dependencies/checkouts/ZeeQL3/Sources/ZeeQL/Access/CodeAttribute.swift /Users/admin/builder/spi-builder-workspace/.dependencies/checkouts/ZeeQL3/Sources/ZeeQL/Access/CodeEntity.swift /Users/admin/builder/spi-builder-workspace/.dependencies/checkouts/ZeeQL3/Sources/ZeeQL/Access/CodeRelationship.swift /Users/admin/builder/spi-builder-workspace/.dependencies/checkouts/ZeeQL3/Sources/ZeeQL/Access/CodeValueAttribute.swift /Users/admin/builder/spi-builder-workspace/.dependencies/checkouts/ZeeQL3/Sources/ZeeQL/Access/Database.swift /Users/admin/builder/spi-builder-workspace/.dependencies/checkouts/ZeeQL3/Sources/ZeeQL/Access/DatabaseChannel.swift /Users/admin/builder/spi-builder-workspace/.dependencies/checkouts/ZeeQL3/Sources/ZeeQL/Access/DatabaseChannelBase.swift /Users/admin/builder/spi-builder-workspace/.dependencies/checkouts/ZeeQL3/Sources/ZeeQL/Access/DatabaseChannelFetchHelper.swift (in target 'ZeeQL' from project 'ZeeQL3')
SwiftCompile normal arm64 /Users/admin/builder/spi-builder-workspace/.dependencies/checkouts/ZeeQL3/Sources/ZeeQL/Access/AttributeKey.swift (in target 'ZeeQL' from project 'ZeeQL3')
cd /Users/admin/builder/spi-builder-workspace/.swiftpm/xcode
builtin-SwiftPerFileCompile AttributeKey.swift
SwiftCompile normal arm64 /Users/admin/builder/spi-builder-workspace/.dependencies/checkouts/ZeeQL3/Sources/ZeeQL/Access/AttributeValue.swift (in target 'ZeeQL' from project 'ZeeQL3')
cd /Users/admin/builder/spi-builder-workspace/.swiftpm/xcode
builtin-SwiftPerFileCompile AttributeValue.swift
SwiftCompile normal arm64 /Users/admin/builder/spi-builder-workspace/.dependencies/checkouts/ZeeQL3/Sources/ZeeQL/Access/CodeAttribute.swift (in target 'ZeeQL' from project 'ZeeQL3')
cd /Users/admin/builder/spi-builder-workspace/.swiftpm/xcode
builtin-SwiftPerFileCompile CodeAttribute.swift
SwiftCompile normal arm64 /Users/admin/builder/spi-builder-workspace/.dependencies/checkouts/ZeeQL3/Sources/ZeeQL/Access/CodeEntity.swift (in target 'ZeeQL' from project 'ZeeQL3')
cd /Users/admin/builder/spi-builder-workspace/.swiftpm/xcode
builtin-SwiftPerFileCompile CodeEntity.swift
SwiftCompile normal arm64 /Users/admin/builder/spi-builder-workspace/.dependencies/checkouts/ZeeQL3/Sources/ZeeQL/Access/CodeRelationship.swift (in target 'ZeeQL' from project 'ZeeQL3')
cd /Users/admin/builder/spi-builder-workspace/.swiftpm/xcode
builtin-SwiftPerFileCompile CodeRelationship.swift
SwiftCompile normal arm64 /Users/admin/builder/spi-builder-workspace/.dependencies/checkouts/ZeeQL3/Sources/ZeeQL/Access/CodeValueAttribute.swift (in target 'ZeeQL' from project 'ZeeQL3')
cd /Users/admin/builder/spi-builder-workspace/.swiftpm/xcode
builtin-SwiftPerFileCompile CodeValueAttribute.swift
SwiftCompile normal arm64 /Users/admin/builder/spi-builder-workspace/.dependencies/checkouts/ZeeQL3/Sources/ZeeQL/Access/Database.swift (in target 'ZeeQL' from project 'ZeeQL3')
cd /Users/admin/builder/spi-builder-workspace/.swiftpm/xcode
builtin-SwiftPerFileCompile Database.swift
SwiftCompile normal arm64 /Users/admin/builder/spi-builder-workspace/.dependencies/checkouts/ZeeQL3/Sources/ZeeQL/Access/DatabaseChannel.swift (in target 'ZeeQL' from project 'ZeeQL3')
cd /Users/admin/builder/spi-builder-workspace/.swiftpm/xcode
builtin-SwiftPerFileCompile DatabaseChannel.swift
SwiftCompile normal arm64 /Users/admin/builder/spi-builder-workspace/.dependencies/checkouts/ZeeQL3/Sources/ZeeQL/Access/DatabaseChannelBase.swift (in target 'ZeeQL' from project 'ZeeQL3')
cd /Users/admin/builder/spi-builder-workspace/.swiftpm/xcode
builtin-SwiftPerFileCompile DatabaseChannelBase.swift
SwiftCompile normal arm64 /Users/admin/builder/spi-builder-workspace/.dependencies/checkouts/ZeeQL3/Sources/ZeeQL/Access/DatabaseChannelFetchHelper.swift (in target 'ZeeQL' from project 'ZeeQL3')
cd /Users/admin/builder/spi-builder-workspace/.swiftpm/xcode
builtin-SwiftPerFileCompile DatabaseChannelFetchHelper.swift
SwiftEmitModule normal arm64 Emitting\ module\ for\ Freddy (in target 'Freddy' from project 'Freddy')
SwiftCompile normal arm64 (in target 'Freddy' from project 'Freddy')
cd /Users/admin/builder/spi-builder-workspace/.swiftpm/xcode
SwiftEmitModule normal arm64_32 Emitting\ module\ for\ ZeeQL (in target 'ZeeQL' from project 'ZeeQL3')
/Users/admin/builder/spi-builder-workspace/.dependencies/checkouts/ZeeQL3/Sources/ZeeQL/Access/AdaptorQueryColumnRepresentable.swift:58:11: error: 'Int128' is only available in watchOS 11.0 or newer
56 | #if compiler(>=6)
57 | @available(macOS 15, iOS 13, *)
58 | extension Int128 : AdaptorQueryColumnRepresentable {}
| | `- error: 'Int128' is only available in watchOS 11.0 or newer
| `- note: add '@available' attribute to enclosing extension
59 | @available(macOS 15, iOS 13, *)
60 | extension UInt128 : AdaptorQueryColumnRepresentable {}
/Users/admin/builder/spi-builder-workspace/.dependencies/checkouts/ZeeQL3/Sources/ZeeQL/Access/AdaptorQueryColumnRepresentable.swift:60:11: error: 'UInt128' is only available in watchOS 11.0 or newer
58 | extension Int128 : AdaptorQueryColumnRepresentable {}
59 | @available(macOS 15, iOS 13, *)
60 | extension UInt128 : AdaptorQueryColumnRepresentable {}
| | `- error: 'UInt128' is only available in watchOS 11.0 or newer
| `- note: add '@available' attribute to enclosing extension
61 | #endif
62 |
SwiftCompile normal arm64_32 (in target 'ZeeQL' from project 'ZeeQL3')
cd /Users/admin/builder/spi-builder-workspace/.swiftpm/xcode
SwiftDriverJobDiscovery normal arm64 Emitting module for Freddy (in target 'Freddy' from project 'Freddy')
SwiftDriver\ Compilation\ Requirements Freddy normal arm64 com.apple.xcode.tools.swift.compiler (in target 'Freddy' from project 'Freddy')
cd /Users/admin/builder/spi-builder-workspace/.swiftpm/xcode
builtin-Swift-Compilation-Requirements -- /Applications/Xcode-27.0.0-Release.Candidate.app/Contents/Developer/Toolchains/XcodeDefault.xctoolchain/usr/bin/swiftc -parse-as-library -module-name Freddy -Onone @/Users/admin/builder/spi-builder-workspace/.derivedData/Build/Intermediates.noindex/Freddy.build/Debug-watchos/Freddy-t.build/Objects-normal/arm64/Freddy.SwiftFileList -DSWIFT_PACKAGE -DDEBUG -DSWIFT_MODULE_RESOURCE_BUNDLE_UNAVAILABLE -DXcode -plugin-path /Applications/Xcode-27.0.0-Release.Candidate.app/Contents/Developer/Toolchains/XcodeDefault.xctoolchain/usr/lib/swift/host/plugins/testing -enable-experimental-feature DebugDescriptionMacro -sdk /Applications/Xcode-27.0.0-Release.Candidate.app/Contents/Developer/Platforms/WatchOS.platform/Developer/SDKs/WatchOS27.0.sdk -target arm64-apple-watchos9.0 -g -module-cache-path /Users/admin/builder/spi-builder-workspace/.derivedData/ModuleCache.noindex -Xfrontend -serialize-debugging-options -enable-testing -suppress-warnings -index-store-path /Users/admin/builder/spi-builder-workspace/.derivedData/Index.noindex/DataStore -Xcc -D_LIBCPP_HARDENING_MODE\=_LIBCPP_HARDENING_MODE_DEBUG -swift-version 5 -I /Users/admin/builder/spi-builder-workspace/.derivedData/Build/Products/Debug-watchos -Isystem /Applications/Xcode-27.0.0-Release.Candidate.app/Contents/Developer/Platforms/WatchOS.platform/Developer/usr/lib -F /Users/admin/builder/spi-builder-workspace/.derivedData/Build/Products/Debug-watchos -F /Applications/Xcode-27.0.0-Release.Candidate.app/Contents/Developer/Platforms/WatchOS.platform/Developer/Library/Frameworks -F /Applications/Xcode-27.0.0-Release.Candidate.app/Contents/Developer/Platforms/WatchOS.platform/Developer/SDKs/WatchOS27.0.sdk/Developer/Library/Frameworks -c -j10 -enable-batch-mode -incremental -Xcc -ivfsstatcache -Xcc /Users/admin/builder/spi-builder-workspace/.derivedData/SDKStatCaches.noindex/watchos27.0-24R360-e829b21a6f8c9b70876ba0858053c04477534ef55a1706bf4c1112bbb242f0a2.sdkstatcache -output-file-map /Users/admin/builder/spi-builder-workspace/.derivedData/Build/Intermediates.noindex/Freddy.build/Debug-watchos/Freddy-t.build/Objects-normal/arm64/Freddy-OutputFileMap.json -save-temps -no-color-diagnostics -explicit-module-build -module-cache-path /Users/admin/builder/spi-builder-workspace/.derivedData/Build/Intermediates.noindex/SwiftExplicitPrecompiledModules -clang-scanner-module-cache-path /Users/admin/builder/spi-builder-workspace/.derivedData/ModuleCache.noindex -sdk-module-cache-path /Users/admin/builder/spi-builder-workspace/.derivedData/SDKExplicitPrecompiledModules -emit-dependencies -emit-module -emit-module-path /Users/admin/builder/spi-builder-workspace/.derivedData/Build/Intermediates.noindex/Freddy.build/Debug-watchos/Freddy-t.build/Objects-normal/arm64/Freddy.swiftmodule -serialize-diagnostics -dependency-scan-serialize-diagnostics-path /Users/admin/builder/spi-builder-workspace/.derivedData/Build/Intermediates.noindex/Freddy.build/Debug-watchos/Freddy-t.build/Objects-normal/arm64/Freddy-dependency-scan.dia -validate-clang-modules-once -clang-build-session-file /Users/admin/builder/spi-builder-workspace/.derivedData/ModuleCache.noindex/Session.modulevalidation -Xcc -fmodules-prune-interval\=86400 -Xcc -fmodules-prune-after\=345600 -emit-const-values -const-gather-protocols-list /Users/admin/builder/spi-builder-workspace/.derivedData/Build/Intermediates.noindex/Freddy.build/Debug-watchos/Freddy-t.build/Objects-normal/arm64/Freddy_const_extract_protocols.json -Xcc -I/Users/admin/builder/spi-builder-workspace/.derivedData/Build/Products/Debug-watchos/include -Xcc -I/Users/admin/builder/spi-builder-workspace/.derivedData/Build/Intermediates.noindex/Freddy.build/Debug-watchos/Freddy-t.build/DerivedSources-normal/arm64 -Xcc -I/Users/admin/builder/spi-builder-workspace/.derivedData/Build/Intermediates.noindex/Freddy.build/Debug-watchos/Freddy-t.build/DerivedSources/arm64 -Xcc -I/Users/admin/builder/spi-builder-workspace/.derivedData/Build/Intermediates.noindex/Freddy.build/Debug-watchos/Freddy-t.build/DerivedSources -Xcc -DSWIFT_PACKAGE -Xcc -DDEBUG\=1 -emit-objc-header -emit-objc-header-path /Users/admin/builder/spi-builder-workspace/.derivedData/Build/Intermediates.noindex/Freddy.build/Debug-watchos/Freddy-t.build/Objects-normal/arm64/Freddy-Swift.h -working-directory /Users/admin/builder/spi-builder-workspace/.swiftpm/xcode -experimental-emit-module-separately -disable-cmo
PruneExplicitPrecompiledModules /Users/admin/builder/spi-builder-workspace/.derivedData/Build/Intermediates.noindex/ExplicitPrecompiledModules
PruneExplicitPrecompiledModules /Users/admin/builder/spi-builder-workspace/.derivedData/Build/Intermediates.noindex/SwiftExplicitPrecompiledModules
PruneExplicitPrecompiledModules /Users/admin/builder/spi-builder-workspace/.derivedData/SDKExplicitPrecompiledModules
2026-09-17 08:41:43.467 xcodebuild[763:4769] [MT] IDERunDestination: Supported platforms for the buildables in the current scheme is empty.
** BUILD FAILED **
The following build commands failed:
SwiftCompile normal arm64 (in target 'ZeeQL' from project 'ZeeQL3')
SwiftEmitModule normal arm64 Emitting\ module\ for\ ZeeQL (in target 'ZeeQL' from project 'ZeeQL3')
Building workspace ZeeQL3Freddy with scheme ZeeQL3Freddy
(3 failures)
Command line invocation:
/Applications/Xcode-27.0.0-Release.Candidate.app/Contents/Developer/usr/bin/xcodebuild -IDEClonedSourcePackagesDirPathOverride=/Users/admin/builder/spi-builder-workspace/.dependencies -resolvePackageDependencies
Resolve Package Graph
Resolved source packages:
CSQLite3: https://github.com/ZeeQL/CSQLite3.git @ 2.0.3
ZeeQL3Freddy: /Users/admin/builder/spi-builder-workspace
ZeeQL3: https://github.com/ZeeQL/ZeeQL3.git @ 0.10.0
Freddy: https://github.com/modswift/Freddy.git @ 3.0.58
resolved source packages: CSQLite3, ZeeQL3Freddy, ZeeQL3, Freddy
2026-09-17 08:41:49.971 xcodebuild[869:5379] [MT] IDERunDestination: Supported platforms for the buildables in the current scheme is empty.
{
"dependencies" : [
{
"identity" : "zeeql3",
"requirement" : {
"range" : [
{
"lower_bound" : "0.9.3",
"upper_bound" : "1.0.0"
}
]
},
"type" : "sourceControl",
"url" : "https://github.com/ZeeQL/ZeeQL3.git"
},
{
"identity" : "freddy",
"requirement" : {
"range" : [
{
"lower_bound" : "3.0.58",
"upper_bound" : "4.0.0"
}
]
},
"type" : "sourceControl",
"url" : "https://github.com/modswift/Freddy.git"
}
],
"manifest_display_name" : "ZeeQL3Freddy",
"name" : "ZeeQL3Freddy",
"path" : "/Users/admin/builder/spi-builder-workspace",
"platforms" : [
],
"products" : [
{
"name" : "ZeeQL3Freddy",
"targets" : [
"ZeeQL3Freddy"
],
"type" : {
"library" : [
"automatic"
]
}
}
],
"targets" : [
{
"c99name" : "ZeeQL3Freddy",
"module_type" : "SwiftTarget",
"name" : "ZeeQL3Freddy",
"path" : "Sources/ZeeQL3Freddy",
"product_dependencies" : [
"ZeeQL",
"Freddy"
],
"product_memberships" : [
"ZeeQL3Freddy"
],
"sources" : [
"ActiveRecordJSON.swift",
"JSONEncodableType.swift"
],
"type" : "library"
}
],
"tools_version" : "4.2"
}
{
"workspace" : {
"name" : "ZeeQL3Freddy",
"schemes" : [
"ZeeQL3Freddy"
]
}
}
2026-09-17 08:41:51.263 xcodebuild[877:5446] [MT] IDERunDestination: Supported platforms for the buildables in the current scheme is empty.
Running build ...
env DEVELOPER_DIR=/Applications/Xcode-27.0.0-Release.Candidate.app xcrun xcodebuild -IDEClonedSourcePackagesDirPathOverride=$PWD/.dependencies -skipMacroValidation -skipPackagePluginValidation -derivedDataPath $PWD/.derivedData build -scheme ZeeQL3Freddy -destination generic/platform=watchOS
Command line invocation:
/Applications/Xcode-27.0.0-Release.Candidate.app/Contents/Developer/usr/bin/xcodebuild -IDEClonedSourcePackagesDirPathOverride=/Users/admin/builder/spi-builder-workspace/.dependencies -skipMacroValidation -skipPackagePluginValidation -derivedDataPath /Users/admin/builder/spi-builder-workspace/.derivedData build -scheme ZeeQL3Freddy -destination generic/platform=watchOS
Resolve Package Graph
Resolved source packages:
Freddy: https://github.com/modswift/Freddy.git @ 3.0.58
ZeeQL3Freddy: /Users/admin/builder/spi-builder-workspace
CSQLite3: https://github.com/ZeeQL/CSQLite3.git @ 2.0.3
ZeeQL3: https://github.com/ZeeQL/ZeeQL3.git @ 0.10.0
ComputePackagePrebuildTargetDependencyGraph
Prepare packages
CreateBuildRequest
SendProjectDescription
CreateBuildOperation
ComputeTargetDependencyGraph
note: Building targets in dependency order
note: Target dependency graph (8 targets)
Target 'ZeeQL3Freddy-product' in project 'ZeeQL3Freddy'
➜ Explicit dependency on target 'ZeeQL3Freddy' in project 'ZeeQL3Freddy'
➜ Explicit dependency on target 'ZeeQL-product' in project 'ZeeQL3'
➜ Explicit dependency on target 'Freddy-product' in project 'Freddy'
Target 'ZeeQL3Freddy' in project 'ZeeQL3Freddy'
➜ Explicit dependency on target 'ZeeQL-product' in project 'ZeeQL3'
➜ Explicit dependency on target 'Freddy-product' in project 'Freddy'
Target 'Freddy-product' in project 'Freddy'
➜ Explicit dependency on target 'Freddy' in project 'Freddy'
Target 'Freddy' in project 'Freddy' (no dependencies)
Target 'ZeeQL-product' in project 'ZeeQL3'
➜ Explicit dependency on target 'ZeeQL' in project 'ZeeQL3'
➜ Explicit dependency on target 'CSQLite3-product' in project 'CSQLite3'
Target 'ZeeQL' in project 'ZeeQL3'
➜ Explicit dependency on target 'CSQLite3-product' in project 'CSQLite3'
Target 'CSQLite3-product' in project 'CSQLite3'
➜ Explicit dependency on target 'CSQLite3' in project 'CSQLite3'
Target 'CSQLite3' in project 'CSQLite3' (no dependencies)
GatherProvisioningInputs
CreateBuildDescription
ClangStatCache /Applications/Xcode-27.0.0-Release.Candidate.app/Contents/Developer/Toolchains/XcodeDefault.xctoolchain/usr/bin/clang-stat-cache /Applications/Xcode-27.0.0-Release.Candidate.app/Contents/Developer/Platforms/WatchOS.platform/Developer/SDKs/WatchOS27.0.sdk /Users/admin/builder/spi-builder-workspace/.derivedData/SDKStatCaches.noindex/watchos27.0-24R360-e829b21a6f8c9b70876ba0858053c04477534ef55a1706bf4c1112bbb242f0a2.sdkstatcache
cd /Users/admin/builder/spi-builder-workspace/.swiftpm/xcode
/Applications/Xcode-27.0.0-Release.Candidate.app/Contents/Developer/Toolchains/XcodeDefault.xctoolchain/usr/bin/clang-stat-cache /Applications/Xcode-27.0.0-Release.Candidate.app/Contents/Developer/Platforms/WatchOS.platform/Developer/SDKs/WatchOS27.0.sdk -o /Users/admin/builder/spi-builder-workspace/.derivedData/SDKStatCaches.noindex/watchos27.0-24R360-e829b21a6f8c9b70876ba0858053c04477534ef55a1706bf4c1112bbb242f0a2.sdkstatcache
SwiftDriver ZeeQL normal arm64 com.apple.xcode.tools.swift.compiler (in target 'ZeeQL' from project 'ZeeQL3')
cd /Users/admin/builder/spi-builder-workspace/.swiftpm/xcode
builtin-SwiftDriver -- /Applications/Xcode-27.0.0-Release.Candidate.app/Contents/Developer/Toolchains/XcodeDefault.xctoolchain/usr/bin/swiftc -parse-as-library -module-name ZeeQL -Onone @/Users/admin/builder/spi-builder-workspace/.derivedData/Build/Intermediates.noindex/ZeeQL3.build/Debug-watchos/ZeeQL-t.build/Objects-normal/arm64/ZeeQL.SwiftFileList -DSWIFT_PACKAGE -DDEBUG -DSWIFT_MODULE_RESOURCE_BUNDLE_UNAVAILABLE -Xcc -fmodule-map-file\=/Users/admin/builder/spi-builder-workspace/.dependencies/checkouts/CSQLite3/Sources/CSQLite3/module.modulemap -DXcode -plugin-path /Applications/Xcode-27.0.0-Release.Candidate.app/Contents/Developer/Toolchains/XcodeDefault.xctoolchain/usr/lib/swift/host/plugins/testing -enable-experimental-feature DebugDescriptionMacro -sdk /Applications/Xcode-27.0.0-Release.Candidate.app/Contents/Developer/Platforms/WatchOS.platform/Developer/SDKs/WatchOS27.0.sdk -target arm64-apple-watchos9.0 -g -module-cache-path /Users/admin/builder/spi-builder-workspace/.derivedData/ModuleCache.noindex -Xfrontend -serialize-debugging-options -enable-testing -suppress-warnings -index-store-path /Users/admin/builder/spi-builder-workspace/.derivedData/Index.noindex/DataStore -Xcc -D_LIBCPP_HARDENING_MODE\=_LIBCPP_HARDENING_MODE_DEBUG -swift-version 5 -I /Users/admin/builder/spi-builder-workspace/.derivedData/Build/Products/Debug-watchos -Isystem /Applications/Xcode-27.0.0-Release.Candidate.app/Contents/Developer/Platforms/WatchOS.platform/Developer/usr/lib -F /Users/admin/builder/spi-builder-workspace/.derivedData/Build/Products/Debug-watchos -F /Applications/Xcode-27.0.0-Release.Candidate.app/Contents/Developer/Platforms/WatchOS.platform/Developer/Library/Frameworks -F /Applications/Xcode-27.0.0-Release.Candidate.app/Contents/Developer/Platforms/WatchOS.platform/Developer/SDKs/WatchOS27.0.sdk/Developer/Library/Frameworks -c -j10 -enable-batch-mode -incremental -Xcc -ivfsstatcache -Xcc /Users/admin/builder/spi-builder-workspace/.derivedData/SDKStatCaches.noindex/watchos27.0-24R360-e829b21a6f8c9b70876ba0858053c04477534ef55a1706bf4c1112bbb242f0a2.sdkstatcache -output-file-map /Users/admin/builder/spi-builder-workspace/.derivedData/Build/Intermediates.noindex/ZeeQL3.build/Debug-watchos/ZeeQL-t.build/Objects-normal/arm64/ZeeQL-OutputFileMap.json -save-temps -no-color-diagnostics -explicit-module-build -module-cache-path /Users/admin/builder/spi-builder-workspace/.derivedData/Build/Intermediates.noindex/SwiftExplicitPrecompiledModules -clang-scanner-module-cache-path /Users/admin/builder/spi-builder-workspace/.derivedData/ModuleCache.noindex -sdk-module-cache-path /Users/admin/builder/spi-builder-workspace/.derivedData/SDKExplicitPrecompiledModules -emit-dependencies -emit-module -emit-module-path /Users/admin/builder/spi-builder-workspace/.derivedData/Build/Intermediates.noindex/ZeeQL3.build/Debug-watchos/ZeeQL-t.build/Objects-normal/arm64/ZeeQL.swiftmodule -serialize-diagnostics -dependency-scan-serialize-diagnostics-path /Users/admin/builder/spi-builder-workspace/.derivedData/Build/Intermediates.noindex/ZeeQL3.build/Debug-watchos/ZeeQL-t.build/Objects-normal/arm64/ZeeQL-dependency-scan.dia -validate-clang-modules-once -clang-build-session-file /Users/admin/builder/spi-builder-workspace/.derivedData/ModuleCache.noindex/Session.modulevalidation -Xcc -fmodules-prune-interval\=86400 -Xcc -fmodules-prune-after\=345600 -emit-const-values -const-gather-protocols-list /Users/admin/builder/spi-builder-workspace/.derivedData/Build/Intermediates.noindex/ZeeQL3.build/Debug-watchos/ZeeQL-t.build/Objects-normal/arm64/ZeeQL_const_extract_protocols.json -Xcc -I/Users/admin/builder/spi-builder-workspace/.derivedData/Build/Products/Debug-watchos/include -Xcc -I/Users/admin/builder/spi-builder-workspace/.derivedData/Build/Intermediates.noindex/ZeeQL3.build/Debug-watchos/ZeeQL-t.build/DerivedSources-normal/arm64 -Xcc -I/Users/admin/builder/spi-builder-workspace/.derivedData/Build/Intermediates.noindex/ZeeQL3.build/Debug-watchos/ZeeQL-t.build/DerivedSources/arm64 -Xcc -I/Users/admin/builder/spi-builder-workspace/.derivedData/Build/Intermediates.noindex/ZeeQL3.build/Debug-watchos/ZeeQL-t.build/DerivedSources -Xcc -DSWIFT_PACKAGE -Xcc -DDEBUG\=1 -emit-objc-header -emit-objc-header-path /Users/admin/builder/spi-builder-workspace/.derivedData/Build/Intermediates.noindex/ZeeQL3.build/Debug-watchos/ZeeQL-t.build/Objects-normal/arm64/ZeeQL-Swift.h -working-directory /Users/admin/builder/spi-builder-workspace/.swiftpm/xcode -experimental-emit-module-separately -disable-cmo
SwiftDriver ZeeQL normal arm64_32 com.apple.xcode.tools.swift.compiler (in target 'ZeeQL' from project 'ZeeQL3')
cd /Users/admin/builder/spi-builder-workspace/.swiftpm/xcode
builtin-SwiftDriver -- /Applications/Xcode-27.0.0-Release.Candidate.app/Contents/Developer/Toolchains/XcodeDefault.xctoolchain/usr/bin/swiftc -parse-as-library -module-name ZeeQL -Onone @/Users/admin/builder/spi-builder-workspace/.derivedData/Build/Intermediates.noindex/ZeeQL3.build/Debug-watchos/ZeeQL-t.build/Objects-normal/arm64_32/ZeeQL.SwiftFileList -DSWIFT_PACKAGE -DDEBUG -DSWIFT_MODULE_RESOURCE_BUNDLE_UNAVAILABLE -Xcc -fmodule-map-file\=/Users/admin/builder/spi-builder-workspace/.dependencies/checkouts/CSQLite3/Sources/CSQLite3/module.modulemap -DXcode -plugin-path /Applications/Xcode-27.0.0-Release.Candidate.app/Contents/Developer/Toolchains/XcodeDefault.xctoolchain/usr/lib/swift/host/plugins/testing -enable-experimental-feature DebugDescriptionMacro -sdk /Applications/Xcode-27.0.0-Release.Candidate.app/Contents/Developer/Platforms/WatchOS.platform/Developer/SDKs/WatchOS27.0.sdk -target arm64_32-apple-watchos9.0 -g -module-cache-path /Users/admin/builder/spi-builder-workspace/.derivedData/ModuleCache.noindex -Xfrontend -serialize-debugging-options -enable-testing -suppress-warnings -index-store-path /Users/admin/builder/spi-builder-workspace/.derivedData/Index.noindex/DataStore -Xcc -D_LIBCPP_HARDENING_MODE\=_LIBCPP_HARDENING_MODE_DEBUG -swift-version 5 -I /Users/admin/builder/spi-builder-workspace/.derivedData/Build/Products/Debug-watchos -Isystem /Applications/Xcode-27.0.0-Release.Candidate.app/Contents/Developer/Platforms/WatchOS.platform/Developer/usr/lib -F /Users/admin/builder/spi-builder-workspace/.derivedData/Build/Products/Debug-watchos -F /Applications/Xcode-27.0.0-Release.Candidate.app/Contents/Developer/Platforms/WatchOS.platform/Developer/Library/Frameworks -F /Applications/Xcode-27.0.0-Release.Candidate.app/Contents/Developer/Platforms/WatchOS.platform/Developer/SDKs/WatchOS27.0.sdk/Developer/Library/Frameworks -c -j10 -enable-batch-mode -incremental -Xcc -ivfsstatcache -Xcc /Users/admin/builder/spi-builder-workspace/.derivedData/SDKStatCaches.noindex/watchos27.0-24R360-e829b21a6f8c9b70876ba0858053c04477534ef55a1706bf4c1112bbb242f0a2.sdkstatcache -output-file-map /Users/admin/builder/spi-builder-workspace/.derivedData/Build/Intermediates.noindex/ZeeQL3.build/Debug-watchos/ZeeQL-t.build/Objects-normal/arm64_32/ZeeQL-OutputFileMap.json -save-temps -no-color-diagnostics -explicit-module-build -module-cache-path /Users/admin/builder/spi-builder-workspace/.derivedData/Build/Intermediates.noindex/SwiftExplicitPrecompiledModules -clang-scanner-module-cache-path /Users/admin/builder/spi-builder-workspace/.derivedData/ModuleCache.noindex -sdk-module-cache-path /Users/admin/builder/spi-builder-workspace/.derivedData/SDKExplicitPrecompiledModules -emit-dependencies -emit-module -emit-module-path /Users/admin/builder/spi-builder-workspace/.derivedData/Build/Intermediates.noindex/ZeeQL3.build/Debug-watchos/ZeeQL-t.build/Objects-normal/arm64_32/ZeeQL.swiftmodule -serialize-diagnostics -dependency-scan-serialize-diagnostics-path /Users/admin/builder/spi-builder-workspace/.derivedData/Build/Intermediates.noindex/ZeeQL3.build/Debug-watchos/ZeeQL-t.build/Objects-normal/arm64_32/ZeeQL-dependency-scan.dia -validate-clang-modules-once -clang-build-session-file /Users/admin/builder/spi-builder-workspace/.derivedData/ModuleCache.noindex/Session.modulevalidation -Xcc -fmodules-prune-interval\=86400 -Xcc -fmodules-prune-after\=345600 -emit-const-values -const-gather-protocols-list /Users/admin/builder/spi-builder-workspace/.derivedData/Build/Intermediates.noindex/ZeeQL3.build/Debug-watchos/ZeeQL-t.build/Objects-normal/arm64_32/ZeeQL_const_extract_protocols.json -Xcc -I/Users/admin/builder/spi-builder-workspace/.derivedData/Build/Products/Debug-watchos/include -Xcc -I/Users/admin/builder/spi-builder-workspace/.derivedData/Build/Intermediates.noindex/ZeeQL3.build/Debug-watchos/ZeeQL-t.build/DerivedSources-normal/arm64_32 -Xcc -I/Users/admin/builder/spi-builder-workspace/.derivedData/Build/Intermediates.noindex/ZeeQL3.build/Debug-watchos/ZeeQL-t.build/DerivedSources/arm64_32 -Xcc -I/Users/admin/builder/spi-builder-workspace/.derivedData/Build/Intermediates.noindex/ZeeQL3.build/Debug-watchos/ZeeQL-t.build/DerivedSources -Xcc -DSWIFT_PACKAGE -Xcc -DDEBUG\=1 -emit-objc-header -emit-objc-header-path /Users/admin/builder/spi-builder-workspace/.derivedData/Build/Intermediates.noindex/ZeeQL3.build/Debug-watchos/ZeeQL-t.build/Objects-normal/arm64_32/ZeeQL-Swift.h -working-directory /Users/admin/builder/spi-builder-workspace/.swiftpm/xcode -experimental-emit-module-separately -disable-cmo
SwiftDriver Freddy normal arm64 com.apple.xcode.tools.swift.compiler (in target 'Freddy' from project 'Freddy')
cd /Users/admin/builder/spi-builder-workspace/.swiftpm/xcode
builtin-SwiftDriver -- /Applications/Xcode-27.0.0-Release.Candidate.app/Contents/Developer/Toolchains/XcodeDefault.xctoolchain/usr/bin/swiftc -parse-as-library -module-name Freddy -Onone @/Users/admin/builder/spi-builder-workspace/.derivedData/Build/Intermediates.noindex/Freddy.build/Debug-watchos/Freddy-t.build/Objects-normal/arm64/Freddy.SwiftFileList -DSWIFT_PACKAGE -DDEBUG -DSWIFT_MODULE_RESOURCE_BUNDLE_UNAVAILABLE -DXcode -plugin-path /Applications/Xcode-27.0.0-Release.Candidate.app/Contents/Developer/Toolchains/XcodeDefault.xctoolchain/usr/lib/swift/host/plugins/testing -enable-experimental-feature DebugDescriptionMacro -sdk /Applications/Xcode-27.0.0-Release.Candidate.app/Contents/Developer/Platforms/WatchOS.platform/Developer/SDKs/WatchOS27.0.sdk -target arm64-apple-watchos9.0 -g -module-cache-path /Users/admin/builder/spi-builder-workspace/.derivedData/ModuleCache.noindex -Xfrontend -serialize-debugging-options -enable-testing -suppress-warnings -index-store-path /Users/admin/builder/spi-builder-workspace/.derivedData/Index.noindex/DataStore -Xcc -D_LIBCPP_HARDENING_MODE\=_LIBCPP_HARDENING_MODE_DEBUG -swift-version 5 -I /Users/admin/builder/spi-builder-workspace/.derivedData/Build/Products/Debug-watchos -Isystem /Applications/Xcode-27.0.0-Release.Candidate.app/Contents/Developer/Platforms/WatchOS.platform/Developer/usr/lib -F /Users/admin/builder/spi-builder-workspace/.derivedData/Build/Products/Debug-watchos -F /Applications/Xcode-27.0.0-Release.Candidate.app/Contents/Developer/Platforms/WatchOS.platform/Developer/Library/Frameworks -F /Applications/Xcode-27.0.0-Release.Candidate.app/Contents/Developer/Platforms/WatchOS.platform/Developer/SDKs/WatchOS27.0.sdk/Developer/Library/Frameworks -c -j10 -enable-batch-mode -incremental -Xcc -ivfsstatcache -Xcc /Users/admin/builder/spi-builder-workspace/.derivedData/SDKStatCaches.noindex/watchos27.0-24R360-e829b21a6f8c9b70876ba0858053c04477534ef55a1706bf4c1112bbb242f0a2.sdkstatcache -output-file-map /Users/admin/builder/spi-builder-workspace/.derivedData/Build/Intermediates.noindex/Freddy.build/Debug-watchos/Freddy-t.build/Objects-normal/arm64/Freddy-OutputFileMap.json -save-temps -no-color-diagnostics -explicit-module-build -module-cache-path /Users/admin/builder/spi-builder-workspace/.derivedData/Build/Intermediates.noindex/SwiftExplicitPrecompiledModules -clang-scanner-module-cache-path /Users/admin/builder/spi-builder-workspace/.derivedData/ModuleCache.noindex -sdk-module-cache-path /Users/admin/builder/spi-builder-workspace/.derivedData/SDKExplicitPrecompiledModules -emit-dependencies -emit-module -emit-module-path /Users/admin/builder/spi-builder-workspace/.derivedData/Build/Intermediates.noindex/Freddy.build/Debug-watchos/Freddy-t.build/Objects-normal/arm64/Freddy.swiftmodule -serialize-diagnostics -dependency-scan-serialize-diagnostics-path /Users/admin/builder/spi-builder-workspace/.derivedData/Build/Intermediates.noindex/Freddy.build/Debug-watchos/Freddy-t.build/Objects-normal/arm64/Freddy-dependency-scan.dia -validate-clang-modules-once -clang-build-session-file /Users/admin/builder/spi-builder-workspace/.derivedData/ModuleCache.noindex/Session.modulevalidation -Xcc -fmodules-prune-interval\=86400 -Xcc -fmodules-prune-after\=345600 -emit-const-values -const-gather-protocols-list /Users/admin/builder/spi-builder-workspace/.derivedData/Build/Intermediates.noindex/Freddy.build/Debug-watchos/Freddy-t.build/Objects-normal/arm64/Freddy_const_extract_protocols.json -Xcc -I/Users/admin/builder/spi-builder-workspace/.derivedData/Build/Products/Debug-watchos/include -Xcc -I/Users/admin/builder/spi-builder-workspace/.derivedData/Build/Intermediates.noindex/Freddy.build/Debug-watchos/Freddy-t.build/DerivedSources-normal/arm64 -Xcc -I/Users/admin/builder/spi-builder-workspace/.derivedData/Build/Intermediates.noindex/Freddy.build/Debug-watchos/Freddy-t.build/DerivedSources/arm64 -Xcc -I/Users/admin/builder/spi-builder-workspace/.derivedData/Build/Intermediates.noindex/Freddy.build/Debug-watchos/Freddy-t.build/DerivedSources -Xcc -DSWIFT_PACKAGE -Xcc -DDEBUG\=1 -emit-objc-header -emit-objc-header-path /Users/admin/builder/spi-builder-workspace/.derivedData/Build/Intermediates.noindex/Freddy.build/Debug-watchos/Freddy-t.build/Objects-normal/arm64/Freddy-Swift.h -working-directory /Users/admin/builder/spi-builder-workspace/.swiftpm/xcode -experimental-emit-module-separately -disable-cmo
SwiftDriver Freddy normal arm64_32 com.apple.xcode.tools.swift.compiler (in target 'Freddy' from project 'Freddy')
cd /Users/admin/builder/spi-builder-workspace/.swiftpm/xcode
builtin-SwiftDriver -- /Applications/Xcode-27.0.0-Release.Candidate.app/Contents/Developer/Toolchains/XcodeDefault.xctoolchain/usr/bin/swiftc -parse-as-library -module-name Freddy -Onone @/Users/admin/builder/spi-builder-workspace/.derivedData/Build/Intermediates.noindex/Freddy.build/Debug-watchos/Freddy-t.build/Objects-normal/arm64_32/Freddy.SwiftFileList -DSWIFT_PACKAGE -DDEBUG -DSWIFT_MODULE_RESOURCE_BUNDLE_UNAVAILABLE -DXcode -plugin-path /Applications/Xcode-27.0.0-Release.Candidate.app/Contents/Developer/Toolchains/XcodeDefault.xctoolchain/usr/lib/swift/host/plugins/testing -enable-experimental-feature DebugDescriptionMacro -sdk /Applications/Xcode-27.0.0-Release.Candidate.app/Contents/Developer/Platforms/WatchOS.platform/Developer/SDKs/WatchOS27.0.sdk -target arm64_32-apple-watchos9.0 -g -module-cache-path /Users/admin/builder/spi-builder-workspace/.derivedData/ModuleCache.noindex -Xfrontend -serialize-debugging-options -enable-testing -suppress-warnings -index-store-path /Users/admin/builder/spi-builder-workspace/.derivedData/Index.noindex/DataStore -Xcc -D_LIBCPP_HARDENING_MODE\=_LIBCPP_HARDENING_MODE_DEBUG -swift-version 5 -I /Users/admin/builder/spi-builder-workspace/.derivedData/Build/Products/Debug-watchos -Isystem /Applications/Xcode-27.0.0-Release.Candidate.app/Contents/Developer/Platforms/WatchOS.platform/Developer/usr/lib -F /Users/admin/builder/spi-builder-workspace/.derivedData/Build/Products/Debug-watchos -F /Applications/Xcode-27.0.0-Release.Candidate.app/Contents/Developer/Platforms/WatchOS.platform/Developer/Library/Frameworks -F /Applications/Xcode-27.0.0-Release.Candidate.app/Contents/Developer/Platforms/WatchOS.platform/Developer/SDKs/WatchOS27.0.sdk/Developer/Library/Frameworks -c -j10 -enable-batch-mode -incremental -Xcc -ivfsstatcache -Xcc /Users/admin/builder/spi-builder-workspace/.derivedData/SDKStatCaches.noindex/watchos27.0-24R360-e829b21a6f8c9b70876ba0858053c04477534ef55a1706bf4c1112bbb242f0a2.sdkstatcache -output-file-map /Users/admin/builder/spi-builder-workspace/.derivedData/Build/Intermediates.noindex/Freddy.build/Debug-watchos/Freddy-t.build/Objects-normal/arm64_32/Freddy-OutputFileMap.json -save-temps -no-color-diagnostics -explicit-module-build -module-cache-path /Users/admin/builder/spi-builder-workspace/.derivedData/Build/Intermediates.noindex/SwiftExplicitPrecompiledModules -clang-scanner-module-cache-path /Users/admin/builder/spi-builder-workspace/.derivedData/ModuleCache.noindex -sdk-module-cache-path /Users/admin/builder/spi-builder-workspace/.derivedData/SDKExplicitPrecompiledModules -emit-dependencies -emit-module -emit-module-path /Users/admin/builder/spi-builder-workspace/.derivedData/Build/Intermediates.noindex/Freddy.build/Debug-watchos/Freddy-t.build/Objects-normal/arm64_32/Freddy.swiftmodule -serialize-diagnostics -dependency-scan-serialize-diagnostics-path /Users/admin/builder/spi-builder-workspace/.derivedData/Build/Intermediates.noindex/Freddy.build/Debug-watchos/Freddy-t.build/Objects-normal/arm64_32/Freddy-dependency-scan.dia -validate-clang-modules-once -clang-build-session-file /Users/admin/builder/spi-builder-workspace/.derivedData/ModuleCache.noindex/Session.modulevalidation -Xcc -fmodules-prune-interval\=86400 -Xcc -fmodules-prune-after\=345600 -emit-const-values -const-gather-protocols-list /Users/admin/builder/spi-builder-workspace/.derivedData/Build/Intermediates.noindex/Freddy.build/Debug-watchos/Freddy-t.build/Objects-normal/arm64_32/Freddy_const_extract_protocols.json -Xcc -I/Users/admin/builder/spi-builder-workspace/.derivedData/Build/Products/Debug-watchos/include -Xcc -I/Users/admin/builder/spi-builder-workspace/.derivedData/Build/Intermediates.noindex/Freddy.build/Debug-watchos/Freddy-t.build/DerivedSources-normal/arm64_32 -Xcc -I/Users/admin/builder/spi-builder-workspace/.derivedData/Build/Intermediates.noindex/Freddy.build/Debug-watchos/Freddy-t.build/DerivedSources/arm64_32 -Xcc -I/Users/admin/builder/spi-builder-workspace/.derivedData/Build/Intermediates.noindex/Freddy.build/Debug-watchos/Freddy-t.build/DerivedSources -Xcc -DSWIFT_PACKAGE -Xcc -DDEBUG\=1 -emit-objc-header -emit-objc-header-path /Users/admin/builder/spi-builder-workspace/.derivedData/Build/Intermediates.noindex/Freddy.build/Debug-watchos/Freddy-t.build/Objects-normal/arm64_32/Freddy-Swift.h -working-directory /Users/admin/builder/spi-builder-workspace/.swiftpm/xcode -experimental-emit-module-separately -disable-cmo
SwiftEmitModule normal arm64 Emitting\ module\ for\ Freddy (in target 'Freddy' from project 'Freddy')
SwiftCompile normal arm64 (in target 'Freddy' from project 'Freddy')
cd /Users/admin/builder/spi-builder-workspace/.swiftpm/xcode
SwiftCompile normal arm64 Compiling\ JSONEncodable.swift /Users/admin/builder/spi-builder-workspace/.dependencies/checkouts/Freddy/Sources/Freddy/JSONEncodable.swift (in target 'Freddy' from project 'Freddy')
SwiftCompile normal arm64 /Users/admin/builder/spi-builder-workspace/.dependencies/checkouts/Freddy/Sources/Freddy/JSONEncodable.swift (in target 'Freddy' from project 'Freddy')
cd /Users/admin/builder/spi-builder-workspace/.swiftpm/xcode
builtin-SwiftPerFileCompile JSONEncodable.swift
SwiftCompile normal arm64 Compiling\ JSONLiteralConvertible.swift /Users/admin/builder/spi-builder-workspace/.dependencies/checkouts/Freddy/Sources/Freddy/JSONLiteralConvertible.swift (in target 'Freddy' from project 'Freddy')
SwiftCompile normal arm64 /Users/admin/builder/spi-builder-workspace/.dependencies/checkouts/Freddy/Sources/Freddy/JSONLiteralConvertible.swift (in target 'Freddy' from project 'Freddy')
cd /Users/admin/builder/spi-builder-workspace/.swiftpm/xcode
builtin-SwiftPerFileCompile JSONLiteralConvertible.swift
SwiftCompile normal arm64 Compiling\ JSONDecodable.swift /Users/admin/builder/spi-builder-workspace/.dependencies/checkouts/Freddy/Sources/Freddy/JSONDecodable.swift (in target 'Freddy' from project 'Freddy')
SwiftCompile normal arm64 /Users/admin/builder/spi-builder-workspace/.dependencies/checkouts/Freddy/Sources/Freddy/JSONDecodable.swift (in target 'Freddy' from project 'Freddy')
cd /Users/admin/builder/spi-builder-workspace/.swiftpm/xcode
builtin-SwiftPerFileCompile JSONDecodable.swift
SwiftCompile normal arm64 Compiling\ JSONOptional.swift /Users/admin/builder/spi-builder-workspace/.dependencies/checkouts/Freddy/Sources/Freddy/JSONOptional.swift (in target 'Freddy' from project 'Freddy')
SwiftCompile normal arm64 /Users/admin/builder/spi-builder-workspace/.dependencies/checkouts/Freddy/Sources/Freddy/JSONOptional.swift (in target 'Freddy' from project 'Freddy')
cd /Users/admin/builder/spi-builder-workspace/.swiftpm/xcode
builtin-SwiftPerFileCompile JSONOptional.swift
SwiftCompile normal arm64 Compiling\ JSONParser.swift /Users/admin/builder/spi-builder-workspace/.dependencies/checkouts/Freddy/Sources/Freddy/JSONParser.swift (in target 'Freddy' from project 'Freddy')
/Users/admin/builder/spi-builder-workspace/.dependencies/checkouts/Freddy/Sources/Freddy/JSONParser.swift:611:29: error: cannot find 'FE_UNDERFLOW' in scope
609 |
610 | private func detectingFloatingPointErrors<T>(start loc: Int, _ f: () throws -> T) throws -> T {
611 | let flags : Int32 = FE_UNDERFLOW | FE_OVERFLOW
| `- error: cannot find 'FE_UNDERFLOW' in scope
612 | feclearexcept(flags)
613 | let value = try f()
/Users/admin/builder/spi-builder-workspace/.dependencies/checkouts/Freddy/Sources/Freddy/JSONParser.swift:611:44: error: cannot find 'FE_OVERFLOW' in scope
609 |
610 | private func detectingFloatingPointErrors<T>(start loc: Int, _ f: () throws -> T) throws -> T {
611 | let flags : Int32 = FE_UNDERFLOW | FE_OVERFLOW
| `- error: cannot find 'FE_OVERFLOW' in scope
612 | feclearexcept(flags)
613 | let value = try f()
/Users/admin/builder/spi-builder-workspace/.dependencies/checkouts/Freddy/Sources/Freddy/JSONParser.swift:612:9: error: cannot find 'feclearexcept' in scope
610 | private func detectingFloatingPointErrors<T>(start loc: Int, _ f: () throws -> T) throws -> T {
611 | let flags : Int32 = FE_UNDERFLOW | FE_OVERFLOW
612 | feclearexcept(flags)
| `- error: cannot find 'feclearexcept' in scope
613 | let value = try f()
614 | guard fetestexcept(flags) == 0 else {
/Users/admin/builder/spi-builder-workspace/.dependencies/checkouts/Freddy/Sources/Freddy/JSONParser.swift:614:15: error: cannot find 'fetestexcept' in scope
612 | feclearexcept(flags)
613 | let value = try f()
614 | guard fetestexcept(flags) == 0 else {
| `- error: cannot find 'fetestexcept' in scope
615 | throw InternalError.numberOverflow(offset: loc)
616 | }
Failed frontend command:
/Applications/Xcode-27.0.0-Release.Candidate.app/Contents/Developer/Toolchains/XcodeDefault.xctoolchain/usr/bin/swift-frontend -frontend -c /Users/admin/builder/spi-builder-workspace/.dependencies/checkouts/Freddy/Sources/Freddy/JSON.swift /Users/admin/builder/spi-builder-workspace/.dependencies/checkouts/Freddy/Sources/Freddy/JSONDecodable.swift /Users/admin/builder/spi-builder-workspace/.dependencies/checkouts/Freddy/Sources/Freddy/JSONEncodable.swift /Users/admin/builder/spi-builder-workspace/.dependencies/checkouts/Freddy/Sources/Freddy/JSONEncodingDetector.swift /Users/admin/builder/spi-builder-workspace/.dependencies/checkouts/Freddy/Sources/Freddy/JSONLiteralConvertible.swift /Users/admin/builder/spi-builder-workspace/.dependencies/checkouts/Freddy/Sources/Freddy/JSONOptional.swift -primary-file /Users/admin/builder/spi-builder-workspace/.dependencies/checkouts/Freddy/Sources/Freddy/JSONParser.swift /Users/admin/builder/spi-builder-workspace/.dependencies/checkouts/Freddy/Sources/Freddy/JSONParsing.swift /Users/admin/builder/spi-builder-workspace/.dependencies/checkouts/Freddy/Sources/Freddy/JSONSerializing.swift /Users/admin/builder/spi-builder-workspace/.dependencies/checkouts/Freddy/Sources/Freddy/JSONSubscripting.swift -emit-dependencies-path /Users/admin/builder/spi-builder-workspace/.derivedData/Build/Intermediates.noindex/Freddy.build/Debug-watchos/Freddy-t.build/Objects-normal/arm64/JSONParser.d -emit-const-values-path /Users/admin/builder/spi-builder-workspace/.derivedData/Build/Intermediates.noindex/Freddy.build/Debug-watchos/Freddy-t.build/Objects-normal/arm64/JSONParser.swiftconstvalues -emit-reference-dependencies-path /Users/admin/builder/spi-builder-workspace/.derivedData/Build/Intermediates.noindex/Freddy.build/Debug-watchos/Freddy-t.build/Objects-normal/arm64/JSONParser.swiftdeps -serialize-diagnostics-path /Users/admin/builder/spi-builder-workspace/.derivedData/Build/Intermediates.noindex/Freddy.build/Debug-watchos/Freddy-t.build/Objects-normal/arm64/JSONParser.dia -target arm64-apple-watchos9.0 -disable-cross-import-overlay-search -load-resolved-plugin /Applications/Xcode-27.0.0-Release.Candidate.app/Contents/Developer/Platforms/WatchOS.platform/Developer/usr/lib/swift/host/plugins/libFoundationMacros.dylib\#/Applications/Xcode-27.0.0-Release.Candidate.app/Contents/Developer/Platforms/WatchOS.platform/Developer/usr/bin/swift-plugin-server\#FoundationMacros -load-resolved-plugin /Applications/Xcode-27.0.0-Release.Candidate.app/Contents/Developer/Platforms/WatchOS.platform/Developer/usr/lib/swift/host/plugins/libObservationMacros.dylib\#/Applications/Xcode-27.0.0-Release.Candidate.app/Contents/Developer/Platforms/WatchOS.platform/Developer/usr/bin/swift-plugin-server\#ObservationMacros -load-resolved-plugin /Applications/Xcode-27.0.0-Release.Candidate.app/Contents/Developer/Platforms/WatchOS.platform/Developer/usr/lib/swift/host/plugins/libSwiftMacros.dylib\#/Applications/Xcode-27.0.0-Release.Candidate.app/Contents/Developer/Platforms/WatchOS.platform/Developer/usr/bin/swift-plugin-server\#SwiftMacros -disable-implicit-swift-modules -Xcc -fno-implicit-modules -Xcc -fno-implicit-module-maps -explicit-swift-module-map-file /Users/admin/builder/spi-builder-workspace/.derivedData/Build/Intermediates.noindex/Freddy.build/Debug-watchos/Freddy-t.build/Objects-normal/arm64/Freddy-dependencies-2.json -Xllvm -aarch64-use-tbi -enable-objc-interop -stack-check -sdk /Applications/Xcode-27.0.0-Release.Candidate.app/Contents/Developer/Platforms/WatchOS.platform/Developer/SDKs/WatchOS27.0.sdk -I /Users/admin/builder/spi-builder-workspace/.derivedData/Build/Products/Debug-watchos -Isystem /Applications/Xcode-27.0.0-Release.Candidate.app/Contents/Developer/Platforms/WatchOS.platform/Developer/usr/lib -F /Users/admin/builder/spi-builder-workspace/.derivedData/Build/Products/Debug-watchos -F /Applications/Xcode-27.0.0-Release.Candidate.app/Contents/Developer/Platforms/WatchOS.platform/Developer/Library/Frameworks -F /Applications/Xcode-27.0.0-Release.Candidate.app/Contents/Developer/Platforms/WatchOS.platform/Developer/SDKs/WatchOS27.0.sdk/Developer/Library/Frameworks -module-cache-path /Users/admin/builder/spi-builder-workspace/.derivedData/Build/Intermediates.noindex/SwiftExplicitPrecompiledModules -no-color-diagnostics -Xcc -fno-color-diagnostics -enable-testing -g -debug-info-format\=dwarf -dwarf-version\=4 -suppress-warnings -swift-version 5 -Onone -D SWIFT_PACKAGE -D DEBUG -D SWIFT_MODULE_RESOURCE_BUNDLE_UNAVAILABLE -D Xcode -serialize-debugging-options -enable-experimental-feature DebugDescriptionMacro -empty-abi-descriptor -validate-clang-modules-once -clang-build-session-file /Users/admin/builder/spi-builder-workspace/.derivedData/ModuleCache.noindex/Session.modulevalidation -Xcc -working-directory -Xcc /Users/admin/builder/spi-builder-workspace/.swiftpm/xcode -enable-anonymous-context-mangled-names -file-compilation-dir /Users/admin/builder/spi-builder-workspace/.swiftpm/xcode -Xcc -D_LIBCPP_HARDENING_MODE\=_LIBCPP_HARDENING_MODE_DEBUG -Xcc -ivfsstatcache -Xcc /Users/admin/builder/spi-builder-workspace/.derivedData/SDKStatCaches.noindex/watchos27.0-24R360-e829b21a6f8c9b70876ba0858053c04477534ef55a1706bf4c1112bbb242f0a2.sdkstatcache -Xcc -fmodules-prune-interval\=86400 -Xcc -fmodules-prune-after\=345600 -Xcc -I/Users/admin/builder/spi-builder-workspace/.derivedData/Build/Products/Debug-watchos/include -Xcc -I/Users/admin/builder/spi-builder-workspace/.derivedData/Build/Intermediates.noindex/Freddy.build/Debug-watchos/Freddy-t.build/DerivedSources-normal/arm64 -Xcc -I/Users/admin/builder/spi-builder-workspace/.derivedData/Build/Intermediates.noindex/Freddy.build/Debug-watchos/Freddy-t.build/DerivedSources/arm64 -Xcc -I/Users/admin/builder/spi-builder-workspace/.derivedData/Build/Intermediates.noindex/Freddy.build/Debug-watchos/Freddy-t.build/DerivedSources -Xcc -DSWIFT_PACKAGE -Xcc -DDEBUG\=1 -no-auto-bridging-header-chaining -module-name Freddy -const-gather-protocols-file /Users/admin/builder/spi-builder-workspace/.derivedData/Build/Intermediates.noindex/Freddy.build/Debug-watchos/Freddy-t.build/Objects-normal/arm64/Freddy_const_extract_protocols.json -disable-clang-spi -clang-target arm64-apple-watchos27.0 -target-sdk-version 27.0 -target-sdk-name watchos27.0 -in-process-plugin-server-path /Applications/Xcode-27.0.0-Release.Candidate.app/Contents/Developer/Toolchains/XcodeDefault.xctoolchain/usr/lib/swift/host/libSwiftInProcPluginServer.dylib -parse-as-library -o /Users/admin/builder/spi-builder-workspace/.derivedData/Build/Intermediates.noindex/Freddy.build/Debug-watchos/Freddy-t.build/Objects-normal/arm64/JSONParser.o -debug-module-path /Users/admin/builder/spi-builder-workspace/.derivedData/Build/Intermediates.noindex/Freddy.build/Debug-watchos/Freddy-t.build/Objects-normal/arm64/Freddy.swiftmodule -index-unit-output-path /Freddy.build/Debug-watchos/Freddy-t.build/Objects-normal/arm64/JSONParser.o -index-store-path /Users/admin/builder/spi-builder-workspace/.derivedData/Index.noindex/DataStore -index-system-modules
SwiftCompile normal arm64 /Users/admin/builder/spi-builder-workspace/.dependencies/checkouts/Freddy/Sources/Freddy/JSONParser.swift (in target 'Freddy' from project 'Freddy')
cd /Users/admin/builder/spi-builder-workspace/.swiftpm/xcode
builtin-SwiftPerFileCompile JSONParser.swift
SwiftCompile normal arm64 Compiling\ JSONSubscripting.swift /Users/admin/builder/spi-builder-workspace/.dependencies/checkouts/Freddy/Sources/Freddy/JSONSubscripting.swift (in target 'Freddy' from project 'Freddy')
SwiftCompile normal arm64 /Users/admin/builder/spi-builder-workspace/.dependencies/checkouts/Freddy/Sources/Freddy/JSONSubscripting.swift (in target 'Freddy' from project 'Freddy')
cd /Users/admin/builder/spi-builder-workspace/.swiftpm/xcode
builtin-SwiftPerFileCompile JSONSubscripting.swift
SwiftCompile normal arm64 Compiling\ JSONSerializing.swift /Users/admin/builder/spi-builder-workspace/.dependencies/checkouts/Freddy/Sources/Freddy/JSONSerializing.swift (in target 'Freddy' from project 'Freddy')
SwiftCompile normal arm64 /Users/admin/builder/spi-builder-workspace/.dependencies/checkouts/Freddy/Sources/Freddy/JSONSerializing.swift (in target 'Freddy' from project 'Freddy')
cd /Users/admin/builder/spi-builder-workspace/.swiftpm/xcode
builtin-SwiftPerFileCompile JSONSerializing.swift
SwiftEmitModule normal arm64_32 Emitting\ module\ for\ Freddy (in target 'Freddy' from project 'Freddy')
SwiftCompile normal arm64_32 (in target 'Freddy' from project 'Freddy')
cd /Users/admin/builder/spi-builder-workspace/.swiftpm/xcode
SwiftCompile normal arm64_32 Compiling\ JSONParser.swift /Users/admin/builder/spi-builder-workspace/.dependencies/checkouts/Freddy/Sources/Freddy/JSONParser.swift (in target 'Freddy' from project 'Freddy')
SwiftCompile normal arm64_32 /Users/admin/builder/spi-builder-workspace/.dependencies/checkouts/Freddy/Sources/Freddy/JSONParser.swift (in target 'Freddy' from project 'Freddy')
cd /Users/admin/builder/spi-builder-workspace/.swiftpm/xcode
builtin-SwiftPerFileCompile JSONParser.swift
/Users/admin/builder/spi-builder-workspace/.dependencies/checkouts/Freddy/Sources/Freddy/JSONParser.swift:611:29: error: cannot find 'FE_UNDERFLOW' in scope
609 |
610 | private func detectingFloatingPointErrors<T>(start loc: Int, _ f: () throws -> T) throws -> T {
611 | let flags : Int32 = FE_UNDERFLOW | FE_OVERFLOW
| `- error: cannot find 'FE_UNDERFLOW' in scope
612 | feclearexcept(flags)
613 | let value = try f()
/Users/admin/builder/spi-builder-workspace/.dependencies/checkouts/Freddy/Sources/Freddy/JSONParser.swift:611:44: error: cannot find 'FE_OVERFLOW' in scope
609 |
610 | private func detectingFloatingPointErrors<T>(start loc: Int, _ f: () throws -> T) throws -> T {
611 | let flags : Int32 = FE_UNDERFLOW | FE_OVERFLOW
| `- error: cannot find 'FE_OVERFLOW' in scope
612 | feclearexcept(flags)
613 | let value = try f()
/Users/admin/builder/spi-builder-workspace/.dependencies/checkouts/Freddy/Sources/Freddy/JSONParser.swift:612:9: error: cannot find 'feclearexcept' in scope
610 | private func detectingFloatingPointErrors<T>(start loc: Int, _ f: () throws -> T) throws -> T {
611 | let flags : Int32 = FE_UNDERFLOW | FE_OVERFLOW
612 | feclearexcept(flags)
| `- error: cannot find 'feclearexcept' in scope
613 | let value = try f()
614 | guard fetestexcept(flags) == 0 else {
SwiftEmitModule normal arm64_32 Emitting\ module\ for\ ZeeQL (in target 'ZeeQL' from project 'ZeeQL3')
/Users/admin/builder/spi-builder-workspace/.dependencies/checkouts/ZeeQL3/Sources/ZeeQL/Access/AdaptorQueryColumnRepresentable.swift:58:11: error: 'Int128' is only available in watchOS 11.0 or newer
56 | #if compiler(>=6)
57 | @available(macOS 15, iOS 13, *)
58 | extension Int128 : AdaptorQueryColumnRepresentable {}
| | `- error: 'Int128' is only available in watchOS 11.0 or newer
| `- note: add '@available' attribute to enclosing extension
59 | @available(macOS 15, iOS 13, *)
60 | extension UInt128 : AdaptorQueryColumnRepresentable {}
/Users/admin/builder/spi-builder-workspace/.dependencies/checkouts/ZeeQL3/Sources/ZeeQL/Access/AdaptorQueryColumnRepresentable.swift:60:11: error: 'UInt128' is only available in watchOS 11.0 or newer
58 | extension Int128 : AdaptorQueryColumnRepresentable {}
59 | @available(macOS 15, iOS 13, *)
60 | extension UInt128 : AdaptorQueryColumnRepresentable {}
| | `- error: 'UInt128' is only available in watchOS 11.0 or newer
| `- note: add '@available' attribute to enclosing extension
61 | #endif
62 |
SwiftCompile normal arm64_32 (in target 'ZeeQL' from project 'ZeeQL3')
cd /Users/admin/builder/spi-builder-workspace/.swiftpm/xcode
SwiftDriverJobDiscovery normal arm64 Compiling JSONLiteralConvertible.swift (in target 'Freddy' from project 'Freddy')
SwiftEmitModule normal arm64 Emitting\ module\ for\ ZeeQL (in target 'ZeeQL' from project 'ZeeQL3')
/Users/admin/builder/spi-builder-workspace/.dependencies/checkouts/ZeeQL3/Sources/ZeeQL/Access/AdaptorQueryColumnRepresentable.swift:58:11: error: 'Int128' is only available in watchOS 11.0 or newer
56 | #if compiler(>=6)
57 | @available(macOS 15, iOS 13, *)
58 | extension Int128 : AdaptorQueryColumnRepresentable {}
| | `- error: 'Int128' is only available in watchOS 11.0 or newer
| `- note: add '@available' attribute to enclosing extension
59 | @available(macOS 15, iOS 13, *)
60 | extension UInt128 : AdaptorQueryColumnRepresentable {}
/Users/admin/builder/spi-builder-workspace/.dependencies/checkouts/ZeeQL3/Sources/ZeeQL/Access/AdaptorQueryColumnRepresentable.swift:60:11: error: 'UInt128' is only available in watchOS 11.0 or newer
58 | extension Int128 : AdaptorQueryColumnRepresentable {}
59 | @available(macOS 15, iOS 13, *)
60 | extension UInt128 : AdaptorQueryColumnRepresentable {}
| | `- error: 'UInt128' is only available in watchOS 11.0 or newer
| `- note: add '@available' attribute to enclosing extension
61 | #endif
62 |
SwiftCompile normal arm64 (in target 'ZeeQL' from project 'ZeeQL3')
cd /Users/admin/builder/spi-builder-workspace/.swiftpm/xcode
SwiftDriverJobDiscovery normal arm64 Compiling JSONDecodable.swift (in target 'Freddy' from project 'Freddy')
SwiftCompile normal arm64 Compiling\ ModelPattern.swift,\ ModelSQLizer.swift,\ Property.swift,\ Relationship.swift,\ SQLAttributeChange.swift,\ SQLExpression.swift,\ SQLExpressionFactory.swift,\ SQLForeignKey.swift,\ SQLTableGroups.swift,\ SchemaGeneration.swift /Users/admin/builder/spi-builder-workspace/.dependencies/checkouts/ZeeQL3/Sources/ZeeQL/Access/ModelPattern.swift /Users/admin/builder/spi-builder-workspace/.dependencies/checkouts/ZeeQL3/Sources/ZeeQL/Access/ModelSQLizer.swift /Users/admin/builder/spi-builder-workspace/.dependencies/checkouts/ZeeQL3/Sources/ZeeQL/Access/Property.swift /Users/admin/builder/spi-builder-workspace/.dependencies/checkouts/ZeeQL3/Sources/ZeeQL/Access/Relationship.swift /Users/admin/builder/spi-builder-workspace/.dependencies/checkouts/ZeeQL3/Sources/ZeeQL/Access/SQLAttributeChange.swift /Users/admin/builder/spi-builder-workspace/.dependencies/checkouts/ZeeQL3/Sources/ZeeQL/Access/SQLExpression.swift /Users/admin/builder/spi-builder-workspace/.dependencies/checkouts/ZeeQL3/Sources/ZeeQL/Access/SQLExpressionFactory.swift /Users/admin/builder/spi-builder-workspace/.dependencies/checkouts/ZeeQL3/Sources/ZeeQL/Access/SQLForeignKey.swift /Users/admin/builder/spi-builder-workspace/.dependencies/checkouts/ZeeQL3/Sources/ZeeQL/Access/SQLTableGroups.swift /Users/admin/builder/spi-builder-workspace/.dependencies/checkouts/ZeeQL3/Sources/ZeeQL/Access/SchemaGeneration.swift (in target 'ZeeQL' from project 'ZeeQL3')
SwiftCompile normal arm64 /Users/admin/builder/spi-builder-workspace/.dependencies/checkouts/ZeeQL3/Sources/ZeeQL/Access/ModelPattern.swift (in target 'ZeeQL' from project 'ZeeQL3')
cd /Users/admin/builder/spi-builder-workspace/.swiftpm/xcode
builtin-SwiftPerFileCompile ModelPattern.swift
SwiftCompile normal arm64 /Users/admin/builder/spi-builder-workspace/.dependencies/checkouts/ZeeQL3/Sources/ZeeQL/Access/ModelSQLizer.swift (in target 'ZeeQL' from project 'ZeeQL3')
cd /Users/admin/builder/spi-builder-workspace/.swiftpm/xcode
builtin-SwiftPerFileCompile ModelSQLizer.swift
SwiftCompile normal arm64 /Users/admin/builder/spi-builder-workspace/.dependencies/checkouts/ZeeQL3/Sources/ZeeQL/Access/Property.swift (in target 'ZeeQL' from project 'ZeeQL3')
cd /Users/admin/builder/spi-builder-workspace/.swiftpm/xcode
builtin-SwiftPerFileCompile Property.swift
SwiftCompile normal arm64 /Users/admin/builder/spi-builder-workspace/.dependencies/checkouts/ZeeQL3/Sources/ZeeQL/Access/Relationship.swift (in target 'ZeeQL' from project 'ZeeQL3')
cd /Users/admin/builder/spi-builder-workspace/.swiftpm/xcode
builtin-SwiftPerFileCompile Relationship.swift
SwiftCompile normal arm64 /Users/admin/builder/spi-builder-workspace/.dependencies/checkouts/ZeeQL3/Sources/ZeeQL/Access/SQLAttributeChange.swift (in target 'ZeeQL' from project 'ZeeQL3')
cd /Users/admin/builder/spi-builder-workspace/.swiftpm/xcode
builtin-SwiftPerFileCompile SQLAttributeChange.swift
SwiftCompile normal arm64 /Users/admin/builder/spi-builder-workspace/.dependencies/checkouts/ZeeQL3/Sources/ZeeQL/Access/SQLExpression.swift (in target 'ZeeQL' from project 'ZeeQL3')
cd /Users/admin/builder/spi-builder-workspace/.swiftpm/xcode
builtin-SwiftPerFileCompile SQLExpression.swift
SwiftCompile normal arm64 /Users/admin/builder/spi-builder-workspace/.dependencies/checkouts/ZeeQL3/Sources/ZeeQL/Access/SQLExpressionFactory.swift (in target 'ZeeQL' from project 'ZeeQL3')
cd /Users/admin/builder/spi-builder-workspace/.swiftpm/xcode
builtin-SwiftPerFileCompile SQLExpressionFactory.swift
SwiftCompile normal arm64 /Users/admin/builder/spi-builder-workspace/.dependencies/checkouts/ZeeQL3/Sources/ZeeQL/Access/SQLForeignKey.swift (in target 'ZeeQL' from project 'ZeeQL3')
cd /Users/admin/builder/spi-builder-workspace/.swiftpm/xcode
builtin-SwiftPerFileCompile SQLForeignKey.swift
SwiftCompile normal arm64 /Users/admin/builder/spi-builder-workspace/.dependencies/checkouts/ZeeQL3/Sources/ZeeQL/Access/SQLTableGroups.swift (in target 'ZeeQL' from project 'ZeeQL3')
cd /Users/admin/builder/spi-builder-workspace/.swiftpm/xcode
builtin-SwiftPerFileCompile SQLTableGroups.swift
SwiftCompile normal arm64 /Users/admin/builder/spi-builder-workspace/.dependencies/checkouts/ZeeQL3/Sources/ZeeQL/Access/SchemaGeneration.swift (in target 'ZeeQL' from project 'ZeeQL3')
cd /Users/admin/builder/spi-builder-workspace/.swiftpm/xcode
builtin-SwiftPerFileCompile SchemaGeneration.swift
SwiftDriverJobDiscovery normal arm64 Emitting module for Freddy (in target 'Freddy' from project 'Freddy')
SwiftDriver\ Compilation\ Requirements Freddy normal arm64 com.apple.xcode.tools.swift.compiler (in target 'Freddy' from project 'Freddy')
cd /Users/admin/builder/spi-builder-workspace/.swiftpm/xcode
builtin-Swift-Compilation-Requirements -- /Applications/Xcode-27.0.0-Release.Candidate.app/Contents/Developer/Toolchains/XcodeDefault.xctoolchain/usr/bin/swiftc -parse-as-library -module-name Freddy -Onone @/Users/admin/builder/spi-builder-workspace/.derivedData/Build/Intermediates.noindex/Freddy.build/Debug-watchos/Freddy-t.build/Objects-normal/arm64/Freddy.SwiftFileList -DSWIFT_PACKAGE -DDEBUG -DSWIFT_MODULE_RESOURCE_BUNDLE_UNAVAILABLE -DXcode -plugin-path /Applications/Xcode-27.0.0-Release.Candidate.app/Contents/Developer/Toolchains/XcodeDefault.xctoolchain/usr/lib/swift/host/plugins/testing -enable-experimental-feature DebugDescriptionMacro -sdk /Applications/Xcode-27.0.0-Release.Candidate.app/Contents/Developer/Platforms/WatchOS.platform/Developer/SDKs/WatchOS27.0.sdk -target arm64-apple-watchos9.0 -g -module-cache-path /Users/admin/builder/spi-builder-workspace/.derivedData/ModuleCache.noindex -Xfrontend -serialize-debugging-options -enable-testing -suppress-warnings -index-store-path /Users/admin/builder/spi-builder-workspace/.derivedData/Index.noindex/DataStore -Xcc -D_LIBCPP_HARDENING_MODE\=_LIBCPP_HARDENING_MODE_DEBUG -swift-version 5 -I /Users/admin/builder/spi-builder-workspace/.derivedData/Build/Products/Debug-watchos -Isystem /Applications/Xcode-27.0.0-Release.Candidate.app/Contents/Developer/Platforms/WatchOS.platform/Developer/usr/lib -F /Users/admin/builder/spi-builder-workspace/.derivedData/Build/Products/Debug-watchos -F /Applications/Xcode-27.0.0-Release.Candidate.app/Contents/Developer/Platforms/WatchOS.platform/Developer/Library/Frameworks -F /Applications/Xcode-27.0.0-Release.Candidate.app/Contents/Developer/Platforms/WatchOS.platform/Developer/SDKs/WatchOS27.0.sdk/Developer/Library/Frameworks -c -j10 -enable-batch-mode -incremental -Xcc -ivfsstatcache -Xcc /Users/admin/builder/spi-builder-workspace/.derivedData/SDKStatCaches.noindex/watchos27.0-24R360-e829b21a6f8c9b70876ba0858053c04477534ef55a1706bf4c1112bbb242f0a2.sdkstatcache -output-file-map /Users/admin/builder/spi-builder-workspace/.derivedData/Build/Intermediates.noindex/Freddy.build/Debug-watchos/Freddy-t.build/Objects-normal/arm64/Freddy-OutputFileMap.json -save-temps -no-color-diagnostics -explicit-module-build -module-cache-path /Users/admin/builder/spi-builder-workspace/.derivedData/Build/Intermediates.noindex/SwiftExplicitPrecompiledModules -clang-scanner-module-cache-path /Users/admin/builder/spi-builder-workspace/.derivedData/ModuleCache.noindex -sdk-module-cache-path /Users/admin/builder/spi-builder-workspace/.derivedData/SDKExplicitPrecompiledModules -emit-dependencies -emit-module -emit-module-path /Users/admin/builder/spi-builder-workspace/.derivedData/Build/Intermediates.noindex/Freddy.build/Debug-watchos/Freddy-t.build/Objects-normal/arm64/Freddy.swiftmodule -serialize-diagnostics -dependency-scan-serialize-diagnostics-path /Users/admin/builder/spi-builder-workspace/.derivedData/Build/Intermediates.noindex/Freddy.build/Debug-watchos/Freddy-t.build/Objects-normal/arm64/Freddy-dependency-scan.dia -validate-clang-modules-once -clang-build-session-file /Users/admin/builder/spi-builder-workspace/.derivedData/ModuleCache.noindex/Session.modulevalidation -Xcc -fmodules-prune-interval\=86400 -Xcc -fmodules-prune-after\=345600 -emit-const-values -const-gather-protocols-list /Users/admin/builder/spi-builder-workspace/.derivedData/Build/Intermediates.noindex/Freddy.build/Debug-watchos/Freddy-t.build/Objects-normal/arm64/Freddy_const_extract_protocols.json -Xcc -I/Users/admin/builder/spi-builder-workspace/.derivedData/Build/Products/Debug-watchos/include -Xcc -I/Users/admin/builder/spi-builder-workspace/.derivedData/Build/Intermediates.noindex/Freddy.build/Debug-watchos/Freddy-t.build/DerivedSources-normal/arm64 -Xcc -I/Users/admin/builder/spi-builder-workspace/.derivedData/Build/Intermediates.noindex/Freddy.build/Debug-watchos/Freddy-t.build/DerivedSources/arm64 -Xcc -I/Users/admin/builder/spi-builder-workspace/.derivedData/Build/Intermediates.noindex/Freddy.build/Debug-watchos/Freddy-t.build/DerivedSources -Xcc -DSWIFT_PACKAGE -Xcc -DDEBUG\=1 -emit-objc-header -emit-objc-header-path /Users/admin/builder/spi-builder-workspace/.derivedData/Build/Intermediates.noindex/Freddy.build/Debug-watchos/Freddy-t.build/Objects-normal/arm64/Freddy-Swift.h -working-directory /Users/admin/builder/spi-builder-workspace/.swiftpm/xcode -experimental-emit-module-separately -disable-cmo
SwiftDriverJobDiscovery normal arm64 Compiling JSONSubscripting.swift (in target 'Freddy' from project 'Freddy')
SwiftCompile normal arm64_32 Compiling\ AttributeKey.swift,\ AttributeValue.swift,\ CodeAttribute.swift,\ CodeEntity.swift,\ CodeRelationship.swift,\ CodeValueAttribute.swift,\ Database.swift,\ DatabaseChannel.swift,\ DatabaseChannelBase.swift,\ DatabaseChannelFetchHelper.swift /Users/admin/builder/spi-builder-workspace/.dependencies/checkouts/ZeeQL3/Sources/ZeeQL/Access/AttributeKey.swift /Users/admin/builder/spi-builder-workspace/.dependencies/checkouts/ZeeQL3/Sources/ZeeQL/Access/AttributeValue.swift /Users/admin/builder/spi-builder-workspace/.dependencies/checkouts/ZeeQL3/Sources/ZeeQL/Access/CodeAttribute.swift /Users/admin/builder/spi-builder-workspace/.dependencies/checkouts/ZeeQL3/Sources/ZeeQL/Access/CodeEntity.swift /Users/admin/builder/spi-builder-workspace/.dependencies/checkouts/ZeeQL3/Sources/ZeeQL/Access/CodeRelationship.swift /Users/admin/builder/spi-builder-workspace/.dependencies/checkouts/ZeeQL3/Sources/ZeeQL/Access/CodeValueAttribute.swift /Users/admin/builder/spi-builder-workspace/.dependencies/checkouts/ZeeQL3/Sources/ZeeQL/Access/Database.swift /Users/admin/builder/spi-builder-workspace/.dependencies/checkouts/ZeeQL3/Sources/ZeeQL/Access/DatabaseChannel.swift /Users/admin/builder/spi-builder-workspace/.dependencies/checkouts/ZeeQL3/Sources/ZeeQL/Access/DatabaseChannelBase.swift /Users/admin/builder/spi-builder-workspace/.dependencies/checkouts/ZeeQL3/Sources/ZeeQL/Access/DatabaseChannelFetchHelper.swift (in target 'ZeeQL' from project 'ZeeQL3')
SwiftCompile normal arm64_32 /Users/admin/builder/spi-builder-workspace/.dependencies/checkouts/ZeeQL3/Sources/ZeeQL/Access/AttributeKey.swift (in target 'ZeeQL' from project 'ZeeQL3')
cd /Users/admin/builder/spi-builder-workspace/.swiftpm/xcode
builtin-SwiftPerFileCompile AttributeKey.swift
SwiftCompile normal arm64_32 /Users/admin/builder/spi-builder-workspace/.dependencies/checkouts/ZeeQL3/Sources/ZeeQL/Access/AttributeValue.swift (in target 'ZeeQL' from project 'ZeeQL3')
cd /Users/admin/builder/spi-builder-workspace/.swiftpm/xcode
builtin-SwiftPerFileCompile AttributeValue.swift
SwiftCompile normal arm64_32 /Users/admin/builder/spi-builder-workspace/.dependencies/checkouts/ZeeQL3/Sources/ZeeQL/Access/CodeAttribute.swift (in target 'ZeeQL' from project 'ZeeQL3')
cd /Users/admin/builder/spi-builder-workspace/.swiftpm/xcode
builtin-SwiftPerFileCompile CodeAttribute.swift
SwiftCompile normal arm64_32 /Users/admin/builder/spi-builder-workspace/.dependencies/checkouts/ZeeQL3/Sources/ZeeQL/Access/CodeEntity.swift (in target 'ZeeQL' from project 'ZeeQL3')
cd /Users/admin/builder/spi-builder-workspace/.swiftpm/xcode
builtin-SwiftPerFileCompile CodeEntity.swift
SwiftCompile normal arm64_32 /Users/admin/builder/spi-builder-workspace/.dependencies/checkouts/ZeeQL3/Sources/ZeeQL/Access/CodeRelationship.swift (in target 'ZeeQL' from project 'ZeeQL3')
cd /Users/admin/builder/spi-builder-workspace/.swiftpm/xcode
builtin-SwiftPerFileCompile CodeRelationship.swift
SwiftCompile normal arm64_32 /Users/admin/builder/spi-builder-workspace/.dependencies/checkouts/ZeeQL3/Sources/ZeeQL/Access/CodeValueAttribute.swift (in target 'ZeeQL' from project 'ZeeQL3')
cd /Users/admin/builder/spi-builder-workspace/.swiftpm/xcode
builtin-SwiftPerFileCompile CodeValueAttribute.swift
SwiftCompile normal arm64_32 /Users/admin/builder/spi-builder-workspace/.dependencies/checkouts/ZeeQL3/Sources/ZeeQL/Access/Database.swift (in target 'ZeeQL' from project 'ZeeQL3')
cd /Users/admin/builder/spi-builder-workspace/.swiftpm/xcode
builtin-SwiftPerFileCompile Database.swift
SwiftCompile normal arm64_32 /Users/admin/builder/spi-builder-workspace/.dependencies/checkouts/ZeeQL3/Sources/ZeeQL/Access/DatabaseChannel.swift (in target 'ZeeQL' from project 'ZeeQL3')
cd /Users/admin/builder/spi-builder-workspace/.swiftpm/xcode
builtin-SwiftPerFileCompile DatabaseChannel.swift
SwiftCompile normal arm64_32 /Users/admin/builder/spi-builder-workspace/.dependencies/checkouts/ZeeQL3/Sources/ZeeQL/Access/DatabaseChannelBase.swift (in target 'ZeeQL' from project 'ZeeQL3')
cd /Users/admin/builder/spi-builder-workspace/.swiftpm/xcode
builtin-SwiftPerFileCompile DatabaseChannelBase.swift
SwiftCompile normal arm64_32 /Users/admin/builder/spi-builder-workspace/.dependencies/checkouts/ZeeQL3/Sources/ZeeQL/Access/DatabaseChannelFetchHelper.swift (in target 'ZeeQL' from project 'ZeeQL3')
cd /Users/admin/builder/spi-builder-workspace/.swiftpm/xcode
builtin-SwiftPerFileCompile DatabaseChannelFetchHelper.swift
Copy /Users/admin/builder/spi-builder-workspace/.derivedData/Build/Products/Debug-watchos/Freddy.swiftmodule/arm64-apple-watchos.swiftmodule /Users/admin/builder/spi-builder-workspace/.derivedData/Build/Intermediates.noindex/Freddy.build/Debug-watchos/Freddy-t.build/Objects-normal/arm64/Freddy.swiftmodule (in target 'Freddy' from project 'Freddy')
cd /Users/admin/builder/spi-builder-workspace/.dependencies/checkouts/Freddy
builtin-copy -exclude .DS_Store -exclude CVS -exclude .svn -exclude .git -exclude .hg -resolve-src-symlinks -rename /Users/admin/builder/spi-builder-workspace/.derivedData/Build/Intermediates.noindex/Freddy.build/Debug-watchos/Freddy-t.build/Objects-normal/arm64/Freddy.swiftmodule /Users/admin/builder/spi-builder-workspace/.derivedData/Build/Products/Debug-watchos/Freddy.swiftmodule/arm64-apple-watchos.swiftmodule
SwiftDriverJobDiscovery normal arm64_32 Emitting module for Freddy (in target 'Freddy' from project 'Freddy')
SwiftDriver\ Compilation\ Requirements Freddy normal arm64_32 com.apple.xcode.tools.swift.compiler (in target 'Freddy' from project 'Freddy')
cd /Users/admin/builder/spi-builder-workspace/.swiftpm/xcode
builtin-Swift-Compilation-Requirements -- /Applications/Xcode-27.0.0-Release.Candidate.app/Contents/Developer/Toolchains/XcodeDefault.xctoolchain/usr/bin/swiftc -parse-as-library -module-name Freddy -Onone @/Users/admin/builder/spi-builder-workspace/.derivedData/Build/Intermediates.noindex/Freddy.build/Debug-watchos/Freddy-t.build/Objects-normal/arm64_32/Freddy.SwiftFileList -DSWIFT_PACKAGE -DDEBUG -DSWIFT_MODULE_RESOURCE_BUNDLE_UNAVAILABLE -DXcode -plugin-path /Applications/Xcode-27.0.0-Release.Candidate.app/Contents/Developer/Toolchains/XcodeDefault.xctoolchain/usr/lib/swift/host/plugins/testing -enable-experimental-feature DebugDescriptionMacro -sdk /Applications/Xcode-27.0.0-Release.Candidate.app/Contents/Developer/Platforms/WatchOS.platform/Developer/SDKs/WatchOS27.0.sdk -target arm64_32-apple-watchos9.0 -g -module-cache-path /Users/admin/builder/spi-builder-workspace/.derivedData/ModuleCache.noindex -Xfrontend -serialize-debugging-options -enable-testing -suppress-warnings -index-store-path /Users/admin/builder/spi-builder-workspace/.derivedData/Index.noindex/DataStore -Xcc -D_LIBCPP_HARDENING_MODE\=_LIBCPP_HARDENING_MODE_DEBUG -swift-version 5 -I /Users/admin/builder/spi-builder-workspace/.derivedData/Build/Products/Debug-watchos -Isystem /Applications/Xcode-27.0.0-Release.Candidate.app/Contents/Developer/Platforms/WatchOS.platform/Developer/usr/lib -F /Users/admin/builder/spi-builder-workspace/.derivedData/Build/Products/Debug-watchos -F /Applications/Xcode-27.0.0-Release.Candidate.app/Contents/Developer/Platforms/WatchOS.platform/Developer/Library/Frameworks -F /Applications/Xcode-27.0.0-Release.Candidate.app/Contents/Developer/Platforms/WatchOS.platform/Developer/SDKs/WatchOS27.0.sdk/Developer/Library/Frameworks -c -j10 -enable-batch-mode -incremental -Xcc -ivfsstatcache -Xcc /Users/admin/builder/spi-builder-workspace/.derivedData/SDKStatCaches.noindex/watchos27.0-24R360-e829b21a6f8c9b70876ba0858053c04477534ef55a1706bf4c1112bbb242f0a2.sdkstatcache -output-file-map /Users/admin/builder/spi-builder-workspace/.derivedData/Build/Intermediates.noindex/Freddy.build/Debug-watchos/Freddy-t.build/Objects-normal/arm64_32/Freddy-OutputFileMap.json -save-temps -no-color-diagnostics -explicit-module-build -module-cache-path /Users/admin/builder/spi-builder-workspace/.derivedData/Build/Intermediates.noindex/SwiftExplicitPrecompiledModules -clang-scanner-module-cache-path /Users/admin/builder/spi-builder-workspace/.derivedData/ModuleCache.noindex -sdk-module-cache-path /Users/admin/builder/spi-builder-workspace/.derivedData/SDKExplicitPrecompiledModules -emit-dependencies -emit-module -emit-module-path /Users/admin/builder/spi-builder-workspace/.derivedData/Build/Intermediates.noindex/Freddy.build/Debug-watchos/Freddy-t.build/Objects-normal/arm64_32/Freddy.swiftmodule -serialize-diagnostics -dependency-scan-serialize-diagnostics-path /Users/admin/builder/spi-builder-workspace/.derivedData/Build/Intermediates.noindex/Freddy.build/Debug-watchos/Freddy-t.build/Objects-normal/arm64_32/Freddy-dependency-scan.dia -validate-clang-modules-once -clang-build-session-file /Users/admin/builder/spi-builder-workspace/.derivedData/ModuleCache.noindex/Session.modulevalidation -Xcc -fmodules-prune-interval\=86400 -Xcc -fmodules-prune-after\=345600 -emit-const-values -const-gather-protocols-list /Users/admin/builder/spi-builder-workspace/.derivedData/Build/Intermediates.noindex/Freddy.build/Debug-watchos/Freddy-t.build/Objects-normal/arm64_32/Freddy_const_extract_protocols.json -Xcc -I/Users/admin/builder/spi-builder-workspace/.derivedData/Build/Products/Debug-watchos/include -Xcc -I/Users/admin/builder/spi-builder-workspace/.derivedData/Build/Intermediates.noindex/Freddy.build/Debug-watchos/Freddy-t.build/DerivedSources-normal/arm64_32 -Xcc -I/Users/admin/builder/spi-builder-workspace/.derivedData/Build/Intermediates.noindex/Freddy.build/Debug-watchos/Freddy-t.build/DerivedSources/arm64_32 -Xcc -I/Users/admin/builder/spi-builder-workspace/.derivedData/Build/Intermediates.noindex/Freddy.build/Debug-watchos/Freddy-t.build/DerivedSources -Xcc -DSWIFT_PACKAGE -Xcc -DDEBUG\=1 -emit-objc-header -emit-objc-header-path /Users/admin/builder/spi-builder-workspace/.derivedData/Build/Intermediates.noindex/Freddy.build/Debug-watchos/Freddy-t.build/Objects-normal/arm64_32/Freddy-Swift.h -working-directory /Users/admin/builder/spi-builder-workspace/.swiftpm/xcode -experimental-emit-module-separately -disable-cmo
Copy /Users/admin/builder/spi-builder-workspace/.derivedData/Build/Products/Debug-watchos/Freddy.swiftmodule/arm64-apple-watchos.swiftdoc /Users/admin/builder/spi-builder-workspace/.derivedData/Build/Intermediates.noindex/Freddy.build/Debug-watchos/Freddy-t.build/Objects-normal/arm64/Freddy.swiftdoc (in target 'Freddy' from project 'Freddy')
cd /Users/admin/builder/spi-builder-workspace/.dependencies/checkouts/Freddy
builtin-copy -exclude .DS_Store -exclude CVS -exclude .svn -exclude .git -exclude .hg -resolve-src-symlinks -rename /Users/admin/builder/spi-builder-workspace/.derivedData/Build/Intermediates.noindex/Freddy.build/Debug-watchos/Freddy-t.build/Objects-normal/arm64/Freddy.swiftdoc /Users/admin/builder/spi-builder-workspace/.derivedData/Build/Products/Debug-watchos/Freddy.swiftmodule/arm64-apple-watchos.swiftdoc
SwiftMergeGeneratedHeaders /Users/admin/builder/spi-builder-workspace/.derivedData/Build/Intermediates.noindex/GeneratedModuleMaps-watchos/Freddy-Swift.h /Users/admin/builder/spi-builder-workspace/.derivedData/Build/Intermediates.noindex/Freddy.build/Debug-watchos/Freddy-t.build/Objects-normal/arm64/Freddy-Swift.h /Users/admin/builder/spi-builder-workspace/.derivedData/Build/Intermediates.noindex/Freddy.build/Debug-watchos/Freddy-t.build/Objects-normal/arm64_32/Freddy-Swift.h (in target 'Freddy' from project 'Freddy')
cd /Users/admin/builder/spi-builder-workspace/.dependencies/checkouts/Freddy
builtin-swiftHeaderTool -arch arm64 /Users/admin/builder/spi-builder-workspace/.derivedData/Build/Intermediates.noindex/Freddy.build/Debug-watchos/Freddy-t.build/Objects-normal/arm64/Freddy-Swift.h -arch arm64_32 /Users/admin/builder/spi-builder-workspace/.derivedData/Build/Intermediates.noindex/Freddy.build/Debug-watchos/Freddy-t.build/Objects-normal/arm64_32/Freddy-Swift.h -o /Users/admin/builder/spi-builder-workspace/.derivedData/Build/Intermediates.noindex/GeneratedModuleMaps-watchos/Freddy-Swift.h
Copy /Users/admin/builder/spi-builder-workspace/.derivedData/Build/Products/Debug-watchos/Freddy.swiftmodule/arm64_32-apple-watchos.swiftmodule /Users/admin/builder/spi-builder-workspace/.derivedData/Build/Intermediates.noindex/Freddy.build/Debug-watchos/Freddy-t.build/Objects-normal/arm64_32/Freddy.swiftmodule (in target 'Freddy' from project 'Freddy')
cd /Users/admin/builder/spi-builder-workspace/.dependencies/checkouts/Freddy
builtin-copy -exclude .DS_Store -exclude CVS -exclude .svn -exclude .git -exclude .hg -resolve-src-symlinks -rename /Users/admin/builder/spi-builder-workspace/.derivedData/Build/Intermediates.noindex/Freddy.build/Debug-watchos/Freddy-t.build/Objects-normal/arm64_32/Freddy.swiftmodule /Users/admin/builder/spi-builder-workspace/.derivedData/Build/Products/Debug-watchos/Freddy.swiftmodule/arm64_32-apple-watchos.swiftmodule
Copy /Users/admin/builder/spi-builder-workspace/.derivedData/Build/Products/Debug-watchos/Freddy.swiftmodule/arm64_32-apple-watchos.swiftdoc /Users/admin/builder/spi-builder-workspace/.derivedData/Build/Intermediates.noindex/Freddy.build/Debug-watchos/Freddy-t.build/Objects-normal/arm64_32/Freddy.swiftdoc (in target 'Freddy' from project 'Freddy')
cd /Users/admin/builder/spi-builder-workspace/.dependencies/checkouts/Freddy
builtin-copy -exclude .DS_Store -exclude CVS -exclude .svn -exclude .git -exclude .hg -resolve-src-symlinks -rename /Users/admin/builder/spi-builder-workspace/.derivedData/Build/Intermediates.noindex/Freddy.build/Debug-watchos/Freddy-t.build/Objects-normal/arm64_32/Freddy.swiftdoc /Users/admin/builder/spi-builder-workspace/.derivedData/Build/Products/Debug-watchos/Freddy.swiftmodule/arm64_32-apple-watchos.swiftdoc
Copy /Users/admin/builder/spi-builder-workspace/.derivedData/Build/Products/Debug-watchos/Freddy.swiftmodule/arm64_32-apple-watchos.abi.json /Users/admin/builder/spi-builder-workspace/.derivedData/Build/Intermediates.noindex/Freddy.build/Debug-watchos/Freddy-t.build/Objects-normal/arm64_32/Freddy.abi.json (in target 'Freddy' from project 'Freddy')
cd /Users/admin/builder/spi-builder-workspace/.dependencies/checkouts/Freddy
builtin-copy -exclude .DS_Store -exclude CVS -exclude .svn -exclude .git -exclude .hg -resolve-src-symlinks -rename /Users/admin/builder/spi-builder-workspace/.derivedData/Build/Intermediates.noindex/Freddy.build/Debug-watchos/Freddy-t.build/Objects-normal/arm64_32/Freddy.abi.json /Users/admin/builder/spi-builder-workspace/.derivedData/Build/Products/Debug-watchos/Freddy.swiftmodule/arm64_32-apple-watchos.abi.json
Copy /Users/admin/builder/spi-builder-workspace/.derivedData/Build/Products/Debug-watchos/Freddy.swiftmodule/arm64-apple-watchos.abi.json /Users/admin/builder/spi-builder-workspace/.derivedData/Build/Intermediates.noindex/Freddy.build/Debug-watchos/Freddy-t.build/Objects-normal/arm64/Freddy.abi.json (in target 'Freddy' from project 'Freddy')
cd /Users/admin/builder/spi-builder-workspace/.dependencies/checkouts/Freddy
builtin-copy -exclude .DS_Store -exclude CVS -exclude .svn -exclude .git -exclude .hg -resolve-src-symlinks -rename /Users/admin/builder/spi-builder-workspace/.derivedData/Build/Intermediates.noindex/Freddy.build/Debug-watchos/Freddy-t.build/Objects-normal/arm64/Freddy.abi.json /Users/admin/builder/spi-builder-workspace/.derivedData/Build/Products/Debug-watchos/Freddy.swiftmodule/arm64-apple-watchos.abi.json
Copy /Users/admin/builder/spi-builder-workspace/.derivedData/Build/Products/Debug-watchos/Freddy.swiftmodule/Project/arm64_32-apple-watchos.swiftsourceinfo /Users/admin/builder/spi-builder-workspace/.derivedData/Build/Intermediates.noindex/Freddy.build/Debug-watchos/Freddy-t.build/Objects-normal/arm64_32/Freddy.swiftsourceinfo (in target 'Freddy' from project 'Freddy')
cd /Users/admin/builder/spi-builder-workspace/.dependencies/checkouts/Freddy
builtin-copy -exclude .DS_Store -exclude CVS -exclude .svn -exclude .git -exclude .hg -resolve-src-symlinks -rename /Users/admin/builder/spi-builder-workspace/.derivedData/Build/Intermediates.noindex/Freddy.build/Debug-watchos/Freddy-t.build/Objects-normal/arm64_32/Freddy.swiftsourceinfo /Users/admin/builder/spi-builder-workspace/.derivedData/Build/Products/Debug-watchos/Freddy.swiftmodule/Project/arm64_32-apple-watchos.swiftsourceinfo
Copy /Users/admin/builder/spi-builder-workspace/.derivedData/Build/Products/Debug-watchos/Freddy.swiftmodule/Project/arm64-apple-watchos.swiftsourceinfo /Users/admin/builder/spi-builder-workspace/.derivedData/Build/Intermediates.noindex/Freddy.build/Debug-watchos/Freddy-t.build/Objects-normal/arm64/Freddy.swiftsourceinfo (in target 'Freddy' from project 'Freddy')
cd /Users/admin/builder/spi-builder-workspace/.dependencies/checkouts/Freddy
builtin-copy -exclude .DS_Store -exclude CVS -exclude .svn -exclude .git -exclude .hg -resolve-src-symlinks -rename /Users/admin/builder/spi-builder-workspace/.derivedData/Build/Intermediates.noindex/Freddy.build/Debug-watchos/Freddy-t.build/Objects-normal/arm64/Freddy.swiftsourceinfo /Users/admin/builder/spi-builder-workspace/.derivedData/Build/Products/Debug-watchos/Freddy.swiftmodule/Project/arm64-apple-watchos.swiftsourceinfo
SwiftCompile normal arm64_32 Compiling\ SchemaSynchronization.swift,\ SchemaSynchronizationFactory.swift,\ TypedDatabaseChannel.swift,\ TypedFetchSpecification.swift,\ ZeeQLTypes.swift,\ ArrayDataSource.swift,\ BooleanQualifier.swift,\ ComparisonOperation.swift,\ CompoundQualifier.swift,\ Constant.swift /Users/admin/builder/spi-builder-workspace/.dependencies/checkouts/ZeeQL3/Sources/ZeeQL/Access/SchemaSynchronization.swift /Users/admin/builder/spi-builder-workspace/.dependencies/checkouts/ZeeQL3/Sources/ZeeQL/Access/SchemaSynchronizationFactory.swift /Users/admin/builder/spi-builder-workspace/.dependencies/checkouts/ZeeQL3/Sources/ZeeQL/Access/TypedDatabaseChannel.swift /Users/admin/builder/spi-builder-workspace/.dependencies/checkouts/ZeeQL3/Sources/ZeeQL/Access/TypedFetchSpecification.swift /Users/admin/builder/spi-builder-workspace/.dependencies/checkouts/ZeeQL3/Sources/ZeeQL/Access/ZeeQLTypes.swift /Users/admin/builder/spi-builder-workspace/.dependencies/checkouts/ZeeQL3/Sources/ZeeQL/Control/ArrayDataSource.swift /Users/admin/builder/spi-builder-workspace/.dependencies/checkouts/ZeeQL3/Sources/ZeeQL/Control/BooleanQualifier.swift /Users/admin/builder/spi-builder-workspace/.dependencies/checkouts/ZeeQL3/Sources/ZeeQL/Control/ComparisonOperation.swift /Users/admin/builder/spi-builder-workspace/.dependencies/checkouts/ZeeQL3/Sources/ZeeQL/Control/CompoundQualifier.swift /Users/admin/builder/spi-builder-workspace/.dependencies/checkouts/ZeeQL3/Sources/ZeeQL/Control/Constant.swift (in target 'ZeeQL' from project 'ZeeQL3')
SwiftCompile normal arm64_32 /Users/admin/builder/spi-builder-workspace/.dependencies/checkouts/ZeeQL3/Sources/ZeeQL/Access/SchemaSynchronization.swift (in target 'ZeeQL' from project 'ZeeQL3')
cd /Users/admin/builder/spi-builder-workspace/.swiftpm/xcode
builtin-SwiftPerFileCompile SchemaSynchronization.swift
SwiftCompile normal arm64_32 /Users/admin/builder/spi-builder-workspace/.dependencies/checkouts/ZeeQL3/Sources/ZeeQL/Access/SchemaSynchronizationFactory.swift (in target 'ZeeQL' from project 'ZeeQL3')
cd /Users/admin/builder/spi-builder-workspace/.swiftpm/xcode
builtin-SwiftPerFileCompile SchemaSynchronizationFactory.swift
SwiftCompile normal arm64_32 /Users/admin/builder/spi-builder-workspace/.dependencies/checkouts/ZeeQL3/Sources/ZeeQL/Access/TypedDatabaseChannel.swift (in target 'ZeeQL' from project 'ZeeQL3')
cd /Users/admin/builder/spi-builder-workspace/.swiftpm/xcode
builtin-SwiftPerFileCompile TypedDatabaseChannel.swift
SwiftCompile normal arm64_32 /Users/admin/builder/spi-builder-workspace/.dependencies/checkouts/ZeeQL3/Sources/ZeeQL/Access/TypedFetchSpecification.swift (in target 'ZeeQL' from project 'ZeeQL3')
cd /Users/admin/builder/spi-builder-workspace/.swiftpm/xcode
builtin-SwiftPerFileCompile TypedFetchSpecification.swift
SwiftCompile normal arm64_32 /Users/admin/builder/spi-builder-workspace/.dependencies/checkouts/ZeeQL3/Sources/ZeeQL/Access/ZeeQLTypes.swift (in target 'ZeeQL' from project 'ZeeQL3')
cd /Users/admin/builder/spi-builder-workspace/.swiftpm/xcode
builtin-SwiftPerFileCompile ZeeQLTypes.swift
SwiftCompile normal arm64_32 /Users/admin/builder/spi-builder-workspace/.dependencies/checkouts/ZeeQL3/Sources/ZeeQL/Control/ArrayDataSource.swift (in target 'ZeeQL' from project 'ZeeQL3')
cd /Users/admin/builder/spi-builder-workspace/.swiftpm/xcode
builtin-SwiftPerFileCompile ArrayDataSource.swift
SwiftCompile normal arm64_32 /Users/admin/builder/spi-builder-workspace/.dependencies/checkouts/ZeeQL3/Sources/ZeeQL/Control/BooleanQualifier.swift (in target 'ZeeQL' from project 'ZeeQL3')
cd /Users/admin/builder/spi-builder-workspace/.swiftpm/xcode
builtin-SwiftPerFileCompile BooleanQualifier.swift
SwiftCompile normal arm64_32 /Users/admin/builder/spi-builder-workspace/.dependencies/checkouts/ZeeQL3/Sources/ZeeQL/Control/ComparisonOperation.swift (in target 'ZeeQL' from project 'ZeeQL3')
cd /Users/admin/builder/spi-builder-workspace/.swiftpm/xcode
builtin-SwiftPerFileCompile ComparisonOperation.swift
SwiftCompile normal arm64_32 /Users/admin/builder/spi-builder-workspace/.dependencies/checkouts/ZeeQL3/Sources/ZeeQL/Control/CompoundQualifier.swift (in target 'ZeeQL' from project 'ZeeQL3')
cd /Users/admin/builder/spi-builder-workspace/.swiftpm/xcode
builtin-SwiftPerFileCompile CompoundQualifier.swift
SwiftCompile normal arm64_32 /Users/admin/builder/spi-builder-workspace/.dependencies/checkouts/ZeeQL3/Sources/ZeeQL/Control/Constant.swift (in target 'ZeeQL' from project 'ZeeQL3')
cd /Users/admin/builder/spi-builder-workspace/.swiftpm/xcode
builtin-SwiftPerFileCompile Constant.swift
SwiftCompile normal arm64_32 Compiling\ ModelPattern.swift,\ ModelSQLizer.swift,\ Property.swift,\ Relationship.swift,\ SQLAttributeChange.swift,\ SQLExpression.swift,\ SQLExpressionFactory.swift,\ SQLForeignKey.swift,\ SQLTableGroups.swift,\ SchemaGeneration.swift /Users/admin/builder/spi-builder-workspace/.dependencies/checkouts/ZeeQL3/Sources/ZeeQL/Access/ModelPattern.swift /Users/admin/builder/spi-builder-workspace/.dependencies/checkouts/ZeeQL3/Sources/ZeeQL/Access/ModelSQLizer.swift /Users/admin/builder/spi-builder-workspace/.dependencies/checkouts/ZeeQL3/Sources/ZeeQL/Access/Property.swift /Users/admin/builder/spi-builder-workspace/.dependencies/checkouts/ZeeQL3/Sources/ZeeQL/Access/Relationship.swift /Users/admin/builder/spi-builder-workspace/.dependencies/checkouts/ZeeQL3/Sources/ZeeQL/Access/SQLAttributeChange.swift /Users/admin/builder/spi-builder-workspace/.dependencies/checkouts/ZeeQL3/Sources/ZeeQL/Access/SQLExpression.swift /Users/admin/builder/spi-builder-workspace/.dependencies/checkouts/ZeeQL3/Sources/ZeeQL/Access/SQLExpressionFactory.swift /Users/admin/builder/spi-builder-workspace/.dependencies/checkouts/ZeeQL3/Sources/ZeeQL/Access/SQLForeignKey.swift /Users/admin/builder/spi-builder-workspace/.dependencies/checkouts/ZeeQL3/Sources/ZeeQL/Access/SQLTableGroups.swift /Users/admin/builder/spi-builder-workspace/.dependencies/checkouts/ZeeQL3/Sources/ZeeQL/Access/SchemaGeneration.swift (in target 'ZeeQL' from project 'ZeeQL3')
SwiftCompile normal arm64_32 /Users/admin/builder/spi-builder-workspace/.dependencies/checkouts/ZeeQL3/Sources/ZeeQL/Access/ModelPattern.swift (in target 'ZeeQL' from project 'ZeeQL3')
cd /Users/admin/builder/spi-builder-workspace/.swiftpm/xcode
builtin-SwiftPerFileCompile ModelPattern.swift
SwiftCompile normal arm64_32 /Users/admin/builder/spi-builder-workspace/.dependencies/checkouts/ZeeQL3/Sources/ZeeQL/Access/ModelSQLizer.swift (in target 'ZeeQL' from project 'ZeeQL3')
cd /Users/admin/builder/spi-builder-workspace/.swiftpm/xcode
builtin-SwiftPerFileCompile ModelSQLizer.swift
SwiftCompile normal arm64_32 /Users/admin/builder/spi-builder-workspace/.dependencies/checkouts/ZeeQL3/Sources/ZeeQL/Access/Property.swift (in target 'ZeeQL' from project 'ZeeQL3')
cd /Users/admin/builder/spi-builder-workspace/.swiftpm/xcode
builtin-SwiftPerFileCompile Property.swift
SwiftCompile normal arm64_32 /Users/admin/builder/spi-builder-workspace/.dependencies/checkouts/ZeeQL3/Sources/ZeeQL/Access/Relationship.swift (in target 'ZeeQL' from project 'ZeeQL3')
cd /Users/admin/builder/spi-builder-workspace/.swiftpm/xcode
builtin-SwiftPerFileCompile Relationship.swift
SwiftCompile normal arm64_32 /Users/admin/builder/spi-builder-workspace/.dependencies/checkouts/ZeeQL3/Sources/ZeeQL/Access/SQLAttributeChange.swift (in target 'ZeeQL' from project 'ZeeQL3')
cd /Users/admin/builder/spi-builder-workspace/.swiftpm/xcode
builtin-SwiftPerFileCompile SQLAttributeChange.swift
SwiftCompile normal arm64_32 /Users/admin/builder/spi-builder-workspace/.dependencies/checkouts/ZeeQL3/Sources/ZeeQL/Access/SQLExpression.swift (in target 'ZeeQL' from project 'ZeeQL3')
cd /Users/admin/builder/spi-builder-workspace/.swiftpm/xcode
builtin-SwiftPerFileCompile SQLExpression.swift
SwiftCompile normal arm64_32 /Users/admin/builder/spi-builder-workspace/.dependencies/checkouts/ZeeQL3/Sources/ZeeQL/Access/SQLExpressionFactory.swift (in target 'ZeeQL' from project 'ZeeQL3')
cd /Users/admin/builder/spi-builder-workspace/.swiftpm/xcode
builtin-SwiftPerFileCompile SQLExpressionFactory.swift
SwiftCompile normal arm64_32 /Users/admin/builder/spi-builder-workspace/.dependencies/checkouts/ZeeQL3/Sources/ZeeQL/Access/SQLForeignKey.swift (in target 'ZeeQL' from project 'ZeeQL3')
cd /Users/admin/builder/spi-builder-workspace/.swiftpm/xcode
builtin-SwiftPerFileCompile SQLForeignKey.swift
SwiftCompile normal arm64_32 /Users/admin/builder/spi-builder-workspace/.dependencies/checkouts/ZeeQL3/Sources/ZeeQL/Access/SQLTableGroups.swift (in target 'ZeeQL' from project 'ZeeQL3')
cd /Users/admin/builder/spi-builder-workspace/.swiftpm/xcode
builtin-SwiftPerFileCompile SQLTableGroups.swift
SwiftCompile normal arm64_32 /Users/admin/builder/spi-builder-workspace/.dependencies/checkouts/ZeeQL3/Sources/ZeeQL/Access/SchemaGeneration.swift (in target 'ZeeQL' from project 'ZeeQL3')
cd /Users/admin/builder/spi-builder-workspace/.swiftpm/xcode
builtin-SwiftPerFileCompile SchemaGeneration.swift
SwiftDriverJobDiscovery normal arm64 Compiling JSONOptional.swift (in target 'Freddy' from project 'Freddy')
SwiftCompile normal arm64 Compiling\ SchemaSynchronization.swift,\ SchemaSynchronizationFactory.swift,\ TypedDatabaseChannel.swift,\ TypedFetchSpecification.swift,\ ZeeQLTypes.swift,\ ArrayDataSource.swift,\ BooleanQualifier.swift,\ ComparisonOperation.swift,\ CompoundQualifier.swift,\ Constant.swift /Users/admin/builder/spi-builder-workspace/.dependencies/checkouts/ZeeQL3/Sources/ZeeQL/Access/SchemaSynchronization.swift /Users/admin/builder/spi-builder-workspace/.dependencies/checkouts/ZeeQL3/Sources/ZeeQL/Access/SchemaSynchronizationFactory.swift /Users/admin/builder/spi-builder-workspace/.dependencies/checkouts/ZeeQL3/Sources/ZeeQL/Access/TypedDatabaseChannel.swift /Users/admin/builder/spi-builder-workspace/.dependencies/checkouts/ZeeQL3/Sources/ZeeQL/Access/TypedFetchSpecification.swift /Users/admin/builder/spi-builder-workspace/.dependencies/checkouts/ZeeQL3/Sources/ZeeQL/Access/ZeeQLTypes.swift /Users/admin/builder/spi-builder-workspace/.dependencies/checkouts/ZeeQL3/Sources/ZeeQL/Control/ArrayDataSource.swift /Users/admin/builder/spi-builder-workspace/.dependencies/checkouts/ZeeQL3/Sources/ZeeQL/Control/BooleanQualifier.swift /Users/admin/builder/spi-builder-workspace/.dependencies/checkouts/ZeeQL3/Sources/ZeeQL/Control/ComparisonOperation.swift /Users/admin/builder/spi-builder-workspace/.dependencies/checkouts/ZeeQL3/Sources/ZeeQL/Control/CompoundQualifier.swift /Users/admin/builder/spi-builder-workspace/.dependencies/checkouts/ZeeQL3/Sources/ZeeQL/Control/Constant.swift (in target 'ZeeQL' from project 'ZeeQL3')
SwiftCompile normal arm64 /Users/admin/builder/spi-builder-workspace/.dependencies/checkouts/ZeeQL3/Sources/ZeeQL/Access/SchemaSynchronization.swift (in target 'ZeeQL' from project 'ZeeQL3')
cd /Users/admin/builder/spi-builder-workspace/.swiftpm/xcode
builtin-SwiftPerFileCompile SchemaSynchronization.swift
SwiftCompile normal arm64 /Users/admin/builder/spi-builder-workspace/.dependencies/checkouts/ZeeQL3/Sources/ZeeQL/Access/SchemaSynchronizationFactory.swift (in target 'ZeeQL' from project 'ZeeQL3')
cd /Users/admin/builder/spi-builder-workspace/.swiftpm/xcode
builtin-SwiftPerFileCompile SchemaSynchronizationFactory.swift
SwiftCompile normal arm64 /Users/admin/builder/spi-builder-workspace/.dependencies/checkouts/ZeeQL3/Sources/ZeeQL/Access/TypedDatabaseChannel.swift (in target 'ZeeQL' from project 'ZeeQL3')
cd /Users/admin/builder/spi-builder-workspace/.swiftpm/xcode
builtin-SwiftPerFileCompile TypedDatabaseChannel.swift
SwiftCompile normal arm64 /Users/admin/builder/spi-builder-workspace/.dependencies/checkouts/ZeeQL3/Sources/ZeeQL/Access/TypedFetchSpecification.swift (in target 'ZeeQL' from project 'ZeeQL3')
cd /Users/admin/builder/spi-builder-workspace/.swiftpm/xcode
builtin-SwiftPerFileCompile TypedFetchSpecification.swift
SwiftCompile normal arm64 /Users/admin/builder/spi-builder-workspace/.dependencies/checkouts/ZeeQL3/Sources/ZeeQL/Access/ZeeQLTypes.swift (in target 'ZeeQL' from project 'ZeeQL3')
cd /Users/admin/builder/spi-builder-workspace/.swiftpm/xcode
builtin-SwiftPerFileCompile ZeeQLTypes.swift
SwiftCompile normal arm64 /Users/admin/builder/spi-builder-workspace/.dependencies/checkouts/ZeeQL3/Sources/ZeeQL/Control/ArrayDataSource.swift (in target 'ZeeQL' from project 'ZeeQL3')
cd /Users/admin/builder/spi-builder-workspace/.swiftpm/xcode
builtin-SwiftPerFileCompile ArrayDataSource.swift
SwiftCompile normal arm64 /Users/admin/builder/spi-builder-workspace/.dependencies/checkouts/ZeeQL3/Sources/ZeeQL/Control/BooleanQualifier.swift (in target 'ZeeQL' from project 'ZeeQL3')
cd /Users/admin/builder/spi-builder-workspace/.swiftpm/xcode
builtin-SwiftPerFileCompile BooleanQualifier.swift
SwiftCompile normal arm64 /Users/admin/builder/spi-builder-workspace/.dependencies/checkouts/ZeeQL3/Sources/ZeeQL/Control/ComparisonOperation.swift (in target 'ZeeQL' from project 'ZeeQL3')
cd /Users/admin/builder/spi-builder-workspace/.swiftpm/xcode
builtin-SwiftPerFileCompile ComparisonOperation.swift
SwiftCompile normal arm64 /Users/admin/builder/spi-builder-workspace/.dependencies/checkouts/ZeeQL3/Sources/ZeeQL/Control/CompoundQualifier.swift (in target 'ZeeQL' from project 'ZeeQL3')
cd /Users/admin/builder/spi-builder-workspace/.swiftpm/xcode
builtin-SwiftPerFileCompile CompoundQualifier.swift
SwiftCompile normal arm64 /Users/admin/builder/spi-builder-workspace/.dependencies/checkouts/ZeeQL3/Sources/ZeeQL/Control/Constant.swift (in target 'ZeeQL' from project 'ZeeQL3')
cd /Users/admin/builder/spi-builder-workspace/.swiftpm/xcode
builtin-SwiftPerFileCompile Constant.swift
PruneExplicitPrecompiledModules /Users/admin/builder/spi-builder-workspace/.derivedData/SDKExplicitPrecompiledModules
PruneExplicitPrecompiledModules /Users/admin/builder/spi-builder-workspace/.derivedData/Build/Intermediates.noindex/ExplicitPrecompiledModules
PruneExplicitPrecompiledModules /Users/admin/builder/spi-builder-workspace/.derivedData/Build/Intermediates.noindex/SwiftExplicitPrecompiledModules
2026-09-17 08:41:52.275 xcodebuild[878:5474] [MT] IDERunDestination: Supported platforms for the buildables in the current scheme is empty.
** BUILD FAILED **
The following build commands failed:
SwiftCompile normal arm64 Compiling\ JSONParser.swift /Users/admin/builder/spi-builder-workspace/.dependencies/checkouts/Freddy/Sources/Freddy/JSONParser.swift (in target 'Freddy' from project 'Freddy')
SwiftCompile normal arm64 /Users/admin/builder/spi-builder-workspace/.dependencies/checkouts/Freddy/Sources/Freddy/JSONParser.swift (in target 'Freddy' from project 'Freddy')
Building workspace ZeeQL3Freddy with scheme ZeeQL3Freddy
(3 failures)
BUILD FAILURE 6.4 watchOS