The Swift Package Index logo.Swift Package Index

Build Information

Failed to build SubVTData, reference 0.21.0 (04c8c6), with Swift 6.1 for Android on 4 Sep 2026 00:07:16 UTC.

Build Command

bash -c docker run --pull=always --rm -v "checkouts-54344849-1":/host -w "$PWD" -e JAVA_HOME="/root/.sdkman/candidates/java/current" -e SPI_BUILD="1" -e SPI_PROCESSING="1" registry.gitlab.com/saguaro1/spi-images:android-6.1-latest swift build --swift-sdk aarch64-unknown-linux-android24 2>&1

Build Log

========================================
RunAll
========================================
Builder version: 5.0.2
Interrupt handler set up.
========================================
Checkout
========================================
Clone URL: https://github.com/helikonlabs/subvt-data-swift.git
Reference: 0.21.0
Initialized empty Git repository in /host/spi-builder-workspace/.git/
hint: Using 'master' as the name for the initial branch. This default branch name
hint: is subject to change. To configure the initial branch name to use in all
hint: of your new repositories, which will suppress this warning, call:
hint:
hint: 	git config --global init.defaultBranch <name>
hint:
hint: Names commonly chosen instead of 'master' are 'main', 'trunk' and
hint: 'development'. The just-created branch can be renamed via this command:
hint:
hint: 	git branch -m <name>
From https://github.com/helikonlabs/subvt-data-swift
 * tag               0.21.0     -> FETCH_HEAD
HEAD is now at 04c8c60 Set max message size for ws connections.
Cloned https://github.com/helikonlabs/subvt-data-swift.git
Revision (git rev-parse @):
04c8c600b3268673dc783ebf09181b20db38cb85
SUCCESS checkout https://github.com/helikonlabs/subvt-data-swift.git at 0.21.0
========================================
Build
========================================
Selected platform:         android
Swift version:             6.1
Building package at path:  $PWD
https://github.com/helikonlabs/subvt-data-swift.git
https://github.com/helikonlabs/subvt-data-swift.git
WARNING: environment variable SUPPRESS_SWIFT_6_FLAGS is not set
Running build ...
bash -c docker run --pull=always --rm -v "checkouts-54344849-1":/host -w "$PWD" -e JAVA_HOME="/root/.sdkman/candidates/java/current" -e SPI_BUILD="1" -e SPI_PROCESSING="1" registry.gitlab.com/saguaro1/spi-images:android-6.1-latest swift build --swift-sdk aarch64-unknown-linux-android24 -Xswiftc -Xfrontend -Xswiftc -stats-output-dir -Xswiftc -Xfrontend -Xswiftc .stats -Xswiftc -strict-concurrency=complete -Xswiftc -enable-upcoming-feature -Xswiftc StrictConcurrency -Xswiftc -enable-upcoming-feature -Xswiftc DisableOutwardActorInference -Xswiftc -enable-upcoming-feature -Xswiftc GlobalActorIsolatedTypesUsability -Xswiftc -enable-upcoming-feature -Xswiftc InferSendableFromCaptures 2>&1
android-6.1-latest: Pulling from saguaro1/spi-images
Digest: sha256:0cd0efb458d677a6de9b5e028d30e2aa1d1b247c2277202ba317a28ce9e867e0
Status: Image is up to date for registry.gitlab.com/saguaro1/spi-images:android-6.1-latest
Fetching https://github.com/kishikawakatsumi/KeychainAccess.git
Fetching https://github.com/SwiftyBeaver/SwiftyBeaver.git
Fetching https://github.com/GigaBitcoin/secp256k1.swift.git
Fetching https://github.com/attaswift/BigInt.git
Fetching https://github.com/tesseract-one/Blake2.swift.git
Fetching https://github.com/keefertaylor/Base58Swift.git
[1/534] Fetching base58swift
[103/4618] Fetching base58swift, swiftybeaver
[226/9557] Fetching base58swift, swiftybeaver, bigint
[2377/9698] Fetching base58swift, swiftybeaver, bigint, blake2.swift
Fetched https://github.com/keefertaylor/Base58Swift.git from cache (0.50s)
Fetching https://github.com/konkab/AlamofireNetworkActivityLogger.git
[2249/9164] Fetching swiftybeaver, bigint, blake2.swift
[8276/13552] Fetching swiftybeaver, bigint, blake2.swift, keychainaccess
Fetched https://github.com/tesseract-one/Blake2.swift.git from cache (0.56s)
[8820/13411] Fetching swiftybeaver, bigint, keychainaccess
Fetching https://github.com/Alamofire/Alamofire.git
Fetched https://github.com/kishikawakatsumi/KeychainAccess.git from cache (0.75s)
[1/11083] Fetching secp256k1.swift
[4989/11403] Fetching secp256k1.swift, alamofirenetworkactivitylogger
Fetched https://github.com/konkab/AlamofireNetworkActivityLogger.git from cache (0.52s)
[5874/11083] Fetching secp256k1.swift
Fetched https://github.com/attaswift/BigInt.git from cache (1.48s)
Fetched https://github.com/SwiftyBeaver/SwiftyBeaver.git from cache (1.48s)
Fetched https://github.com/GigaBitcoin/secp256k1.swift.git from cache (1.49s)
[1/32370] Fetching alamofire
Fetched https://github.com/Alamofire/Alamofire.git from cache (2.79s)
Computing version for https://github.com/GigaBitcoin/secp256k1.swift.git
Computed https://github.com/GigaBitcoin/secp256k1.swift.git at 0.15.0 (3.69s)
Computing version for https://github.com/kishikawakatsumi/KeychainAccess.git
Computed https://github.com/kishikawakatsumi/KeychainAccess.git at 4.2.2 (0.24s)
Computing version for https://github.com/tesseract-one/Blake2.swift.git
Computed https://github.com/tesseract-one/Blake2.swift.git at 0.2.0 (0.25s)
Computing version for https://github.com/attaswift/BigInt.git
Computed https://github.com/attaswift/BigInt.git at 5.3.0 (0.24s)
Computing version for https://github.com/konkab/AlamofireNetworkActivityLogger.git
Computed https://github.com/konkab/AlamofireNetworkActivityLogger.git at 3.4.0 (0.25s)
Computing version for https://github.com/Alamofire/Alamofire.git
warning: 'alamofire': /Package.swift:30:41: warning: 'v11' is deprecated: iOS 12.0 is the oldest supported version
28 | let package = Package(name: "Alamofire",
29 |                       platforms: [.macOS(.v10_13),
30 |                                   .iOS(.v11),
   |                                         `- warning: 'v11' is deprecated: iOS 12.0 is the oldest supported version
31 |                                   .tvOS(.v11),
32 |                                   .watchOS(.v4)],
/Package.swift:31:42: warning: 'v11' is deprecated: tvOS 12.0 is the oldest supported version
29 |                       platforms: [.macOS(.v10_13),
30 |                                   .iOS(.v11),
31 |                                   .tvOS(.v11),
   |                                          `- warning: 'v11' is deprecated: tvOS 12.0 is the oldest supported version
32 |                                   .watchOS(.v4)],
33 |                       products: [.library(name: "Alamofire",
Computed https://github.com/Alamofire/Alamofire.git at 5.8.1 (0.22s)
Computing version for https://github.com/SwiftyBeaver/SwiftyBeaver.git
Computed https://github.com/SwiftyBeaver/SwiftyBeaver.git at 2.1.1 (0.24s)
Computing version for https://github.com/keefertaylor/Base58Swift.git
Computed https://github.com/keefertaylor/Base58Swift.git at 2.1.14 (0.24s)
Creating working copy for https://github.com/attaswift/BigInt.git
Working copy of https://github.com/attaswift/BigInt.git resolved at 5.3.0
Creating working copy for https://github.com/tesseract-one/Blake2.swift.git
Working copy of https://github.com/tesseract-one/Blake2.swift.git resolved at 0.2.0
Creating working copy for https://github.com/konkab/AlamofireNetworkActivityLogger.git
Working copy of https://github.com/konkab/AlamofireNetworkActivityLogger.git resolved at 3.4.0
Creating working copy for https://github.com/SwiftyBeaver/SwiftyBeaver.git
Working copy of https://github.com/SwiftyBeaver/SwiftyBeaver.git resolved at 2.1.1
Creating working copy for https://github.com/GigaBitcoin/secp256k1.swift.git
Working copy of https://github.com/GigaBitcoin/secp256k1.swift.git resolved at 0.15.0
Creating working copy for https://github.com/Alamofire/Alamofire.git
Working copy of https://github.com/Alamofire/Alamofire.git resolved at 5.8.1
Creating working copy for https://github.com/keefertaylor/Base58Swift.git
Working copy of https://github.com/keefertaylor/Base58Swift.git resolved at 2.1.14
Creating working copy for https://github.com/kishikawakatsumi/KeychainAccess.git
Working copy of https://github.com/kishikawakatsumi/KeychainAccess.git resolved at 4.2.2
warning: 'alamofire': /host/spi-builder-workspace/.build/checkouts/Alamofire/Package.swift:30:41: warning: 'v11' is deprecated: iOS 12.0 is the oldest supported version
28 | let package = Package(name: "Alamofire",
29 |                       platforms: [.macOS(.v10_13),
30 |                                   .iOS(.v11),
   |                                         `- warning: 'v11' is deprecated: iOS 12.0 is the oldest supported version
31 |                                   .tvOS(.v11),
32 |                                   .watchOS(.v4)],
/host/spi-builder-workspace/.build/checkouts/Alamofire/Package.swift:31:42: warning: 'v11' is deprecated: tvOS 12.0 is the oldest supported version
29 |                       platforms: [.macOS(.v10_13),
30 |                                   .iOS(.v11),
31 |                                   .tvOS(.v11),
   |                                          `- warning: 'v11' is deprecated: tvOS 12.0 is the oldest supported version
32 |                                   .watchOS(.v4)],
33 |                       products: [.library(name: "Alamofire",
warning: 'spi-builder-workspace': Invalid Resource 'Resources/data-env.json': File not found.
Building for debugging...
[0/21] Write sources
[5/21] Copying data-env-example.json
[7/21] Compiling CBlake2 blake2xs-ref.c
[7/21] Compiling CBlake2 blake2xb-ref.c
[8/21] Compiling CBlake2 blake2sp-ref.c
[10/21] Compiling CBlake2 blake2bp-ref.c
[11/21] Write sources
[14/21] Compiling Utility.c
[15/21] Compiling CBlake2 blake2b-ref.c
[16/21] Compiling CBlake2 blake2s-ref.c
[17/21] Compiling precomputed_ecmult_gen.c
[18/21] Compiling secp256k1.c
[19/21] Compiling precomputed_ecmult.c
[19/21] Write swift-version-24593BA9C3E375BF.txt
[22/132] Emitting module secp256k1
[23/137] Compiling BigInt Strideable.swift
[24/137] Compiling BigInt String Conversion.swift
[25/139] Emitting module BigInt
[26/139] Compiling BigInt Floating Point Conversion.swift
[27/139] Compiling BigInt GCD.swift
[28/139] Compiling BigInt Hashable.swift
[29/139] Compiling BigInt Random.swift
[30/139] Compiling BigInt Shifts.swift
[31/139] Compiling BigInt Square Root.swift
[32/139] Compiling BigInt Integer Conversion.swift
[33/139] Compiling BigInt Multiplication.swift
[34/139] Compiling BigInt Prime Test.swift
[35/139] Compiling BigInt Subtraction.swift
[36/139] Compiling BigInt Words and Bits.swift
[37/139] Compiling Blake2 Blake2xs.swift
[38/140] Compiling Blake2 Blake2xb.swift
[39/140] Compiling Blake2 Blake2b.swift
[40/140] Compiling Blake2 Blake2s.swift
[41/140] Compiling Blake2 Blake2bp.swift
[42/140] Compiling Blake2 Blake2sp.swift
[43/140] Compiling secp256k1 Signature.swift
[44/140] Compiling secp256k1 Tweak.swift
[45/140] Compiling secp256k1 Utility.swift
[46/140] Compiling secp256k1 Zeroization.swift
[47/140] Compiling secp256k1 secp256k1.swift
[48/140] Compiling SwiftyBeaver FilterValidator.swift
[49/140] Compiling SwiftyBeaver GoogleCloudDestination.swift
[50/141] Emitting module Blake2
[51/141] Compiling Blake2 Blake2.swift
[52/141] Compiling Alamofire ResponseSerialization.swift
[53/141] Compiling Alamofire Result+Alamofire.swift
[54/141] Compiling Alamofire RetryPolicy.swift
[55/141] Compiling Alamofire ServerTrustEvaluation.swift
[56/141] Compiling Alamofire Session.swift
[57/141] Compiling Alamofire SessionDelegate.swift
[58/141] Compiling Alamofire StringEncoding+Alamofire.swift
[59/141] Compiling Alamofire URLConvertible+URLRequestConvertible.swift
[60/145] Compiling SwiftyBeaver Filter.swift
[66/145] Compiling BigInt Addition.swift
[67/145] Compiling BigInt BigInt.swift
[68/145] Compiling BigInt BigUInt.swift
[69/145] Compiling BigInt Bitwise Ops.swift
[70/145] Compiling BigInt Codable.swift
[76/145] Compiling KeychainAccess Keychain.swift
/host/spi-builder-workspace/.build/checkouts/KeychainAccess/Lib/KeychainAccess/Keychain.swift:27:8: error: no such module 'Security'
  25 |
  26 | import Foundation
  27 | import Security
     |        `- error: no such module 'Security'
  28 | #if os(iOS) || os(OSX)
  29 | import LocalAuthentication
error: emit-module command failed with exit code 1 (use -v to see invocation)
[78/145] Emitting module KeychainAccess
/host/spi-builder-workspace/.build/checkouts/KeychainAccess/Lib/KeychainAccess/Keychain.swift:27:8: error: no such module 'Security'
  25 |
  26 | import Foundation
  27 | import Security
     |        `- error: no such module 'Security'
  28 | #if os(iOS) || os(OSX)
  29 | import LocalAuthentication
[81/145] Compiling BigInt Data Conversion.swift
[82/145] Compiling BigInt Division.swift
[83/145] Compiling BigInt Exponentiation.swift
[86/145] Compiling BigInt Comparable.swift
[87/145] Emitting module Alamofire
[100/146] Compiling Alamofire ParameterEncoding.swift
[101/146] Compiling Alamofire Protected.swift
[102/146] Compiling Alamofire RedirectHandler.swift
[105/146] Compiling Alamofire URLEncodedFormEncoder.swift
[106/146] Compiling Alamofire URLRequest+Alamofire.swift
[107/146] Compiling Alamofire URLSessionConfiguration+Alamofire.swift
Running build ...
bash -c docker run --pull=always --rm -v "checkouts-54344849-1":/host -w "$PWD" -e JAVA_HOME="/root/.sdkman/candidates/java/current" -e SPI_BUILD="1" -e SPI_PROCESSING="1" registry.gitlab.com/saguaro1/spi-images:android-6.1-latest swift build --swift-sdk aarch64-unknown-linux-android24 2>&1
android-6.1-latest: Pulling from saguaro1/spi-images
Digest: sha256:0cd0efb458d677a6de9b5e028d30e2aa1d1b247c2277202ba317a28ce9e867e0
Status: Image is up to date for registry.gitlab.com/saguaro1/spi-images:android-6.1-latest
warning: 'alamofire': /host/spi-builder-workspace/.build/checkouts/Alamofire/Package.swift:30:41: warning: 'v11' is deprecated: iOS 12.0 is the oldest supported version
28 | let package = Package(name: "Alamofire",
29 |                       platforms: [.macOS(.v10_13),
30 |                                   .iOS(.v11),
   |                                         `- warning: 'v11' is deprecated: iOS 12.0 is the oldest supported version
31 |                                   .tvOS(.v11),
32 |                                   .watchOS(.v4)],
/host/spi-builder-workspace/.build/checkouts/Alamofire/Package.swift:31:42: warning: 'v11' is deprecated: tvOS 12.0 is the oldest supported version
29 |                       platforms: [.macOS(.v10_13),
30 |                                   .iOS(.v11),
31 |                                   .tvOS(.v11),
   |                                          `- warning: 'v11' is deprecated: tvOS 12.0 is the oldest supported version
32 |                                   .watchOS(.v4)],
33 |                       products: [.library(name: "Alamofire",
warning: 'spi-builder-workspace': Invalid Resource 'Resources/data-env.json': File not found.
[0/1] Planning build
Building for debugging...
[0/1] Write swift-version-24593BA9C3E375BF.txt
[2/112] Compiling Blake2 Blake2xs.swift
[3/113] Compiling SwiftyBeaver GoogleCloudDestination.swift
[4/114] Compiling SwiftyBeaver FilterValidator.swift
[5/114] Compiling Blake2 Blake2xb.swift
[6/114] Compiling SwiftyBeaver ConsoleDestination.swift
[7/114] Compiling SwiftyBeaver Extensions.swift
[8/114] Compiling SwiftyBeaver Filter.swift
[9/114] Compiling SwiftyBeaver FileDestination.swift
/host/spi-builder-workspace/.build/checkouts/SwiftyBeaver/Sources/FileDestination.swift:178:27: error: cannot find 'NSFileCoordinator' in scope
176 |         #else
177 |         var success = false
178 |         let coordinator = NSFileCoordinator(filePresenter: nil)
    |                           `- error: cannot find 'NSFileCoordinator' in scope
179 |         var error: NSError?
180 |         coordinator.coordinate(writingItemAt: url, error: &error) { url in
/host/spi-builder-workspace/.build/checkouts/SwiftyBeaver/Sources/FileDestination.swift:178:60: error: 'nil' requires a contextual type
176 |         #else
177 |         var success = false
178 |         let coordinator = NSFileCoordinator(filePresenter: nil)
    |                                                            `- error: 'nil' requires a contextual type
179 |         var error: NSError?
180 |         coordinator.coordinate(writingItemAt: url, error: &error) { url in
[10/114] Compiling Blake2 Blake2.swift
[11/114] Compiling Blake2 Blake2b.swift
[12/114] Emitting module Blake2
[13/114] Compiling Blake2 Blake2bp.swift
[14/114] Compiling Blake2 Blake2sp.swift
[15/114] Compiling Blake2 Blake2s.swift
[16/114] Compiling Alamofire Protected.swift
[17/114] Compiling Alamofire RedirectHandler.swift
[18/116] Compiling SwiftyBeaver SwiftyBeaver.swift
/host/spi-builder-workspace/.build/checkouts/SwiftyBeaver/Sources/SwiftyBeaver.swift:87:28: error: cannot find '__dispatch_queue_get_label' in scope
 85 |                 return ""
 86 |             } else {
 87 |                 let name = __dispatch_queue_get_label(nil)
    |                            `- error: cannot find '__dispatch_queue_get_label' in scope
 88 |                 return String(cString: name, encoding: .utf8) ?? Thread.current.description
 89 |             }
/host/spi-builder-workspace/.build/checkouts/SwiftyBeaver/Sources/SwiftyBeaver.swift:87:55: error: 'nil' requires a contextual type
 85 |                 return ""
 86 |             } else {
 87 |                 let name = __dispatch_queue_get_label(nil)
    |                                                       `- error: 'nil' requires a contextual type
 88 |                 return String(cString: name, encoding: .utf8) ?? Thread.current.description
 89 |             }
[19/116] Compiling Blake2 DataPtr.swift
[20/117] Compiling Alamofire AFError.swift
[21/117] Compiling Alamofire Alamofire.swift
[22/117] Emitting module SwiftyBeaver
[25/117] Compiling Alamofire AlamofireExtended.swift
[26/117] Emitting module BigInt
[30/117] Compiling Alamofire AuthenticationInterceptor.swift
[31/117] Compiling Alamofire CachedResponseHandler.swift
error: emit-module command failed with exit code 1 (use -v to see invocation)
[32/117] Emitting module KeychainAccess
/host/spi-builder-workspace/.build/checkouts/KeychainAccess/Lib/KeychainAccess/Keychain.swift:27:8: error: no such module 'Security'
  25 |
  26 | import Foundation
  27 | import Security
     |        `- error: no such module 'Security'
  28 | #if os(iOS) || os(OSX)
  29 | import LocalAuthentication
BUILD FAILURE 6.1 android