Build Information
Failed to build Storybook, reference master (7cd99c), with Swift 6.4 for tvOS using Xcode 27.0 on 23 Sep 2026 23:11:36 UTC.
Build Command
env DEVELOPER_DIR=/Applications/Xcode-27.0.0-Release.Candidate.app xcrun xcodebuild -IDEClonedSourcePackagesDirPathOverride=$PWD/.dependencies -skipMacroValidation -skipPackagePluginValidation -derivedDataPath $PWD/.derivedData build -scheme Storybook -destination generic/platform=tvOSBuild Log
========================================
RunAll
========================================
Builder version: 5.1.0
Interrupt handler set up.
========================================
Checkout
========================================
Clone URL: https://github.com/aj-bartocci/Storybook-SwiftUI.git
Reference: master
Initialized empty Git repository in /Users/admin/builder/spi-builder-workspace/.git/
From https://github.com/aj-bartocci/Storybook-SwiftUI
* branch master -> FETCH_HEAD
* [new branch] master -> origin/master
HEAD is now at 7cd99c8 make search bar accessible (#9)
Cloned https://github.com/aj-bartocci/Storybook-SwiftUI.git
Revision (git rev-parse @):
7cd99c800761170dfb67eb955465678ee261e04e
SUCCESS checkout https://github.com/aj-bartocci/Storybook-SwiftUI.git at master
========================================
Build
========================================
Selected platform: tvOS
Swift version: 6.4
Building package at path: $PWD
https://github.com/aj-bartocci/Storybook-SwiftUI.git
Command line invocation:
/Applications/Xcode-27.0.0-Release.Candidate.app/Contents/Developer/usr/bin/xcodebuild -IDEClonedSourcePackagesDirPathOverride=/Users/admin/builder/spi-builder-workspace/.dependencies -resolvePackageDependencies
Resolve Package Graph
Resolve Package Graph
Resolved source packages:
Storybook: /Users/admin/builder/spi-builder-workspace
resolved source packages: Storybook
2026-09-23 19:10:33.855 xcodebuild[529:3064] [MT] IDERunDestination: Supported platforms for the buildables in the current scheme is empty.
2026-09-23 19:10:34.029 xcodebuild[529:3064] [MT] IDERunDestination: Supported platforms for the buildables in the current scheme is empty.
2026-09-23 19:10:36.002 xcodebuild[529:3064] [MT] IDERunDestination: Supported platforms for the buildables in the current scheme is empty.
{
"dependencies" : [
],
"manifest_display_name" : "Storybook",
"name" : "Storybook",
"path" : "/Users/admin/builder/spi-builder-workspace",
"platforms" : [
{
"name" : "ios",
"version" : "11.0"
},
{
"name" : "macos",
"version" : "11.0"
}
],
"products" : [
{
"name" : "Storybook",
"targets" : [
"Storybook"
],
"type" : {
"library" : [
"automatic"
]
}
}
],
"targets" : [
{
"c99name" : "StorybookTests",
"module_type" : "SwiftTarget",
"name" : "StorybookTests",
"path" : "Tests/StorybookTests",
"sources" : [
"StorybookCollectionDataTests.swift"
],
"target_dependencies" : [
"Storybook"
],
"type" : "test"
},
{
"c99name" : "Storybook",
"module_type" : "SwiftTarget",
"name" : "Storybook",
"path" : "Sources/Storybook",
"product_memberships" : [
"Storybook"
],
"resources" : [
{
"path" : "/Users/admin/builder/spi-builder-workspace/Sources/Storybook/Resources/figma_icon.png",
"rule" : {
"process" : {
}
}
},
{
"path" : "/Users/admin/builder/spi-builder-workspace/Sources/Storybook/Resources/jira_icon.png",
"rule" : {
"process" : {
}
}
},
{
"path" : "/Users/admin/builder/spi-builder-workspace/Sources/Storybook/Resources/storybook_icon.png",
"rule" : {
"process" : {
}
}
}
],
"sources" : [
"PreviewAdditions/ControlledPreview+Utils.swift",
"PreviewAdditions/ControlledPreview.swift",
"PreviewAdditions/Controls.swift",
"PreviewAdditions/Controls/ColorSchemeControl.swift",
"PreviewAdditions/Controls/ControlConstants.swift",
"PreviewAdditions/Controls/ControlHelpers.swift",
"PreviewAdditions/Controls/DocumentationControl.swift",
"PreviewAdditions/Controls/DynamicTypeControl.swift",
"PreviewAdditions/Controls/ScreenSizeControl.swift",
"PreviewAdditions/Controls/TextFieldControl.swift",
"PreviewAdditions/StorybookControlContext.swift",
"PreviewAdditions/Utilities/Image+Utils.swift",
"Storybook.swift",
"StorybookCollectionData.swift",
"Views/SearchBar.swift",
"Views/StorybookCollection.swift",
"Views/StorybookCollectionMac.swift",
"Views/StorybookCollectionViewModel.swift",
"Views/StorybookEntryView.swift",
"Views/StorybookFolder.swift",
"Views/StorybookPage.swift",
"Views/TagsView.swift"
],
"type" : "library"
}
],
"tools_version" : "5.5"
}
{
"workspace" : {
"name" : "Storybook",
"schemes" : [
"Storybook"
]
}
}
2026-09-23 19:11:21.919 xcodebuild[650:4214] [MT] IDERunDestination: Supported platforms for the buildables in the current scheme is empty.
2026-09-23 19:11:22.060 xcodebuild[650:4214] [MT] IDERunDestination: Supported platforms for the buildables in the current scheme is empty.
Running build ...
env DEVELOPER_DIR=/Applications/Xcode-27.0.0-Release.Candidate.app xcrun xcodebuild -IDEClonedSourcePackagesDirPathOverride=$PWD/.dependencies -skipMacroValidation -skipPackagePluginValidation -derivedDataPath $PWD/.derivedData build -scheme Storybook -destination generic/platform=tvOS
Command line invocation:
/Applications/Xcode-27.0.0-Release.Candidate.app/Contents/Developer/usr/bin/xcodebuild -IDEClonedSourcePackagesDirPathOverride=/Users/admin/builder/spi-builder-workspace/.dependencies -skipMacroValidation -skipPackagePluginValidation -derivedDataPath /Users/admin/builder/spi-builder-workspace/.derivedData build -scheme Storybook -destination generic/platform=tvOS
Resolve Package Graph
Resolved source packages:
Storybook: /Users/admin/builder/spi-builder-workspace
ComputePackagePrebuildTargetDependencyGraph
Prepare packages
CreateBuildRequest
SendProjectDescription
CreateBuildOperation
ComputeTargetDependencyGraph
note: Building targets in dependency order
note: Target dependency graph (3 targets)
Target 'Storybook-product' in project 'Storybook'
➜ Explicit dependency on target 'Storybook' in project 'Storybook'
➜ Explicit dependency on target 'Storybook_Storybook' in project 'Storybook'
Target 'Storybook' in project 'Storybook'
➜ Explicit dependency on target 'Storybook_Storybook' in project 'Storybook'
Target 'Storybook_Storybook' in project 'Storybook' (no dependencies)
GatherProvisioningInputs
CreateBuildDescription
ExecuteExternalTool /Applications/Xcode-27.0.0-Release.Candidate.app/Contents/Developer/Toolchains/XcodeDefault.xctoolchain/usr/bin/clang -v -E -dM -isysroot /Applications/Xcode-27.0.0-Release.Candidate.app/Contents/Developer/Platforms/AppleTVOS.platform/Developer/SDKs/AppleTVOS27.0.sdk -x c -c /dev/null
ExecuteExternalTool /Applications/Xcode-27.0.0-Release.Candidate.app/Contents/Developer/Toolchains/XcodeDefault.xctoolchain/usr/bin/swiftc --version
ExecuteExternalTool /Applications/Xcode-27.0.0-Release.Candidate.app/Contents/Developer/Toolchains/XcodeDefault.xctoolchain/usr/bin/ld -version_details
Build description signature: d0a9b369d7b9a6c66f07aa73fca37019
Build description path: /Users/admin/builder/spi-builder-workspace/.derivedData/Build/Intermediates.noindex/XCBuildData/d0a9b369d7b9a6c66f07aa73fca37019.xcbuilddata
CreateBuildDirectory /Users/admin/builder/spi-builder-workspace/.derivedData/SDKExplicitPrecompiledModules
cd /Users/admin/builder/spi-builder-workspace/.swiftpm/xcode
builtin-create-build-directory /Users/admin/builder/spi-builder-workspace/.derivedData/SDKExplicitPrecompiledModules
CreateBuildDirectory /Users/admin/builder/spi-builder-workspace/.derivedData/ModuleCache.noindex
cd /Users/admin/builder/spi-builder-workspace/.swiftpm/xcode
builtin-create-build-directory /Users/admin/builder/spi-builder-workspace/.derivedData/ModuleCache.noindex
CreateBuildDirectory /Users/admin/builder/spi-builder-workspace/.derivedData/CompilationCache.noindex
cd /Users/admin/builder/spi-builder-workspace/.swiftpm/xcode
builtin-create-build-directory /Users/admin/builder/spi-builder-workspace/.derivedData/CompilationCache.noindex
ClangStatCache /Applications/Xcode-27.0.0-Release.Candidate.app/Contents/Developer/Toolchains/XcodeDefault.xctoolchain/usr/bin/clang-stat-cache /Applications/Xcode-27.0.0-Release.Candidate.app/Contents/Developer/Platforms/AppleTVOS.platform/Developer/SDKs/AppleTVOS27.0.sdk /Users/admin/builder/spi-builder-workspace/.derivedData/SDKStatCaches.noindex/appletvos27.0-24J360-e829b21a6f8c9b70876ba0858053c044b32bfd8d43560033f8d89884cdb90028.sdkstatcache
cd /Users/admin/builder/spi-builder-workspace/.swiftpm/xcode
/Applications/Xcode-27.0.0-Release.Candidate.app/Contents/Developer/Toolchains/XcodeDefault.xctoolchain/usr/bin/clang-stat-cache /Applications/Xcode-27.0.0-Release.Candidate.app/Contents/Developer/Platforms/AppleTVOS.platform/Developer/SDKs/AppleTVOS27.0.sdk -o /Users/admin/builder/spi-builder-workspace/.derivedData/SDKStatCaches.noindex/appletvos27.0-24J360-e829b21a6f8c9b70876ba0858053c044b32bfd8d43560033f8d89884cdb90028.sdkstatcache
CreateBuildDirectory /Users/admin/builder/spi-builder-workspace/.derivedData/Build/Products
cd /Users/admin/builder/spi-builder-workspace/.swiftpm/xcode
builtin-create-build-directory /Users/admin/builder/spi-builder-workspace/.derivedData/Build/Products
CreateBuildDirectory /Users/admin/builder/spi-builder-workspace/.derivedData/Build/Intermediates.noindex
cd /Users/admin/builder/spi-builder-workspace/.swiftpm/xcode
builtin-create-build-directory /Users/admin/builder/spi-builder-workspace/.derivedData/Build/Intermediates.noindex
CreateBuildDirectory /Users/admin/builder/spi-builder-workspace/.derivedData/Build/Intermediates.noindex/PrecompiledHeaders
cd /Users/admin/builder/spi-builder-workspace/.swiftpm/xcode
builtin-create-build-directory /Users/admin/builder/spi-builder-workspace/.derivedData/Build/Intermediates.noindex/PrecompiledHeaders
CreateBuildDirectory /Users/admin/builder/spi-builder-workspace/.derivedData/Build/Intermediates.noindex/SwiftExplicitPrecompiledModules
cd /Users/admin/builder/spi-builder-workspace/.swiftpm/xcode
builtin-create-build-directory /Users/admin/builder/spi-builder-workspace/.derivedData/Build/Intermediates.noindex/SwiftExplicitPrecompiledModules
CreateBuildDirectory /Users/admin/builder/spi-builder-workspace/.derivedData/Build/Intermediates.noindex/ExplicitPrecompiledModules
cd /Users/admin/builder/spi-builder-workspace/.swiftpm/xcode
builtin-create-build-directory /Users/admin/builder/spi-builder-workspace/.derivedData/Build/Intermediates.noindex/ExplicitPrecompiledModules
CreateBuildDirectory /Users/admin/builder/spi-builder-workspace/.derivedData/Build/Products/Debug-appletvos
cd /Users/admin/builder/spi-builder-workspace/.swiftpm/xcode
builtin-create-build-directory /Users/admin/builder/spi-builder-workspace/.derivedData/Build/Products/Debug-appletvos
CreateBuildDirectory /Users/admin/builder/spi-builder-workspace/.derivedData/Build/Intermediates.noindex/EagerLinkingTBDs/Debug-appletvos
cd /Users/admin/builder/spi-builder-workspace/.swiftpm/xcode
builtin-create-build-directory /Users/admin/builder/spi-builder-workspace/.derivedData/Build/Intermediates.noindex/EagerLinkingTBDs/Debug-appletvos
CreateBuildDirectory /Users/admin/builder/spi-builder-workspace/.derivedData/Build/Products/Debug-appletvos/PackageFrameworks
cd /Users/admin/builder/spi-builder-workspace/.swiftpm/xcode
builtin-create-build-directory /Users/admin/builder/spi-builder-workspace/.derivedData/Build/Products/Debug-appletvos/PackageFrameworks
MkDir /Users/admin/builder/spi-builder-workspace/.derivedData/Build/Products/Debug-appletvos/Storybook_Storybook.bundle (in target 'Storybook_Storybook' from project 'Storybook')
cd /Users/admin/builder/spi-builder-workspace
/bin/mkdir -p /Users/admin/builder/spi-builder-workspace/.derivedData/Build/Products/Debug-appletvos/Storybook_Storybook.bundle
WriteAuxiliaryFile /Users/admin/builder/spi-builder-workspace/.derivedData/Build/Intermediates.noindex/Storybook.build/Debug-appletvos/Storybook_Storybook-b.build/Storybook_Storybook.DependencyMetadataFileList (in target 'Storybook_Storybook' from project 'Storybook')
cd /Users/admin/builder/spi-builder-workspace
write-file /Users/admin/builder/spi-builder-workspace/.derivedData/Build/Intermediates.noindex/Storybook.build/Debug-appletvos/Storybook_Storybook-b.build/Storybook_Storybook.DependencyMetadataFileList
WriteAuxiliaryFile /Users/admin/builder/spi-builder-workspace/.derivedData/Build/Intermediates.noindex/Storybook.build/Debug-appletvos/Storybook-t.build/Storybook.DependencyMetadataFileList (in target 'Storybook' from project 'Storybook')
cd /Users/admin/builder/spi-builder-workspace
write-file /Users/admin/builder/spi-builder-workspace/.derivedData/Build/Intermediates.noindex/Storybook.build/Debug-appletvos/Storybook-t.build/Storybook.DependencyMetadataFileList
WriteAuxiliaryFile /Users/admin/builder/spi-builder-workspace/.derivedData/Build/Intermediates.noindex/Storybook.build/Debug-appletvos/Storybook_Storybook-b.build/Storybook_Storybook.DependencyStaticMetadataFileList (in target 'Storybook_Storybook' from project 'Storybook')
cd /Users/admin/builder/spi-builder-workspace
write-file /Users/admin/builder/spi-builder-workspace/.derivedData/Build/Intermediates.noindex/Storybook.build/Debug-appletvos/Storybook_Storybook-b.build/Storybook_Storybook.DependencyStaticMetadataFileList
WriteAuxiliaryFile /Users/admin/builder/spi-builder-workspace/.derivedData/Build/Intermediates.noindex/Storybook.build/Debug-appletvos/Storybook-t.build/Storybook.modulemap (in target 'Storybook' from project 'Storybook')
cd /Users/admin/builder/spi-builder-workspace
write-file /Users/admin/builder/spi-builder-workspace/.derivedData/Build/Intermediates.noindex/Storybook.build/Debug-appletvos/Storybook-t.build/Storybook.modulemap
WriteAuxiliaryFile /Users/admin/builder/spi-builder-workspace/.derivedData/Build/Intermediates.noindex/Storybook.build/Debug-appletvos/Storybook_Storybook-b.build/empty-Storybook_Storybook.plist (in target 'Storybook_Storybook' from project 'Storybook')
cd /Users/admin/builder/spi-builder-workspace
write-file /Users/admin/builder/spi-builder-workspace/.derivedData/Build/Intermediates.noindex/Storybook.build/Debug-appletvos/Storybook_Storybook-b.build/empty-Storybook_Storybook.plist
WriteAuxiliaryFile /Users/admin/builder/spi-builder-workspace/.derivedData/Build/Intermediates.noindex/Storybook.build/Debug-appletvos/Storybook-t.build/Storybook.DependencyStaticMetadataFileList (in target 'Storybook' from project 'Storybook')
cd /Users/admin/builder/spi-builder-workspace
write-file /Users/admin/builder/spi-builder-workspace/.derivedData/Build/Intermediates.noindex/Storybook.build/Debug-appletvos/Storybook-t.build/Storybook.DependencyStaticMetadataFileList
WriteAuxiliaryFile /Users/admin/builder/spi-builder-workspace/.derivedData/Build/Intermediates.noindex/Storybook.build/Debug-appletvos/Storybook-t.build/Objects-normal/arm64/Storybook_const_extract_protocols.json (in target 'Storybook' from project 'Storybook')
cd /Users/admin/builder/spi-builder-workspace
write-file /Users/admin/builder/spi-builder-workspace/.derivedData/Build/Intermediates.noindex/Storybook.build/Debug-appletvos/Storybook-t.build/Objects-normal/arm64/Storybook_const_extract_protocols.json
WriteAuxiliaryFile /Users/admin/builder/spi-builder-workspace/.derivedData/Build/Intermediates.noindex/Storybook.build/Debug-appletvos/Storybook-t.build/Objects-normal/arm64/Storybook.SwiftFileList (in target 'Storybook' from project 'Storybook')
cd /Users/admin/builder/spi-builder-workspace
write-file /Users/admin/builder/spi-builder-workspace/.derivedData/Build/Intermediates.noindex/Storybook.build/Debug-appletvos/Storybook-t.build/Objects-normal/arm64/Storybook.SwiftFileList
WriteAuxiliaryFile /Users/admin/builder/spi-builder-workspace/.derivedData/Build/Intermediates.noindex/Storybook.build/Debug-appletvos/Storybook-t.build/Objects-normal/arm64/Storybook.SwiftConstValuesFileList (in target 'Storybook' from project 'Storybook')
cd /Users/admin/builder/spi-builder-workspace
write-file /Users/admin/builder/spi-builder-workspace/.derivedData/Build/Intermediates.noindex/Storybook.build/Debug-appletvos/Storybook-t.build/Objects-normal/arm64/Storybook.SwiftConstValuesFileList
WriteAuxiliaryFile /Users/admin/builder/spi-builder-workspace/.derivedData/Build/Intermediates.noindex/Storybook.build/Debug-appletvos/Storybook-t.build/Objects-normal/arm64/Storybook.LinkFileList (in target 'Storybook' from project 'Storybook')
cd /Users/admin/builder/spi-builder-workspace
write-file /Users/admin/builder/spi-builder-workspace/.derivedData/Build/Intermediates.noindex/Storybook.build/Debug-appletvos/Storybook-t.build/Objects-normal/arm64/Storybook.LinkFileList
WriteAuxiliaryFile /Users/admin/builder/spi-builder-workspace/.derivedData/Build/Intermediates.noindex/Storybook.build/Debug-appletvos/Storybook-t.build/Objects-normal/arm64/Storybook-OutputFileMap.json (in target 'Storybook' from project 'Storybook')
cd /Users/admin/builder/spi-builder-workspace
write-file /Users/admin/builder/spi-builder-workspace/.derivedData/Build/Intermediates.noindex/Storybook.build/Debug-appletvos/Storybook-t.build/Objects-normal/arm64/Storybook-OutputFileMap.json
WriteAuxiliaryFile /Users/admin/builder/spi-builder-workspace/.derivedData/Build/Intermediates.noindex/Storybook.build/Debug-appletvos/Storybook-t.build/DerivedSources/resource_bundle_accessor.swift (in target 'Storybook' from project 'Storybook')
cd /Users/admin/builder/spi-builder-workspace
write-file /Users/admin/builder/spi-builder-workspace/.derivedData/Build/Intermediates.noindex/Storybook.build/Debug-appletvos/Storybook-t.build/DerivedSources/resource_bundle_accessor.swift
Copy /Users/admin/builder/spi-builder-workspace/.derivedData/Build/Intermediates.noindex/GeneratedModuleMaps-appletvos/Storybook.modulemap /Users/admin/builder/spi-builder-workspace/.derivedData/Build/Intermediates.noindex/Storybook.build/Debug-appletvos/Storybook-t.build/Storybook.modulemap (in target 'Storybook' from project 'Storybook')
cd /Users/admin/builder/spi-builder-workspace
builtin-copy -exclude .DS_Store -exclude CVS -exclude .svn -exclude .git -exclude .hg -resolve-src-symlinks /Users/admin/builder/spi-builder-workspace/.derivedData/Build/Intermediates.noindex/Storybook.build/Debug-appletvos/Storybook-t.build/Storybook.modulemap /Users/admin/builder/spi-builder-workspace/.derivedData/Build/Intermediates.noindex/GeneratedModuleMaps-appletvos
ProcessInfoPlistFile /Users/admin/builder/spi-builder-workspace/.derivedData/Build/Products/Debug-appletvos/Storybook_Storybook.bundle/Info.plist /Users/admin/builder/spi-builder-workspace/.derivedData/Build/Intermediates.noindex/Storybook.build/Debug-appletvos/Storybook_Storybook-b.build/empty-Storybook_Storybook.plist (in target 'Storybook_Storybook' from project 'Storybook')
cd /Users/admin/builder/spi-builder-workspace
builtin-infoPlistUtility /Users/admin/builder/spi-builder-workspace/.derivedData/Build/Intermediates.noindex/Storybook.build/Debug-appletvos/Storybook_Storybook-b.build/empty-Storybook_Storybook.plist -producttype com.apple.product-type.bundle -expandbuildsettings -format binary -platform appletvos -o /Users/admin/builder/spi-builder-workspace/.derivedData/Build/Products/Debug-appletvos/Storybook_Storybook.bundle/Info.plist
CpResource /Users/admin/builder/spi-builder-workspace/.derivedData/Build/Products/Debug-appletvos/Storybook_Storybook.bundle/storybook_icon.png /Users/admin/builder/spi-builder-workspace/Sources/Storybook/Resources/storybook_icon.png (in target 'Storybook_Storybook' from project 'Storybook')
cd /Users/admin/builder/spi-builder-workspace
builtin-copy -exclude .DS_Store -exclude CVS -exclude .svn -exclude .git -exclude .hg -resolve-src-symlinks /Users/admin/builder/spi-builder-workspace/Sources/Storybook/Resources/storybook_icon.png /Users/admin/builder/spi-builder-workspace/.derivedData/Build/Products/Debug-appletvos/Storybook_Storybook.bundle
CpResource /Users/admin/builder/spi-builder-workspace/.derivedData/Build/Products/Debug-appletvos/Storybook_Storybook.bundle/jira_icon.png /Users/admin/builder/spi-builder-workspace/Sources/Storybook/Resources/jira_icon.png (in target 'Storybook_Storybook' from project 'Storybook')
cd /Users/admin/builder/spi-builder-workspace
builtin-copy -exclude .DS_Store -exclude CVS -exclude .svn -exclude .git -exclude .hg -resolve-src-symlinks /Users/admin/builder/spi-builder-workspace/Sources/Storybook/Resources/jira_icon.png /Users/admin/builder/spi-builder-workspace/.derivedData/Build/Products/Debug-appletvos/Storybook_Storybook.bundle
CpResource /Users/admin/builder/spi-builder-workspace/.derivedData/Build/Products/Debug-appletvos/Storybook_Storybook.bundle/figma_icon.png /Users/admin/builder/spi-builder-workspace/Sources/Storybook/Resources/figma_icon.png (in target 'Storybook_Storybook' from project 'Storybook')
cd /Users/admin/builder/spi-builder-workspace
builtin-copy -exclude .DS_Store -exclude CVS -exclude .svn -exclude .git -exclude .hg -resolve-src-symlinks /Users/admin/builder/spi-builder-workspace/Sources/Storybook/Resources/figma_icon.png /Users/admin/builder/spi-builder-workspace/.derivedData/Build/Products/Debug-appletvos/Storybook_Storybook.bundle
RegisterExecutionPolicyException /Users/admin/builder/spi-builder-workspace/.derivedData/Build/Products/Debug-appletvos/Storybook_Storybook.bundle (in target 'Storybook_Storybook' from project 'Storybook')
cd /Users/admin/builder/spi-builder-workspace
builtin-RegisterExecutionPolicyException /Users/admin/builder/spi-builder-workspace/.derivedData/Build/Products/Debug-appletvos/Storybook_Storybook.bundle
Touch /Users/admin/builder/spi-builder-workspace/.derivedData/Build/Products/Debug-appletvos/Storybook_Storybook.bundle (in target 'Storybook_Storybook' from project 'Storybook')
cd /Users/admin/builder/spi-builder-workspace
/usr/bin/touch -c /Users/admin/builder/spi-builder-workspace/.derivedData/Build/Products/Debug-appletvos/Storybook_Storybook.bundle
SwiftDriver Storybook normal arm64 com.apple.xcode.tools.swift.compiler (in target 'Storybook' from project 'Storybook')
cd /Users/admin/builder/spi-builder-workspace/.swiftpm/xcode
builtin-SwiftDriver -- /Applications/Xcode-27.0.0-Release.Candidate.app/Contents/Developer/Toolchains/XcodeDefault.xctoolchain/usr/bin/swiftc -parse-as-library -module-name Storybook -Onone @/Users/admin/builder/spi-builder-workspace/.derivedData/Build/Intermediates.noindex/Storybook.build/Debug-appletvos/Storybook-t.build/Objects-normal/arm64/Storybook.SwiftFileList -DSWIFT_PACKAGE -DDEBUG -DSWIFT_MODULE_RESOURCE_BUNDLE_AVAILABLE -DXcode -plugin-path /Applications/Xcode-27.0.0-Release.Candidate.app/Contents/Developer/Toolchains/XcodeDefault.xctoolchain/usr/lib/swift/host/plugins/testing -enable-experimental-feature DebugDescriptionMacro -sdk /Applications/Xcode-27.0.0-Release.Candidate.app/Contents/Developer/Platforms/AppleTVOS.platform/Developer/SDKs/AppleTVOS27.0.sdk -target arm64-apple-tvos15.0 -g -module-cache-path /Users/admin/builder/spi-builder-workspace/.derivedData/ModuleCache.noindex -Xfrontend -serialize-debugging-options -profile-coverage-mapping -profile-generate -enable-testing -index-store-path /Users/admin/builder/spi-builder-workspace/.derivedData/Index.noindex/DataStore -Xcc -D_LIBCPP_HARDENING_MODE\=_LIBCPP_HARDENING_MODE_DEBUG -swift-version 5 -I /Users/admin/builder/spi-builder-workspace/.derivedData/Build/Products/Debug-appletvos -Isystem /Applications/Xcode-27.0.0-Release.Candidate.app/Contents/Developer/Platforms/AppleTVOS.platform/Developer/usr/lib -F /Users/admin/builder/spi-builder-workspace/.derivedData/Build/Products/Debug-appletvos -F /Applications/Xcode-27.0.0-Release.Candidate.app/Contents/Developer/Platforms/AppleTVOS.platform/Developer/Library/Frameworks -F /Applications/Xcode-27.0.0-Release.Candidate.app/Contents/Developer/Platforms/AppleTVOS.platform/Developer/SDKs/AppleTVOS27.0.sdk/Developer/Library/Frameworks -c -j10 -enable-batch-mode -incremental -Xcc -ivfsstatcache -Xcc /Users/admin/builder/spi-builder-workspace/.derivedData/SDKStatCaches.noindex/appletvos27.0-24J360-e829b21a6f8c9b70876ba0858053c044b32bfd8d43560033f8d89884cdb90028.sdkstatcache -output-file-map /Users/admin/builder/spi-builder-workspace/.derivedData/Build/Intermediates.noindex/Storybook.build/Debug-appletvos/Storybook-t.build/Objects-normal/arm64/Storybook-OutputFileMap.json -save-temps -no-color-diagnostics -explicit-module-build -module-cache-path /Users/admin/builder/spi-builder-workspace/.derivedData/Build/Intermediates.noindex/SwiftExplicitPrecompiledModules -clang-scanner-module-cache-path /Users/admin/builder/spi-builder-workspace/.derivedData/ModuleCache.noindex -sdk-module-cache-path /Users/admin/builder/spi-builder-workspace/.derivedData/SDKExplicitPrecompiledModules -emit-dependencies -emit-module -emit-module-path /Users/admin/builder/spi-builder-workspace/.derivedData/Build/Intermediates.noindex/Storybook.build/Debug-appletvos/Storybook-t.build/Objects-normal/arm64/Storybook.swiftmodule -serialize-diagnostics -dependency-scan-serialize-diagnostics-path /Users/admin/builder/spi-builder-workspace/.derivedData/Build/Intermediates.noindex/Storybook.build/Debug-appletvos/Storybook-t.build/Objects-normal/arm64/Storybook-dependency-scan.dia -validate-clang-modules-once -clang-build-session-file /Users/admin/builder/spi-builder-workspace/.derivedData/ModuleCache.noindex/Session.modulevalidation -Xcc -fmodules-prune-interval\=86400 -Xcc -fmodules-prune-after\=345600 -emit-const-values -const-gather-protocols-list /Users/admin/builder/spi-builder-workspace/.derivedData/Build/Intermediates.noindex/Storybook.build/Debug-appletvos/Storybook-t.build/Objects-normal/arm64/Storybook_const_extract_protocols.json -Xcc -I/Users/admin/builder/spi-builder-workspace/.derivedData/Build/Products/Debug-appletvos/include -Xcc -I/Users/admin/builder/spi-builder-workspace/.derivedData/Build/Intermediates.noindex/Storybook.build/Debug-appletvos/Storybook-t.build/DerivedSources-normal/arm64 -Xcc -I/Users/admin/builder/spi-builder-workspace/.derivedData/Build/Intermediates.noindex/Storybook.build/Debug-appletvos/Storybook-t.build/DerivedSources/arm64 -Xcc -I/Users/admin/builder/spi-builder-workspace/.derivedData/Build/Intermediates.noindex/Storybook.build/Debug-appletvos/Storybook-t.build/DerivedSources -Xcc -DSWIFT_PACKAGE -Xcc -DDEBUG\=1 -emit-objc-header -emit-objc-header-path /Users/admin/builder/spi-builder-workspace/.derivedData/Build/Intermediates.noindex/Storybook.build/Debug-appletvos/Storybook-t.build/Objects-normal/arm64/Storybook-Swift.h -working-directory /Users/admin/builder/spi-builder-workspace/.swiftpm/xcode -experimental-emit-module-separately -disable-cmo
SwiftExplicitDependencyGeneratePcm arm64 /Users/admin/builder/spi-builder-workspace/.derivedData/SDKExplicitPrecompiledModules/_Builtin_stddef-9ZJZ6FDEZNKTZU8YLPMFT9RAQ.pcm
SwiftExplicitDependencyGeneratePcm arm64 /Users/admin/builder/spi-builder-workspace/.derivedData/SDKExplicitPrecompiledModules/DeveloperToolsSupport-B1X8RI63V48AJRTH2RK6JAARV.pcm
SwiftExplicitDependencyGeneratePcm arm64 /Users/admin/builder/spi-builder-workspace/.derivedData/SDKExplicitPrecompiledModules/_Builtin_stdarg-BO2OCAUYVAXDRVQWQ8ISKGNUQ.pcm
SwiftExplicitDependencyGeneratePcm arm64 /Users/admin/builder/spi-builder-workspace/.derivedData/SDKExplicitPrecompiledModules/_Builtin_stdbool-AHRDH5EKLY6D04C5E42F3VCQI.pcm
SwiftExplicitDependencyGeneratePcm arm64 /Users/admin/builder/spi-builder-workspace/.derivedData/SDKExplicitPrecompiledModules/_SwiftConcurrencyShims-BY5PD8KF1L5KF6F4Q69HE3TJ4.pcm
SwiftExplicitDependencyGeneratePcm arm64 /Users/admin/builder/spi-builder-workspace/.derivedData/SDKExplicitPrecompiledModules/_Builtin_float-8ZJAYZ85YBOAOP52Y9H6IUNP3.pcm
SwiftExplicitDependencyGeneratePcm arm64 /Users/admin/builder/spi-builder-workspace/.derivedData/SDKExplicitPrecompiledModules/_AvailabilityInternal-BV2EDDP0MI5QJDDPEEV4D9D3V.pcm
SwiftExplicitDependencyGeneratePcm arm64 /Users/admin/builder/spi-builder-workspace/.derivedData/SDKExplicitPrecompiledModules/SwiftShims-8N4EXJ4RUJTR8K9OO3CMOH1EP.pcm
SwiftExplicitDependencyGeneratePcm arm64 /Users/admin/builder/spi-builder-workspace/.derivedData/SDKExplicitPrecompiledModules/ptrcheck-2AZ6B5IBYD3RRRTFWN2ONASY3.pcm
SwiftExplicitDependencyGeneratePcm arm64 /Users/admin/builder/spi-builder-workspace/.derivedData/SDKExplicitPrecompiledModules/ptrauth-8X2KEPL7CTRPS40TUB9APHPK6.pcm
SwiftExplicitDependencyGeneratePcm arm64 /Users/admin/builder/spi-builder-workspace/.derivedData/SDKExplicitPrecompiledModules/_DarwinFoundation1-JOTYMOA1YZCIJ2NON6FQ848O.pcm
SwiftExplicitDependencyGeneratePcm arm64 /Users/admin/builder/spi-builder-workspace/.derivedData/SDKExplicitPrecompiledModules/_Builtin_limits-7JU2HP127LIT1X9E2V3D8WZ1.pcm
SwiftExplicitDependencyGeneratePcm arm64 /Users/admin/builder/spi-builder-workspace/.derivedData/SDKExplicitPrecompiledModules/_DarwinFoundation2-AOGAN1O02NKXRJN5V73AV3V3M.pcm
SwiftExplicitDependencyGeneratePcm arm64 /Users/admin/builder/spi-builder-workspace/.derivedData/SDKExplicitPrecompiledModules/_Builtin_tgmath-7ULT1EUHDHW4OZPSTT33H6QGE.pcm
SwiftExplicitDependencyGeneratePcm arm64 /Users/admin/builder/spi-builder-workspace/.derivedData/SDKExplicitPrecompiledModules/string_h-6EVHP7A717OUS5DMC78F79HWO.pcm
SwiftExplicitDependencyGeneratePcm arm64 /Users/admin/builder/spi-builder-workspace/.derivedData/SDKExplicitPrecompiledModules/_Builtin_stdint-6NFTB6IBKS143IVPGT1EKB7HO.pcm
SwiftExplicitDependencyGeneratePcm arm64 /Users/admin/builder/spi-builder-workspace/.derivedData/SDKExplicitPrecompiledModules/sys_types-8GCAV1YMG5UUGHUID3CA20TCH.pcm
SwiftExplicitDependencyGeneratePcm arm64 /Users/admin/builder/spi-builder-workspace/.derivedData/SDKExplicitPrecompiledModules/_Builtin_intrinsics-437O2R2NID4WAQVENR63GR82C.pcm
SwiftExplicitDependencyGeneratePcm arm64 /Users/admin/builder/spi-builder-workspace/.derivedData/SDKExplicitPrecompiledModules/_Builtin_stdatomic-3YXHN678NGYM3NL9POJ2HVEIF.pcm
SwiftExplicitDependencyGeneratePcm arm64 /Users/admin/builder/spi-builder-workspace/.derivedData/SDKExplicitPrecompiledModules/_DarwinFoundation3-8SR3855WDFHQPR6G9GHOI2C07.pcm
SwiftExplicitDependencyGeneratePcm arm64 /Users/admin/builder/spi-builder-workspace/.derivedData/SDKExplicitPrecompiledModules/_Builtin_inttypes-6X1IQ3QK9KEVKXOK9Y79EW7J3.pcm
SwiftExplicitDependencyGeneratePcm arm64 /Users/admin/builder/spi-builder-workspace/.derivedData/SDKExplicitPrecompiledModules/Darwin-DBSQAVBBPC3D2OMU5ZI2RXMST.pcm
SwiftExplicitDependencyGeneratePcm arm64 /Users/admin/builder/spi-builder-workspace/.derivedData/SDKExplicitPrecompiledModules/simd-117QUXEUT3Z7UQCUYWV2UA228.pcm
SwiftExplicitDependencyGeneratePcm arm64 /Users/admin/builder/spi-builder-workspace/.derivedData/SDKExplicitPrecompiledModules/MachO-EH3F5PJCIZG05NO51CEFSZYPW.pcm
SwiftExplicitDependencyGeneratePcm arm64 /Users/admin/builder/spi-builder-workspace/.derivedData/SDKExplicitPrecompiledModules/ObjectiveC-5250FDCE56N8508OR6XUYDKZM.pcm
SwiftExplicitDependencyGeneratePcm arm64 /Users/admin/builder/spi-builder-workspace/.derivedData/SDKExplicitPrecompiledModules/os_object-E2DGZ0SX0TULQHULZRPO6OKNW.pcm
SwiftExplicitDependencyGeneratePcm arm64 /Users/admin/builder/spi-builder-workspace/.derivedData/SDKExplicitPrecompiledModules/os_workgroup-DBUFF7811DKMX7VPBOJPGGF1U.pcm
SwiftExplicitDependencyGeneratePcm arm64 /Users/admin/builder/spi-builder-workspace/.derivedData/SDKExplicitPrecompiledModules/Spatial-7U8NLEFXSB8BR7PJQGVMF5A4Q.pcm
SwiftExplicitDependencyGeneratePcm arm64 /Users/admin/builder/spi-builder-workspace/.derivedData/SDKExplicitPrecompiledModules/Dispatch-1QL58A0V50C39KVAIC6C38SHL.pcm
SwiftExplicitDependencyGeneratePcm arm64 /Users/admin/builder/spi-builder-workspace/.derivedData/SDKExplicitPrecompiledModules/XPC-6O2DJFT3QUJ7QKTD3SNUB6PCR.pcm
SwiftExplicitDependencyGeneratePcm arm64 /Users/admin/builder/spi-builder-workspace/.derivedData/SDKExplicitPrecompiledModules/CoreFoundation-7TPJ7ENDC4L1A1ESHYI9TXS0D.pcm
SwiftExplicitDependencyGeneratePcm arm64 /Users/admin/builder/spi-builder-workspace/.derivedData/SDKExplicitPrecompiledModules/os-3GJI8H0BNAEZPQPQ1V0VVY3FY.pcm
SwiftExplicitDependencyGeneratePcm arm64 /Users/admin/builder/spi-builder-workspace/.derivedData/SDKExplicitPrecompiledModules/Security-8VMXEKVDA3MHUH9AOTP905DID.pcm
SwiftExplicitDependencyGeneratePcm arm64 /Users/admin/builder/spi-builder-workspace/.derivedData/SDKExplicitPrecompiledModules/CoreAudioTypes-E7EH96HAL3G83QSWLT7VWYIP4.pcm
SwiftExplicitDependencyGeneratePcm arm64 /Users/admin/builder/spi-builder-workspace/.derivedData/SDKExplicitPrecompiledModules/CoreGraphics-CWSP3J98S2658BYCVL6RP99T3.pcm
SwiftExplicitDependencyGeneratePcm arm64 /Users/admin/builder/spi-builder-workspace/.derivedData/SDKExplicitPrecompiledModules/CFNetwork-2CUR2VK9S3S3WPFXPNXNUWYGN.pcm
SwiftExplicitDependencyGeneratePcm arm64 /Users/admin/builder/spi-builder-workspace/.derivedData/SDKExplicitPrecompiledModules/CoreAudio-6IR1XRM0Q9YQZMFW89F3H4V3X.pcm
SwiftExplicitDependencyGeneratePcm arm64 /Users/admin/builder/spi-builder-workspace/.derivedData/SDKExplicitPrecompiledModules/Foundation-BSSIP64DIGUKMAYJOG1WPQ78X.pcm
SwiftExplicitDependencyGeneratePcm arm64 /Users/admin/builder/spi-builder-workspace/.derivedData/SDKExplicitPrecompiledModules/CoreText-59NY7PABM0I4V978161FOC04A.pcm
SwiftExplicitDependencyGeneratePcm arm64 /Users/admin/builder/spi-builder-workspace/.derivedData/SDKExplicitPrecompiledModules/ImageIO-88D4CLEBD4CLWQKT78PZ6H1O8.pcm
SwiftExplicitDependencyGeneratePcm arm64 /Users/admin/builder/spi-builder-workspace/.derivedData/SDKExplicitPrecompiledModules/DataDetection-37JIYZ2GWDA1L166PP1D9JKAF.pcm
SwiftExplicitDependencyGeneratePcm arm64 /Users/admin/builder/spi-builder-workspace/.derivedData/SDKExplicitPrecompiledModules/_LocationEssentials-ETSJ65FELPWR8WH8G49R1DF2E.pcm
SwiftExplicitDependencyGeneratePcm arm64 /Users/admin/builder/spi-builder-workspace/.derivedData/SDKExplicitPrecompiledModules/UIUtilities-6ZFJ1AK4H8IBGEBMYQBWGBYLK.pcm
SwiftExplicitDependencyGeneratePcm arm64 /Users/admin/builder/spi-builder-workspace/.derivedData/SDKExplicitPrecompiledModules/UniformTypeIdentifiers-95CC8U42ZA9STP5K6GP9ZVJS5.pcm
SwiftExplicitDependencyGeneratePcm arm64 /Users/admin/builder/spi-builder-workspace/.derivedData/SDKExplicitPrecompiledModules/CoreTransferable-7V4O8DATEQ9F7SDNTCW8YWLG3.pcm
SwiftExplicitDependencyGeneratePcm arm64 /Users/admin/builder/spi-builder-workspace/.derivedData/SDKExplicitPrecompiledModules/OSLog-7OT6HHTMY0ZFEQJ095LJZ6NLC.pcm
SwiftExplicitDependencyGeneratePcm arm64 /Users/admin/builder/spi-builder-workspace/.derivedData/SDKExplicitPrecompiledModules/IOSurface-38FJ1CKX9FV2RD97O64Z7QB17.pcm
SwiftExplicitDependencyGeneratePcm arm64 /Users/admin/builder/spi-builder-workspace/.derivedData/SDKExplicitPrecompiledModules/Symbols-B5AU9VM9Y7NU79RLMH13Z4IFM.pcm
SwiftExplicitDependencyGeneratePcm arm64 /Users/admin/builder/spi-builder-workspace/.derivedData/SDKExplicitPrecompiledModules/CoreData-DYMPHH3PH8AX9I1FHA4VFJ675.pcm
SwiftExplicitDependencyGeneratePcm arm64 /Users/admin/builder/spi-builder-workspace/.derivedData/SDKExplicitPrecompiledModules/Accessibility-B6BODGZ4MQQTY0PBC4SHRP009.pcm
SwiftExplicitDependencyGeneratePcm arm64 /Users/admin/builder/spi-builder-workspace/.derivedData/SDKExplicitPrecompiledModules/UserNotifications-E9ZW5TH066WIJWH9080RC5NG4.pcm
SwiftExplicitDependencyGeneratePcm arm64 /Users/admin/builder/spi-builder-workspace/.derivedData/SDKExplicitPrecompiledModules/CoreLocation-YVXXAOMVX0JH2KO1XTTKTY51.pcm
SwiftExplicitDependencyGeneratePcm arm64 /Users/admin/builder/spi-builder-workspace/.derivedData/SDKExplicitPrecompiledModules/OpenGLES-4NY99CNDU9WUNUYEIXSS1QFGE.pcm
SwiftExplicitDependencyGeneratePcm arm64 /Users/admin/builder/spi-builder-workspace/.derivedData/SDKExplicitPrecompiledModules/Metal-2KYBS7IML1SD788M91YV7Q0CC.pcm
SwiftExplicitDependencyGeneratePcm arm64 /Users/admin/builder/spi-builder-workspace/.derivedData/SDKExplicitPrecompiledModules/CoreVideo-DPU0PB5X0XLSVA2ETRGI6FJBM.pcm
SwiftExplicitDependencyGeneratePcm arm64 /Users/admin/builder/spi-builder-workspace/.derivedData/SDKExplicitPrecompiledModules/CoreImage-7S2AFJ8EIY3DUFYLEAX1JR1QV.pcm
SwiftExplicitDependencyGeneratePcm arm64 /Users/admin/builder/spi-builder-workspace/.derivedData/SDKExplicitPrecompiledModules/CoreMedia-4OUKVT03LV547KZJDPPJRJ4F8.pcm
SwiftExplicitDependencyGeneratePcm arm64 /Users/admin/builder/spi-builder-workspace/.derivedData/SDKExplicitPrecompiledModules/QuartzCore-DJSYAWKXFGVSAK5CQMOB3JSR.pcm
SwiftExplicitDependencyGeneratePcm arm64 /Users/admin/builder/spi-builder-workspace/.derivedData/SDKExplicitPrecompiledModules/SwiftUICore-543QU5V2NHKUFCYFJDKUJ7NYG.pcm
SwiftExplicitDependencyGeneratePcm arm64 /Users/admin/builder/spi-builder-workspace/.derivedData/SDKExplicitPrecompiledModules/UIKit-1TKWN7VC2X6N3ITMRVA2G0EB2.pcm
SwiftExplicitDependencyGeneratePcm arm64 /Users/admin/builder/spi-builder-workspace/.derivedData/SDKExplicitPrecompiledModules/SwiftUI-7BV1YDT6IZWW6B8OC6ENV0Y0F.pcm
SwiftCompile normal arm64 Compiling\ StorybookCollectionMac.swift,\ StorybookCollectionViewModel.swift /Users/admin/builder/spi-builder-workspace/Sources/Storybook/Views/StorybookCollectionMac.swift /Users/admin/builder/spi-builder-workspace/Sources/Storybook/Views/StorybookCollectionViewModel.swift (in target 'Storybook' from project 'Storybook')
SwiftCompile normal arm64 /Users/admin/builder/spi-builder-workspace/Sources/Storybook/Views/StorybookCollectionMac.swift (in target 'Storybook' from project 'Storybook')
cd /Users/admin/builder/spi-builder-workspace/.swiftpm/xcode
builtin-SwiftPerFileCompile StorybookCollectionMac.swift
SwiftCompile normal arm64 /Users/admin/builder/spi-builder-workspace/Sources/Storybook/Views/StorybookCollectionViewModel.swift (in target 'Storybook' from project 'Storybook')
cd /Users/admin/builder/spi-builder-workspace/.swiftpm/xcode
builtin-SwiftPerFileCompile StorybookCollectionViewModel.swift
SwiftCompile normal arm64 Compiling\ StorybookEntryView.swift,\ StorybookFolder.swift /Users/admin/builder/spi-builder-workspace/Sources/Storybook/Views/StorybookEntryView.swift /Users/admin/builder/spi-builder-workspace/Sources/Storybook/Views/StorybookFolder.swift (in target 'Storybook' from project 'Storybook')
SwiftCompile normal arm64 /Users/admin/builder/spi-builder-workspace/Sources/Storybook/Views/StorybookEntryView.swift (in target 'Storybook' from project 'Storybook')
cd /Users/admin/builder/spi-builder-workspace/.swiftpm/xcode
builtin-SwiftPerFileCompile StorybookEntryView.swift
SwiftCompile normal arm64 /Users/admin/builder/spi-builder-workspace/Sources/Storybook/Views/StorybookFolder.swift (in target 'Storybook' from project 'Storybook')
cd /Users/admin/builder/spi-builder-workspace/.swiftpm/xcode
builtin-SwiftPerFileCompile StorybookFolder.swift
/Users/admin/builder/spi-builder-workspace/Sources/Storybook/Views/StorybookEntryView.swift:40:14: error: 'onTapGesture(count:perform:)' is only available in tvOS 16.0 or newer
4 | @available(iOS 13.0, *)
5 | @available(macOS 11, *)
6 | struct StorybookDestinationView: View {
| `- note: add '@available' attribute to enclosing struct
7 |
8 | let destinations: [StorybookEntry.Destination]
:
21 | }
22 |
23 | func leafView(for view: StoryBookView) -> some View {
| `- note: add '@available' attribute to enclosing instance method
24 | #if os(macOS)
25 | NavigationLink(destination: {
:
38 | )
39 | .contentShape(Rectangle())
40 | .onTapGesture {
| |- error: 'onTapGesture(count:perform:)' is only available in tvOS 16.0 or newer
| `- note: add 'if #available' version check
41 | selectedView = view
42 | }
SwiftEmitModule normal arm64 Emitting\ module\ for\ Storybook (in target 'Storybook' from project 'Storybook')
SwiftCompile normal arm64 (in target 'Storybook' from project 'Storybook')
cd /Users/admin/builder/spi-builder-workspace/.swiftpm/xcode
SwiftCompile normal arm64 Compiling\ StorybookPage.swift,\ TagsView.swift /Users/admin/builder/spi-builder-workspace/Sources/Storybook/Views/StorybookPage.swift /Users/admin/builder/spi-builder-workspace/Sources/Storybook/Views/TagsView.swift (in target 'Storybook' from project 'Storybook')
/Users/admin/builder/spi-builder-workspace/Sources/Storybook/Views/TagsView.swift:31:18: error: 'onTapGesture(count:perform:)' is only available in tvOS 16.0 or newer
11 | @available(iOS 13.0, *)
12 | @available(macOS 11, *)
13 | struct TagsView: View {
| `- note: add '@available' attribute to enclosing struct
14 | @Binding var selectedTags: Set<String>
15 | let tags: [String]
16 |
17 | var body: some View {
| `- note: add '@available' attribute to enclosing property
18 | NavigationView {
19 | List(tags, id: \.self) { tag in
:
29 | .internalSubtitleFont()
30 | .contentShape(Rectangle())
31 | .onTapGesture {
| |- error: 'onTapGesture(count:perform:)' is only available in tvOS 16.0 or newer
| `- note: add 'if #available' version check
32 | if selectedTags.contains(tag) {
33 | selectedTags.remove(tag)
SwiftCompile normal arm64 /Users/admin/builder/spi-builder-workspace/Sources/Storybook/Views/StorybookPage.swift (in target 'Storybook' from project 'Storybook')
cd /Users/admin/builder/spi-builder-workspace/.swiftpm/xcode
builtin-SwiftPerFileCompile StorybookPage.swift
SwiftCompile normal arm64 /Users/admin/builder/spi-builder-workspace/Sources/Storybook/Views/TagsView.swift (in target 'Storybook' from project 'Storybook')
cd /Users/admin/builder/spi-builder-workspace/.swiftpm/xcode
builtin-SwiftPerFileCompile TagsView.swift
SwiftCompile normal arm64 Compiling\ SearchBar.swift,\ StorybookCollection.swift /Users/admin/builder/spi-builder-workspace/Sources/Storybook/Views/SearchBar.swift /Users/admin/builder/spi-builder-workspace/Sources/Storybook/Views/StorybookCollection.swift (in target 'Storybook' from project 'Storybook')
SwiftCompile normal arm64 /Users/admin/builder/spi-builder-workspace/Sources/Storybook/Views/SearchBar.swift (in target 'Storybook' from project 'Storybook')
cd /Users/admin/builder/spi-builder-workspace/.swiftpm/xcode
builtin-SwiftPerFileCompile SearchBar.swift
SwiftCompile normal arm64 /Users/admin/builder/spi-builder-workspace/Sources/Storybook/Views/StorybookCollection.swift (in target 'Storybook' from project 'Storybook')
cd /Users/admin/builder/spi-builder-workspace/.swiftpm/xcode
builtin-SwiftPerFileCompile StorybookCollection.swift
SwiftCompile normal arm64 Compiling\ ScreenSizeControl.swift,\ TextFieldControl.swift /Users/admin/builder/spi-builder-workspace/Sources/Storybook/PreviewAdditions/Controls/ScreenSizeControl.swift /Users/admin/builder/spi-builder-workspace/Sources/Storybook/PreviewAdditions/Controls/TextFieldControl.swift (in target 'Storybook' from project 'Storybook')
/Users/admin/builder/spi-builder-workspace/Sources/Storybook/PreviewAdditions/Controls/ScreenSizeControl.swift:96:13: error: 'Slider' is unavailable in tvOS
94 | Spacer()
95 | }
96 | Slider(
| `- error: 'Slider' is unavailable in tvOS
97 | value: intProxy,
98 | in: Double(PhoneModel.smallest.rawValue)...Double(PhoneModel.largest.rawValue),
SwiftUI.Slider:3:27: note: 'Slider' has been explicitly marked unavailable here
1 | @available(iOS 13.0, macOS 10.15, watchOS 6.0, *)
2 | @available(tvOS, unavailable)
3 | nonisolated public struct Slider<Label, ValueLabel> : View, ~Sendable where Label : View, ValueLabel : View {
| `- note: 'Slider' has been explicitly marked unavailable here
4 | nonisolated public var body: some View { get }
5 | @available(macOS 10.15, iOS 13.0, watchOS 6.0, *)
/Users/admin/builder/spi-builder-workspace/Sources/Storybook/PreviewAdditions/Controls/ScreenSizeControl.swift:96:13: error: 'init(value:in:step:label:minimumValueLabel:maximumValueLabel:onEditingChanged:)' is unavailable in tvOS
94 | Spacer()
95 | }
96 | Slider(
| `- error: 'init(value:in:step:label:minimumValueLabel:maximumValueLabel:onEditingChanged:)' is unavailable in tvOS
97 | value: intProxy,
98 | in: Double(PhoneModel.smallest.rawValue)...Double(PhoneModel.largest.rawValue),
SwiftUI.Slider.init:2:44: note: 'init(value:in:step:label:minimumValueLabel:maximumValueLabel:onEditingChanged:)' has been explicitly marked unavailable here
1 | generic struct Slider {
2 | @export(implementation) nonisolated public init<V>(value: Binding<V>, in bounds: ClosedRange<V>, step: V.Stride = 1, @ContentBuilder label: () -> Label, @ContentBuilder minimumValueLabel: () -> ValueLabel, @ContentBuilder maximumValueLabel: () -> ValueLabel, onEditingChanged: @escaping (Bool) -> Void = { _ in }) where V : BinaryFloatingPoint, V.Stride : BinaryFloatingPoint}
| `- note: 'init(value:in:step:label:minimumValueLabel:maximumValueLabel:onEditingChanged:)' has been explicitly marked unavailable here
3 |
SwiftCompile normal arm64 /Users/admin/builder/spi-builder-workspace/Sources/Storybook/PreviewAdditions/Controls/ScreenSizeControl.swift (in target 'Storybook' from project 'Storybook')
cd /Users/admin/builder/spi-builder-workspace/.swiftpm/xcode
builtin-SwiftPerFileCompile ScreenSizeControl.swift
SwiftCompile normal arm64 /Users/admin/builder/spi-builder-workspace/Sources/Storybook/PreviewAdditions/Controls/TextFieldControl.swift (in target 'Storybook' from project 'Storybook')
cd /Users/admin/builder/spi-builder-workspace/.swiftpm/xcode
builtin-SwiftPerFileCompile TextFieldControl.swift
SwiftCompile normal arm64 Compiling\ Storybook.swift,\ StorybookCollectionData.swift /Users/admin/builder/spi-builder-workspace/Sources/Storybook/Storybook.swift /Users/admin/builder/spi-builder-workspace/Sources/Storybook/StorybookCollectionData.swift (in target 'Storybook' from project 'Storybook')
SwiftCompile normal arm64 /Users/admin/builder/spi-builder-workspace/Sources/Storybook/Storybook.swift (in target 'Storybook' from project 'Storybook')
cd /Users/admin/builder/spi-builder-workspace/.swiftpm/xcode
builtin-SwiftPerFileCompile Storybook.swift
SwiftCompile normal arm64 /Users/admin/builder/spi-builder-workspace/Sources/Storybook/StorybookCollectionData.swift (in target 'Storybook' from project 'Storybook')
cd /Users/admin/builder/spi-builder-workspace/.swiftpm/xcode
builtin-SwiftPerFileCompile StorybookCollectionData.swift
/Users/admin/builder/spi-builder-workspace/Sources/Storybook/Storybook.swift:17:9: error: cannot find 'StorybookCollection' in scope
15 | /// Renders the storybook, alternatively you can use StorybookCollection() direclty
16 | public static func render() -> some View {
17 | StorybookCollection()
| `- error: cannot find 'StorybookCollection' in scope
18 | }
19 |
SwiftCompile normal arm64 Compiling\ StorybookControlContext.swift,\ Image+Utils.swift /Users/admin/builder/spi-builder-workspace/Sources/Storybook/PreviewAdditions/StorybookControlContext.swift /Users/admin/builder/spi-builder-workspace/Sources/Storybook/PreviewAdditions/Utilities/Image+Utils.swift (in target 'Storybook' from project 'Storybook')
SwiftCompile normal arm64 /Users/admin/builder/spi-builder-workspace/Sources/Storybook/PreviewAdditions/StorybookControlContext.swift (in target 'Storybook' from project 'Storybook')
cd /Users/admin/builder/spi-builder-workspace/.swiftpm/xcode
builtin-SwiftPerFileCompile StorybookControlContext.swift
SwiftCompile normal arm64 /Users/admin/builder/spi-builder-workspace/Sources/Storybook/PreviewAdditions/Utilities/Image+Utils.swift (in target 'Storybook' from project 'Storybook')
cd /Users/admin/builder/spi-builder-workspace/.swiftpm/xcode
builtin-SwiftPerFileCompile Image+Utils.swift
SwiftCompile normal arm64 Compiling\ ControlHelpers.swift,\ DocumentationControl.swift,\ DynamicTypeControl.swift /Users/admin/builder/spi-builder-workspace/Sources/Storybook/PreviewAdditions/Controls/ControlHelpers.swift /Users/admin/builder/spi-builder-workspace/Sources/Storybook/PreviewAdditions/Controls/DocumentationControl.swift /Users/admin/builder/spi-builder-workspace/Sources/Storybook/PreviewAdditions/Controls/DynamicTypeControl.swift (in target 'Storybook' from project 'Storybook')
SwiftCompile normal arm64 /Users/admin/builder/spi-builder-workspace/Sources/Storybook/PreviewAdditions/Controls/ControlHelpers.swift (in target 'Storybook' from project 'Storybook')
cd /Users/admin/builder/spi-builder-workspace/.swiftpm/xcode
builtin-SwiftPerFileCompile ControlHelpers.swift
SwiftCompile normal arm64 /Users/admin/builder/spi-builder-workspace/Sources/Storybook/PreviewAdditions/Controls/DocumentationControl.swift (in target 'Storybook' from project 'Storybook')
cd /Users/admin/builder/spi-builder-workspace/.swiftpm/xcode
builtin-SwiftPerFileCompile DocumentationControl.swift
SwiftCompile normal arm64 /Users/admin/builder/spi-builder-workspace/Sources/Storybook/PreviewAdditions/Controls/DynamicTypeControl.swift (in target 'Storybook' from project 'Storybook')
cd /Users/admin/builder/spi-builder-workspace/.swiftpm/xcode
builtin-SwiftPerFileCompile DynamicTypeControl.swift
/Users/admin/builder/spi-builder-workspace/Sources/Storybook/PreviewAdditions/Controls/DocumentationControl.swift:66:10: error: 'onTapGesture(count:perform:)' is only available in tvOS 16.0 or newer
33 | @available(iOS 13, *)
34 | @available(macOS 11, *)
35 | public struct DocumentationControl: View {
| `- note: add '@available' attribute to enclosing struct
36 |
37 | let icon: Image
:
54 | }
55 |
56 | public var body: some View {
| `- note: add '@available' attribute to enclosing property
57 | VStack(spacing: 0) {
58 | HStack {
:
64 | systemDividerColor.frame(height: 1)
65 | }
66 | .onTapGesture {
| |- error: 'onTapGesture(count:perform:)' is only available in tvOS 16.0 or newer
| `- note: add 'if #available' version check
67 | if let url = url {
68 | openURL(url)
SwiftCompile normal arm64 Compiling\ resource_bundle_accessor.swift,\ ControlledPreview+Utils.swift,\ ControlledPreview.swift /Users/admin/builder/spi-builder-workspace/.derivedData/Build/Intermediates.noindex/Storybook.build/Debug-appletvos/Storybook-t.build/DerivedSources/resource_bundle_accessor.swift /Users/admin/builder/spi-builder-workspace/Sources/Storybook/PreviewAdditions/ControlledPreview+Utils.swift /Users/admin/builder/spi-builder-workspace/Sources/Storybook/PreviewAdditions/ControlledPreview.swift (in target 'Storybook' from project 'Storybook')
/Users/admin/builder/spi-builder-workspace/Sources/Storybook/PreviewAdditions/ControlledPreview.swift:196:32: warning: 'animation' was deprecated in tvOS 15.0: Use withAnimation or animation(_:value:) instead. [#DeprecatedDeclaration]
194 | preferenceControls = controls
195 | })
196 | .overlay(buttonModal().animation(.easeOut))
| `- warning: 'animation' was deprecated in tvOS 15.0: Use withAnimation or animation(_:value:) instead. [#DeprecatedDeclaration]
197 | .onReceive(actions.$message, perform: { message in
198 | guard let message = message else {
[#DeprecatedDeclaration]: <https://docs.swift.org/compiler/documentation/diagnostics/deprecated-declaration>
SwiftCompile normal arm64 /Users/admin/builder/spi-builder-workspace/.derivedData/Build/Intermediates.noindex/Storybook.build/Debug-appletvos/Storybook-t.build/DerivedSources/resource_bundle_accessor.swift (in target 'Storybook' from project 'Storybook')
cd /Users/admin/builder/spi-builder-workspace/.swiftpm/xcode
builtin-SwiftPerFileCompile resource_bundle_accessor.swift
SwiftCompile normal arm64 /Users/admin/builder/spi-builder-workspace/Sources/Storybook/PreviewAdditions/ControlledPreview+Utils.swift (in target 'Storybook' from project 'Storybook')
cd /Users/admin/builder/spi-builder-workspace/.swiftpm/xcode
builtin-SwiftPerFileCompile ControlledPreview+Utils.swift
SwiftCompile normal arm64 /Users/admin/builder/spi-builder-workspace/Sources/Storybook/PreviewAdditions/ControlledPreview.swift (in target 'Storybook' from project 'Storybook')
cd /Users/admin/builder/spi-builder-workspace/.swiftpm/xcode
builtin-SwiftPerFileCompile ControlledPreview.swift
SwiftCompile normal arm64 Compiling\ Controls.swift,\ ColorSchemeControl.swift,\ ControlConstants.swift /Users/admin/builder/spi-builder-workspace/Sources/Storybook/PreviewAdditions/Controls.swift /Users/admin/builder/spi-builder-workspace/Sources/Storybook/PreviewAdditions/Controls/ColorSchemeControl.swift /Users/admin/builder/spi-builder-workspace/Sources/Storybook/PreviewAdditions/Controls/ControlConstants.swift (in target 'Storybook' from project 'Storybook')
/Users/admin/builder/spi-builder-workspace/Sources/Storybook/PreviewAdditions/Controls/ControlConstants.swift:31:23: error: 'systemBackground' is unavailable in tvOS
29 | Color(NSColor.textBackgroundColor)
30 | #else
31 | Color(UIColor.systemBackground)
| `- error: 'systemBackground' is unavailable in tvOS
32 | #endif
33 | }
/Applications/Xcode-27.0.0-Release.Candidate.app/Contents/Developer/Platforms/AppleTVOS.platform/Developer/SDKs/AppleTVOS27.0.sdk/System/Library/Frameworks/UIKit.framework/Headers/UIInterface.h:208:49: note: 'systemBackground' has been explicitly marked unavailable here
206 | * primary background in light mode.
207 | */
208 | @property (class, nonatomic, readonly) UIColor *systemBackgroundColor API_AVAILABLE(ios(13.0)) API_UNAVAILABLE(tvos, watchos);
| `- note: 'systemBackground' has been explicitly marked unavailable here
209 | @property (class, nonatomic, readonly) UIColor *secondarySystemBackgroundColor API_AVAILABLE(ios(13.0)) API_UNAVAILABLE(tvos, watchos);
210 | @property (class, nonatomic, readonly) UIColor *tertiarySystemBackgroundColor API_AVAILABLE(ios(13.0)) API_UNAVAILABLE(tvos, watchos);
Failed frontend command:
/Applications/Xcode-27.0.0-Release.Candidate.app/Contents/Developer/Toolchains/XcodeDefault.xctoolchain/usr/bin/swift-frontend -frontend -c /Users/admin/builder/spi-builder-workspace/.derivedData/Build/Intermediates.noindex/Storybook.build/Debug-appletvos/Storybook-t.build/DerivedSources/resource_bundle_accessor.swift /Users/admin/builder/spi-builder-workspace/Sources/Storybook/PreviewAdditions/ControlledPreview+Utils.swift /Users/admin/builder/spi-builder-workspace/Sources/Storybook/PreviewAdditions/ControlledPreview.swift -primary-file /Users/admin/builder/spi-builder-workspace/Sources/Storybook/PreviewAdditions/Controls.swift -primary-file /Users/admin/builder/spi-builder-workspace/Sources/Storybook/PreviewAdditions/Controls/ColorSchemeControl.swift -primary-file /Users/admin/builder/spi-builder-workspace/Sources/Storybook/PreviewAdditions/Controls/ControlConstants.swift /Users/admin/builder/spi-builder-workspace/Sources/Storybook/PreviewAdditions/Controls/ControlHelpers.swift /Users/admin/builder/spi-builder-workspace/Sources/Storybook/PreviewAdditions/Controls/DocumentationControl.swift /Users/admin/builder/spi-builder-workspace/Sources/Storybook/PreviewAdditions/Controls/DynamicTypeControl.swift /Users/admin/builder/spi-builder-workspace/Sources/Storybook/PreviewAdditions/Controls/ScreenSizeControl.swift /Users/admin/builder/spi-builder-workspace/Sources/Storybook/PreviewAdditions/Controls/TextFieldControl.swift /Users/admin/builder/spi-builder-workspace/Sources/Storybook/PreviewAdditions/StorybookControlContext.swift /Users/admin/builder/spi-builder-workspace/Sources/Storybook/PreviewAdditions/Utilities/Image+Utils.swift /Users/admin/builder/spi-builder-workspace/Sources/Storybook/Storybook.swift /Users/admin/builder/spi-builder-workspace/Sources/Storybook/StorybookCollectionData.swift /Users/admin/builder/spi-builder-workspace/Sources/Storybook/Views/SearchBar.swift /Users/admin/builder/spi-builder-workspace/Sources/Storybook/Views/StorybookCollection.swift /Users/admin/builder/spi-builder-workspace/Sources/Storybook/Views/StorybookCollectionMac.swift /Users/admin/builder/spi-builder-workspace/Sources/Storybook/Views/StorybookCollectionViewModel.swift /Users/admin/builder/spi-builder-workspace/Sources/Storybook/Views/StorybookEntryView.swift /Users/admin/builder/spi-builder-workspace/Sources/Storybook/Views/StorybookFolder.swift /Users/admin/builder/spi-builder-workspace/Sources/Storybook/Views/StorybookPage.swift /Users/admin/builder/spi-builder-workspace/Sources/Storybook/Views/TagsView.swift -supplementary-output-file-map /Users/admin/builder/spi-builder-workspace/.derivedData/Build/Intermediates.noindex/Storybook.build/Debug-appletvos/Storybook-t.build/Objects-normal/arm64/supplementaryOutputs-2 -target arm64-apple-tvos15.0 -module-can-import-version SwiftUI 8.0.84 8.0.84 -module-can-import-version UIKit 9127.0.84.1 9127.0.84 -disable-cross-import-overlay-search -load-resolved-plugin /Applications/Xcode-27.0.0-Release.Candidate.app/Contents/Developer/Platforms/AppleTVOS.platform/Developer/usr/lib/swift/host/plugins/libFoundationMacros.dylib\#/Applications/Xcode-27.0.0-Release.Candidate.app/Contents/Developer/Platforms/AppleTVOS.platform/Developer/usr/bin/swift-plugin-server\#FoundationMacros -load-resolved-plugin /Applications/Xcode-27.0.0-Release.Candidate.app/Contents/Developer/Platforms/AppleTVOS.platform/Developer/usr/lib/swift/host/plugins/libObservationMacros.dylib\#/Applications/Xcode-27.0.0-Release.Candidate.app/Contents/Developer/Platforms/AppleTVOS.platform/Developer/usr/bin/swift-plugin-server\#ObservationMacros -load-resolved-plugin /Applications/Xcode-27.0.0-Release.Candidate.app/Contents/Developer/Platforms/AppleTVOS.platform/Developer/usr/lib/swift/host/plugins/libPreviewsMacros.dylib\#/Applications/Xcode-27.0.0-Release.Candidate.app/Contents/Developer/Platforms/AppleTVOS.platform/Developer/usr/bin/swift-plugin-server\#PreviewsMacros -load-resolved-plugin /Applications/Xcode-27.0.0-Release.Candidate.app/Contents/Developer/Platforms/AppleTVOS.platform/Developer/usr/lib/swift/host/plugins/libSwiftMacros.dylib\#/Applications/Xcode-27.0.0-Release.Candidate.app/Contents/Developer/Platforms/AppleTVOS.platform/Developer/usr/bin/swift-plugin-server\#SwiftMacros -load-resolved-plugin /Applications/Xcode-27.0.0-Release.Candidate.app/Contents/Developer/Platforms/AppleTVOS.platform/Developer/usr/lib/swift/host/plugins/libSwiftUIMacros.dylib\#/Applications/Xcode-27.0.0-Release.Candidate.app/Contents/Developer/Platforms/AppleTVOS.platform/Developer/usr/bin/swift-plugin-server\#SwiftUIMacros -disable-implicit-swift-modules -Xcc -fno-implicit-modules -Xcc -fno-implicit-module-maps -explicit-swift-module-map-file /Users/admin/builder/spi-builder-workspace/.derivedData/Build/Intermediates.noindex/Storybook.build/Debug-appletvos/Storybook-t.build/Objects-normal/arm64/Storybook-dependencies-1.json -Xllvm -aarch64-use-tbi -enable-objc-interop -stack-check -sdk /Applications/Xcode-27.0.0-Release.Candidate.app/Contents/Developer/Platforms/AppleTVOS.platform/Developer/SDKs/AppleTVOS27.0.sdk -I /Users/admin/builder/spi-builder-workspace/.derivedData/Build/Products/Debug-appletvos -Isystem /Applications/Xcode-27.0.0-Release.Candidate.app/Contents/Developer/Platforms/AppleTVOS.platform/Developer/usr/lib -F /Users/admin/builder/spi-builder-workspace/.derivedData/Build/Products/Debug-appletvos -F /Applications/Xcode-27.0.0-Release.Candidate.app/Contents/Developer/Platforms/AppleTVOS.platform/Developer/Library/Frameworks -F /Applications/Xcode-27.0.0-Release.Candidate.app/Contents/Developer/Platforms/AppleTVOS.platform/Developer/SDKs/AppleTVOS27.0.sdk/Developer/Library/Frameworks -module-cache-path /Users/admin/builder/spi-builder-workspace/.derivedData/Build/Intermediates.noindex/SwiftExplicitPrecompiledModules -no-color-diagnostics -Xcc -fno-color-diagnostics -enable-testing -g -debug-info-format\=dwarf -dwarf-version\=4 -profile-generate -profile-coverage-mapping -swift-version 5 -Onone -D SWIFT_PACKAGE -D DEBUG -D SWIFT_MODULE_RESOURCE_BUNDLE_AVAILABLE -D Xcode -serialize-debugging-options -enable-experimental-feature DebugDescriptionMacro -empty-abi-descriptor -validate-clang-modules-once -clang-build-session-file /Users/admin/builder/spi-builder-workspace/.derivedData/ModuleCache.noindex/Session.modulevalidation -Xcc -working-directory -Xcc /Users/admin/builder/spi-builder-workspace/.swiftpm/xcode -enable-anonymous-context-mangled-names -file-compilation-dir /Users/admin/builder/spi-builder-workspace/.swiftpm/xcode -Xcc -D_LIBCPP_HARDENING_MODE\=_LIBCPP_HARDENING_MODE_DEBUG -Xcc -ivfsstatcache -Xcc /Users/admin/builder/spi-builder-workspace/.derivedData/SDKStatCaches.noindex/appletvos27.0-24J360-e829b21a6f8c9b70876ba0858053c044b32bfd8d43560033f8d89884cdb90028.sdkstatcache -Xcc -fmodules-prune-interval\=86400 -Xcc -fmodules-prune-after\=345600 -Xcc -I/Users/admin/builder/spi-builder-workspace/.derivedData/Build/Products/Debug-appletvos/include -Xcc -I/Users/admin/builder/spi-builder-workspace/.derivedData/Build/Intermediates.noindex/Storybook.build/Debug-appletvos/Storybook-t.build/DerivedSources-normal/arm64 -Xcc -I/Users/admin/builder/spi-builder-workspace/.derivedData/Build/Intermediates.noindex/Storybook.build/Debug-appletvos/Storybook-t.build/DerivedSources/arm64 -Xcc -I/Users/admin/builder/spi-builder-workspace/.derivedData/Build/Intermediates.noindex/Storybook.build/Debug-appletvos/Storybook-t.build/DerivedSources -Xcc -DSWIFT_PACKAGE -Xcc -DDEBUG\=1 -no-auto-bridging-header-chaining -module-name Storybook -const-gather-protocols-file /Users/admin/builder/spi-builder-workspace/.derivedData/Build/Intermediates.noindex/Storybook.build/Debug-appletvos/Storybook-t.build/Objects-normal/arm64/Storybook_const_extract_protocols.json -disable-clang-spi -clang-target arm64-apple-tvos27.0 -target-sdk-version 27.0 -target-sdk-name appletvos27.0 -in-process-plugin-server-path /Applications/Xcode-27.0.0-Release.Candidate.app/Contents/Developer/Toolchains/XcodeDefault.xctoolchain/usr/lib/swift/host/libSwiftInProcPluginServer.dylib -parse-as-library -o /Users/admin/builder/spi-builder-workspace/.derivedData/Build/Intermediates.noindex/Storybook.build/Debug-appletvos/Storybook-t.build/Objects-normal/arm64/Controls.o -o /Users/admin/builder/spi-builder-workspace/.derivedData/Build/Intermediates.noindex/Storybook.build/Debug-appletvos/Storybook-t.build/Objects-normal/arm64/ColorSchemeControl.o -o /Users/admin/builder/spi-builder-workspace/.derivedData/Build/Intermediates.noindex/Storybook.build/Debug-appletvos/Storybook-t.build/Objects-normal/arm64/ControlConstants.o -debug-module-path /Users/admin/builder/spi-builder-workspace/.derivedData/Build/Intermediates.noindex/Storybook.build/Debug-appletvos/Storybook-t.build/Objects-normal/arm64/Storybook.swiftmodule -index-unit-output-path /Storybook.build/Debug-appletvos/Storybook-t.build/Objects-normal/arm64/Controls.o -index-unit-output-path /Storybook.build/Debug-appletvos/Storybook-t.build/Objects-normal/arm64/ColorSchemeControl.o -index-unit-output-path /Storybook.build/Debug-appletvos/Storybook-t.build/Objects-normal/arm64/ControlConstants.o -index-store-path /Users/admin/builder/spi-builder-workspace/.derivedData/Index.noindex/DataStore -index-system-modules
SwiftCompile normal arm64 /Users/admin/builder/spi-builder-workspace/Sources/Storybook/PreviewAdditions/Controls.swift (in target 'Storybook' from project 'Storybook')
cd /Users/admin/builder/spi-builder-workspace/.swiftpm/xcode
builtin-SwiftPerFileCompile Controls.swift
SwiftCompile normal arm64 /Users/admin/builder/spi-builder-workspace/Sources/Storybook/PreviewAdditions/Controls/ColorSchemeControl.swift (in target 'Storybook' from project 'Storybook')
cd /Users/admin/builder/spi-builder-workspace/.swiftpm/xcode
builtin-SwiftPerFileCompile ColorSchemeControl.swift
SwiftCompile normal arm64 /Users/admin/builder/spi-builder-workspace/Sources/Storybook/PreviewAdditions/Controls/ControlConstants.swift (in target 'Storybook' from project 'Storybook')
cd /Users/admin/builder/spi-builder-workspace/.swiftpm/xcode
builtin-SwiftPerFileCompile ControlConstants.swift
SwiftDriverJobDiscovery normal arm64 Emitting module for Storybook (in target 'Storybook' from project 'Storybook')
SwiftDriver\ Compilation\ Requirements Storybook normal arm64 com.apple.xcode.tools.swift.compiler (in target 'Storybook' from project 'Storybook')
cd /Users/admin/builder/spi-builder-workspace/.swiftpm/xcode
builtin-Swift-Compilation-Requirements -- /Applications/Xcode-27.0.0-Release.Candidate.app/Contents/Developer/Toolchains/XcodeDefault.xctoolchain/usr/bin/swiftc -parse-as-library -module-name Storybook -Onone @/Users/admin/builder/spi-builder-workspace/.derivedData/Build/Intermediates.noindex/Storybook.build/Debug-appletvos/Storybook-t.build/Objects-normal/arm64/Storybook.SwiftFileList -DSWIFT_PACKAGE -DDEBUG -DSWIFT_MODULE_RESOURCE_BUNDLE_AVAILABLE -DXcode -plugin-path /Applications/Xcode-27.0.0-Release.Candidate.app/Contents/Developer/Toolchains/XcodeDefault.xctoolchain/usr/lib/swift/host/plugins/testing -enable-experimental-feature DebugDescriptionMacro -sdk /Applications/Xcode-27.0.0-Release.Candidate.app/Contents/Developer/Platforms/AppleTVOS.platform/Developer/SDKs/AppleTVOS27.0.sdk -target arm64-apple-tvos15.0 -g -module-cache-path /Users/admin/builder/spi-builder-workspace/.derivedData/ModuleCache.noindex -Xfrontend -serialize-debugging-options -profile-coverage-mapping -profile-generate -enable-testing -index-store-path /Users/admin/builder/spi-builder-workspace/.derivedData/Index.noindex/DataStore -Xcc -D_LIBCPP_HARDENING_MODE\=_LIBCPP_HARDENING_MODE_DEBUG -swift-version 5 -I /Users/admin/builder/spi-builder-workspace/.derivedData/Build/Products/Debug-appletvos -Isystem /Applications/Xcode-27.0.0-Release.Candidate.app/Contents/Developer/Platforms/AppleTVOS.platform/Developer/usr/lib -F /Users/admin/builder/spi-builder-workspace/.derivedData/Build/Products/Debug-appletvos -F /Applications/Xcode-27.0.0-Release.Candidate.app/Contents/Developer/Platforms/AppleTVOS.platform/Developer/Library/Frameworks -F /Applications/Xcode-27.0.0-Release.Candidate.app/Contents/Developer/Platforms/AppleTVOS.platform/Developer/SDKs/AppleTVOS27.0.sdk/Developer/Library/Frameworks -c -j10 -enable-batch-mode -incremental -Xcc -ivfsstatcache -Xcc /Users/admin/builder/spi-builder-workspace/.derivedData/SDKStatCaches.noindex/appletvos27.0-24J360-e829b21a6f8c9b70876ba0858053c044b32bfd8d43560033f8d89884cdb90028.sdkstatcache -output-file-map /Users/admin/builder/spi-builder-workspace/.derivedData/Build/Intermediates.noindex/Storybook.build/Debug-appletvos/Storybook-t.build/Objects-normal/arm64/Storybook-OutputFileMap.json -save-temps -no-color-diagnostics -explicit-module-build -module-cache-path /Users/admin/builder/spi-builder-workspace/.derivedData/Build/Intermediates.noindex/SwiftExplicitPrecompiledModules -clang-scanner-module-cache-path /Users/admin/builder/spi-builder-workspace/.derivedData/ModuleCache.noindex -sdk-module-cache-path /Users/admin/builder/spi-builder-workspace/.derivedData/SDKExplicitPrecompiledModules -emit-dependencies -emit-module -emit-module-path /Users/admin/builder/spi-builder-workspace/.derivedData/Build/Intermediates.noindex/Storybook.build/Debug-appletvos/Storybook-t.build/Objects-normal/arm64/Storybook.swiftmodule -serialize-diagnostics -dependency-scan-serialize-diagnostics-path /Users/admin/builder/spi-builder-workspace/.derivedData/Build/Intermediates.noindex/Storybook.build/Debug-appletvos/Storybook-t.build/Objects-normal/arm64/Storybook-dependency-scan.dia -validate-clang-modules-once -clang-build-session-file /Users/admin/builder/spi-builder-workspace/.derivedData/ModuleCache.noindex/Session.modulevalidation -Xcc -fmodules-prune-interval\=86400 -Xcc -fmodules-prune-after\=345600 -emit-const-values -const-gather-protocols-list /Users/admin/builder/spi-builder-workspace/.derivedData/Build/Intermediates.noindex/Storybook.build/Debug-appletvos/Storybook-t.build/Objects-normal/arm64/Storybook_const_extract_protocols.json -Xcc -I/Users/admin/builder/spi-builder-workspace/.derivedData/Build/Products/Debug-appletvos/include -Xcc -I/Users/admin/builder/spi-builder-workspace/.derivedData/Build/Intermediates.noindex/Storybook.build/Debug-appletvos/Storybook-t.build/DerivedSources-normal/arm64 -Xcc -I/Users/admin/builder/spi-builder-workspace/.derivedData/Build/Intermediates.noindex/Storybook.build/Debug-appletvos/Storybook-t.build/DerivedSources/arm64 -Xcc -I/Users/admin/builder/spi-builder-workspace/.derivedData/Build/Intermediates.noindex/Storybook.build/Debug-appletvos/Storybook-t.build/DerivedSources -Xcc -DSWIFT_PACKAGE -Xcc -DDEBUG\=1 -emit-objc-header -emit-objc-header-path /Users/admin/builder/spi-builder-workspace/.derivedData/Build/Intermediates.noindex/Storybook.build/Debug-appletvos/Storybook-t.build/Objects-normal/arm64/Storybook-Swift.h -working-directory /Users/admin/builder/spi-builder-workspace/.swiftpm/xcode -experimental-emit-module-separately -disable-cmo
SwiftDriverJobDiscovery normal arm64 Compiling StorybookCollectionMac.swift, StorybookCollectionViewModel.swift (in target 'Storybook' from project 'Storybook')
SwiftMergeGeneratedHeaders /Users/admin/builder/spi-builder-workspace/.derivedData/Build/Intermediates.noindex/GeneratedModuleMaps-appletvos/Storybook-Swift.h /Users/admin/builder/spi-builder-workspace/.derivedData/Build/Intermediates.noindex/Storybook.build/Debug-appletvos/Storybook-t.build/Objects-normal/arm64/Storybook-Swift.h (in target 'Storybook' from project 'Storybook')
cd /Users/admin/builder/spi-builder-workspace
builtin-swiftHeaderTool -arch arm64 /Users/admin/builder/spi-builder-workspace/.derivedData/Build/Intermediates.noindex/Storybook.build/Debug-appletvos/Storybook-t.build/Objects-normal/arm64/Storybook-Swift.h -o /Users/admin/builder/spi-builder-workspace/.derivedData/Build/Intermediates.noindex/GeneratedModuleMaps-appletvos/Storybook-Swift.h
Copy /Users/admin/builder/spi-builder-workspace/.derivedData/Build/Products/Debug-appletvos/Storybook.swiftmodule/arm64-apple-tvos.swiftmodule /Users/admin/builder/spi-builder-workspace/.derivedData/Build/Intermediates.noindex/Storybook.build/Debug-appletvos/Storybook-t.build/Objects-normal/arm64/Storybook.swiftmodule (in target 'Storybook' from project 'Storybook')
cd /Users/admin/builder/spi-builder-workspace
builtin-copy -exclude .DS_Store -exclude CVS -exclude .svn -exclude .git -exclude .hg -resolve-src-symlinks -rename /Users/admin/builder/spi-builder-workspace/.derivedData/Build/Intermediates.noindex/Storybook.build/Debug-appletvos/Storybook-t.build/Objects-normal/arm64/Storybook.swiftmodule /Users/admin/builder/spi-builder-workspace/.derivedData/Build/Products/Debug-appletvos/Storybook.swiftmodule/arm64-apple-tvos.swiftmodule
Copy /Users/admin/builder/spi-builder-workspace/.derivedData/Build/Products/Debug-appletvos/Storybook.swiftmodule/arm64-apple-tvos.swiftdoc /Users/admin/builder/spi-builder-workspace/.derivedData/Build/Intermediates.noindex/Storybook.build/Debug-appletvos/Storybook-t.build/Objects-normal/arm64/Storybook.swiftdoc (in target 'Storybook' from project 'Storybook')
cd /Users/admin/builder/spi-builder-workspace
builtin-copy -exclude .DS_Store -exclude CVS -exclude .svn -exclude .git -exclude .hg -resolve-src-symlinks -rename /Users/admin/builder/spi-builder-workspace/.derivedData/Build/Intermediates.noindex/Storybook.build/Debug-appletvos/Storybook-t.build/Objects-normal/arm64/Storybook.swiftdoc /Users/admin/builder/spi-builder-workspace/.derivedData/Build/Products/Debug-appletvos/Storybook.swiftmodule/arm64-apple-tvos.swiftdoc
Copy /Users/admin/builder/spi-builder-workspace/.derivedData/Build/Products/Debug-appletvos/Storybook.swiftmodule/arm64-apple-tvos.abi.json /Users/admin/builder/spi-builder-workspace/.derivedData/Build/Intermediates.noindex/Storybook.build/Debug-appletvos/Storybook-t.build/Objects-normal/arm64/Storybook.abi.json (in target 'Storybook' from project 'Storybook')
cd /Users/admin/builder/spi-builder-workspace
builtin-copy -exclude .DS_Store -exclude CVS -exclude .svn -exclude .git -exclude .hg -resolve-src-symlinks -rename /Users/admin/builder/spi-builder-workspace/.derivedData/Build/Intermediates.noindex/Storybook.build/Debug-appletvos/Storybook-t.build/Objects-normal/arm64/Storybook.abi.json /Users/admin/builder/spi-builder-workspace/.derivedData/Build/Products/Debug-appletvos/Storybook.swiftmodule/arm64-apple-tvos.abi.json
Copy /Users/admin/builder/spi-builder-workspace/.derivedData/Build/Products/Debug-appletvos/Storybook.swiftmodule/Project/arm64-apple-tvos.swiftsourceinfo /Users/admin/builder/spi-builder-workspace/.derivedData/Build/Intermediates.noindex/Storybook.build/Debug-appletvos/Storybook-t.build/Objects-normal/arm64/Storybook.swiftsourceinfo (in target 'Storybook' from project 'Storybook')
cd /Users/admin/builder/spi-builder-workspace
builtin-copy -exclude .DS_Store -exclude CVS -exclude .svn -exclude .git -exclude .hg -resolve-src-symlinks -rename /Users/admin/builder/spi-builder-workspace/.derivedData/Build/Intermediates.noindex/Storybook.build/Debug-appletvos/Storybook-t.build/Objects-normal/arm64/Storybook.swiftsourceinfo /Users/admin/builder/spi-builder-workspace/.derivedData/Build/Products/Debug-appletvos/Storybook.swiftmodule/Project/arm64-apple-tvos.swiftsourceinfo
PruneExplicitPrecompiledModules /Users/admin/builder/spi-builder-workspace/.derivedData/Build/Intermediates.noindex/SwiftExplicitPrecompiledModules
PruneExplicitPrecompiledModules /Users/admin/builder/spi-builder-workspace/.derivedData/SDKExplicitPrecompiledModules
PruneExplicitPrecompiledModules /Users/admin/builder/spi-builder-workspace/.derivedData/Build/Intermediates.noindex/ExplicitPrecompiledModules
2026-09-23 19:11:22.881 xcodebuild[651:4264] [MT] IDERunDestination: Supported platforms for the buildables in the current scheme is empty.
2026-09-23 19:11:23.024 xcodebuild[651:4264] [MT] IDERunDestination: Supported platforms for the buildables in the current scheme is empty.
** BUILD FAILED **
The following build commands failed:
SwiftCompile normal arm64 Compiling\ Controls.swift,\ ColorSchemeControl.swift,\ ControlConstants.swift /Users/admin/builder/spi-builder-workspace/Sources/Storybook/PreviewAdditions/Controls.swift /Users/admin/builder/spi-builder-workspace/Sources/Storybook/PreviewAdditions/Controls/ColorSchemeControl.swift /Users/admin/builder/spi-builder-workspace/Sources/Storybook/PreviewAdditions/Controls/ControlConstants.swift (in target 'Storybook' from project 'Storybook')
SwiftCompile normal arm64 /Users/admin/builder/spi-builder-workspace/Sources/Storybook/PreviewAdditions/Controls/ControlConstants.swift (in target 'Storybook' from project 'Storybook')
Building workspace Storybook with scheme Storybook
(3 failures)
Command line invocation:
/Applications/Xcode-27.0.0-Release.Candidate.app/Contents/Developer/usr/bin/xcodebuild -IDEClonedSourcePackagesDirPathOverride=/Users/admin/builder/spi-builder-workspace/.dependencies -resolvePackageDependencies
Resolve Package Graph
Resolved source packages:
Storybook: /Users/admin/builder/spi-builder-workspace
resolved source packages: Storybook
2026-09-23 19:11:33.553 xcodebuild[742:4651] [MT] IDERunDestination: Supported platforms for the buildables in the current scheme is empty.
2026-09-23 19:11:33.654 xcodebuild[742:4651] [MT] IDERunDestination: Supported platforms for the buildables in the current scheme is empty.
{
"dependencies" : [
],
"manifest_display_name" : "Storybook",
"name" : "Storybook",
"path" : "/Users/admin/builder/spi-builder-workspace",
"platforms" : [
{
"name" : "ios",
"version" : "11.0"
},
{
"name" : "macos",
"version" : "11.0"
}
],
"products" : [
{
"name" : "Storybook",
"targets" : [
"Storybook"
],
"type" : {
"library" : [
"automatic"
]
}
}
],
"targets" : [
{
"c99name" : "StorybookTests",
"module_type" : "SwiftTarget",
"name" : "StorybookTests",
"path" : "Tests/StorybookTests",
"sources" : [
"StorybookCollectionDataTests.swift"
],
"target_dependencies" : [
"Storybook"
],
"type" : "test"
},
{
"c99name" : "Storybook",
"module_type" : "SwiftTarget",
"name" : "Storybook",
"path" : "Sources/Storybook",
"product_memberships" : [
"Storybook"
],
"resources" : [
{
"path" : "/Users/admin/builder/spi-builder-workspace/Sources/Storybook/Resources/figma_icon.png",
"rule" : {
"process" : {
}
}
},
{
"path" : "/Users/admin/builder/spi-builder-workspace/Sources/Storybook/Resources/jira_icon.png",
"rule" : {
"process" : {
}
}
},
{
"path" : "/Users/admin/builder/spi-builder-workspace/Sources/Storybook/Resources/storybook_icon.png",
"rule" : {
"process" : {
}
}
}
],
"sources" : [
"PreviewAdditions/ControlledPreview+Utils.swift",
"PreviewAdditions/ControlledPreview.swift",
"PreviewAdditions/Controls.swift",
"PreviewAdditions/Controls/ColorSchemeControl.swift",
"PreviewAdditions/Controls/ControlConstants.swift",
"PreviewAdditions/Controls/ControlHelpers.swift",
"PreviewAdditions/Controls/DocumentationControl.swift",
"PreviewAdditions/Controls/DynamicTypeControl.swift",
"PreviewAdditions/Controls/ScreenSizeControl.swift",
"PreviewAdditions/Controls/TextFieldControl.swift",
"PreviewAdditions/StorybookControlContext.swift",
"PreviewAdditions/Utilities/Image+Utils.swift",
"Storybook.swift",
"StorybookCollectionData.swift",
"Views/SearchBar.swift",
"Views/StorybookCollection.swift",
"Views/StorybookCollectionMac.swift",
"Views/StorybookCollectionViewModel.swift",
"Views/StorybookEntryView.swift",
"Views/StorybookFolder.swift",
"Views/StorybookPage.swift",
"Views/TagsView.swift"
],
"type" : "library"
}
],
"tools_version" : "5.5"
}
{
"workspace" : {
"name" : "Storybook",
"schemes" : [
"Storybook"
]
}
}
2026-09-23 19:11:34.770 xcodebuild[750:4717] [MT] IDERunDestination: Supported platforms for the buildables in the current scheme is empty.
2026-09-23 19:11:34.869 xcodebuild[750:4717] [MT] IDERunDestination: Supported platforms for the buildables in the current scheme is empty.
Running build ...
env DEVELOPER_DIR=/Applications/Xcode-27.0.0-Release.Candidate.app xcrun xcodebuild -IDEClonedSourcePackagesDirPathOverride=$PWD/.dependencies -skipMacroValidation -skipPackagePluginValidation -derivedDataPath $PWD/.derivedData build -scheme Storybook -destination generic/platform=tvOS
Command line invocation:
/Applications/Xcode-27.0.0-Release.Candidate.app/Contents/Developer/usr/bin/xcodebuild -IDEClonedSourcePackagesDirPathOverride=/Users/admin/builder/spi-builder-workspace/.dependencies -skipMacroValidation -skipPackagePluginValidation -derivedDataPath /Users/admin/builder/spi-builder-workspace/.derivedData build -scheme Storybook -destination generic/platform=tvOS
Resolve Package Graph
Resolved source packages:
Storybook: /Users/admin/builder/spi-builder-workspace
ComputePackagePrebuildTargetDependencyGraph
Prepare packages
CreateBuildRequest
SendProjectDescription
CreateBuildOperation
ComputeTargetDependencyGraph
note: Building targets in dependency order
note: Target dependency graph (3 targets)
Target 'Storybook-product' in project 'Storybook'
➜ Explicit dependency on target 'Storybook' in project 'Storybook'
➜ Explicit dependency on target 'Storybook_Storybook' in project 'Storybook'
Target 'Storybook' in project 'Storybook'
➜ Explicit dependency on target 'Storybook_Storybook' in project 'Storybook'
Target 'Storybook_Storybook' in project 'Storybook' (no dependencies)
GatherProvisioningInputs
CreateBuildDescription
ClangStatCache /Applications/Xcode-27.0.0-Release.Candidate.app/Contents/Developer/Toolchains/XcodeDefault.xctoolchain/usr/bin/clang-stat-cache /Applications/Xcode-27.0.0-Release.Candidate.app/Contents/Developer/Platforms/AppleTVOS.platform/Developer/SDKs/AppleTVOS27.0.sdk /Users/admin/builder/spi-builder-workspace/.derivedData/SDKStatCaches.noindex/appletvos27.0-24J360-e829b21a6f8c9b70876ba0858053c044b32bfd8d43560033f8d89884cdb90028.sdkstatcache
cd /Users/admin/builder/spi-builder-workspace/.swiftpm/xcode
/Applications/Xcode-27.0.0-Release.Candidate.app/Contents/Developer/Toolchains/XcodeDefault.xctoolchain/usr/bin/clang-stat-cache /Applications/Xcode-27.0.0-Release.Candidate.app/Contents/Developer/Platforms/AppleTVOS.platform/Developer/SDKs/AppleTVOS27.0.sdk -o /Users/admin/builder/spi-builder-workspace/.derivedData/SDKStatCaches.noindex/appletvos27.0-24J360-e829b21a6f8c9b70876ba0858053c044b32bfd8d43560033f8d89884cdb90028.sdkstatcache
SwiftDriver Storybook normal arm64 com.apple.xcode.tools.swift.compiler (in target 'Storybook' from project 'Storybook')
cd /Users/admin/builder/spi-builder-workspace/.swiftpm/xcode
builtin-SwiftDriver -- /Applications/Xcode-27.0.0-Release.Candidate.app/Contents/Developer/Toolchains/XcodeDefault.xctoolchain/usr/bin/swiftc -parse-as-library -module-name Storybook -Onone @/Users/admin/builder/spi-builder-workspace/.derivedData/Build/Intermediates.noindex/Storybook.build/Debug-appletvos/Storybook-t.build/Objects-normal/arm64/Storybook.SwiftFileList -DSWIFT_PACKAGE -DDEBUG -DSWIFT_MODULE_RESOURCE_BUNDLE_AVAILABLE -DXcode -plugin-path /Applications/Xcode-27.0.0-Release.Candidate.app/Contents/Developer/Toolchains/XcodeDefault.xctoolchain/usr/lib/swift/host/plugins/testing -enable-experimental-feature DebugDescriptionMacro -sdk /Applications/Xcode-27.0.0-Release.Candidate.app/Contents/Developer/Platforms/AppleTVOS.platform/Developer/SDKs/AppleTVOS27.0.sdk -target arm64-apple-tvos15.0 -g -module-cache-path /Users/admin/builder/spi-builder-workspace/.derivedData/ModuleCache.noindex -Xfrontend -serialize-debugging-options -profile-coverage-mapping -profile-generate -enable-testing -index-store-path /Users/admin/builder/spi-builder-workspace/.derivedData/Index.noindex/DataStore -Xcc -D_LIBCPP_HARDENING_MODE\=_LIBCPP_HARDENING_MODE_DEBUG -swift-version 5 -I /Users/admin/builder/spi-builder-workspace/.derivedData/Build/Products/Debug-appletvos -Isystem /Applications/Xcode-27.0.0-Release.Candidate.app/Contents/Developer/Platforms/AppleTVOS.platform/Developer/usr/lib -F /Users/admin/builder/spi-builder-workspace/.derivedData/Build/Products/Debug-appletvos -F /Applications/Xcode-27.0.0-Release.Candidate.app/Contents/Developer/Platforms/AppleTVOS.platform/Developer/Library/Frameworks -F /Applications/Xcode-27.0.0-Release.Candidate.app/Contents/Developer/Platforms/AppleTVOS.platform/Developer/SDKs/AppleTVOS27.0.sdk/Developer/Library/Frameworks -c -j10 -enable-batch-mode -incremental -Xcc -ivfsstatcache -Xcc /Users/admin/builder/spi-builder-workspace/.derivedData/SDKStatCaches.noindex/appletvos27.0-24J360-e829b21a6f8c9b70876ba0858053c044b32bfd8d43560033f8d89884cdb90028.sdkstatcache -output-file-map /Users/admin/builder/spi-builder-workspace/.derivedData/Build/Intermediates.noindex/Storybook.build/Debug-appletvos/Storybook-t.build/Objects-normal/arm64/Storybook-OutputFileMap.json -save-temps -no-color-diagnostics -explicit-module-build -module-cache-path /Users/admin/builder/spi-builder-workspace/.derivedData/Build/Intermediates.noindex/SwiftExplicitPrecompiledModules -clang-scanner-module-cache-path /Users/admin/builder/spi-builder-workspace/.derivedData/ModuleCache.noindex -sdk-module-cache-path /Users/admin/builder/spi-builder-workspace/.derivedData/SDKExplicitPrecompiledModules -emit-dependencies -emit-module -emit-module-path /Users/admin/builder/spi-builder-workspace/.derivedData/Build/Intermediates.noindex/Storybook.build/Debug-appletvos/Storybook-t.build/Objects-normal/arm64/Storybook.swiftmodule -serialize-diagnostics -dependency-scan-serialize-diagnostics-path /Users/admin/builder/spi-builder-workspace/.derivedData/Build/Intermediates.noindex/Storybook.build/Debug-appletvos/Storybook-t.build/Objects-normal/arm64/Storybook-dependency-scan.dia -validate-clang-modules-once -clang-build-session-file /Users/admin/builder/spi-builder-workspace/.derivedData/ModuleCache.noindex/Session.modulevalidation -Xcc -fmodules-prune-interval\=86400 -Xcc -fmodules-prune-after\=345600 -emit-const-values -const-gather-protocols-list /Users/admin/builder/spi-builder-workspace/.derivedData/Build/Intermediates.noindex/Storybook.build/Debug-appletvos/Storybook-t.build/Objects-normal/arm64/Storybook_const_extract_protocols.json -Xcc -I/Users/admin/builder/spi-builder-workspace/.derivedData/Build/Products/Debug-appletvos/include -Xcc -I/Users/admin/builder/spi-builder-workspace/.derivedData/Build/Intermediates.noindex/Storybook.build/Debug-appletvos/Storybook-t.build/DerivedSources-normal/arm64 -Xcc -I/Users/admin/builder/spi-builder-workspace/.derivedData/Build/Intermediates.noindex/Storybook.build/Debug-appletvos/Storybook-t.build/DerivedSources/arm64 -Xcc -I/Users/admin/builder/spi-builder-workspace/.derivedData/Build/Intermediates.noindex/Storybook.build/Debug-appletvos/Storybook-t.build/DerivedSources -Xcc -DSWIFT_PACKAGE -Xcc -DDEBUG\=1 -emit-objc-header -emit-objc-header-path /Users/admin/builder/spi-builder-workspace/.derivedData/Build/Intermediates.noindex/Storybook.build/Debug-appletvos/Storybook-t.build/Objects-normal/arm64/Storybook-Swift.h -working-directory /Users/admin/builder/spi-builder-workspace/.swiftpm/xcode -experimental-emit-module-separately -disable-cmo
SwiftCompile normal arm64 Compiling\ Controls.swift,\ ColorSchemeControl.swift /Users/admin/builder/spi-builder-workspace/Sources/Storybook/PreviewAdditions/Controls.swift /Users/admin/builder/spi-builder-workspace/Sources/Storybook/PreviewAdditions/Controls/ColorSchemeControl.swift (in target 'Storybook' from project 'Storybook')
SwiftCompile normal arm64 /Users/admin/builder/spi-builder-workspace/Sources/Storybook/PreviewAdditions/Controls.swift (in target 'Storybook' from project 'Storybook')
cd /Users/admin/builder/spi-builder-workspace/.swiftpm/xcode
builtin-SwiftPerFileCompile Controls.swift
SwiftCompile normal arm64 /Users/admin/builder/spi-builder-workspace/Sources/Storybook/PreviewAdditions/Controls/ColorSchemeControl.swift (in target 'Storybook' from project 'Storybook')
cd /Users/admin/builder/spi-builder-workspace/.swiftpm/xcode
builtin-SwiftPerFileCompile ColorSchemeControl.swift
SwiftCompile normal arm64 Compiling\ ControlConstants.swift,\ ControlHelpers.swift /Users/admin/builder/spi-builder-workspace/Sources/Storybook/PreviewAdditions/Controls/ControlConstants.swift /Users/admin/builder/spi-builder-workspace/Sources/Storybook/PreviewAdditions/Controls/ControlHelpers.swift (in target 'Storybook' from project 'Storybook')
/Users/admin/builder/spi-builder-workspace/Sources/Storybook/PreviewAdditions/Controls/ControlConstants.swift:31:23: error: 'systemBackground' is unavailable in tvOS
29 | Color(NSColor.textBackgroundColor)
30 | #else
31 | Color(UIColor.systemBackground)
| `- error: 'systemBackground' is unavailable in tvOS
32 | #endif
33 | }
/Applications/Xcode-27.0.0-Release.Candidate.app/Contents/Developer/Platforms/AppleTVOS.platform/Developer/SDKs/AppleTVOS27.0.sdk/System/Library/Frameworks/UIKit.framework/Headers/UIInterface.h:208:49: note: 'systemBackground' has been explicitly marked unavailable here
206 | * primary background in light mode.
207 | */
208 | @property (class, nonatomic, readonly) UIColor *systemBackgroundColor API_AVAILABLE(ios(13.0)) API_UNAVAILABLE(tvos, watchos);
| `- note: 'systemBackground' has been explicitly marked unavailable here
209 | @property (class, nonatomic, readonly) UIColor *secondarySystemBackgroundColor API_AVAILABLE(ios(13.0)) API_UNAVAILABLE(tvos, watchos);
210 | @property (class, nonatomic, readonly) UIColor *tertiarySystemBackgroundColor API_AVAILABLE(ios(13.0)) API_UNAVAILABLE(tvos, watchos);
Failed frontend command:
/Applications/Xcode-27.0.0-Release.Candidate.app/Contents/Developer/Toolchains/XcodeDefault.xctoolchain/usr/bin/swift-frontend -frontend -c /Users/admin/builder/spi-builder-workspace/.derivedData/Build/Intermediates.noindex/Storybook.build/Debug-appletvos/Storybook-t.build/DerivedSources/resource_bundle_accessor.swift /Users/admin/builder/spi-builder-workspace/Sources/Storybook/PreviewAdditions/ControlledPreview+Utils.swift /Users/admin/builder/spi-builder-workspace/Sources/Storybook/PreviewAdditions/ControlledPreview.swift /Users/admin/builder/spi-builder-workspace/Sources/Storybook/PreviewAdditions/Controls.swift /Users/admin/builder/spi-builder-workspace/Sources/Storybook/PreviewAdditions/Controls/ColorSchemeControl.swift -primary-file /Users/admin/builder/spi-builder-workspace/Sources/Storybook/PreviewAdditions/Controls/ControlConstants.swift -primary-file /Users/admin/builder/spi-builder-workspace/Sources/Storybook/PreviewAdditions/Controls/ControlHelpers.swift /Users/admin/builder/spi-builder-workspace/Sources/Storybook/PreviewAdditions/Controls/DocumentationControl.swift /Users/admin/builder/spi-builder-workspace/Sources/Storybook/PreviewAdditions/Controls/DynamicTypeControl.swift /Users/admin/builder/spi-builder-workspace/Sources/Storybook/PreviewAdditions/Controls/ScreenSizeControl.swift /Users/admin/builder/spi-builder-workspace/Sources/Storybook/PreviewAdditions/Controls/TextFieldControl.swift /Users/admin/builder/spi-builder-workspace/Sources/Storybook/PreviewAdditions/StorybookControlContext.swift /Users/admin/builder/spi-builder-workspace/Sources/Storybook/PreviewAdditions/Utilities/Image+Utils.swift /Users/admin/builder/spi-builder-workspace/Sources/Storybook/Storybook.swift /Users/admin/builder/spi-builder-workspace/Sources/Storybook/StorybookCollectionData.swift /Users/admin/builder/spi-builder-workspace/Sources/Storybook/Views/SearchBar.swift /Users/admin/builder/spi-builder-workspace/Sources/Storybook/Views/StorybookCollection.swift /Users/admin/builder/spi-builder-workspace/Sources/Storybook/Views/StorybookCollectionMac.swift /Users/admin/builder/spi-builder-workspace/Sources/Storybook/Views/StorybookCollectionViewModel.swift /Users/admin/builder/spi-builder-workspace/Sources/Storybook/Views/StorybookEntryView.swift /Users/admin/builder/spi-builder-workspace/Sources/Storybook/Views/StorybookFolder.swift /Users/admin/builder/spi-builder-workspace/Sources/Storybook/Views/StorybookPage.swift /Users/admin/builder/spi-builder-workspace/Sources/Storybook/Views/TagsView.swift -emit-dependencies-path /Users/admin/builder/spi-builder-workspace/.derivedData/Build/Intermediates.noindex/Storybook.build/Debug-appletvos/Storybook-t.build/Objects-normal/arm64/ControlConstants.d -emit-const-values-path /Users/admin/builder/spi-builder-workspace/.derivedData/Build/Intermediates.noindex/Storybook.build/Debug-appletvos/Storybook-t.build/Objects-normal/arm64/ControlConstants.swiftconstvalues -emit-reference-dependencies-path /Users/admin/builder/spi-builder-workspace/.derivedData/Build/Intermediates.noindex/Storybook.build/Debug-appletvos/Storybook-t.build/Objects-normal/arm64/ControlConstants.swiftdeps -serialize-diagnostics-path /Users/admin/builder/spi-builder-workspace/.derivedData/Build/Intermediates.noindex/Storybook.build/Debug-appletvos/Storybook-t.build/Objects-normal/arm64/ControlConstants.dia -emit-dependencies-path /Users/admin/builder/spi-builder-workspace/.derivedData/Build/Intermediates.noindex/Storybook.build/Debug-appletvos/Storybook-t.build/Objects-normal/arm64/ControlHelpers.d -emit-const-values-path /Users/admin/builder/spi-builder-workspace/.derivedData/Build/Intermediates.noindex/Storybook.build/Debug-appletvos/Storybook-t.build/Objects-normal/arm64/ControlHelpers.swiftconstvalues -emit-reference-dependencies-path /Users/admin/builder/spi-builder-workspace/.derivedData/Build/Intermediates.noindex/Storybook.build/Debug-appletvos/Storybook-t.build/Objects-normal/arm64/ControlHelpers.swiftdeps -serialize-diagnostics-path /Users/admin/builder/spi-builder-workspace/.derivedData/Build/Intermediates.noindex/Storybook.build/Debug-appletvos/Storybook-t.build/Objects-normal/arm64/ControlHelpers.dia -target arm64-apple-tvos15.0 -module-can-import-version SwiftUI 8.0.84 8.0.84 -module-can-import-version UIKit 9127.0.84.1 9127.0.84 -disable-cross-import-overlay-search -load-resolved-plugin /Applications/Xcode-27.0.0-Release.Candidate.app/Contents/Developer/Platforms/AppleTVOS.platform/Developer/usr/lib/swift/host/plugins/libFoundationMacros.dylib\#/Applications/Xcode-27.0.0-Release.Candidate.app/Contents/Developer/Platforms/AppleTVOS.platform/Developer/usr/bin/swift-plugin-server\#FoundationMacros -load-resolved-plugin /Applications/Xcode-27.0.0-Release.Candidate.app/Contents/Developer/Platforms/AppleTVOS.platform/Developer/usr/lib/swift/host/plugins/libObservationMacros.dylib\#/Applications/Xcode-27.0.0-Release.Candidate.app/Contents/Developer/Platforms/AppleTVOS.platform/Developer/usr/bin/swift-plugin-server\#ObservationMacros -load-resolved-plugin /Applications/Xcode-27.0.0-Release.Candidate.app/Contents/Developer/Platforms/AppleTVOS.platform/Developer/usr/lib/swift/host/plugins/libPreviewsMacros.dylib\#/Applications/Xcode-27.0.0-Release.Candidate.app/Contents/Developer/Platforms/AppleTVOS.platform/Developer/usr/bin/swift-plugin-server\#PreviewsMacros -load-resolved-plugin /Applications/Xcode-27.0.0-Release.Candidate.app/Contents/Developer/Platforms/AppleTVOS.platform/Developer/usr/lib/swift/host/plugins/libSwiftMacros.dylib\#/Applications/Xcode-27.0.0-Release.Candidate.app/Contents/Developer/Platforms/AppleTVOS.platform/Developer/usr/bin/swift-plugin-server\#SwiftMacros -load-resolved-plugin /Applications/Xcode-27.0.0-Release.Candidate.app/Contents/Developer/Platforms/AppleTVOS.platform/Developer/usr/lib/swift/host/plugins/libSwiftUIMacros.dylib\#/Applications/Xcode-27.0.0-Release.Candidate.app/Contents/Developer/Platforms/AppleTVOS.platform/Developer/usr/bin/swift-plugin-server\#SwiftUIMacros -disable-implicit-swift-modules -Xcc -fno-implicit-modules -Xcc -fno-implicit-module-maps -explicit-swift-module-map-file /Users/admin/builder/spi-builder-workspace/.derivedData/Build/Intermediates.noindex/Storybook.build/Debug-appletvos/Storybook-t.build/Objects-normal/arm64/Storybook-dependencies-1.json -Xllvm -aarch64-use-tbi -enable-objc-interop -stack-check -sdk /Applications/Xcode-27.0.0-Release.Candidate.app/Contents/Developer/Platforms/AppleTVOS.platform/Developer/SDKs/AppleTVOS27.0.sdk -I /Users/admin/builder/spi-builder-workspace/.derivedData/Build/Products/Debug-appletvos -Isystem /Applications/Xcode-27.0.0-Release.Candidate.app/Contents/Developer/Platforms/AppleTVOS.platform/Developer/usr/lib -F /Users/admin/builder/spi-builder-workspace/.derivedData/Build/Products/Debug-appletvos -F /Applications/Xcode-27.0.0-Release.Candidate.app/Contents/Developer/Platforms/AppleTVOS.platform/Developer/Library/Frameworks -F /Applications/Xcode-27.0.0-Release.Candidate.app/Contents/Developer/Platforms/AppleTVOS.platform/Developer/SDKs/AppleTVOS27.0.sdk/Developer/Library/Frameworks -module-cache-path /Users/admin/builder/spi-builder-workspace/.derivedData/Build/Intermediates.noindex/SwiftExplicitPrecompiledModules -no-color-diagnostics -Xcc -fno-color-diagnostics -enable-testing -g -debug-info-format\=dwarf -dwarf-version\=4 -profile-generate -profile-coverage-mapping -swift-version 5 -Onone -D SWIFT_PACKAGE -D DEBUG -D SWIFT_MODULE_RESOURCE_BUNDLE_AVAILABLE -D Xcode -serialize-debugging-options -enable-experimental-feature DebugDescriptionMacro -empty-abi-descriptor -validate-clang-modules-once -clang-build-session-file /Users/admin/builder/spi-builder-workspace/.derivedData/ModuleCache.noindex/Session.modulevalidation -Xcc -working-directory -Xcc /Users/admin/builder/spi-builder-workspace/.swiftpm/xcode -enable-anonymous-context-mangled-names -file-compilation-dir /Users/admin/builder/spi-builder-workspace/.swiftpm/xcode -Xcc -D_LIBCPP_HARDENING_MODE\=_LIBCPP_HARDENING_MODE_DEBUG -Xcc -ivfsstatcache -Xcc /Users/admin/builder/spi-builder-workspace/.derivedData/SDKStatCaches.noindex/appletvos27.0-24J360-e829b21a6f8c9b70876ba0858053c044b32bfd8d43560033f8d89884cdb90028.sdkstatcache -Xcc -fmodules-prune-interval\=86400 -Xcc -fmodules-prune-after\=345600 -Xcc -I/Users/admin/builder/spi-builder-workspace/.derivedData/Build/Products/Debug-appletvos/include -Xcc -I/Users/admin/builder/spi-builder-workspace/.derivedData/Build/Intermediates.noindex/Storybook.build/Debug-appletvos/Storybook-t.build/DerivedSources-normal/arm64 -Xcc -I/Users/admin/builder/spi-builder-workspace/.derivedData/Build/Intermediates.noindex/Storybook.build/Debug-appletvos/Storybook-t.build/DerivedSources/arm64 -Xcc -I/Users/admin/builder/spi-builder-workspace/.derivedData/Build/Intermediates.noindex/Storybook.build/Debug-appletvos/Storybook-t.build/DerivedSources -Xcc -DSWIFT_PACKAGE -Xcc -DDEBUG\=1 -no-auto-bridging-header-chaining -module-name Storybook -const-gather-protocols-file /Users/admin/builder/spi-builder-workspace/.derivedData/Build/Intermediates.noindex/Storybook.build/Debug-appletvos/Storybook-t.build/Objects-normal/arm64/Storybook_const_extract_protocols.json -disable-clang-spi -clang-target arm64-apple-tvos27.0 -target-sdk-version 27.0 -target-sdk-name appletvos27.0 -in-process-plugin-server-path /Applications/Xcode-27.0.0-Release.Candidate.app/Contents/Developer/Toolchains/XcodeDefault.xctoolchain/usr/lib/swift/host/libSwiftInProcPluginServer.dylib -parse-as-library -o /Users/admin/builder/spi-builder-workspace/.derivedData/Build/Intermediates.noindex/Storybook.build/Debug-appletvos/Storybook-t.build/Objects-normal/arm64/ControlConstants.o -o /Users/admin/builder/spi-builder-workspace/.derivedData/Build/Intermediates.noindex/Storybook.build/Debug-appletvos/Storybook-t.build/Objects-normal/arm64/ControlHelpers.o -debug-module-path /Users/admin/builder/spi-builder-workspace/.derivedData/Build/Intermediates.noindex/Storybook.build/Debug-appletvos/Storybook-t.build/Objects-normal/arm64/Storybook.swiftmodule -index-unit-output-path /Storybook.build/Debug-appletvos/Storybook-t.build/Objects-normal/arm64/ControlConstants.o -index-unit-output-path /Storybook.build/Debug-appletvos/Storybook-t.build/Objects-normal/arm64/ControlHelpers.o -index-store-path /Users/admin/builder/spi-builder-workspace/.derivedData/Index.noindex/DataStore -index-system-modules
SwiftCompile normal arm64 /Users/admin/builder/spi-builder-workspace/Sources/Storybook/PreviewAdditions/Controls/ControlConstants.swift (in target 'Storybook' from project 'Storybook')
cd /Users/admin/builder/spi-builder-workspace/.swiftpm/xcode
builtin-SwiftPerFileCompile ControlConstants.swift
SwiftCompile normal arm64 /Users/admin/builder/spi-builder-workspace/Sources/Storybook/PreviewAdditions/Controls/ControlHelpers.swift (in target 'Storybook' from project 'Storybook')
cd /Users/admin/builder/spi-builder-workspace/.swiftpm/xcode
builtin-SwiftPerFileCompile ControlHelpers.swift
SwiftEmitModule normal arm64 Emitting\ module\ for\ Storybook (in target 'Storybook' from project 'Storybook')
SwiftCompile normal arm64 (in target 'Storybook' from project 'Storybook')
cd /Users/admin/builder/spi-builder-workspace/.swiftpm/xcode
SwiftCompile normal arm64 Compiling\ SearchBar.swift,\ StorybookCollection.swift /Users/admin/builder/spi-builder-workspace/Sources/Storybook/Views/SearchBar.swift /Users/admin/builder/spi-builder-workspace/Sources/Storybook/Views/StorybookCollection.swift (in target 'Storybook' from project 'Storybook')
SwiftCompile normal arm64 /Users/admin/builder/spi-builder-workspace/Sources/Storybook/Views/SearchBar.swift (in target 'Storybook' from project 'Storybook')
cd /Users/admin/builder/spi-builder-workspace/.swiftpm/xcode
builtin-SwiftPerFileCompile SearchBar.swift
SwiftCompile normal arm64 /Users/admin/builder/spi-builder-workspace/Sources/Storybook/Views/StorybookCollection.swift (in target 'Storybook' from project 'Storybook')
cd /Users/admin/builder/spi-builder-workspace/.swiftpm/xcode
builtin-SwiftPerFileCompile StorybookCollection.swift
SwiftCompile normal arm64 Compiling\ ScreenSizeControl.swift,\ TextFieldControl.swift /Users/admin/builder/spi-builder-workspace/Sources/Storybook/PreviewAdditions/Controls/ScreenSizeControl.swift /Users/admin/builder/spi-builder-workspace/Sources/Storybook/PreviewAdditions/Controls/TextFieldControl.swift (in target 'Storybook' from project 'Storybook')
SwiftCompile normal arm64 /Users/admin/builder/spi-builder-workspace/Sources/Storybook/PreviewAdditions/Controls/ScreenSizeControl.swift (in target 'Storybook' from project 'Storybook')
cd /Users/admin/builder/spi-builder-workspace/.swiftpm/xcode
builtin-SwiftPerFileCompile ScreenSizeControl.swift
SwiftCompile normal arm64 /Users/admin/builder/spi-builder-workspace/Sources/Storybook/PreviewAdditions/Controls/TextFieldControl.swift (in target 'Storybook' from project 'Storybook')
cd /Users/admin/builder/spi-builder-workspace/.swiftpm/xcode
builtin-SwiftPerFileCompile TextFieldControl.swift
SwiftCompile normal arm64 Compiling\ StorybookEntryView.swift,\ StorybookFolder.swift /Users/admin/builder/spi-builder-workspace/Sources/Storybook/Views/StorybookEntryView.swift /Users/admin/builder/spi-builder-workspace/Sources/Storybook/Views/StorybookFolder.swift (in target 'Storybook' from project 'Storybook')
SwiftCompile normal arm64 /Users/admin/builder/spi-builder-workspace/Sources/Storybook/Views/StorybookEntryView.swift (in target 'Storybook' from project 'Storybook')
cd /Users/admin/builder/spi-builder-workspace/.swiftpm/xcode
builtin-SwiftPerFileCompile StorybookEntryView.swift
SwiftCompile normal arm64 /Users/admin/builder/spi-builder-workspace/Sources/Storybook/Views/StorybookFolder.swift (in target 'Storybook' from project 'Storybook')
cd /Users/admin/builder/spi-builder-workspace/.swiftpm/xcode
builtin-SwiftPerFileCompile StorybookFolder.swift
SwiftCompile normal arm64 Compiling\ StorybookControlContext.swift,\ Image+Utils.swift /Users/admin/builder/spi-builder-workspace/Sources/Storybook/PreviewAdditions/StorybookControlContext.swift /Users/admin/builder/spi-builder-workspace/Sources/Storybook/PreviewAdditions/Utilities/Image+Utils.swift (in target 'Storybook' from project 'Storybook')
SwiftCompile normal arm64 /Users/admin/builder/spi-builder-workspace/Sources/Storybook/PreviewAdditions/StorybookControlContext.swift (in target 'Storybook' from project 'Storybook')
cd /Users/admin/builder/spi-builder-workspace/.swiftpm/xcode
builtin-SwiftPerFileCompile StorybookControlContext.swift
SwiftCompile normal arm64 /Users/admin/builder/spi-builder-workspace/Sources/Storybook/PreviewAdditions/Utilities/Image+Utils.swift (in target 'Storybook' from project 'Storybook')
cd /Users/admin/builder/spi-builder-workspace/.swiftpm/xcode
builtin-SwiftPerFileCompile Image+Utils.swift
SwiftCompile normal arm64 Compiling\ StorybookPage.swift,\ TagsView.swift /Users/admin/builder/spi-builder-workspace/Sources/Storybook/Views/StorybookPage.swift /Users/admin/builder/spi-builder-workspace/Sources/Storybook/Views/TagsView.swift (in target 'Storybook' from project 'Storybook')
SwiftCompile normal arm64 /Users/admin/builder/spi-builder-workspace/Sources/Storybook/Views/StorybookPage.swift (in target 'Storybook' from project 'Storybook')
cd /Users/admin/builder/spi-builder-workspace/.swiftpm/xcode
builtin-SwiftPerFileCompile StorybookPage.swift
SwiftCompile normal arm64 /Users/admin/builder/spi-builder-workspace/Sources/Storybook/Views/TagsView.swift (in target 'Storybook' from project 'Storybook')
cd /Users/admin/builder/spi-builder-workspace/.swiftpm/xcode
builtin-SwiftPerFileCompile TagsView.swift
SwiftCompile normal arm64 Compiling\ Storybook.swift,\ StorybookCollectionData.swift /Users/admin/builder/spi-builder-workspace/Sources/Storybook/Storybook.swift /Users/admin/builder/spi-builder-workspace/Sources/Storybook/StorybookCollectionData.swift (in target 'Storybook' from project 'Storybook')
SwiftCompile normal arm64 /Users/admin/builder/spi-builder-workspace/Sources/Storybook/Storybook.swift (in target 'Storybook' from project 'Storybook')
cd /Users/admin/builder/spi-builder-workspace/.swiftpm/xcode
builtin-SwiftPerFileCompile Storybook.swift
SwiftCompile normal arm64 /Users/admin/builder/spi-builder-workspace/Sources/Storybook/StorybookCollectionData.swift (in target 'Storybook' from project 'Storybook')
cd /Users/admin/builder/spi-builder-workspace/.swiftpm/xcode
builtin-SwiftPerFileCompile StorybookCollectionData.swift
SwiftCompile normal arm64 Compiling\ resource_bundle_accessor.swift,\ ControlledPreview+Utils.swift,\ ControlledPreview.swift /Users/admin/builder/spi-builder-workspace/.derivedData/Build/Intermediates.noindex/Storybook.build/Debug-appletvos/Storybook-t.build/DerivedSources/resource_bundle_accessor.swift /Users/admin/builder/spi-builder-workspace/Sources/Storybook/PreviewAdditions/ControlledPreview+Utils.swift /Users/admin/builder/spi-builder-workspace/Sources/Storybook/PreviewAdditions/ControlledPreview.swift (in target 'Storybook' from project 'Storybook')
SwiftCompile normal arm64 /Users/admin/builder/spi-builder-workspace/.derivedData/Build/Intermediates.noindex/Storybook.build/Debug-appletvos/Storybook-t.build/DerivedSources/resource_bundle_accessor.swift (in target 'Storybook' from project 'Storybook')
cd /Users/admin/builder/spi-builder-workspace/.swiftpm/xcode
builtin-SwiftPerFileCompile resource_bundle_accessor.swift
SwiftCompile normal arm64 /Users/admin/builder/spi-builder-workspace/Sources/Storybook/PreviewAdditions/ControlledPreview+Utils.swift (in target 'Storybook' from project 'Storybook')
cd /Users/admin/builder/spi-builder-workspace/.swiftpm/xcode
builtin-SwiftPerFileCompile ControlledPreview+Utils.swift
SwiftCompile normal arm64 /Users/admin/builder/spi-builder-workspace/Sources/Storybook/PreviewAdditions/ControlledPreview.swift (in target 'Storybook' from project 'Storybook')
cd /Users/admin/builder/spi-builder-workspace/.swiftpm/xcode
builtin-SwiftPerFileCompile ControlledPreview.swift
SwiftCompile normal arm64 Compiling\ DocumentationControl.swift,\ DynamicTypeControl.swift /Users/admin/builder/spi-builder-workspace/Sources/Storybook/PreviewAdditions/Controls/DocumentationControl.swift /Users/admin/builder/spi-builder-workspace/Sources/Storybook/PreviewAdditions/Controls/DynamicTypeControl.swift (in target 'Storybook' from project 'Storybook')
SwiftCompile normal arm64 /Users/admin/builder/spi-builder-workspace/Sources/Storybook/PreviewAdditions/Controls/DocumentationControl.swift (in target 'Storybook' from project 'Storybook')
cd /Users/admin/builder/spi-builder-workspace/.swiftpm/xcode
builtin-SwiftPerFileCompile DocumentationControl.swift
SwiftCompile normal arm64 /Users/admin/builder/spi-builder-workspace/Sources/Storybook/PreviewAdditions/Controls/DynamicTypeControl.swift (in target 'Storybook' from project 'Storybook')
cd /Users/admin/builder/spi-builder-workspace/.swiftpm/xcode
builtin-SwiftPerFileCompile DynamicTypeControl.swift
SwiftDriverJobDiscovery normal arm64 Compiling SearchBar.swift, StorybookCollection.swift (in target 'Storybook' from project 'Storybook')
PruneExplicitPrecompiledModules /Users/admin/builder/spi-builder-workspace/.derivedData/SDKExplicitPrecompiledModules
PruneExplicitPrecompiledModules /Users/admin/builder/spi-builder-workspace/.derivedData/Build/Intermediates.noindex/SwiftExplicitPrecompiledModules
PruneExplicitPrecompiledModules /Users/admin/builder/spi-builder-workspace/.derivedData/Build/Intermediates.noindex/ExplicitPrecompiledModules
2026-09-23 19:11:35.715 xcodebuild[751:4745] [MT] IDERunDestination: Supported platforms for the buildables in the current scheme is empty.
2026-09-23 19:11:35.817 xcodebuild[751:4745] [MT] IDERunDestination: Supported platforms for the buildables in the current scheme is empty.
** BUILD FAILED **
The following build commands failed:
SwiftCompile normal arm64 Compiling\ ControlConstants.swift,\ ControlHelpers.swift /Users/admin/builder/spi-builder-workspace/Sources/Storybook/PreviewAdditions/Controls/ControlConstants.swift /Users/admin/builder/spi-builder-workspace/Sources/Storybook/PreviewAdditions/Controls/ControlHelpers.swift (in target 'Storybook' from project 'Storybook')
SwiftCompile normal arm64 /Users/admin/builder/spi-builder-workspace/Sources/Storybook/PreviewAdditions/Controls/ControlConstants.swift (in target 'Storybook' from project 'Storybook')
Building workspace Storybook with scheme Storybook
(3 failures)
BUILD FAILURE 6.4 tvOS