The Swift Package Index logo.Swift Package Index

Build Information

Failed to build SwiftBCrypt, reference master (12521a), with Swift 6.4 for Android on 18 Sep 2026 00:17:06 UTC.

Build Command

bash -c docker run --pull=always --rm -v "checkouts-54344843-0":/host -w "$PWD" -e JAVA_HOME="/root/.sdkman/candidates/java/current" -e SPI_BUILD="1" -e SPI_PROCESSING="1" registry.gitlab.com/saguaro1/spi-images:android-6.4-latest swift build --swift-sdk aarch64-unknown-linux-android28 2>&1

Build Log

========================================
RunAll
========================================
Builder version: 5.1.0
Interrupt handler set up.
========================================
Checkout
========================================
Clone URL: https://github.com/tannerdsilva/SwiftBCrypt.git
Reference: master
Initialized empty Git repository in /host/spi-builder-workspace/.git/
hint: Using 'master' as the name for the initial branch. This default branch name
hint: is subject to change. To configure the initial branch name to use in all
hint: of your new repositories, which will suppress this warning, call:
hint:
hint: 	git config --global init.defaultBranch <name>
hint:
hint: Names commonly chosen instead of 'master' are 'main', 'trunk' and
hint: 'development'. The just-created branch can be renamed via this command:
hint:
hint: 	git branch -m <name>
From https://github.com/tannerdsilva/SwiftBCrypt
 * branch            master     -> FETCH_HEAD
 * [new branch]      master     -> origin/master
HEAD is now at 12521ab incresed swift tools version compatibility.
Cloned https://github.com/tannerdsilva/SwiftBCrypt.git
Revision (git rev-parse @):
12521ab8c1416828b00cb4d94e450dd111df6193
SUCCESS checkout https://github.com/tannerdsilva/SwiftBCrypt.git at master
========================================
Build
========================================
Selected platform:         android
Swift version:             6.4
Building package at path:  $PWD
https://github.com/tannerdsilva/SwiftBCrypt.git
Running build ...
bash -c docker run --pull=always --rm -v "checkouts-54344843-0":/host -w "$PWD" -e JAVA_HOME="/root/.sdkman/candidates/java/current" -e SPI_BUILD="1" -e SPI_PROCESSING="1" registry.gitlab.com/saguaro1/spi-images:android-6.4-latest swift build --swift-sdk aarch64-unknown-linux-android28 2>&1
android-6.4-latest: Pulling from saguaro1/spi-images
Digest: sha256:abadcff584c273feba50641b454858d377ba30b35ea7287a94f45ebd8afd0ea0
Status: Image is up to date for registry.gitlab.com/saguaro1/spi-images:android-6.4-latest
Fetching https://github.com/tannerdsilva/Ccrypt_blowfish.git
[1/30] Fetching ccrypt_blowfish
Fetched https://github.com/tannerdsilva/Ccrypt_blowfish.git (0.41s)
Computing version for https://github.com/tannerdsilva/Ccrypt_blowfish.git
Computed https://github.com/tannerdsilva/Ccrypt_blowfish.git at 1.3.0 (0.60s)
Creating working copy for https://github.com/tannerdsilva/Ccrypt_blowfish.git
Working copy of https://github.com/tannerdsilva/Ccrypt_blowfish.git resolved at 1.3.0
Building for debugging...
[Pre-planning 1 / 97]
[27 / 36]
[31 / 39] SwiftBCrypt
error: SwiftCompile normal aarch64 /host/spi-builder-workspace/Sources/SwiftBCrypt/SwiftBCrypt.swift failed with a nonzero exit code. Command line:     cd /host
    builtin-SwiftPerFileCompile SwiftBCrypt.swift
[36 / 39] SwiftBCrypt
/host/spi-builder-workspace/Sources/SwiftBCrypt/SwiftBCrypt.swift:14:18: error: cannot find 'open' in scope
12 | 	public static func makeSalt(passes:UInt = 12) throws -> Data {
13 | 		let seedBytes = UnsafeMutableBufferPointer<CChar>.allocate(capacity:256)
14 | 		let randomFH = open("/dev/random", 0)
   |                  `- error: cannot find 'open' in scope
15 | 		defer {
16 | 			close(randomFH)
/host/spi-builder-workspace/Sources/SwiftBCrypt/SwiftBCrypt.swift:16:4: error: cannot find 'close' in scope
14 | 		let randomFH = open("/dev/random", 0)
15 | 		defer {
16 | 			close(randomFH)
   |    `- error: cannot find 'close' in scope
17 | 		}
18 | 		guard randomFH != -1 else {
/host/spi-builder-workspace/Sources/SwiftBCrypt/SwiftBCrypt.swift:23:17: error: cannot find 'read' in scope
21 | 		var readCount:Int = 0
22 | 		repeat {
23 | 			let result = read(randomFH, UnsafeMutableRawPointer(seedBytes.baseAddress), 256)
   |                 `- error: cannot find 'read' in scope
24 | 			guard result != -1 else {
25 | 				throw Error.unknown
/host/spi-builder-workspace/Sources/SwiftBCrypt/SwiftBCrypt.swift:30:11: error: cannot find 'errno' in scope
28 | 		} while readCount == 0
29 | 		guard let newSaltBuffer = crypt_gensalt_ra("$2b$", passes, seedBytes.baseAddress, Int32(readCount)) else {
30 | 			switch errno {
   |           `- error: cannot find 'errno' in scope
31 | 				case EINVAL:
32 | 					throw Error.invalidMethod
/android-ndk/android-ndk-r27d/toolchains/llvm/prebuilt/linux-x86_64/sysroot/usr/include/errno.h:58:9: note: macro 'errno' unavailable: structure not supported
56 |  * thread.
57 |  */
58 | #define errno (*__errno())
   |         `- note: macro 'errno' unavailable: structure not supported
59 |
60 | __END_DECLS
/host/spi-builder-workspace/Sources/SwiftBCrypt/SwiftBCrypt.swift:55:12: error: cannot find 'errno' in scope
53 | 		return try salt.withUnsafeBytes { saltRaw in
54 | 			guard let newHashBuffer = crypt_ra(phrase, saltRaw.bindMemory(to:CChar.self).baseAddress, &dataBuff, &count) else {
55 | 				switch errno {
   |            `- error: cannot find 'errno' in scope
56 | 					case EINVAL:
57 | 						throw Error.invalidMethod
/android-ndk/android-ndk-r27d/toolchains/llvm/prebuilt/linux-x86_64/sysroot/usr/include/errno.h:58:9: note: macro 'errno' unavailable: structure not supported
56 |  * thread.
57 |  */
58 | #define errno (*__errno())
   |         `- note: macro 'errno' unavailable: structure not supported
59 |
60 | __END_DECLS
/host/spi-builder-workspace/Sources/SwiftBCrypt/SwiftBCrypt.swift:53:19: error: generic parameter 'ContentType' could not be inferred
51 | 		var count:Int32 = 0
52 | 		var dataBuff = UnsafeMutableRawPointer(mutating:nil)
53 | 		return try salt.withUnsafeBytes { saltRaw in
   |                   `- error: generic parameter 'ContentType' could not be inferred
54 | 			guard let newHashBuffer = crypt_ra(phrase, saltRaw.bindMemory(to:CChar.self).baseAddress, &dataBuff, &count) else {
55 | 				switch errno {
FoundationEssentials.Data.withUnsafeBytes:3:15: note: in call to function 'withUnsafeBytes'
1 | struct Data {
2 | @available(swift, deprecated: 5, message: "use `withUnsafeBytes<R>(_: (UnsafeRawBufferPointer) throws -> R) rethrows -> R` instead")
3 |   public func withUnsafeBytes<ResultType, ContentType>(_ body: (UnsafePointer<ContentType>) throws -> ResultType) rethrows -> ResultType}
  |               `- note: in call to function 'withUnsafeBytes'
4 |
/host/spi-builder-workspace/Sources/SwiftBCrypt/SwiftBCrypt.swift:54:55: error: value of type 'UnsafePointer<ContentType>' has no member 'bindMemory'
52 | 		var dataBuff = UnsafeMutableRawPointer(mutating:nil)
53 | 		return try salt.withUnsafeBytes { saltRaw in
54 | 			guard let newHashBuffer = crypt_ra(phrase, saltRaw.bindMemory(to:CChar.self).baseAddress, &dataBuff, &count) else {
   |                                                       `- error: value of type 'UnsafePointer<ContentType>' has no member 'bindMemory'
55 | 				switch errno {
56 | 					case EINVAL:
Failed frontend command:
/root/.local/share/swiftly/toolchains/6.4.x-snapshot-2026-09-04/usr/bin/swift-frontend -frontend -c -primary-file /host/spi-builder-workspace/Sources/SwiftBCrypt/SwiftBCrypt.swift -emit-dependencies-path /host/spi-builder-workspace/.build/out/Intermediates.noindex/SwiftBCrypt.build/Debug-android-aarch64/SwiftBCrypt-t.build/Objects-normal/aarch64/SwiftBCrypt.d -emit-const-values-path /host/spi-builder-workspace/.build/out/Intermediates.noindex/SwiftBCrypt.build/Debug-android-aarch64/SwiftBCrypt-t.build/Objects-normal/aarch64/SwiftBCrypt.swiftconstvalues -emit-reference-dependencies-path /host/spi-builder-workspace/.build/out/Intermediates.noindex/SwiftBCrypt.build/Debug-android-aarch64/SwiftBCrypt-t.build/Objects-normal/aarch64/SwiftBCrypt.swiftdeps -serialize-diagnostics-path /host/spi-builder-workspace/.build/out/Intermediates.noindex/SwiftBCrypt.build/Debug-android-aarch64/SwiftBCrypt-t.build/Objects-normal/aarch64/SwiftBCrypt.dia -target aarch64-unknown-linux-android28 -Xllvm -aarch64-use-tbi -disable-objc-interop -sdk /android-ndk/android-ndk-r27d/toolchains/llvm/prebuilt/linux-x86_64/sysroot -sysroot /android-ndk/android-ndk-r27d/toolchains/llvm/prebuilt/linux-x86_64/sysroot -I /host/spi-builder-workspace/.build/out/Products/Debug-android-aarch64 -module-cache-path /host/spi-builder-workspace/.build/out/ModuleCache.noindex -color-diagnostics -Xcc -fcolor-diagnostics -enable-testing -g -debug-info-format\=dwarf -dwarf-version\=4 -swift-version 5 -Onone -D SWIFT_PACKAGE -D DEBUG -D SWIFT_MODULE_RESOURCE_BUNDLE_UNAVAILABLE -D Xcode -serialize-debugging-options -enable-experimental-feature DebugDescriptionMacro -empty-abi-descriptor -external-plugin-path /root/.local/share/swiftly/toolchains/6.4.x-snapshot-2026-09-04/usr/lib/swift/host/plugins/testing\#/root/.local/share/swiftly/toolchains/6.4.x-snapshot-2026-09-04/usr/bin/swift-plugin-server -validate-clang-modules-once -clang-build-session-file /host/spi-builder-workspace/.build/out/ModuleCache.noindex/Session.modulevalidation -Xcc -working-directory -Xcc /host -resource-dir /root/.swiftpm/swift-sdks/swift-6.4.x-DEVELOPMENT-SNAPSHOT-2026-09-04-a_android.artifactbundle/swift-android/swift-resources/usr/lib/swift-aarch64 -enable-anonymous-context-mangled-names -file-compilation-dir /host -Xcc -resource-dir -Xcc /android-ndk/android-ndk-r27d/toolchains/llvm/prebuilt/linux-x86_64/lib/clang/18 -Xcc -fmodule-map-file\=/host/spi-builder-workspace/.build/out/Intermediates.noindex/GeneratedModuleMaps-android-aarch64/Ccrypt_blowfish.modulemap -Xcc -fno-omit-frame-pointer -Xcc -D_LIBCPP_HARDENING_MODE\=_LIBCPP_HARDENING_MODE_DEBUG -Xcc -fmodules-prune-interval\=86400 -Xcc -fmodules-prune-after\=345600 -Xcc -I/host/spi-builder-workspace/.build/checkouts/Ccrypt_blowfish/Sources/Ccrypt_blowfish/include -Xcc -I/host/spi-builder-workspace/.build/out/Products/Debug-android-aarch64/include -Xcc -I/host/spi-builder-workspace/.build/out/Intermediates.noindex/SwiftBCrypt.build/Debug-android-aarch64/SwiftBCrypt-t.build/DerivedSources-normal/aarch64 -Xcc -I/host/spi-builder-workspace/.build/out/Intermediates.noindex/SwiftBCrypt.build/Debug-android-aarch64/SwiftBCrypt-t.build/DerivedSources/aarch64 -Xcc -I/host/spi-builder-workspace/.build/out/Intermediates.noindex/SwiftBCrypt.build/Debug-android-aarch64/SwiftBCrypt-t.build/DerivedSources -Xcc -DSWIFT_PACKAGE -Xcc -DDEBUG\=1 -no-auto-bridging-header-chaining -module-name SwiftBCrypt -const-gather-protocols-file /host/spi-builder-workspace/.build/out/Intermediates.noindex/SwiftBCrypt.build/Debug-android-aarch64/SwiftBCrypt-t.build/Objects-normal/aarch64/SwiftBCrypt_const_extract_protocols.json -in-process-plugin-server-path /root/.local/share/swiftly/toolchains/6.4.x-snapshot-2026-09-04/usr/lib/swift/host/libSwiftInProcPluginServer.so -plugin-path /root/.local/share/swiftly/toolchains/6.4.x-snapshot-2026-09-04/usr/lib/swift/host/plugins -plugin-path /root/.local/share/swiftly/toolchains/6.4.x-snapshot-2026-09-04/usr/local/lib/swift/host/plugins -parse-as-library -o /host/spi-builder-workspace/.build/out/Intermediates.noindex/SwiftBCrypt.build/Debug-android-aarch64/SwiftBCrypt-t.build/Objects-normal/aarch64/SwiftBCrypt.o -index-unit-output-path /SwiftBCrypt.build/Debug-android-aarch64/SwiftBCrypt-t.build/Objects-normal/aarch64/SwiftBCrypt.o -index-store-path /host/spi-builder-workspace/.build/out -index-system-modules
error: Build failed
BUILD FAILURE 6.4 android