The Swift Package Index logo.Swift Package Index

Build Information

Failed to build ws, reference master (a44e64), with Swift 6.4 for macOS (SPM) on 17 Sep 2026 23:13:34 UTC.

Build Command

env DEVELOPER_DIR=/Applications/Xcode-27.0.0-Release.Candidate.app xcrun swift build --arch arm64

Build Log

========================================
RunAll
========================================
Builder version: 5.1.0
Interrupt handler set up.
========================================
Checkout
========================================
Clone URL: https://github.com/freshOS/ws-deprecated.git
Reference: master
Initialized empty Git repository in /Users/admin/builder/spi-builder-workspace/.git/
From https://github.com/freshOS/ws-deprecated
 * branch            master     -> FETCH_HEAD
 * [new branch]      master     -> origin/master
HEAD is now at a44e643 Update ws.podspec
Cloned https://github.com/freshOS/ws-deprecated.git
Revision (git rev-parse @):
a44e643df48e1f1692e17075608b07d43a5dc407
SUCCESS checkout https://github.com/freshOS/ws-deprecated.git at master
========================================
Build
========================================
Selected platform:         macosSpm
Swift version:             6.4
Building package at path:  $PWD
https://github.com/freshOS/ws-deprecated.git
Running build ...
env DEVELOPER_DIR=/Applications/Xcode-27.0.0-Release.Candidate.app xcrun swift build --arch arm64
Building for debugging...
[Constructing description]
[Planning deferred tasks]
[37 / 70]
[40 / 73] Arrow
[49 / 135]
[52 / 135]
[57 / 135]
[59 / 135]
[63 / 135]
[65 / 135]
[68 / 135]
[71 / 135]
[75 / 135]
[76 / 135]
[87 / 135] Alamofire
[100 / 135] Then-product
Fetching https://github.com/Alamofire/Alamofire
Fetching https://github.com/freshOS/Arrow
Fetching https://github.com/freshOS/Then
[1/1458] Fetching arrow
[410/3448] Fetching arrow, then
[1014/36342] Fetching arrow, then, alamofire
Fetched https://github.com/freshOS/Arrow (12.37s)
Fetched https://github.com/Alamofire/Alamofire (12.37s)
Fetched https://github.com/freshOS/Then (12.37s)
Computing version for https://github.com/Alamofire/Alamofire
Computed https://github.com/Alamofire/Alamofire at 4.9.1 (13.06s)
Computing version for https://github.com/freshOS/Then
Computed https://github.com/freshOS/Then at 5.1.3 (0.63s)
Computing version for https://github.com/freshOS/Arrow
Computed https://github.com/freshOS/Arrow at 5.1.2 (0.63s)
Creating working copy for https://github.com/freshOS/Arrow
Working copy of https://github.com/freshOS/Arrow resolved at 5.1.2
Creating working copy for https://github.com/Alamofire/Alamofire
Working copy of https://github.com/Alamofire/Alamofire resolved at 4.9.1
Creating working copy for https://github.com/freshOS/Then
Working copy of https://github.com/freshOS/Then resolved at 5.1.3
error: SwiftCompile normal arm64 /Users/admin/builder/spi-builder-workspace/.build/checkouts/Then/Source/Await+Operators.swift failed with a nonzero exit code. Command line:     cd /Users/admin/builder
    builtin-SwiftPerFileCompile Await+Operators.swift
/Users/admin/builder/spi-builder-workspace/.build/checkouts/Then/Source/Await+Operators.swift:14:16: error: cannot convert return expression of type 'Promise<T>' to return type 'T'
12 |
13 | public prefix func .. <T>(promise: Promise<T>) throws -> T {
14 |     return try await(promise)
   |                `- error: cannot convert return expression of type 'Promise<T>' to return type 'T'
15 | }
16 |
/Users/admin/builder/spi-builder-workspace/.build/checkouts/Then/Source/Await+Operators.swift:14:16: error: 'await' in a function that does not support concurrency
11 | prefix operator ..
12 |
13 | public prefix func .. <T>(promise: Promise<T>) throws -> T {
   |                    `- note: add 'async' to function '..' to make it asynchronous
14 |     return try await(promise)
   |                `- error: 'await' in a function that does not support concurrency
15 | }
16 |
/Users/admin/builder/spi-builder-workspace/.build/checkouts/Then/Source/Await+Operators.swift:19:16: error: cannot convert return expression of type 'Promise<T>' to return type 'T'
17 | public prefix func .. <T>(promise: Promise<T>?) throws -> T {
18 |     guard let promise = promise else { throw PromiseError.unwrappingFailed }
19 |     return try await(promise)
   |                `- error: cannot convert return expression of type 'Promise<T>' to return type 'T'
20 | }
21 |
/Users/admin/builder/spi-builder-workspace/.build/checkouts/Then/Source/Await+Operators.swift:19:16: error: 'await' in a function that does not support concurrency
15 | }
16 |
17 | public prefix func .. <T>(promise: Promise<T>?) throws -> T {
   |                    `- note: add 'async' to function '..' to make it asynchronous
18 |     guard let promise = promise else { throw PromiseError.unwrappingFailed }
19 |     return try await(promise)
   |                `- error: 'await' in a function that does not support concurrency
20 | }
21 |
/Users/admin/builder/spi-builder-workspace/.build/checkouts/Then/Source/Await+Operators.swift:26:20: error: cannot convert return expression of type 'Promise<T>' to return type 'T'
24 | public prefix func ..? <T>(promise: Promise<T>) -> T? {
25 |     do {
26 |         return try await(promise)
   |                    `- error: cannot convert return expression of type 'Promise<T>' to return type 'T'
27 |     } catch {
28 |         return nil
/Users/admin/builder/spi-builder-workspace/.build/checkouts/Then/Source/Await+Operators.swift:26:20: error: 'await' in a function that does not support concurrency
22 | prefix operator ..?
23 |
24 | public prefix func ..? <T>(promise: Promise<T>) -> T? {
   |                    `- note: add 'async' to function '..?' to make it asynchronous
25 |     do {
26 |         return try await(promise)
   |                    `- error: 'await' in a function that does not support concurrency
27 |     } catch {
28 |         return nil
/Users/admin/builder/spi-builder-workspace/.build/checkouts/Then/Source/Await+Operators.swift:35:20: error: cannot convert return expression of type 'Promise<T>' to return type 'T'
33 |     guard let promise = promise else { return nil }
34 |     do {
35 |         return try await(promise)
   |                    `- error: cannot convert return expression of type 'Promise<T>' to return type 'T'
36 |     } catch {
37 |         return nil
/Users/admin/builder/spi-builder-workspace/.build/checkouts/Then/Source/Await+Operators.swift:35:20: error: 'await' in a function that does not support concurrency
30 | }
31 |
32 | public prefix func ..? <T>(promise: Promise<T>?) -> T? {
   |                    `- note: add 'async' to function '..?' to make it asynchronous
33 |     guard let promise = promise else { return nil }
34 |     do {
35 |         return try await(promise)
   |                    `- error: 'await' in a function that does not support concurrency
36 |     } catch {
37 |         return nil
Failed frontend command:
/Applications/Xcode-27.0.0-Release.Candidate.app/Contents/Developer/Toolchains/XcodeDefault.xctoolchain/usr/bin/swift-frontend -frontend -c -primary-file /Users/admin/builder/spi-builder-workspace/.build/checkouts/Then/Source/Async.swift -primary-file /Users/admin/builder/spi-builder-workspace/.build/checkouts/Then/Source/Await+Operators.swift -primary-file /Users/admin/builder/spi-builder-workspace/.build/checkouts/Then/Source/Await.swift /Users/admin/builder/spi-builder-workspace/.build/checkouts/Then/Source/Promise+Aliases.swift /Users/admin/builder/spi-builder-workspace/.build/checkouts/Then/Source/Promise+BridgeError.swift /Users/admin/builder/spi-builder-workspace/.build/checkouts/Then/Source/Promise+Chain.swift /Users/admin/builder/spi-builder-workspace/.build/checkouts/Then/Source/Promise+Delay.swift /Users/admin/builder/spi-builder-workspace/.build/checkouts/Then/Source/Promise+Error.swift /Users/admin/builder/spi-builder-workspace/.build/checkouts/Then/Source/Promise+Finally.swift /Users/admin/builder/spi-builder-workspace/.build/checkouts/Then/Source/Promise+First.swift /Users/admin/builder/spi-builder-workspace/.build/checkouts/Then/Source/Promise+Helpers.swift /Users/admin/builder/spi-builder-workspace/.build/checkouts/Then/Source/Promise+NoMatterWhat.swift /Users/admin/builder/spi-builder-workspace/.build/checkouts/Then/Source/Promise+Progress.swift /Users/admin/builder/spi-builder-workspace/.build/checkouts/Then/Source/Promise+Race.swift /Users/admin/builder/spi-builder-workspace/.build/checkouts/Then/Source/Promise+Recover.swift /Users/admin/builder/spi-builder-workspace/.build/checkouts/Then/Source/Promise+Retry.swift /Users/admin/builder/spi-builder-workspace/.build/checkouts/Then/Source/Promise+Then.swift /Users/admin/builder/spi-builder-workspace/.build/checkouts/Then/Source/Promise+Timeout.swift /Users/admin/builder/spi-builder-workspace/.build/checkouts/Then/Source/Promise+Unwrap.swift /Users/admin/builder/spi-builder-workspace/.build/checkouts/Then/Source/Promise+Validate.swift /Users/admin/builder/spi-builder-workspace/.build/checkouts/Then/Source/Promise+Zip.swift /Users/admin/builder/spi-builder-workspace/.build/checkouts/Then/Source/Promise+nil.swift /Users/admin/builder/spi-builder-workspace/.build/checkouts/Then/Source/Promise.swift /Users/admin/builder/spi-builder-workspace/.build/checkouts/Then/Source/PromiseBlocks.swift /Users/admin/builder/spi-builder-workspace/.build/checkouts/Then/Source/PromiseError.swift /Users/admin/builder/spi-builder-workspace/.build/checkouts/Then/Source/PromiseState.swift /Users/admin/builder/spi-builder-workspace/.build/checkouts/Then/Source/VoidPromise.swift /Users/admin/builder/spi-builder-workspace/.build/checkouts/Then/Source/WhenAll.swift -supplementary-output-file-map /Users/admin/builder/spi-builder-workspace/.build/out/Intermediates.noindex/Then.build/Debug/Then-t.build/Objects-normal/arm64/supplementaryOutputs-1 -target arm64-apple-macos12.0 -disable-cross-import-overlay-search -load-resolved-plugin /Applications/Xcode-27.0.0-Release.Candidate.app/Contents/Developer/Platforms/MacOSX.platform/Developer/usr/lib/swift/host/plugins/libFoundationMacros.dylib\#/Applications/Xcode-27.0.0-Release.Candidate.app/Contents/Developer/Platforms/MacOSX.platform/Developer/usr/bin/swift-plugin-server\#FoundationMacros -load-resolved-plugin /Applications/Xcode-27.0.0-Release.Candidate.app/Contents/Developer/Platforms/MacOSX.platform/Developer/usr/lib/swift/host/plugins/libObservationMacros.dylib\#/Applications/Xcode-27.0.0-Release.Candidate.app/Contents/Developer/Platforms/MacOSX.platform/Developer/usr/bin/swift-plugin-server\#ObservationMacros -load-resolved-plugin /Applications/Xcode-27.0.0-Release.Candidate.app/Contents/Developer/Platforms/MacOSX.platform/Developer/usr/lib/swift/host/plugins/libSwiftMacros.dylib\#/Applications/Xcode-27.0.0-Release.Candidate.app/Contents/Developer/Platforms/MacOSX.platform/Developer/usr/bin/swift-plugin-server\#SwiftMacros -disable-implicit-swift-modules -Xcc -fno-implicit-modules -Xcc -fno-implicit-module-maps -explicit-swift-module-map-file /Users/admin/builder/spi-builder-workspace/.build/out/Intermediates.noindex/Then.build/Debug/Then-t.build/Objects-normal/arm64/Then-dependencies-1.json -Xllvm -aarch64-use-tbi -enable-objc-interop -stack-check -sdk /Applications/Xcode-27.0.0-Release.Candidate.app/Contents/Developer/Platforms/MacOSX.platform/Developer/SDKs/MacOSX27.0.sdk -I /Users/admin/builder/spi-builder-workspace/.build/out/Products/Debug -Isystem /Applications/Xcode-27.0.0-Release.Candidate.app/Contents/Developer/Platforms/MacOSX.platform/Developer/usr/lib -F /Users/admin/builder/spi-builder-workspace/.build/out/Products/Debug -F /Applications/Xcode-27.0.0-Release.Candidate.app/Contents/Developer/Platforms/MacOSX.platform/Developer/Library/Frameworks -module-cache-path /Users/admin/builder/spi-builder-workspace/.build/out/Intermediates.noindex/SwiftExplicitPrecompiledModules -color-diagnostics -Xcc -fcolor-diagnostics -enable-testing -g -debug-info-format\=dwarf -dwarf-version\=4 -suppress-warnings -swift-version 5 -Onone -D SWIFT_PACKAGE -D DEBUG -D SWIFT_MODULE_RESOURCE_BUNDLE_UNAVAILABLE -D Xcode -serialize-debugging-options -enable-experimental-feature DebugDescriptionMacro -empty-abi-descriptor -validate-clang-modules-once -clang-build-session-file /Users/admin/builder/spi-builder-workspace/.build/out/ModuleCache.noindex/Session.modulevalidation -Xcc -working-directory -Xcc /Users/admin/builder -enable-anonymous-context-mangled-names -file-compilation-dir /Users/admin/builder -Xcc -D_LIBCPP_HARDENING_MODE\=_LIBCPP_HARDENING_MODE_DEBUG -Xcc -ivfsstatcache -Xcc /Users/admin/builder/spi-builder-workspace/.build/out/SDKStatCaches.noindex/macosx27.0-26A425-80c5bbf1d171475443272936d42f90a36a22442a12e9d48fe1a705f55a1adfc4.sdkstatcache -Xcc -fmodules-prune-interval\=86400 -Xcc -fmodules-prune-after\=345600 -Xcc -I/Users/admin/builder/spi-builder-workspace/.build/out/Products/Debug/include -Xcc -I/Users/admin/builder/spi-builder-workspace/.build/out/Intermediates.noindex/Then.build/Debug/Then-t.build/DerivedSources-normal/arm64 -Xcc -I/Users/admin/builder/spi-builder-workspace/.build/out/Intermediates.noindex/Then.build/Debug/Then-t.build/DerivedSources/arm64 -Xcc -I/Users/admin/builder/spi-builder-workspace/.build/out/Intermediates.noindex/Then.build/Debug/Then-t.build/DerivedSources -Xcc -DSWIFT_PACKAGE -Xcc -DDEBUG\=1 -no-auto-bridging-header-chaining -module-name Then -const-gather-protocols-file /Users/admin/builder/spi-builder-workspace/.build/out/Intermediates.noindex/Then.build/Debug/Then-t.build/Objects-normal/arm64/Then_const_extract_protocols.json -disable-clang-spi -clang-target arm64-apple-macos27.0 -target-sdk-version 27.0 -target-sdk-name macosx27.0 -in-process-plugin-server-path /Applications/Xcode-27.0.0-Release.Candidate.app/Contents/Developer/Toolchains/XcodeDefault.xctoolchain/usr/lib/swift/host/libSwiftInProcPluginServer.dylib -parse-as-library -o /Users/admin/builder/spi-builder-workspace/.build/out/Intermediates.noindex/Then.build/Debug/Then-t.build/Objects-normal/arm64/Async.o -o /Users/admin/builder/spi-builder-workspace/.build/out/Intermediates.noindex/Then.build/Debug/Then-t.build/Objects-normal/arm64/Await+Operators.o -o /Users/admin/builder/spi-builder-workspace/.build/out/Intermediates.noindex/Then.build/Debug/Then-t.build/Objects-normal/arm64/Await.o -debug-module-path /Users/admin/builder/spi-builder-workspace/.build/out/Intermediates.noindex/Then.build/Debug/Then-t.build/Objects-normal/arm64/Then.swiftmodule -index-unit-output-path /Then.build/Debug/Then-t.build/Objects-normal/arm64/Async.o -index-unit-output-path /Then.build/Debug/Then-t.build/Objects-normal/arm64/Await+Operators.o -index-unit-output-path /Then.build/Debug/Then-t.build/Objects-normal/arm64/Await.o -index-store-path /Users/admin/builder/spi-builder-workspace/.build/out -index-system-modules
error: Build failed
BUILD FAILURE 6.4 macosSpm