Build Information
Failed to build swiftui-loop-videoplayer, reference main (5004fb), with Swift 6.2 for watchOS using Xcode 26.3 on 28 Jun 2026 03:25:18 UTC.
Build Command
env DEVELOPER_DIR=/Applications/Xcode-26.3.0.app xcrun xcodebuild -IDEClonedSourcePackagesDirPathOverride=$PWD/.dependencies -skipMacroValidation -skipPackagePluginValidation -derivedDataPath $PWD/.derivedData build -scheme swiftui-loop-videoplayer -destination generic/platform=watchOSBuild Log
========================================
RunAll
========================================
Builder version: undefined version: run 'make version' to update
Interrupt handler set up.
========================================
Checkout
========================================
Clone URL: https://github.com/swiftuiux/swiftui-loop-videoPlayer.git
Reference: main
Initialized empty Git repository in /Users/admin/builder/spi-builder-workspace/.git/
From https://github.com/swiftuiux/swiftui-loop-videoPlayer
* branch main -> FETCH_HEAD
* [new branch] main -> origin/main
HEAD is now at 5004fbb Update README.md
Cloned https://github.com/swiftuiux/swiftui-loop-videoPlayer.git
Revision (git rev-parse @):
5004fbbb072725e910fc99c7eeee16d44b827338
SPI manifest file found: $PWD/.spi.yml
SUCCESS checkout https://github.com/swiftuiux/swiftui-loop-videoPlayer.git at main
========================================
Build
========================================
Selected platform: watchOS
Swift version: 6.2
Building package at path: $PWD
https://github.com/swiftuiux/swiftui-loop-videoPlayer.git
Command line invocation:
/Applications/Xcode-26.3.0.app/Contents/Developer/usr/bin/xcodebuild -IDEClonedSourcePackagesDirPathOverride=/Users/admin/builder/spi-builder-workspace/.dependencies -resolvePackageDependencies
Resolve Package Graph
Resolve Package Graph
Resolved source packages:
swiftui-loop-videoplayer: /Users/admin/builder/spi-builder-workspace
resolved source packages: swiftui-loop-videoplayer
2026-06-27 23:24:43.721 xcodebuild[532:3045] [MT] IDERunDestination: Supported platforms for the buildables in the current scheme is empty.
{
"dependencies" : [
],
"manifest_display_name" : "swiftui-loop-videoplayer",
"name" : "swiftui-loop-videoplayer",
"path" : "/Users/admin/builder/spi-builder-workspace",
"platforms" : [
{
"name" : "ios",
"version" : "14.0"
},
{
"name" : "macos",
"version" : "11.0"
},
{
"name" : "tvos",
"version" : "14.0"
}
],
"products" : [
{
"name" : "swiftui-loop-videoplayer",
"targets" : [
"swiftui-loop-videoplayer"
],
"type" : {
"library" : [
"automatic"
]
}
}
],
"targets" : [
{
"c99name" : "swiftui_loop_videoplayerTests",
"module_type" : "SwiftTarget",
"name" : "swiftui-loop-videoplayerTests",
"path" : "Tests/swiftui-loop-videoplayerTests",
"resources" : [
{
"path" : "/Users/admin/builder/spi-builder-workspace/Tests/swiftui-loop-videoplayerTests/Resources/swipe.mp4",
"rule" : {
"process" : {
}
}
}
],
"sources" : [
"ext+/testURL.swift",
"ext+/textArray.swift",
"testPlaybackCommandChangesOverTime.swift",
"testPlayerInitialization.swift"
],
"target_dependencies" : [
"swiftui-loop-videoplayer"
],
"type" : "test"
},
{
"c99name" : "swiftui_loop_videoplayer",
"module_type" : "SwiftTarget",
"name" : "swiftui-loop-videoplayer",
"path" : "Sources/swiftui-loop-videoplayer",
"product_memberships" : [
"swiftui-loop-videoplayer"
],
"sources" : [
"ExtVideoPlayer.swift",
"enum/PlaybackCommand.swift",
"enum/PlayerEvent.swift",
"enum/PlayerEventFilter.swift",
"enum/Setting.swift",
"enum/VPErrors.swift",
"ext+/Array+.swift",
"ext+/CMTime+.swift",
"ext+/URL+.swift",
"ext+/View+.swift",
"fn/constraintsFn.swift",
"fn/fn+.swift",
"protocol/helpers/CustomView.swift",
"protocol/helpers/PlayerDelegateProtocol.swift",
"protocol/helpers/SettingsConvertible.swift",
"protocol/player/AbstractPlayer.swift",
"protocol/player/ExtPlayerProtocol.swift",
"protocol/vector/ShapeLayerBuilderProtocol.swift",
"protocol/vector/VectorLayerProtocol.swift",
"protocol/view/ExtPlayerViewProtocol.swift",
"settings/EnableVector.swift",
"settings/Events.swift",
"settings/Ext.swift",
"settings/Gravity.swift",
"settings/Loop.swift",
"settings/Mute.swift",
"settings/NotAutoPlay.swift",
"settings/PictureInPicture .swift",
"settings/SourceName.swift",
"settings/Subtitles.swift",
"settings/TimePublishing.swift",
"utils/SettingsBuilder.swift",
"utils/VideoSettings.swift",
"view/helpers/PlayerCoordinator.swift",
"view/modifier/OnPlayerEventChangeModifier.swift",
"view/modifier/OnTimeChangeModifier.swift",
"view/player/ios/ExtPlayerUIView.swift",
"view/player/mac/ExtPlayerNSView.swift",
"view/player/main/ExtPlayerMultiPlatform.swift"
],
"type" : "library"
}
],
"tools_version" : "5.6"
}
{
"workspace" : {
"name" : "spi-builder-workspace",
"schemes" : [
"swiftui-loop-videoplayer"
]
}
}
2026-06-27 23:25:04.769 xcodebuild[672:4223] [MT] IDERunDestination: Supported platforms for the buildables in the current scheme is empty.
Running build ...
env DEVELOPER_DIR=/Applications/Xcode-26.3.0.app xcrun xcodebuild -IDEClonedSourcePackagesDirPathOverride=$PWD/.dependencies -skipMacroValidation -skipPackagePluginValidation -derivedDataPath $PWD/.derivedData build -scheme swiftui-loop-videoplayer -destination generic/platform=watchOS
Command line invocation:
/Applications/Xcode-26.3.0.app/Contents/Developer/usr/bin/xcodebuild -IDEClonedSourcePackagesDirPathOverride=/Users/admin/builder/spi-builder-workspace/.dependencies -skipMacroValidation -skipPackagePluginValidation -derivedDataPath /Users/admin/builder/spi-builder-workspace/.derivedData build -scheme swiftui-loop-videoplayer -destination generic/platform=watchOS
Resolve Package Graph
Resolved source packages:
swiftui-loop-videoplayer: /Users/admin/builder/spi-builder-workspace
ComputePackagePrebuildTargetDependencyGraph
Prepare packages
CreateBuildRequest
SendProjectDescription
CreateBuildOperation
ComputeTargetDependencyGraph
note: Building targets in dependency order
note: Target dependency graph (2 targets)
Target 'swiftui-loop-videoplayer' in project 'swiftui-loop-videoplayer'
➜ Explicit dependency on target 'swiftui-loop-videoplayer' in project 'swiftui-loop-videoplayer'
Target 'swiftui-loop-videoplayer' in project 'swiftui-loop-videoplayer' (no dependencies)
GatherProvisioningInputs
CreateBuildDescription
ExecuteExternalTool /Applications/Xcode-26.3.0.app/Contents/Developer/Toolchains/XcodeDefault.xctoolchain/usr/bin/clang -v -E -dM -isysroot /Applications/Xcode-26.3.0.app/Contents/Developer/Platforms/WatchOS.platform/Developer/SDKs/WatchOS26.2.sdk -x c -c /dev/null
ExecuteExternalTool /Applications/Xcode-26.3.0.app/Contents/Developer/Toolchains/XcodeDefault.xctoolchain/usr/bin/swiftc --version
ExecuteExternalTool /Applications/Xcode-26.3.0.app/Contents/Developer/Toolchains/XcodeDefault.xctoolchain/usr/bin/ld -version_details
Build description signature: 6ac4d8fd306a05db6bf5148833770d7d
Build description path: /Users/admin/builder/spi-builder-workspace/.derivedData/Build/Intermediates.noindex/XCBuildData/6ac4d8fd306a05db6bf5148833770d7d.xcbuilddata
ClangStatCache /Applications/Xcode-26.3.0.app/Contents/Developer/Toolchains/XcodeDefault.xctoolchain/usr/bin/clang-stat-cache /Applications/Xcode-26.3.0.app/Contents/Developer/Platforms/WatchOS.platform/Developer/SDKs/WatchOS26.2.sdk /Users/admin/builder/spi-builder-workspace/.derivedData/SDKStatCaches.noindex/watchos26.2-23S303-dc75598d0054f22ec865fa860f139d721753b489057de6bda919edfa1c59a62b.sdkstatcache
cd /Users/admin/builder/spi-builder-workspace/.swiftpm/xcode
/Applications/Xcode-26.3.0.app/Contents/Developer/Toolchains/XcodeDefault.xctoolchain/usr/bin/clang-stat-cache /Applications/Xcode-26.3.0.app/Contents/Developer/Platforms/WatchOS.platform/Developer/SDKs/WatchOS26.2.sdk -o /Users/admin/builder/spi-builder-workspace/.derivedData/SDKStatCaches.noindex/watchos26.2-23S303-dc75598d0054f22ec865fa860f139d721753b489057de6bda919edfa1c59a62b.sdkstatcache
CreateBuildDirectory /Users/admin/builder/spi-builder-workspace/.derivedData/Build/Products
cd /Users/admin/builder/spi-builder-workspace/.swiftpm/xcode
builtin-create-build-directory /Users/admin/builder/spi-builder-workspace/.derivedData/Build/Products
CreateBuildDirectory /Users/admin/builder/spi-builder-workspace/.derivedData/Build/Intermediates.noindex
cd /Users/admin/builder/spi-builder-workspace/.swiftpm/xcode
builtin-create-build-directory /Users/admin/builder/spi-builder-workspace/.derivedData/Build/Intermediates.noindex
CreateBuildDirectory /Users/admin/builder/spi-builder-workspace/.derivedData/Build/Intermediates.noindex/ExplicitPrecompiledModules
cd /Users/admin/builder/spi-builder-workspace/.swiftpm/xcode
builtin-create-build-directory /Users/admin/builder/spi-builder-workspace/.derivedData/Build/Intermediates.noindex/ExplicitPrecompiledModules
CreateBuildDirectory /Users/admin/builder/spi-builder-workspace/.derivedData/Build/Intermediates.noindex/SwiftExplicitPrecompiledModules
cd /Users/admin/builder/spi-builder-workspace/.swiftpm/xcode
builtin-create-build-directory /Users/admin/builder/spi-builder-workspace/.derivedData/Build/Intermediates.noindex/SwiftExplicitPrecompiledModules
CreateBuildDirectory /Users/admin/builder/spi-builder-workspace/.derivedData/Build/Intermediates.noindex/EagerLinkingTBDs/Debug-watchos
cd /Users/admin/builder/spi-builder-workspace/.swiftpm/xcode
builtin-create-build-directory /Users/admin/builder/spi-builder-workspace/.derivedData/Build/Intermediates.noindex/EagerLinkingTBDs/Debug-watchos
CreateBuildDirectory /Users/admin/builder/spi-builder-workspace/.derivedData/Build/Products/Debug-watchos
cd /Users/admin/builder/spi-builder-workspace/.swiftpm/xcode
builtin-create-build-directory /Users/admin/builder/spi-builder-workspace/.derivedData/Build/Products/Debug-watchos
CreateBuildDirectory /Users/admin/builder/spi-builder-workspace/.derivedData/Build/Products/Debug-watchos/PackageFrameworks
cd /Users/admin/builder/spi-builder-workspace/.swiftpm/xcode
builtin-create-build-directory /Users/admin/builder/spi-builder-workspace/.derivedData/Build/Products/Debug-watchos/PackageFrameworks
WriteAuxiliaryFile /Users/admin/builder/spi-builder-workspace/.derivedData/Build/Intermediates.noindex/swiftui-loop-videoplayer.build/Debug-watchos/swiftui-loop-videoplayer.build/swiftui-loop-videoplayer.DependencyStaticMetadataFileList (in target 'swiftui-loop-videoplayer' from project 'swiftui-loop-videoplayer')
cd /Users/admin/builder/spi-builder-workspace
write-file /Users/admin/builder/spi-builder-workspace/.derivedData/Build/Intermediates.noindex/swiftui-loop-videoplayer.build/Debug-watchos/swiftui-loop-videoplayer.build/swiftui-loop-videoplayer.DependencyStaticMetadataFileList
WriteAuxiliaryFile /Users/admin/builder/spi-builder-workspace/.derivedData/Build/Intermediates.noindex/swiftui-loop-videoplayer.build/Debug-watchos/swiftui-loop-videoplayer.build/swiftui-loop-videoplayer.modulemap (in target 'swiftui-loop-videoplayer' from project 'swiftui-loop-videoplayer')
cd /Users/admin/builder/spi-builder-workspace
write-file /Users/admin/builder/spi-builder-workspace/.derivedData/Build/Intermediates.noindex/swiftui-loop-videoplayer.build/Debug-watchos/swiftui-loop-videoplayer.build/swiftui-loop-videoplayer.modulemap
WriteAuxiliaryFile /Users/admin/builder/spi-builder-workspace/.derivedData/Build/Intermediates.noindex/swiftui-loop-videoplayer.build/Debug-watchos/swiftui-loop-videoplayer.build/swiftui-loop-videoplayer.DependencyMetadataFileList (in target 'swiftui-loop-videoplayer' from project 'swiftui-loop-videoplayer')
cd /Users/admin/builder/spi-builder-workspace
write-file /Users/admin/builder/spi-builder-workspace/.derivedData/Build/Intermediates.noindex/swiftui-loop-videoplayer.build/Debug-watchos/swiftui-loop-videoplayer.build/swiftui-loop-videoplayer.DependencyMetadataFileList
WriteAuxiliaryFile /Users/admin/builder/spi-builder-workspace/.derivedData/Build/Intermediates.noindex/swiftui-loop-videoplayer.build/Debug-watchos/swiftui-loop-videoplayer.build/Objects-normal/armv7k/swiftui-loop-videoplayer_const_extract_protocols.json (in target 'swiftui-loop-videoplayer' from project 'swiftui-loop-videoplayer')
cd /Users/admin/builder/spi-builder-workspace
write-file /Users/admin/builder/spi-builder-workspace/.derivedData/Build/Intermediates.noindex/swiftui-loop-videoplayer.build/Debug-watchos/swiftui-loop-videoplayer.build/Objects-normal/armv7k/swiftui-loop-videoplayer_const_extract_protocols.json
WriteAuxiliaryFile /Users/admin/builder/spi-builder-workspace/.derivedData/Build/Intermediates.noindex/swiftui-loop-videoplayer.build/Debug-watchos/swiftui-loop-videoplayer.build/Objects-normal/armv7k/swiftui-loop-videoplayer.SwiftConstValuesFileList (in target 'swiftui-loop-videoplayer' from project 'swiftui-loop-videoplayer')
cd /Users/admin/builder/spi-builder-workspace
write-file /Users/admin/builder/spi-builder-workspace/.derivedData/Build/Intermediates.noindex/swiftui-loop-videoplayer.build/Debug-watchos/swiftui-loop-videoplayer.build/Objects-normal/armv7k/swiftui-loop-videoplayer.SwiftConstValuesFileList
WriteAuxiliaryFile /Users/admin/builder/spi-builder-workspace/.derivedData/Build/Intermediates.noindex/swiftui-loop-videoplayer.build/Debug-watchos/swiftui-loop-videoplayer.build/Objects-normal/armv7k/swiftui-loop-videoplayer.SwiftFileList (in target 'swiftui-loop-videoplayer' from project 'swiftui-loop-videoplayer')
cd /Users/admin/builder/spi-builder-workspace
write-file /Users/admin/builder/spi-builder-workspace/.derivedData/Build/Intermediates.noindex/swiftui-loop-videoplayer.build/Debug-watchos/swiftui-loop-videoplayer.build/Objects-normal/armv7k/swiftui-loop-videoplayer.SwiftFileList
WriteAuxiliaryFile /Users/admin/builder/spi-builder-workspace/.derivedData/Build/Intermediates.noindex/swiftui-loop-videoplayer.build/Debug-watchos/swiftui-loop-videoplayer.build/Objects-normal/armv7k/swiftui-loop-videoplayer.LinkFileList (in target 'swiftui-loop-videoplayer' from project 'swiftui-loop-videoplayer')
cd /Users/admin/builder/spi-builder-workspace
write-file /Users/admin/builder/spi-builder-workspace/.derivedData/Build/Intermediates.noindex/swiftui-loop-videoplayer.build/Debug-watchos/swiftui-loop-videoplayer.build/Objects-normal/armv7k/swiftui-loop-videoplayer.LinkFileList
WriteAuxiliaryFile /Users/admin/builder/spi-builder-workspace/.derivedData/Build/Intermediates.noindex/swiftui-loop-videoplayer.build/Debug-watchos/swiftui-loop-videoplayer.build/Objects-normal/armv7k/swiftui-loop-videoplayer-OutputFileMap.json (in target 'swiftui-loop-videoplayer' from project 'swiftui-loop-videoplayer')
cd /Users/admin/builder/spi-builder-workspace
write-file /Users/admin/builder/spi-builder-workspace/.derivedData/Build/Intermediates.noindex/swiftui-loop-videoplayer.build/Debug-watchos/swiftui-loop-videoplayer.build/Objects-normal/armv7k/swiftui-loop-videoplayer-OutputFileMap.json
WriteAuxiliaryFile /Users/admin/builder/spi-builder-workspace/.derivedData/Build/Intermediates.noindex/swiftui-loop-videoplayer.build/Debug-watchos/swiftui-loop-videoplayer.build/Objects-normal/arm64_32/swiftui-loop-videoplayer_const_extract_protocols.json (in target 'swiftui-loop-videoplayer' from project 'swiftui-loop-videoplayer')
cd /Users/admin/builder/spi-builder-workspace
write-file /Users/admin/builder/spi-builder-workspace/.derivedData/Build/Intermediates.noindex/swiftui-loop-videoplayer.build/Debug-watchos/swiftui-loop-videoplayer.build/Objects-normal/arm64_32/swiftui-loop-videoplayer_const_extract_protocols.json
WriteAuxiliaryFile /Users/admin/builder/spi-builder-workspace/.derivedData/Build/Intermediates.noindex/swiftui-loop-videoplayer.build/Debug-watchos/swiftui-loop-videoplayer.build/Objects-normal/arm64_32/swiftui-loop-videoplayer.SwiftFileList (in target 'swiftui-loop-videoplayer' from project 'swiftui-loop-videoplayer')
cd /Users/admin/builder/spi-builder-workspace
write-file /Users/admin/builder/spi-builder-workspace/.derivedData/Build/Intermediates.noindex/swiftui-loop-videoplayer.build/Debug-watchos/swiftui-loop-videoplayer.build/Objects-normal/arm64_32/swiftui-loop-videoplayer.SwiftFileList
WriteAuxiliaryFile /Users/admin/builder/spi-builder-workspace/.derivedData/Build/Intermediates.noindex/swiftui-loop-videoplayer.build/Debug-watchos/swiftui-loop-videoplayer.build/Objects-normal/arm64_32/swiftui-loop-videoplayer.SwiftConstValuesFileList (in target 'swiftui-loop-videoplayer' from project 'swiftui-loop-videoplayer')
cd /Users/admin/builder/spi-builder-workspace
write-file /Users/admin/builder/spi-builder-workspace/.derivedData/Build/Intermediates.noindex/swiftui-loop-videoplayer.build/Debug-watchos/swiftui-loop-videoplayer.build/Objects-normal/arm64_32/swiftui-loop-videoplayer.SwiftConstValuesFileList
WriteAuxiliaryFile /Users/admin/builder/spi-builder-workspace/.derivedData/Build/Intermediates.noindex/swiftui-loop-videoplayer.build/Debug-watchos/swiftui-loop-videoplayer.build/Objects-normal/arm64_32/swiftui-loop-videoplayer.LinkFileList (in target 'swiftui-loop-videoplayer' from project 'swiftui-loop-videoplayer')
cd /Users/admin/builder/spi-builder-workspace
write-file /Users/admin/builder/spi-builder-workspace/.derivedData/Build/Intermediates.noindex/swiftui-loop-videoplayer.build/Debug-watchos/swiftui-loop-videoplayer.build/Objects-normal/arm64_32/swiftui-loop-videoplayer.LinkFileList
WriteAuxiliaryFile /Users/admin/builder/spi-builder-workspace/.derivedData/Build/Intermediates.noindex/swiftui-loop-videoplayer.build/Debug-watchos/swiftui-loop-videoplayer.build/Objects-normal/arm64_32/swiftui-loop-videoplayer-OutputFileMap.json (in target 'swiftui-loop-videoplayer' from project 'swiftui-loop-videoplayer')
cd /Users/admin/builder/spi-builder-workspace
write-file /Users/admin/builder/spi-builder-workspace/.derivedData/Build/Intermediates.noindex/swiftui-loop-videoplayer.build/Debug-watchos/swiftui-loop-videoplayer.build/Objects-normal/arm64_32/swiftui-loop-videoplayer-OutputFileMap.json
WriteAuxiliaryFile /Users/admin/builder/spi-builder-workspace/.derivedData/Build/Intermediates.noindex/swiftui-loop-videoplayer.build/Debug-watchos/swiftui-loop-videoplayer.build/Objects-normal/arm64/swiftui-loop-videoplayer_const_extract_protocols.json (in target 'swiftui-loop-videoplayer' from project 'swiftui-loop-videoplayer')
cd /Users/admin/builder/spi-builder-workspace
write-file /Users/admin/builder/spi-builder-workspace/.derivedData/Build/Intermediates.noindex/swiftui-loop-videoplayer.build/Debug-watchos/swiftui-loop-videoplayer.build/Objects-normal/arm64/swiftui-loop-videoplayer_const_extract_protocols.json
WriteAuxiliaryFile /Users/admin/builder/spi-builder-workspace/.derivedData/Build/Intermediates.noindex/swiftui-loop-videoplayer.build/Debug-watchos/swiftui-loop-videoplayer.build/Objects-normal/arm64/swiftui-loop-videoplayer.SwiftFileList (in target 'swiftui-loop-videoplayer' from project 'swiftui-loop-videoplayer')
cd /Users/admin/builder/spi-builder-workspace
write-file /Users/admin/builder/spi-builder-workspace/.derivedData/Build/Intermediates.noindex/swiftui-loop-videoplayer.build/Debug-watchos/swiftui-loop-videoplayer.build/Objects-normal/arm64/swiftui-loop-videoplayer.SwiftFileList
WriteAuxiliaryFile /Users/admin/builder/spi-builder-workspace/.derivedData/Build/Intermediates.noindex/swiftui-loop-videoplayer.build/Debug-watchos/swiftui-loop-videoplayer.build/Objects-normal/arm64/swiftui-loop-videoplayer.SwiftConstValuesFileList (in target 'swiftui-loop-videoplayer' from project 'swiftui-loop-videoplayer')
cd /Users/admin/builder/spi-builder-workspace
write-file /Users/admin/builder/spi-builder-workspace/.derivedData/Build/Intermediates.noindex/swiftui-loop-videoplayer.build/Debug-watchos/swiftui-loop-videoplayer.build/Objects-normal/arm64/swiftui-loop-videoplayer.SwiftConstValuesFileList
WriteAuxiliaryFile /Users/admin/builder/spi-builder-workspace/.derivedData/Build/Intermediates.noindex/swiftui-loop-videoplayer.build/Debug-watchos/swiftui-loop-videoplayer.build/Objects-normal/arm64/swiftui-loop-videoplayer.LinkFileList (in target 'swiftui-loop-videoplayer' from project 'swiftui-loop-videoplayer')
cd /Users/admin/builder/spi-builder-workspace
write-file /Users/admin/builder/spi-builder-workspace/.derivedData/Build/Intermediates.noindex/swiftui-loop-videoplayer.build/Debug-watchos/swiftui-loop-videoplayer.build/Objects-normal/arm64/swiftui-loop-videoplayer.LinkFileList
WriteAuxiliaryFile /Users/admin/builder/spi-builder-workspace/.derivedData/Build/Intermediates.noindex/swiftui-loop-videoplayer.build/Debug-watchos/swiftui-loop-videoplayer.build/Objects-normal/arm64/swiftui-loop-videoplayer-OutputFileMap.json (in target 'swiftui-loop-videoplayer' from project 'swiftui-loop-videoplayer')
cd /Users/admin/builder/spi-builder-workspace
write-file /Users/admin/builder/spi-builder-workspace/.derivedData/Build/Intermediates.noindex/swiftui-loop-videoplayer.build/Debug-watchos/swiftui-loop-videoplayer.build/Objects-normal/arm64/swiftui-loop-videoplayer-OutputFileMap.json
Copy /Users/admin/builder/spi-builder-workspace/.derivedData/Build/Intermediates.noindex/GeneratedModuleMaps-watchos/swiftui-loop-videoplayer.modulemap /Users/admin/builder/spi-builder-workspace/.derivedData/Build/Intermediates.noindex/swiftui-loop-videoplayer.build/Debug-watchos/swiftui-loop-videoplayer.build/swiftui-loop-videoplayer.modulemap (in target 'swiftui-loop-videoplayer' from project 'swiftui-loop-videoplayer')
cd /Users/admin/builder/spi-builder-workspace
builtin-copy -exclude .DS_Store -exclude CVS -exclude .svn -exclude .git -exclude .hg -resolve-src-symlinks /Users/admin/builder/spi-builder-workspace/.derivedData/Build/Intermediates.noindex/swiftui-loop-videoplayer.build/Debug-watchos/swiftui-loop-videoplayer.build/swiftui-loop-videoplayer.modulemap /Users/admin/builder/spi-builder-workspace/.derivedData/Build/Intermediates.noindex/GeneratedModuleMaps-watchos
SwiftDriver swiftui-loop-videoplayer normal armv7k com.apple.xcode.tools.swift.compiler (in target 'swiftui-loop-videoplayer' from project 'swiftui-loop-videoplayer')
cd /Users/admin/builder/spi-builder-workspace/.swiftpm/xcode
builtin-SwiftDriver -- /Applications/Xcode-26.3.0.app/Contents/Developer/Toolchains/XcodeDefault.xctoolchain/usr/bin/swiftc -module-name swiftui_loop_videoplayer -Onone -enforce-exclusivity\=checked @/Users/admin/builder/spi-builder-workspace/.derivedData/Build/Intermediates.noindex/swiftui-loop-videoplayer.build/Debug-watchos/swiftui-loop-videoplayer.build/Objects-normal/armv7k/swiftui-loop-videoplayer.SwiftFileList -DSWIFT_PACKAGE -DDEBUG -DSWIFT_MODULE_RESOURCE_BUNDLE_UNAVAILABLE -DXcode -plugin-path /Applications/Xcode-26.3.0.app/Contents/Developer/Toolchains/XcodeDefault.xctoolchain/usr/lib/swift/host/plugins/testing -enable-experimental-feature DebugDescriptionMacro -sdk /Applications/Xcode-26.3.0.app/Contents/Developer/Platforms/WatchOS.platform/Developer/SDKs/WatchOS26.2.sdk -target armv7k-apple-watchos7.0 -g -module-cache-path /Users/admin/builder/spi-builder-workspace/.derivedData/ModuleCache.noindex -Xfrontend -serialize-debugging-options -profile-coverage-mapping -profile-generate -enable-testing -index-store-path /Users/admin/builder/spi-builder-workspace/.derivedData/Index.noindex/DataStore -Xcc -D_LIBCPP_HARDENING_MODE\=_LIBCPP_HARDENING_MODE_DEBUG -swift-version 5 -I /Users/admin/builder/spi-builder-workspace/.derivedData/Build/Products/Debug-watchos -Isystem /Applications/Xcode-26.3.0.app/Contents/Developer/Platforms/WatchOS.platform/Developer/usr/lib -F /Users/admin/builder/spi-builder-workspace/.derivedData/Build/Products/Debug-watchos -F /Applications/Xcode-26.3.0.app/Contents/Developer/Platforms/WatchOS.platform/Developer/Library/Frameworks -F /Applications/Xcode-26.3.0.app/Contents/Developer/Platforms/WatchOS.platform/Developer/SDKs/WatchOS26.2.sdk/Developer/Library/Frameworks -c -j10 -enable-batch-mode -incremental -Xcc -ivfsstatcache -Xcc /Users/admin/builder/spi-builder-workspace/.derivedData/SDKStatCaches.noindex/watchos26.2-23S303-dc75598d0054f22ec865fa860f139d721753b489057de6bda919edfa1c59a62b.sdkstatcache -output-file-map /Users/admin/builder/spi-builder-workspace/.derivedData/Build/Intermediates.noindex/swiftui-loop-videoplayer.build/Debug-watchos/swiftui-loop-videoplayer.build/Objects-normal/armv7k/swiftui-loop-videoplayer-OutputFileMap.json -use-frontend-parseable-output -save-temps -no-color-diagnostics -explicit-module-build -module-cache-path /Users/admin/builder/spi-builder-workspace/.derivedData/Build/Intermediates.noindex/SwiftExplicitPrecompiledModules -clang-scanner-module-cache-path /Users/admin/builder/spi-builder-workspace/.derivedData/ModuleCache.noindex -sdk-module-cache-path /Users/admin/builder/spi-builder-workspace/.derivedData/ModuleCache.noindex -serialize-diagnostics -emit-dependencies -emit-module -emit-module-path /Users/admin/builder/spi-builder-workspace/.derivedData/Build/Intermediates.noindex/swiftui-loop-videoplayer.build/Debug-watchos/swiftui-loop-videoplayer.build/Objects-normal/armv7k/swiftui_loop_videoplayer.swiftmodule -validate-clang-modules-once -clang-build-session-file /Users/admin/builder/spi-builder-workspace/.derivedData/ModuleCache.noindex/Session.modulevalidation -Xcc -I/Users/admin/builder/spi-builder-workspace/.derivedData/Build/Intermediates.noindex/swiftui-loop-videoplayer.build/Debug-watchos/swiftui-loop-videoplayer.build/swift-overrides.hmap -emit-const-values -Xfrontend -const-gather-protocols-file -Xfrontend /Users/admin/builder/spi-builder-workspace/.derivedData/Build/Intermediates.noindex/swiftui-loop-videoplayer.build/Debug-watchos/swiftui-loop-videoplayer.build/Objects-normal/armv7k/swiftui-loop-videoplayer_const_extract_protocols.json -Xcc -I/Users/admin/builder/spi-builder-workspace/.derivedData/Build/Products/Debug-watchos/include -Xcc -I/Users/admin/builder/spi-builder-workspace/.derivedData/Build/Intermediates.noindex/swiftui-loop-videoplayer.build/Debug-watchos/swiftui-loop-videoplayer.build/DerivedSources-normal/armv7k -Xcc -I/Users/admin/builder/spi-builder-workspace/.derivedData/Build/Intermediates.noindex/swiftui-loop-videoplayer.build/Debug-watchos/swiftui-loop-videoplayer.build/DerivedSources/armv7k -Xcc -I/Users/admin/builder/spi-builder-workspace/.derivedData/Build/Intermediates.noindex/swiftui-loop-videoplayer.build/Debug-watchos/swiftui-loop-videoplayer.build/DerivedSources -Xcc -DSWIFT_PACKAGE -Xcc -DDEBUG\=1 -emit-objc-header -emit-objc-header-path /Users/admin/builder/spi-builder-workspace/.derivedData/Build/Intermediates.noindex/swiftui-loop-videoplayer.build/Debug-watchos/swiftui-loop-videoplayer.build/Objects-normal/armv7k/swiftui-loop-videoplayer-Swift.h -working-directory /Users/admin/builder/spi-builder-workspace/.swiftpm/xcode -experimental-emit-module-separately -disable-cmo
SwiftDriver swiftui-loop-videoplayer normal arm64 com.apple.xcode.tools.swift.compiler (in target 'swiftui-loop-videoplayer' from project 'swiftui-loop-videoplayer')
cd /Users/admin/builder/spi-builder-workspace/.swiftpm/xcode
builtin-SwiftDriver -- /Applications/Xcode-26.3.0.app/Contents/Developer/Toolchains/XcodeDefault.xctoolchain/usr/bin/swiftc -module-name swiftui_loop_videoplayer -Onone -enforce-exclusivity\=checked @/Users/admin/builder/spi-builder-workspace/.derivedData/Build/Intermediates.noindex/swiftui-loop-videoplayer.build/Debug-watchos/swiftui-loop-videoplayer.build/Objects-normal/arm64/swiftui-loop-videoplayer.SwiftFileList -DSWIFT_PACKAGE -DDEBUG -DSWIFT_MODULE_RESOURCE_BUNDLE_UNAVAILABLE -DXcode -plugin-path /Applications/Xcode-26.3.0.app/Contents/Developer/Toolchains/XcodeDefault.xctoolchain/usr/lib/swift/host/plugins/testing -enable-experimental-feature DebugDescriptionMacro -sdk /Applications/Xcode-26.3.0.app/Contents/Developer/Platforms/WatchOS.platform/Developer/SDKs/WatchOS26.2.sdk -target arm64-apple-watchos7.0 -g -module-cache-path /Users/admin/builder/spi-builder-workspace/.derivedData/ModuleCache.noindex -Xfrontend -serialize-debugging-options -profile-coverage-mapping -profile-generate -enable-testing -index-store-path /Users/admin/builder/spi-builder-workspace/.derivedData/Index.noindex/DataStore -Xcc -D_LIBCPP_HARDENING_MODE\=_LIBCPP_HARDENING_MODE_DEBUG -swift-version 5 -I /Users/admin/builder/spi-builder-workspace/.derivedData/Build/Products/Debug-watchos -Isystem /Applications/Xcode-26.3.0.app/Contents/Developer/Platforms/WatchOS.platform/Developer/usr/lib -F /Users/admin/builder/spi-builder-workspace/.derivedData/Build/Products/Debug-watchos -F /Applications/Xcode-26.3.0.app/Contents/Developer/Platforms/WatchOS.platform/Developer/Library/Frameworks -F /Applications/Xcode-26.3.0.app/Contents/Developer/Platforms/WatchOS.platform/Developer/SDKs/WatchOS26.2.sdk/Developer/Library/Frameworks -c -j10 -enable-batch-mode -incremental -Xcc -ivfsstatcache -Xcc /Users/admin/builder/spi-builder-workspace/.derivedData/SDKStatCaches.noindex/watchos26.2-23S303-dc75598d0054f22ec865fa860f139d721753b489057de6bda919edfa1c59a62b.sdkstatcache -output-file-map /Users/admin/builder/spi-builder-workspace/.derivedData/Build/Intermediates.noindex/swiftui-loop-videoplayer.build/Debug-watchos/swiftui-loop-videoplayer.build/Objects-normal/arm64/swiftui-loop-videoplayer-OutputFileMap.json -use-frontend-parseable-output -save-temps -no-color-diagnostics -explicit-module-build -module-cache-path /Users/admin/builder/spi-builder-workspace/.derivedData/Build/Intermediates.noindex/SwiftExplicitPrecompiledModules -clang-scanner-module-cache-path /Users/admin/builder/spi-builder-workspace/.derivedData/ModuleCache.noindex -sdk-module-cache-path /Users/admin/builder/spi-builder-workspace/.derivedData/ModuleCache.noindex -serialize-diagnostics -emit-dependencies -emit-module -emit-module-path /Users/admin/builder/spi-builder-workspace/.derivedData/Build/Intermediates.noindex/swiftui-loop-videoplayer.build/Debug-watchos/swiftui-loop-videoplayer.build/Objects-normal/arm64/swiftui_loop_videoplayer.swiftmodule -validate-clang-modules-once -clang-build-session-file /Users/admin/builder/spi-builder-workspace/.derivedData/ModuleCache.noindex/Session.modulevalidation -Xcc -I/Users/admin/builder/spi-builder-workspace/.derivedData/Build/Intermediates.noindex/swiftui-loop-videoplayer.build/Debug-watchos/swiftui-loop-videoplayer.build/swift-overrides.hmap -emit-const-values -Xfrontend -const-gather-protocols-file -Xfrontend /Users/admin/builder/spi-builder-workspace/.derivedData/Build/Intermediates.noindex/swiftui-loop-videoplayer.build/Debug-watchos/swiftui-loop-videoplayer.build/Objects-normal/arm64/swiftui-loop-videoplayer_const_extract_protocols.json -Xcc -I/Users/admin/builder/spi-builder-workspace/.derivedData/Build/Products/Debug-watchos/include -Xcc -I/Users/admin/builder/spi-builder-workspace/.derivedData/Build/Intermediates.noindex/swiftui-loop-videoplayer.build/Debug-watchos/swiftui-loop-videoplayer.build/DerivedSources-normal/arm64 -Xcc -I/Users/admin/builder/spi-builder-workspace/.derivedData/Build/Intermediates.noindex/swiftui-loop-videoplayer.build/Debug-watchos/swiftui-loop-videoplayer.build/DerivedSources/arm64 -Xcc -I/Users/admin/builder/spi-builder-workspace/.derivedData/Build/Intermediates.noindex/swiftui-loop-videoplayer.build/Debug-watchos/swiftui-loop-videoplayer.build/DerivedSources -Xcc -DSWIFT_PACKAGE -Xcc -DDEBUG\=1 -emit-objc-header -emit-objc-header-path /Users/admin/builder/spi-builder-workspace/.derivedData/Build/Intermediates.noindex/swiftui-loop-videoplayer.build/Debug-watchos/swiftui-loop-videoplayer.build/Objects-normal/arm64/swiftui-loop-videoplayer-Swift.h -working-directory /Users/admin/builder/spi-builder-workspace/.swiftpm/xcode -experimental-emit-module-separately -disable-cmo
SwiftDriver swiftui-loop-videoplayer normal arm64_32 com.apple.xcode.tools.swift.compiler (in target 'swiftui-loop-videoplayer' from project 'swiftui-loop-videoplayer')
cd /Users/admin/builder/spi-builder-workspace/.swiftpm/xcode
builtin-SwiftDriver -- /Applications/Xcode-26.3.0.app/Contents/Developer/Toolchains/XcodeDefault.xctoolchain/usr/bin/swiftc -module-name swiftui_loop_videoplayer -Onone -enforce-exclusivity\=checked @/Users/admin/builder/spi-builder-workspace/.derivedData/Build/Intermediates.noindex/swiftui-loop-videoplayer.build/Debug-watchos/swiftui-loop-videoplayer.build/Objects-normal/arm64_32/swiftui-loop-videoplayer.SwiftFileList -DSWIFT_PACKAGE -DDEBUG -DSWIFT_MODULE_RESOURCE_BUNDLE_UNAVAILABLE -DXcode -plugin-path /Applications/Xcode-26.3.0.app/Contents/Developer/Toolchains/XcodeDefault.xctoolchain/usr/lib/swift/host/plugins/testing -enable-experimental-feature DebugDescriptionMacro -sdk /Applications/Xcode-26.3.0.app/Contents/Developer/Platforms/WatchOS.platform/Developer/SDKs/WatchOS26.2.sdk -target arm64_32-apple-watchos7.0 -g -module-cache-path /Users/admin/builder/spi-builder-workspace/.derivedData/ModuleCache.noindex -Xfrontend -serialize-debugging-options -profile-coverage-mapping -profile-generate -enable-testing -index-store-path /Users/admin/builder/spi-builder-workspace/.derivedData/Index.noindex/DataStore -Xcc -D_LIBCPP_HARDENING_MODE\=_LIBCPP_HARDENING_MODE_DEBUG -swift-version 5 -I /Users/admin/builder/spi-builder-workspace/.derivedData/Build/Products/Debug-watchos -Isystem /Applications/Xcode-26.3.0.app/Contents/Developer/Platforms/WatchOS.platform/Developer/usr/lib -F /Users/admin/builder/spi-builder-workspace/.derivedData/Build/Products/Debug-watchos -F /Applications/Xcode-26.3.0.app/Contents/Developer/Platforms/WatchOS.platform/Developer/Library/Frameworks -F /Applications/Xcode-26.3.0.app/Contents/Developer/Platforms/WatchOS.platform/Developer/SDKs/WatchOS26.2.sdk/Developer/Library/Frameworks -c -j10 -enable-batch-mode -incremental -Xcc -ivfsstatcache -Xcc /Users/admin/builder/spi-builder-workspace/.derivedData/SDKStatCaches.noindex/watchos26.2-23S303-dc75598d0054f22ec865fa860f139d721753b489057de6bda919edfa1c59a62b.sdkstatcache -output-file-map /Users/admin/builder/spi-builder-workspace/.derivedData/Build/Intermediates.noindex/swiftui-loop-videoplayer.build/Debug-watchos/swiftui-loop-videoplayer.build/Objects-normal/arm64_32/swiftui-loop-videoplayer-OutputFileMap.json -use-frontend-parseable-output -save-temps -no-color-diagnostics -explicit-module-build -module-cache-path /Users/admin/builder/spi-builder-workspace/.derivedData/Build/Intermediates.noindex/SwiftExplicitPrecompiledModules -clang-scanner-module-cache-path /Users/admin/builder/spi-builder-workspace/.derivedData/ModuleCache.noindex -sdk-module-cache-path /Users/admin/builder/spi-builder-workspace/.derivedData/ModuleCache.noindex -serialize-diagnostics -emit-dependencies -emit-module -emit-module-path /Users/admin/builder/spi-builder-workspace/.derivedData/Build/Intermediates.noindex/swiftui-loop-videoplayer.build/Debug-watchos/swiftui-loop-videoplayer.build/Objects-normal/arm64_32/swiftui_loop_videoplayer.swiftmodule -validate-clang-modules-once -clang-build-session-file /Users/admin/builder/spi-builder-workspace/.derivedData/ModuleCache.noindex/Session.modulevalidation -Xcc -I/Users/admin/builder/spi-builder-workspace/.derivedData/Build/Intermediates.noindex/swiftui-loop-videoplayer.build/Debug-watchos/swiftui-loop-videoplayer.build/swift-overrides.hmap -emit-const-values -Xfrontend -const-gather-protocols-file -Xfrontend /Users/admin/builder/spi-builder-workspace/.derivedData/Build/Intermediates.noindex/swiftui-loop-videoplayer.build/Debug-watchos/swiftui-loop-videoplayer.build/Objects-normal/arm64_32/swiftui-loop-videoplayer_const_extract_protocols.json -Xcc -I/Users/admin/builder/spi-builder-workspace/.derivedData/Build/Products/Debug-watchos/include -Xcc -I/Users/admin/builder/spi-builder-workspace/.derivedData/Build/Intermediates.noindex/swiftui-loop-videoplayer.build/Debug-watchos/swiftui-loop-videoplayer.build/DerivedSources-normal/arm64_32 -Xcc -I/Users/admin/builder/spi-builder-workspace/.derivedData/Build/Intermediates.noindex/swiftui-loop-videoplayer.build/Debug-watchos/swiftui-loop-videoplayer.build/DerivedSources/arm64_32 -Xcc -I/Users/admin/builder/spi-builder-workspace/.derivedData/Build/Intermediates.noindex/swiftui-loop-videoplayer.build/Debug-watchos/swiftui-loop-videoplayer.build/DerivedSources -Xcc -DSWIFT_PACKAGE -Xcc -DDEBUG\=1 -emit-objc-header -emit-objc-header-path /Users/admin/builder/spi-builder-workspace/.derivedData/Build/Intermediates.noindex/swiftui-loop-videoplayer.build/Debug-watchos/swiftui-loop-videoplayer.build/Objects-normal/arm64_32/swiftui-loop-videoplayer-Swift.h -working-directory /Users/admin/builder/spi-builder-workspace/.swiftpm/xcode -experimental-emit-module-separately -disable-cmo
SwiftExplicitDependencyGeneratePcm arm64_32 /Users/admin/builder/spi-builder-workspace/.derivedData/ModuleCache.noindex/ptrauth-F18G3AZ9IODJJKSCG3V4PZ9QF.pcm
SwiftExplicitDependencyGeneratePcm arm64_32 /Users/admin/builder/spi-builder-workspace/.derivedData/ModuleCache.noindex/_Builtin_stddef-3Z25006GJEEIO9SU5HVXBBBAT.pcm
SwiftExplicitDependencyGeneratePcm arm64_32 /Users/admin/builder/spi-builder-workspace/.derivedData/ModuleCache.noindex/_AvailabilityInternal-AT45JBTV7ZIGO40P4HOV38OTX.pcm
SwiftExplicitDependencyGeneratePcm arm64_32 /Users/admin/builder/spi-builder-workspace/.derivedData/ModuleCache.noindex/_Builtin_float-84HIG4SRMTELEAL8REICO3HZ8.pcm
SwiftExplicitDependencyGeneratePcm arm64_32 /Users/admin/builder/spi-builder-workspace/.derivedData/ModuleCache.noindex/_Builtin_stdbool-BKC6HA5TVF8P9O7Q30CRXJ02T.pcm
SwiftExplicitDependencyGeneratePcm arm64_32 /Users/admin/builder/spi-builder-workspace/.derivedData/ModuleCache.noindex/_SwiftConcurrencyShims-EKNAGQ6VDRD7YC1GBALZ7FXI3.pcm
SwiftExplicitDependencyGeneratePcm arm64_32 /Users/admin/builder/spi-builder-workspace/.derivedData/ModuleCache.noindex/SwiftShims-2AV76KREET4U6COZAGI565HPC.pcm
SwiftExplicitDependencyGeneratePcm arm64_32 /Users/admin/builder/spi-builder-workspace/.derivedData/ModuleCache.noindex/DeveloperToolsSupport-ESPY7BV82ASJCSCPWLXHMRQNZ.pcm
SwiftExplicitDependencyGeneratePcm arm64_32 /Users/admin/builder/spi-builder-workspace/.derivedData/ModuleCache.noindex/ptrcheck-AA5GJME3GXGO73H210XMPC07G.pcm
SwiftExplicitDependencyGeneratePcm arm64_32 /Users/admin/builder/spi-builder-workspace/.derivedData/ModuleCache.noindex/_Builtin_stdarg-3DKNO61VH3IRYCOYDXNL008WT.pcm
SwiftExplicitDependencyGeneratePcm arm64 /Users/admin/builder/spi-builder-workspace/.derivedData/ModuleCache.noindex/ptrauth-2QN0W8EE9P0TVYCIGO0RALCET.pcm
SwiftExplicitDependencyGeneratePcm arm64 /Users/admin/builder/spi-builder-workspace/.derivedData/ModuleCache.noindex/_Builtin_stdarg-41VMB7R3H5MIU0RJWRTVECF73.pcm
SwiftExplicitDependencyGeneratePcm armv7k /Users/admin/builder/spi-builder-workspace/.derivedData/ModuleCache.noindex/DeveloperToolsSupport-AOQSUP347KYNU7L15HOB6RLA.pcm
SwiftExplicitDependencyGeneratePcm armv7k /Users/admin/builder/spi-builder-workspace/.derivedData/ModuleCache.noindex/_Builtin_stdbool-3SSVOWQSYKMDF9LAAICA6FU9H.pcm
SwiftExplicitDependencyGeneratePcm arm64 /Users/admin/builder/spi-builder-workspace/.derivedData/ModuleCache.noindex/DeveloperToolsSupport-C26H56O3LBIR4DNF0LR2VJM93.pcm
SwiftExplicitDependencyGeneratePcm arm64 /Users/admin/builder/spi-builder-workspace/.derivedData/ModuleCache.noindex/_Builtin_stddef-BFZNESQOB31O3W68M3ZQ64Q5W.pcm
SwiftExplicitDependencyGeneratePcm armv7k /Users/admin/builder/spi-builder-workspace/.derivedData/ModuleCache.noindex/_Builtin_stddef-BOED5FAOPQQQ8EQJ4TOKIV54N.pcm
SwiftExplicitDependencyGeneratePcm armv7k /Users/admin/builder/spi-builder-workspace/.derivedData/ModuleCache.noindex/_AvailabilityInternal-EY3BO3AT1IVA0A77O3J98LWL9.pcm
SwiftExplicitDependencyGeneratePcm arm64 /Users/admin/builder/spi-builder-workspace/.derivedData/ModuleCache.noindex/_Builtin_float-BH8TSRPG6J1WAF94R6BGWMCH7.pcm
SwiftExplicitDependencyGeneratePcm arm64_32 /Users/admin/builder/spi-builder-workspace/.derivedData/ModuleCache.noindex/_DarwinFoundation1-CO2PQHYUB6SXX1609DCI88KWW.pcm
SwiftExplicitDependencyGeneratePcm arm64 /Users/admin/builder/spi-builder-workspace/.derivedData/ModuleCache.noindex/_SwiftConcurrencyShims-3E06EU7FYQAWFLTZRBVU2RIGD.pcm
SwiftExplicitDependencyGeneratePcm arm64 /Users/admin/builder/spi-builder-workspace/.derivedData/ModuleCache.noindex/SwiftShims-CM405XN1ZNHPKWICE5AN3FQBL.pcm
SwiftExplicitDependencyGeneratePcm arm64 /Users/admin/builder/spi-builder-workspace/.derivedData/ModuleCache.noindex/_Builtin_stdbool-3NJZE36R00VOGM327EIZI9T3M.pcm
SwiftExplicitDependencyGeneratePcm armv7k /Users/admin/builder/spi-builder-workspace/.derivedData/ModuleCache.noindex/ptrauth-9IB0Q37XD4KBICFV9JN0WA751.pcm
SwiftExplicitDependencyGeneratePcm arm64 /Users/admin/builder/spi-builder-workspace/.derivedData/ModuleCache.noindex/_AvailabilityInternal-AHCR9CD21F4JF161R0D7SVS8U.pcm
SwiftExplicitDependencyGeneratePcm armv7k /Users/admin/builder/spi-builder-workspace/.derivedData/ModuleCache.noindex/_Builtin_stdarg-1BUNRX2QJIKYWJ1962CPXCMS2.pcm
SwiftExplicitDependencyGeneratePcm armv7k /Users/admin/builder/spi-builder-workspace/.derivedData/ModuleCache.noindex/SwiftShims-DF1S41MRK5T9Q78COJM8USFTK.pcm
SwiftExplicitDependencyGeneratePcm armv7k /Users/admin/builder/spi-builder-workspace/.derivedData/ModuleCache.noindex/_Builtin_float-3ADR5SOKJ0KGO3UK7SNQTCDOV.pcm
SwiftExplicitDependencyGeneratePcm armv7k /Users/admin/builder/spi-builder-workspace/.derivedData/ModuleCache.noindex/_SwiftConcurrencyShims-9EJPFOS18RDMGC4RE1FY7YAHP.pcm
SwiftExplicitDependencyGeneratePcm armv7k /Users/admin/builder/spi-builder-workspace/.derivedData/ModuleCache.noindex/ptrcheck-7LSYX6ETTNTOSEGXFGUGJ6PK3.pcm
SwiftExplicitDependencyGeneratePcm arm64_32 /Users/admin/builder/spi-builder-workspace/.derivedData/ModuleCache.noindex/_DarwinFoundation2-6JM2KNJ9H81ZXHOMC1GP42DUU.pcm
SwiftExplicitDependencyGeneratePcm arm64_32 /Users/admin/builder/spi-builder-workspace/.derivedData/ModuleCache.noindex/_Builtin_limits-16SFP6KSMIWQ8B99YQSPO00CA.pcm
SwiftExplicitDependencyGeneratePcm arm64 /Users/admin/builder/spi-builder-workspace/.derivedData/ModuleCache.noindex/ptrcheck-BZQSFWKT9QTVPI5QDZ5NVKV9.pcm
SwiftExplicitDependencyGeneratePcm armv7k /Users/admin/builder/spi-builder-workspace/.derivedData/ModuleCache.noindex/_DarwinFoundation1-40Y0GY8OI3OSKKP8R25QSVVE3.pcm
SwiftExplicitDependencyGeneratePcm arm64 /Users/admin/builder/spi-builder-workspace/.derivedData/ModuleCache.noindex/_DarwinFoundation1-62SI4S8RO7TETG2MCQSI4A3XV.pcm
SwiftExplicitDependencyGeneratePcm arm64_32 /Users/admin/builder/spi-builder-workspace/.derivedData/ModuleCache.noindex/sys_types-6IGHFPLJZ2RML3741F56ZZ5ZT.pcm
SwiftExplicitDependencyGeneratePcm arm64_32 /Users/admin/builder/spi-builder-workspace/.derivedData/ModuleCache.noindex/_Builtin_stdint-3BQE5BZTYE88T0M371GAOOGVD.pcm
SwiftExplicitDependencyGeneratePcm arm64_32 /Users/admin/builder/spi-builder-workspace/.derivedData/ModuleCache.noindex/_Builtin_tgmath-67HMB9JCFRAI3N7OUZI0XQ3HK.pcm
SwiftExplicitDependencyGeneratePcm armv7k /Users/admin/builder/spi-builder-workspace/.derivedData/ModuleCache.noindex/_DarwinFoundation2-BT0IZXKWGRC26OHMXRQP4KCL7.pcm
SwiftExplicitDependencyGeneratePcm armv7k /Users/admin/builder/spi-builder-workspace/.derivedData/ModuleCache.noindex/_Builtin_limits-6NBGT2WJSUPAB4EVSOZY77RUO.pcm
SwiftExplicitDependencyGeneratePcm arm64 /Users/admin/builder/spi-builder-workspace/.derivedData/ModuleCache.noindex/_DarwinFoundation2-3OGFNC97XNG95QAEKS0YO8UBN.pcm
SwiftExplicitDependencyGeneratePcm arm64 /Users/admin/builder/spi-builder-workspace/.derivedData/ModuleCache.noindex/_Builtin_limits-9VZV7C5F1EZGAP8H0JA8WSO4Q.pcm
SwiftExplicitDependencyGeneratePcm arm64_32 /Users/admin/builder/spi-builder-workspace/.derivedData/ModuleCache.noindex/_Builtin_stdatomic-3W6JDMBOEBP6R3JYYMJ31SK1F.pcm
SwiftExplicitDependencyGeneratePcm arm64_32 /Users/admin/builder/spi-builder-workspace/.derivedData/ModuleCache.noindex/_Builtin_intrinsics-CME6AE3WBJTM3F7XAO5XSFCDR.pcm
SwiftExplicitDependencyGeneratePcm arm64_32 /Users/admin/builder/spi-builder-workspace/.derivedData/ModuleCache.noindex/_DarwinFoundation3-63S8DE4XS2Z7PX40IJT7E3C7Z.pcm
SwiftExplicitDependencyGeneratePcm armv7k /Users/admin/builder/spi-builder-workspace/.derivedData/ModuleCache.noindex/_Builtin_tgmath-EDO2RPGHB1OB0EFJXL6VGOBDL.pcm
SwiftExplicitDependencyGeneratePcm armv7k /Users/admin/builder/spi-builder-workspace/.derivedData/ModuleCache.noindex/sys_types-4V3MXF0AZ6FFESLHZ4XDAQWO.pcm
SwiftExplicitDependencyGeneratePcm armv7k /Users/admin/builder/spi-builder-workspace/.derivedData/ModuleCache.noindex/_Builtin_stdint-2A9H3A0UDJUS1JZ3QYPEVPIQY.pcm
SwiftExplicitDependencyGeneratePcm arm64 /Users/admin/builder/spi-builder-workspace/.derivedData/ModuleCache.noindex/_Builtin_stdint-8ZJTN8FQ97QD3ZI7LN5FDVJTO.pcm
SwiftExplicitDependencyGeneratePcm arm64 /Users/admin/builder/spi-builder-workspace/.derivedData/ModuleCache.noindex/sys_types-PSIKW7TKZEXDG48ELPF5NJDG.pcm
SwiftExplicitDependencyGeneratePcm arm64 /Users/admin/builder/spi-builder-workspace/.derivedData/ModuleCache.noindex/_Builtin_tgmath-8341P5X1ZYHYPYLR91CS98AEK.pcm
SwiftExplicitDependencyGeneratePcm armv7k /Users/admin/builder/spi-builder-workspace/.derivedData/ModuleCache.noindex/_Builtin_stdatomic-8IT5EZZVTDTF49OB65U50F3NQ.pcm
SwiftExplicitDependencyGeneratePcm armv7k /Users/admin/builder/spi-builder-workspace/.derivedData/ModuleCache.noindex/_Builtin_intrinsics-4WJTFYQEZ7LFGBB4BDXTIQTND.pcm
SwiftExplicitDependencyGeneratePcm armv7k /Users/admin/builder/spi-builder-workspace/.derivedData/ModuleCache.noindex/_DarwinFoundation3-5HWJ90APJV29HBJZ1GCG2496G.pcm
SwiftExplicitDependencyGeneratePcm arm64_32 /Users/admin/builder/spi-builder-workspace/.derivedData/ModuleCache.noindex/_Builtin_inttypes-5P80S42MS2VPUGI7EDKPUDHF8.pcm
SwiftExplicitDependencyGeneratePcm arm64 /Users/admin/builder/spi-builder-workspace/.derivedData/ModuleCache.noindex/_Builtin_intrinsics-OJFLZZ5L8WA2TYR4FUVGBGGY.pcm
SwiftExplicitDependencyGeneratePcm arm64 /Users/admin/builder/spi-builder-workspace/.derivedData/ModuleCache.noindex/_DarwinFoundation3-ILL00H0NKGBSR66IVDH0VQYU.pcm
SwiftExplicitDependencyGeneratePcm arm64 /Users/admin/builder/spi-builder-workspace/.derivedData/ModuleCache.noindex/_Builtin_stdatomic-EA77U3GBBNTXVMUT5ZKSLJ5XS.pcm
SwiftExplicitDependencyGeneratePcm arm64_32 /Users/admin/builder/spi-builder-workspace/.derivedData/ModuleCache.noindex/Darwin-BG4OSZX6KQ5RMFPXQBYF68CTW.pcm
SwiftExplicitDependencyGeneratePcm armv7k /Users/admin/builder/spi-builder-workspace/.derivedData/ModuleCache.noindex/_Builtin_inttypes-4MDQH1XLLJELBM7URYV2B5YSC.pcm
SwiftExplicitDependencyGeneratePcm arm64_32 /Users/admin/builder/spi-builder-workspace/.derivedData/ModuleCache.noindex/simd-8NAXWVOACXJBLEGFX8F3VHTA6.pcm
SwiftExplicitDependencyGeneratePcm arm64 /Users/admin/builder/spi-builder-workspace/.derivedData/ModuleCache.noindex/_Builtin_inttypes-897GQ8ARCL7XJYWFZ8GL6MRYP.pcm
SwiftExplicitDependencyGeneratePcm armv7k /Users/admin/builder/spi-builder-workspace/.derivedData/ModuleCache.noindex/Darwin-807D2OYS88E3OZYDM6JOFU63R.pcm
SwiftExplicitDependencyGeneratePcm armv7k /Users/admin/builder/spi-builder-workspace/.derivedData/ModuleCache.noindex/simd-3WKRDFFPWB94Q4UGVQKWGGKFY.pcm
SwiftExplicitDependencyGeneratePcm arm64 /Users/admin/builder/spi-builder-workspace/.derivedData/ModuleCache.noindex/Darwin-1Q936C34TTHGDXQO7XAUROOJA.pcm
SwiftExplicitDependencyGeneratePcm arm64 /Users/admin/builder/spi-builder-workspace/.derivedData/ModuleCache.noindex/simd-9QXKMA133Z63ICF8V72WTKFHT.pcm
SwiftExplicitDependencyGeneratePcm arm64_32 /Users/admin/builder/spi-builder-workspace/.derivedData/ModuleCache.noindex/MachO-5J5IRFZSWTWZ7P6E2M1HE63MG.pcm
SwiftExplicitDependencyGeneratePcm arm64_32 /Users/admin/builder/spi-builder-workspace/.derivedData/ModuleCache.noindex/ObjectiveC-9KTD33TZNGA5QTXFI4KAPE371.pcm
SwiftExplicitDependencyGeneratePcm arm64_32 /Users/admin/builder/spi-builder-workspace/.derivedData/ModuleCache.noindex/os_object-ALRYPD0OHC28AP9369CHARNVP.pcm
SwiftExplicitDependencyGeneratePcm armv7k /Users/admin/builder/spi-builder-workspace/.derivedData/ModuleCache.noindex/ObjectiveC-4CQ5LI5YKFEYJ8H8HPCH9G099.pcm
SwiftExplicitDependencyGeneratePcm armv7k /Users/admin/builder/spi-builder-workspace/.derivedData/ModuleCache.noindex/MachO-DS2IK2IGPQD3MMJZ2NDWUEO67.pcm
SwiftExplicitDependencyGeneratePcm arm64 /Users/admin/builder/spi-builder-workspace/.derivedData/ModuleCache.noindex/MachO-4PZ1ATA3BLI5TYNHJEM11PRR4.pcm
SwiftExplicitDependencyGeneratePcm arm64 /Users/admin/builder/spi-builder-workspace/.derivedData/ModuleCache.noindex/ObjectiveC-37W1UNZNZ4YH6ABUCK6IEO2J9.pcm
SwiftExplicitDependencyGeneratePcm arm64_32 /Users/admin/builder/spi-builder-workspace/.derivedData/ModuleCache.noindex/os_workgroup-64SV4PY2RENI38K8AWXSNZGP4.pcm
SwiftExplicitDependencyGeneratePcm armv7k /Users/admin/builder/spi-builder-workspace/.derivedData/ModuleCache.noindex/os_object-E84PXTBAMJI81QC5FZTYLFR98.pcm
SwiftExplicitDependencyGeneratePcm arm64_32 /Users/admin/builder/spi-builder-workspace/.derivedData/ModuleCache.noindex/Spatial-9C8PP2PL50SK3LQ7WUL11ZKD6.pcm
SwiftExplicitDependencyGeneratePcm arm64_32 /Users/admin/builder/spi-builder-workspace/.derivedData/ModuleCache.noindex/os-4XOZQFWLBC5TEW0PACDBRYFX4.pcm
SwiftExplicitDependencyGeneratePcm arm64_32 /Users/admin/builder/spi-builder-workspace/.derivedData/ModuleCache.noindex/Dispatch-7NPQOE4OBRBM1BEMDFSP6YJGX.pcm
SwiftExplicitDependencyGeneratePcm armv7k /Users/admin/builder/spi-builder-workspace/.derivedData/ModuleCache.noindex/Spatial-F1RWE1RG8ADN1WZJ1FLD1EA18.pcm
SwiftExplicitDependencyGeneratePcm arm64 /Users/admin/builder/spi-builder-workspace/.derivedData/ModuleCache.noindex/os_object-DRZ7BVJZ2VFERICRWLPK5364U.pcm
SwiftExplicitDependencyGeneratePcm armv7k /Users/admin/builder/spi-builder-workspace/.derivedData/ModuleCache.noindex/os_workgroup-B9HJ4ISAXW2FK4B2SQIP0Z57R.pcm
SwiftExplicitDependencyGeneratePcm arm64 /Users/admin/builder/spi-builder-workspace/.derivedData/ModuleCache.noindex/os_workgroup-6BREPCR4VCHTN4PMBYLH980XX.pcm
SwiftExplicitDependencyGeneratePcm armv7k /Users/admin/builder/spi-builder-workspace/.derivedData/ModuleCache.noindex/os-7C47NW5SE97WUIBMZ9B2YT4U2.pcm
SwiftExplicitDependencyGeneratePcm armv7k /Users/admin/builder/spi-builder-workspace/.derivedData/ModuleCache.noindex/Dispatch-2J7BPNW30WH7PKCVV5A9BSWM1.pcm
SwiftExplicitDependencyGeneratePcm arm64_32 /Users/admin/builder/spi-builder-workspace/.derivedData/ModuleCache.noindex/CoreFoundation-49QYZP0L3TRUW2BGG8XU46RE3.pcm
SwiftExplicitDependencyGeneratePcm arm64 /Users/admin/builder/spi-builder-workspace/.derivedData/ModuleCache.noindex/Spatial-36GLIEG4YQP14ZUWKR2VVW7TX.pcm
SwiftExplicitDependencyGeneratePcm arm64 /Users/admin/builder/spi-builder-workspace/.derivedData/ModuleCache.noindex/os-D1AKLO06GXAGTW0T0093HTPBV.pcm
SwiftExplicitDependencyGeneratePcm arm64 /Users/admin/builder/spi-builder-workspace/.derivedData/ModuleCache.noindex/Dispatch-66SS49U6CUEWDJTBRTD18XSDA.pcm
SwiftExplicitDependencyGeneratePcm armv7k /Users/admin/builder/spi-builder-workspace/.derivedData/ModuleCache.noindex/CoreFoundation-A8XUN758TDJ329VZ8QU37XPWR.pcm
SwiftExplicitDependencyGeneratePcm arm64 /Users/admin/builder/spi-builder-workspace/.derivedData/ModuleCache.noindex/CoreFoundation-2EP3F4MDNDOADDMLCKHDXDGO7.pcm
SwiftExplicitDependencyGeneratePcm arm64_32 /Users/admin/builder/spi-builder-workspace/.derivedData/ModuleCache.noindex/CoreAudioTypes-AN6AAS1GWDDKQJPZQAB7C5QNY.pcm
SwiftExplicitDependencyGeneratePcm arm64_32 /Users/admin/builder/spi-builder-workspace/.derivedData/ModuleCache.noindex/CoreGraphics-9TJ4ZH2KODV9PT5GADEU15EJH.pcm
SwiftExplicitDependencyGeneratePcm arm64_32 /Users/admin/builder/spi-builder-workspace/.derivedData/ModuleCache.noindex/Security-ABA704VPND58UNN0MT65M6DVY.pcm
SwiftExplicitDependencyGeneratePcm armv7k /Users/admin/builder/spi-builder-workspace/.derivedData/ModuleCache.noindex/Security-BYRCL0DGQRC9Y0HHKP7Z9NCKB.pcm
SwiftExplicitDependencyGeneratePcm armv7k /Users/admin/builder/spi-builder-workspace/.derivedData/ModuleCache.noindex/CoreGraphics-41VE77Q5HH73MKF7HP1G9FDIW.pcm
SwiftExplicitDependencyGeneratePcm armv7k /Users/admin/builder/spi-builder-workspace/.derivedData/ModuleCache.noindex/CoreAudioTypes-B8BQIJLEMN5JJQWZYWVSLFIBI.pcm
SwiftExplicitDependencyGeneratePcm arm64_32 /Users/admin/builder/spi-builder-workspace/.derivedData/ModuleCache.noindex/CoreAudio-4231OLGNOGEA03JAWPPUH7F81.pcm
SwiftExplicitDependencyGeneratePcm arm64_32 /Users/admin/builder/spi-builder-workspace/.derivedData/ModuleCache.noindex/Foundation-B8L3FYSTPFSJBY5DQS91H0KA4.pcm
SwiftExplicitDependencyGeneratePcm arm64_32 /Users/admin/builder/spi-builder-workspace/.derivedData/ModuleCache.noindex/ImageIO-9RMJ12KDG28SR61FR1185UDG5.pcm
SwiftExplicitDependencyGeneratePcm arm64_32 /Users/admin/builder/spi-builder-workspace/.derivedData/ModuleCache.noindex/CoreVideo-F33UCFF6EGD2RL8QVBGHBTCU8.pcm
SwiftExplicitDependencyGeneratePcm arm64_32 /Users/admin/builder/spi-builder-workspace/.derivedData/ModuleCache.noindex/CoreText-3KPUAGONHTV2MJIVELEAJ96BI.pcm
SwiftExplicitDependencyGeneratePcm arm64 /Users/admin/builder/spi-builder-workspace/.derivedData/ModuleCache.noindex/CoreAudioTypes-EBUOMHSYKMB62BHSKBTRI7EYS.pcm
SwiftExplicitDependencyGeneratePcm arm64 /Users/admin/builder/spi-builder-workspace/.derivedData/ModuleCache.noindex/CoreGraphics-45HYDSWGN8OZWXV9ABJ36G6QC.pcm
SwiftExplicitDependencyGeneratePcm arm64 /Users/admin/builder/spi-builder-workspace/.derivedData/ModuleCache.noindex/Security-B42SJFBK2DJZOYUQWKB0QYS6H.pcm
SwiftExplicitDependencyGeneratePcm armv7k /Users/admin/builder/spi-builder-workspace/.derivedData/ModuleCache.noindex/CoreAudio-2V93AI9W21OM6BX6QAV5YA4PF.pcm
SwiftExplicitDependencyGeneratePcm armv7k /Users/admin/builder/spi-builder-workspace/.derivedData/ModuleCache.noindex/Foundation-E8B7YLXHTXYPGURYR02VP1WBB.pcm
SwiftExplicitDependencyGeneratePcm armv7k /Users/admin/builder/spi-builder-workspace/.derivedData/ModuleCache.noindex/CoreText-1GR7MBA2KOL21T9CB08W6KA75.pcm
SwiftExplicitDependencyGeneratePcm armv7k /Users/admin/builder/spi-builder-workspace/.derivedData/ModuleCache.noindex/ImageIO-D7KY9OATS9FQYDRW1EF1D8C6L.pcm
SwiftExplicitDependencyGeneratePcm armv7k /Users/admin/builder/spi-builder-workspace/.derivedData/ModuleCache.noindex/CoreVideo-4FIRG2YZEBGY74II6CAMNFUX.pcm
SwiftExplicitDependencyGeneratePcm arm64_32 /Users/admin/builder/spi-builder-workspace/.derivedData/ModuleCache.noindex/CoreMedia-7K95JW63C5BCFKIDLP784RBKB.pcm
SwiftExplicitDependencyGeneratePcm arm64 /Users/admin/builder/spi-builder-workspace/.derivedData/ModuleCache.noindex/CoreAudio-8GSRSK3FJ3BRFOH61HVW824F3.pcm
SwiftExplicitDependencyGeneratePcm arm64 /Users/admin/builder/spi-builder-workspace/.derivedData/ModuleCache.noindex/Foundation-BYKXZRWSAU4LR8PP2AQSPDYD3.pcm
SwiftExplicitDependencyGeneratePcm arm64 /Users/admin/builder/spi-builder-workspace/.derivedData/ModuleCache.noindex/ImageIO-7TD7WSPKKY45LE2MZJ58A6VGR.pcm
SwiftExplicitDependencyGeneratePcm arm64 /Users/admin/builder/spi-builder-workspace/.derivedData/ModuleCache.noindex/CoreVideo-15YX2G1W4M6VDVN280UZD7OSE.pcm
SwiftExplicitDependencyGeneratePcm arm64 /Users/admin/builder/spi-builder-workspace/.derivedData/ModuleCache.noindex/CoreText-3PQKQ348SD1931NTC49510YGB.pcm
SwiftExplicitDependencyGeneratePcm armv7k /Users/admin/builder/spi-builder-workspace/.derivedData/ModuleCache.noindex/CoreMedia-2RS5EVTST97BNZELI17R4QGHC.pcm
SwiftExplicitDependencyGeneratePcm arm64 /Users/admin/builder/spi-builder-workspace/.derivedData/ModuleCache.noindex/CoreMedia-A667FZKH8OY8NVRZ8IR6S3RF4.pcm
SwiftExplicitDependencyGeneratePcm arm64_32 /Users/admin/builder/spi-builder-workspace/.derivedData/ModuleCache.noindex/CoreMIDI-5Q07JL277FT0C3ZECMU8EILUD.pcm
SwiftExplicitDependencyGeneratePcm arm64_32 /Users/admin/builder/spi-builder-workspace/.derivedData/ModuleCache.noindex/Accessibility-6TCBSVF83ED1R84ZEXGV28SIC.pcm
SwiftExplicitDependencyGeneratePcm arm64_32 /Users/admin/builder/spi-builder-workspace/.derivedData/ModuleCache.noindex/UIUtilities-59GBUC6OQVK91MAU9JD2X3G04.pcm
SwiftExplicitDependencyGeneratePcm arm64_32 /Users/admin/builder/spi-builder-workspace/.derivedData/ModuleCache.noindex/QuartzCore-1CXSNK2UACVBDKZAARQDNUK67.pcm
SwiftExplicitDependencyGeneratePcm arm64_32 /Users/admin/builder/spi-builder-workspace/.derivedData/ModuleCache.noindex/CoreData-6EC2FTM0V726GFUNBZVKC7JWR.pcm
SwiftExplicitDependencyGeneratePcm arm64_32 /Users/admin/builder/spi-builder-workspace/.derivedData/ModuleCache.noindex/OSLog-1LB2KW23KD83RBYXM7Z2XNMQ3.pcm
SwiftExplicitDependencyGeneratePcm arm64_32 /Users/admin/builder/spi-builder-workspace/.derivedData/ModuleCache.noindex/CoreTransferable-AMY7KQZKKQ7EH4D9A63UMO44F.pcm
SwiftExplicitDependencyGeneratePcm arm64_32 /Users/admin/builder/spi-builder-workspace/.derivedData/ModuleCache.noindex/UserNotifications-2XE83FS4BVMIYZ7EZQJOGCV81.pcm
SwiftExplicitDependencyGeneratePcm arm64_32 /Users/admin/builder/spi-builder-workspace/.derivedData/ModuleCache.noindex/SceneKit-DYGDA1YS9VSARBWPX0HSLJ1P6.pcm
SwiftExplicitDependencyGeneratePcm arm64_32 /Users/admin/builder/spi-builder-workspace/.derivedData/ModuleCache.noindex/AVKit-BU1UP2IHZHSWZRSN4EQCBMOKE.pcm
SwiftExplicitDependencyGeneratePcm arm64_32 /Users/admin/builder/spi-builder-workspace/.derivedData/ModuleCache.noindex/Symbols-2J7TC9WRM59N5LN7EICJIGSLV.pcm
SwiftExplicitDependencyGeneratePcm armv7k /Users/admin/builder/spi-builder-workspace/.derivedData/ModuleCache.noindex/DataDetection-68NUI1Q12T8VSBQIT6UQ7CPX.pcm
SwiftExplicitDependencyGeneratePcm armv7k /Users/admin/builder/spi-builder-workspace/.derivedData/ModuleCache.noindex/UIUtilities-41LTGMMBFAVG50U7U1X016XLL.pcm
SwiftExplicitDependencyGeneratePcm armv7k /Users/admin/builder/spi-builder-workspace/.derivedData/ModuleCache.noindex/CoreMIDI-1Z9J6CUKW3IZ5XE7CGWR6ZFTW.pcm
SwiftExplicitDependencyGeneratePcm armv7k /Users/admin/builder/spi-builder-workspace/.derivedData/ModuleCache.noindex/OSLog-ASQVHLAS5WU6F5H5R7UGVSIAE.pcm
SwiftExplicitDependencyGeneratePcm armv7k /Users/admin/builder/spi-builder-workspace/.derivedData/ModuleCache.noindex/QuartzCore-5AJNR4V5UT0R7NYQ952X5ALOI.pcm
SwiftExplicitDependencyGeneratePcm armv7k /Users/admin/builder/spi-builder-workspace/.derivedData/ModuleCache.noindex/UserNotifications-CH76TD5QMDEWMGJIW6K7XAWMZ.pcm
SwiftExplicitDependencyGeneratePcm arm64_32 /Users/admin/builder/spi-builder-workspace/.derivedData/ModuleCache.noindex/SwiftUICore-C030D3HUONXAOPKL2BQ5SM4KD.pcm
SwiftExplicitDependencyGeneratePcm arm64 /Users/admin/builder/spi-builder-workspace/.derivedData/ModuleCache.noindex/SceneKit-4SBZYT8LW6VMHSOSAZ8QLEQ4V.pcm
SwiftExplicitDependencyGeneratePcm arm64 /Users/admin/builder/spi-builder-workspace/.derivedData/ModuleCache.noindex/CoreMIDI-8E9A67CH3BVUTCC7VQT37V83T.pcm
SwiftExplicitDependencyGeneratePcm arm64 /Users/admin/builder/spi-builder-workspace/.derivedData/ModuleCache.noindex/UIUtilities-2WCKWQYZTGUDVPKLRZH5MSH8O.pcm
SwiftExplicitDependencyGeneratePcm arm64 /Users/admin/builder/spi-builder-workspace/.derivedData/ModuleCache.noindex/CoreTransferable-ER0YP2HKMWW2J9HXX7NN361VV.pcm
SwiftExplicitDependencyGeneratePcm arm64 /Users/admin/builder/spi-builder-workspace/.derivedData/ModuleCache.noindex/CoreData-XUP3MN8HT9F8IZ9EYCWTSLID.pcm
SwiftExplicitDependencyGeneratePcm armv7k /Users/admin/builder/spi-builder-workspace/.derivedData/ModuleCache.noindex/UniformTypeIdentifiers-DTFZ9Z54K4C5DTMJOWIXK456Q.pcm
SwiftExplicitDependencyGeneratePcm arm64 /Users/admin/builder/spi-builder-workspace/.derivedData/ModuleCache.noindex/AVKit-8JUH7K96STE8MH74EE8I8YPAR.pcm
SwiftExplicitDependencyGeneratePcm armv7k /Users/admin/builder/spi-builder-workspace/.derivedData/ModuleCache.noindex/_LocationEssentials-4UDKO0KM5DGITT02XNAMCRIZL.pcm
SwiftExplicitDependencyGeneratePcm arm64 /Users/admin/builder/spi-builder-workspace/.derivedData/ModuleCache.noindex/_LocationEssentials-CRK8MBRU0W2J2WZ4HSEUFKKFU.pcm
SwiftExplicitDependencyGeneratePcm armv7k /Users/admin/builder/spi-builder-workspace/.derivedData/ModuleCache.noindex/CoreData-CADU2LKE07K0228UEJ7GRTOR4.pcm
SwiftExplicitDependencyGeneratePcm arm64_32 /Users/admin/builder/spi-builder-workspace/.derivedData/ModuleCache.noindex/AVFAudio-51VIW03PLJIUAAWSFCBPQU42P.pcm
SwiftExplicitDependencyGeneratePcm armv7k /Users/admin/builder/spi-builder-workspace/.derivedData/ModuleCache.noindex/AVFAudio-EC4SRURKGVX2I96HFDHG60ERT.pcm
SwiftExplicitDependencyGeneratePcm arm64 /Users/admin/builder/spi-builder-workspace/.derivedData/ModuleCache.noindex/OSLog-1NCK4FRSTTB12EDNDHPQNR017.pcm
SwiftExplicitDependencyGeneratePcm arm64 /Users/admin/builder/spi-builder-workspace/.derivedData/ModuleCache.noindex/AVFAudio-BV66EMJM98VGDCMN0OM0DPLJ0.pcm
SwiftExplicitDependencyGeneratePcm arm64 /Users/admin/builder/spi-builder-workspace/.derivedData/ModuleCache.noindex/QuartzCore-9JKSYIR3U81A6ICL5PJIM7N12.pcm
SwiftExplicitDependencyGeneratePcm armv7k /Users/admin/builder/spi-builder-workspace/.derivedData/ModuleCache.noindex/Symbols-E73SJPIWBHC4MYRDZFCVSV7I4.pcm
SwiftExplicitDependencyGeneratePcm armv7k /Users/admin/builder/spi-builder-workspace/.derivedData/ModuleCache.noindex/Accessibility-1A50MMO5BRACR5J3C74JH5JU.pcm
SwiftExplicitDependencyGeneratePcm arm64 /Users/admin/builder/spi-builder-workspace/.derivedData/ModuleCache.noindex/CoreLocation-279PYOBKS7PEEHXS0QKHTUXW5.pcm
SwiftExplicitDependencyGeneratePcm arm64 /Users/admin/builder/spi-builder-workspace/.derivedData/ModuleCache.noindex/UserNotifications-8GT8ZZHMY1R5V6T75FQ9AYQA4.pcm
SwiftExplicitDependencyGeneratePcm armv7k /Users/admin/builder/spi-builder-workspace/.derivedData/ModuleCache.noindex/AVKit-ALZQNJLGJDQW39ZB1QYK3RSGO.pcm
SwiftExplicitDependencyGeneratePcm armv7k /Users/admin/builder/spi-builder-workspace/.derivedData/ModuleCache.noindex/CoreLocation-A04OB0TT0B9GCGNZXEAJDNMS7.pcm
SwiftExplicitDependencyGeneratePcm arm64_32 /Users/admin/builder/spi-builder-workspace/.derivedData/ModuleCache.noindex/UniformTypeIdentifiers-6CKSLNTWLO8Z0CLER6EJ8IE1L.pcm
SwiftExplicitDependencyGeneratePcm arm64_32 /Users/admin/builder/spi-builder-workspace/.derivedData/ModuleCache.noindex/DataDetection-7YCQAJYZCC2FT556WDTR5TVRG.pcm
SwiftExplicitDependencyGeneratePcm armv7k /Users/admin/builder/spi-builder-workspace/.derivedData/ModuleCache.noindex/AVFoundation-6DI6316SXJEWOE5S12EEGO97Z.pcm
SwiftExplicitDependencyGeneratePcm arm64 /Users/admin/builder/spi-builder-workspace/.derivedData/ModuleCache.noindex/Symbols-6CVRWIBLX5MAREBWM5DPCLXGQ.pcm
SwiftExplicitDependencyGeneratePcm arm64_32 /Users/admin/builder/spi-builder-workspace/.derivedData/ModuleCache.noindex/_LocationEssentials-1MWE9799T0O4L7GR168EG16CK.pcm
SwiftExplicitDependencyGeneratePcm armv7k /Users/admin/builder/spi-builder-workspace/.derivedData/ModuleCache.noindex/SceneKit-2V7X6OE8GED2890TBMQTVKD73.pcm
SwiftExplicitDependencyGeneratePcm armv7k /Users/admin/builder/spi-builder-workspace/.derivedData/ModuleCache.noindex/UIKit-BIBPZVM7KBWPOUAV240VWX98C.pcm
SwiftExplicitDependencyGeneratePcm arm64 /Users/admin/builder/spi-builder-workspace/.derivedData/ModuleCache.noindex/SwiftUICore-5700WH6PN2JGNW3YO50O4A8XA.pcm
SwiftExplicitDependencyGeneratePcm arm64 /Users/admin/builder/spi-builder-workspace/.derivedData/ModuleCache.noindex/DataDetection-EO81GN528IW0S6D4VSIIZJ3SX.pcm
SwiftExplicitDependencyGeneratePcm armv7k /Users/admin/builder/spi-builder-workspace/.derivedData/ModuleCache.noindex/SwiftUICore-6J03O1SVRHS663BW0TV4QJST2.pcm
SwiftExplicitDependencyGeneratePcm arm64_32 /Users/admin/builder/spi-builder-workspace/.derivedData/ModuleCache.noindex/AVFoundation-63N45K5B8CMCPVM4U9E8ZOQ9A.pcm
SwiftExplicitDependencyGeneratePcm arm64 /Users/admin/builder/spi-builder-workspace/.derivedData/ModuleCache.noindex/UniformTypeIdentifiers-7X176WA1TRB7JF3H9LNXUS2GS.pcm
SwiftExplicitDependencyGeneratePcm armv7k /Users/admin/builder/spi-builder-workspace/.derivedData/ModuleCache.noindex/CoreTransferable-5W8LIA7BKJ6XCLBI49P1CGGPH.pcm
SwiftExplicitDependencyGeneratePcm arm64 /Users/admin/builder/spi-builder-workspace/.derivedData/ModuleCache.noindex/UIKit-3Z94JRR4V583WSE5ZFIFQV5Z1.pcm
SwiftExplicitDependencyGeneratePcm arm64_32 /Users/admin/builder/spi-builder-workspace/.derivedData/ModuleCache.noindex/CoreLocation-AF27WR4GJQTH2SVOUZA90QLFS.pcm
SwiftExplicitDependencyGeneratePcm arm64_32 /Users/admin/builder/spi-builder-workspace/.derivedData/ModuleCache.noindex/UIKit-18PD4O998O0G26VKE010YA5TL.pcm
SwiftExplicitDependencyGeneratePcm arm64 /Users/admin/builder/spi-builder-workspace/.derivedData/ModuleCache.noindex/Accessibility-E65RMPWSFECA2BIVNQMOGV14F.pcm
SwiftExplicitDependencyGeneratePcm arm64 /Users/admin/builder/spi-builder-workspace/.derivedData/ModuleCache.noindex/AVFoundation-96ZH0JTOGP0EVV73CFAVQWK4R.pcm
SwiftExplicitDependencyGeneratePcm armv7k /Users/admin/builder/spi-builder-workspace/.derivedData/ModuleCache.noindex/MapKit-9KTYJB8QZNP8YHFR22IGTC45S.pcm
SwiftExplicitDependencyGeneratePcm armv7k /Users/admin/builder/spi-builder-workspace/.derivedData/ModuleCache.noindex/HomeKit-A2YAWR34SCDVXBG4HHOM6CLF5.pcm
SwiftExplicitDependencyGeneratePcm arm64 /Users/admin/builder/spi-builder-workspace/.derivedData/ModuleCache.noindex/HomeKit-9HL3EFTGCP9ONY7NJSOUIBQ4P.pcm
SwiftExplicitDependencyGeneratePcm arm64 /Users/admin/builder/spi-builder-workspace/.derivedData/ModuleCache.noindex/MapKit-9VCAZD0VSAJ06HOZQ1CLV4SHJ.pcm
SwiftExplicitDependencyGeneratePcm arm64_32 /Users/admin/builder/spi-builder-workspace/.derivedData/ModuleCache.noindex/HomeKit-1QY3YIE2XBXV4UCBZRHHDL3LE.pcm
SwiftExplicitDependencyGeneratePcm arm64_32 /Users/admin/builder/spi-builder-workspace/.derivedData/ModuleCache.noindex/MapKit-ANH0QJ15GJJT3OOOEPQWRGU12.pcm
SwiftExplicitDependencyGeneratePcm armv7k /Users/admin/builder/spi-builder-workspace/.derivedData/ModuleCache.noindex/WatchKit-PKIW5JA7CMQOZ7M4AUTJYANB.pcm
SwiftExplicitDependencyGeneratePcm arm64 /Users/admin/builder/spi-builder-workspace/.derivedData/ModuleCache.noindex/WatchKit-DLVFF7R11EA13AL7T66XK8P32.pcm
SwiftExplicitDependencyGeneratePcm arm64_32 /Users/admin/builder/spi-builder-workspace/.derivedData/ModuleCache.noindex/WatchKit-A36E2F75WQDX29VD8U2HVO2UL.pcm
SwiftExplicitDependencyGeneratePcm armv7k /Users/admin/builder/spi-builder-workspace/.derivedData/ModuleCache.noindex/SwiftUI-25LYMLUOUYKWC4EWBOWKGBYSD.pcm
SwiftExplicitDependencyGeneratePcm arm64 /Users/admin/builder/spi-builder-workspace/.derivedData/ModuleCache.noindex/SwiftUI-2B25JQNKP4RE5L3DMCTZ64MYL.pcm
SwiftCompile normal armv7k Compiling\ ExtPlayerUIView.swift,\ ExtPlayerNSView.swift,\ ExtPlayerMultiPlatform.swift /Users/admin/builder/spi-builder-workspace/Sources/swiftui-loop-videoplayer/view/player/ios/ExtPlayerUIView.swift /Users/admin/builder/spi-builder-workspace/Sources/swiftui-loop-videoplayer/view/player/mac/ExtPlayerNSView.swift /Users/admin/builder/spi-builder-workspace/Sources/swiftui-loop-videoplayer/view/player/main/ExtPlayerMultiPlatform.swift (in target 'swiftui-loop-videoplayer' from project 'swiftui-loop-videoplayer')
SwiftCompile normal armv7k /Users/admin/builder/spi-builder-workspace/Sources/swiftui-loop-videoplayer/view/player/ios/ExtPlayerUIView.swift (in target 'swiftui-loop-videoplayer' from project 'swiftui-loop-videoplayer')
cd /Users/admin/builder/spi-builder-workspace/.swiftpm/xcode
SwiftCompile normal armv7k /Users/admin/builder/spi-builder-workspace/Sources/swiftui-loop-videoplayer/view/player/mac/ExtPlayerNSView.swift (in target 'swiftui-loop-videoplayer' from project 'swiftui-loop-videoplayer')
cd /Users/admin/builder/spi-builder-workspace/.swiftpm/xcode
SwiftCompile normal armv7k /Users/admin/builder/spi-builder-workspace/Sources/swiftui-loop-videoplayer/view/player/main/ExtPlayerMultiPlatform.swift (in target 'swiftui-loop-videoplayer' from project 'swiftui-loop-videoplayer')
cd /Users/admin/builder/spi-builder-workspace/.swiftpm/xcode
SwiftCompile normal armv7k Compiling\ VideoSettings.swift,\ PlayerCoordinator.swift,\ OnPlayerEventChangeModifier.swift,\ OnTimeChangeModifier.swift /Users/admin/builder/spi-builder-workspace/Sources/swiftui-loop-videoplayer/utils/VideoSettings.swift /Users/admin/builder/spi-builder-workspace/Sources/swiftui-loop-videoplayer/view/helpers/PlayerCoordinator.swift /Users/admin/builder/spi-builder-workspace/Sources/swiftui-loop-videoplayer/view/modifier/OnPlayerEventChangeModifier.swift /Users/admin/builder/spi-builder-workspace/Sources/swiftui-loop-videoplayer/view/modifier/OnTimeChangeModifier.swift (in target 'swiftui-loop-videoplayer' from project 'swiftui-loop-videoplayer')
SwiftCompile normal armv7k /Users/admin/builder/spi-builder-workspace/Sources/swiftui-loop-videoplayer/utils/VideoSettings.swift (in target 'swiftui-loop-videoplayer' from project 'swiftui-loop-videoplayer')
cd /Users/admin/builder/spi-builder-workspace/.swiftpm/xcode
SwiftCompile normal armv7k /Users/admin/builder/spi-builder-workspace/Sources/swiftui-loop-videoplayer/view/helpers/PlayerCoordinator.swift (in target 'swiftui-loop-videoplayer' from project 'swiftui-loop-videoplayer')
cd /Users/admin/builder/spi-builder-workspace/.swiftpm/xcode
SwiftCompile normal armv7k /Users/admin/builder/spi-builder-workspace/Sources/swiftui-loop-videoplayer/view/modifier/OnPlayerEventChangeModifier.swift (in target 'swiftui-loop-videoplayer' from project 'swiftui-loop-videoplayer')
cd /Users/admin/builder/spi-builder-workspace/.swiftpm/xcode
SwiftCompile normal armv7k /Users/admin/builder/spi-builder-workspace/Sources/swiftui-loop-videoplayer/view/modifier/OnTimeChangeModifier.swift (in target 'swiftui-loop-videoplayer' from project 'swiftui-loop-videoplayer')
cd /Users/admin/builder/spi-builder-workspace/.swiftpm/xcode
SwiftCompile normal armv7k Compiling\ Loop.swift,\ Mute.swift,\ NotAutoPlay.swift,\ PictureInPicture\ .swift /Users/admin/builder/spi-builder-workspace/Sources/swiftui-loop-videoplayer/settings/Loop.swift /Users/admin/builder/spi-builder-workspace/Sources/swiftui-loop-videoplayer/settings/Mute.swift /Users/admin/builder/spi-builder-workspace/Sources/swiftui-loop-videoplayer/settings/NotAutoPlay.swift /Users/admin/builder/spi-builder-workspace/Sources/swiftui-loop-videoplayer/settings/PictureInPicture\ .swift (in target 'swiftui-loop-videoplayer' from project 'swiftui-loop-videoplayer')
SwiftCompile normal armv7k /Users/admin/builder/spi-builder-workspace/Sources/swiftui-loop-videoplayer/settings/Loop.swift (in target 'swiftui-loop-videoplayer' from project 'swiftui-loop-videoplayer')
cd /Users/admin/builder/spi-builder-workspace/.swiftpm/xcode
SwiftCompile normal armv7k /Users/admin/builder/spi-builder-workspace/Sources/swiftui-loop-videoplayer/settings/Mute.swift (in target 'swiftui-loop-videoplayer' from project 'swiftui-loop-videoplayer')
cd /Users/admin/builder/spi-builder-workspace/.swiftpm/xcode
SwiftCompile normal armv7k /Users/admin/builder/spi-builder-workspace/Sources/swiftui-loop-videoplayer/settings/NotAutoPlay.swift (in target 'swiftui-loop-videoplayer' from project 'swiftui-loop-videoplayer')
cd /Users/admin/builder/spi-builder-workspace/.swiftpm/xcode
SwiftCompile normal armv7k /Users/admin/builder/spi-builder-workspace/Sources/swiftui-loop-videoplayer/settings/PictureInPicture\ .swift (in target 'swiftui-loop-videoplayer' from project 'swiftui-loop-videoplayer')
cd /Users/admin/builder/spi-builder-workspace/.swiftpm/xcode
SwiftCompile normal armv7k Compiling\ SourceName.swift,\ Subtitles.swift,\ TimePublishing.swift,\ SettingsBuilder.swift /Users/admin/builder/spi-builder-workspace/Sources/swiftui-loop-videoplayer/settings/SourceName.swift /Users/admin/builder/spi-builder-workspace/Sources/swiftui-loop-videoplayer/settings/Subtitles.swift /Users/admin/builder/spi-builder-workspace/Sources/swiftui-loop-videoplayer/settings/TimePublishing.swift /Users/admin/builder/spi-builder-workspace/Sources/swiftui-loop-videoplayer/utils/SettingsBuilder.swift (in target 'swiftui-loop-videoplayer' from project 'swiftui-loop-videoplayer')
SwiftCompile normal armv7k /Users/admin/builder/spi-builder-workspace/Sources/swiftui-loop-videoplayer/settings/SourceName.swift (in target 'swiftui-loop-videoplayer' from project 'swiftui-loop-videoplayer')
cd /Users/admin/builder/spi-builder-workspace/.swiftpm/xcode
SwiftCompile normal armv7k /Users/admin/builder/spi-builder-workspace/Sources/swiftui-loop-videoplayer/settings/Subtitles.swift (in target 'swiftui-loop-videoplayer' from project 'swiftui-loop-videoplayer')
cd /Users/admin/builder/spi-builder-workspace/.swiftpm/xcode
SwiftCompile normal armv7k /Users/admin/builder/spi-builder-workspace/Sources/swiftui-loop-videoplayer/settings/TimePublishing.swift (in target 'swiftui-loop-videoplayer' from project 'swiftui-loop-videoplayer')
cd /Users/admin/builder/spi-builder-workspace/.swiftpm/xcode
SwiftCompile normal armv7k /Users/admin/builder/spi-builder-workspace/Sources/swiftui-loop-videoplayer/utils/SettingsBuilder.swift (in target 'swiftui-loop-videoplayer' from project 'swiftui-loop-videoplayer')
cd /Users/admin/builder/spi-builder-workspace/.swiftpm/xcode
SwiftCompile normal armv7k Compiling\ Setting.swift,\ VPErrors.swift,\ Array+.swift,\ CMTime+.swift /Users/admin/builder/spi-builder-workspace/Sources/swiftui-loop-videoplayer/enum/Setting.swift /Users/admin/builder/spi-builder-workspace/Sources/swiftui-loop-videoplayer/enum/VPErrors.swift /Users/admin/builder/spi-builder-workspace/Sources/swiftui-loop-videoplayer/ext+/Array+.swift /Users/admin/builder/spi-builder-workspace/Sources/swiftui-loop-videoplayer/ext+/CMTime+.swift (in target 'swiftui-loop-videoplayer' from project 'swiftui-loop-videoplayer')
SwiftCompile normal armv7k /Users/admin/builder/spi-builder-workspace/Sources/swiftui-loop-videoplayer/enum/Setting.swift (in target 'swiftui-loop-videoplayer' from project 'swiftui-loop-videoplayer')
cd /Users/admin/builder/spi-builder-workspace/.swiftpm/xcode
SwiftCompile normal armv7k /Users/admin/builder/spi-builder-workspace/Sources/swiftui-loop-videoplayer/enum/VPErrors.swift (in target 'swiftui-loop-videoplayer' from project 'swiftui-loop-videoplayer')
cd /Users/admin/builder/spi-builder-workspace/.swiftpm/xcode
SwiftCompile normal armv7k /Users/admin/builder/spi-builder-workspace/Sources/swiftui-loop-videoplayer/ext+/Array+.swift (in target 'swiftui-loop-videoplayer' from project 'swiftui-loop-videoplayer')
cd /Users/admin/builder/spi-builder-workspace/.swiftpm/xcode
SwiftCompile normal armv7k /Users/admin/builder/spi-builder-workspace/Sources/swiftui-loop-videoplayer/ext+/CMTime+.swift (in target 'swiftui-loop-videoplayer' from project 'swiftui-loop-videoplayer')
cd /Users/admin/builder/spi-builder-workspace/.swiftpm/xcode
SwiftCompile normal armv7k Compiling\ EnableVector.swift,\ Events.swift,\ Ext.swift,\ Gravity.swift /Users/admin/builder/spi-builder-workspace/Sources/swiftui-loop-videoplayer/settings/EnableVector.swift /Users/admin/builder/spi-builder-workspace/Sources/swiftui-loop-videoplayer/settings/Events.swift /Users/admin/builder/spi-builder-workspace/Sources/swiftui-loop-videoplayer/settings/Ext.swift /Users/admin/builder/spi-builder-workspace/Sources/swiftui-loop-videoplayer/settings/Gravity.swift (in target 'swiftui-loop-videoplayer' from project 'swiftui-loop-videoplayer')
SwiftCompile normal armv7k /Users/admin/builder/spi-builder-workspace/Sources/swiftui-loop-videoplayer/settings/EnableVector.swift (in target 'swiftui-loop-videoplayer' from project 'swiftui-loop-videoplayer')
cd /Users/admin/builder/spi-builder-workspace/.swiftpm/xcode
SwiftCompile normal armv7k /Users/admin/builder/spi-builder-workspace/Sources/swiftui-loop-videoplayer/settings/Events.swift (in target 'swiftui-loop-videoplayer' from project 'swiftui-loop-videoplayer')
cd /Users/admin/builder/spi-builder-workspace/.swiftpm/xcode
SwiftCompile normal armv7k /Users/admin/builder/spi-builder-workspace/Sources/swiftui-loop-videoplayer/settings/Ext.swift (in target 'swiftui-loop-videoplayer' from project 'swiftui-loop-videoplayer')
cd /Users/admin/builder/spi-builder-workspace/.swiftpm/xcode
SwiftCompile normal armv7k /Users/admin/builder/spi-builder-workspace/Sources/swiftui-loop-videoplayer/settings/Gravity.swift (in target 'swiftui-loop-videoplayer' from project 'swiftui-loop-videoplayer')
cd /Users/admin/builder/spi-builder-workspace/.swiftpm/xcode
SwiftCompile normal armv7k Compiling\ CustomView.swift,\ PlayerDelegateProtocol.swift,\ SettingsConvertible.swift,\ AbstractPlayer.swift /Users/admin/builder/spi-builder-workspace/Sources/swiftui-loop-videoplayer/protocol/helpers/CustomView.swift /Users/admin/builder/spi-builder-workspace/Sources/swiftui-loop-videoplayer/protocol/helpers/PlayerDelegateProtocol.swift /Users/admin/builder/spi-builder-workspace/Sources/swiftui-loop-videoplayer/protocol/helpers/SettingsConvertible.swift /Users/admin/builder/spi-builder-workspace/Sources/swiftui-loop-videoplayer/protocol/player/AbstractPlayer.swift (in target 'swiftui-loop-videoplayer' from project 'swiftui-loop-videoplayer')
SwiftCompile normal armv7k /Users/admin/builder/spi-builder-workspace/Sources/swiftui-loop-videoplayer/protocol/helpers/CustomView.swift (in target 'swiftui-loop-videoplayer' from project 'swiftui-loop-videoplayer')
cd /Users/admin/builder/spi-builder-workspace/.swiftpm/xcode
SwiftCompile normal armv7k /Users/admin/builder/spi-builder-workspace/Sources/swiftui-loop-videoplayer/protocol/helpers/PlayerDelegateProtocol.swift (in target 'swiftui-loop-videoplayer' from project 'swiftui-loop-videoplayer')
cd /Users/admin/builder/spi-builder-workspace/.swiftpm/xcode
SwiftCompile normal armv7k /Users/admin/builder/spi-builder-workspace/Sources/swiftui-loop-videoplayer/protocol/helpers/SettingsConvertible.swift (in target 'swiftui-loop-videoplayer' from project 'swiftui-loop-videoplayer')
cd /Users/admin/builder/spi-builder-workspace/.swiftpm/xcode
SwiftCompile normal armv7k /Users/admin/builder/spi-builder-workspace/Sources/swiftui-loop-videoplayer/protocol/player/AbstractPlayer.swift (in target 'swiftui-loop-videoplayer' from project 'swiftui-loop-videoplayer')
cd /Users/admin/builder/spi-builder-workspace/.swiftpm/xcode
SwiftEmitModule normal armv7k Emitting\ module\ for\ swiftui_loop_videoplayer (in target 'swiftui-loop-videoplayer' from project 'swiftui-loop-videoplayer')
Failed frontend command:
/Applications/Xcode-26.3.0.app/Contents/Developer/Toolchains/XcodeDefault.xctoolchain/usr/bin/swift-frontend -frontend -emit-module -experimental-skip-non-inlinable-function-bodies-without-types /Users/admin/builder/spi-builder-workspace/Sources/swiftui-loop-videoplayer/ExtVideoPlayer.swift /Users/admin/builder/spi-builder-workspace/Sources/swiftui-loop-videoplayer/enum/PlaybackCommand.swift /Users/admin/builder/spi-builder-workspace/Sources/swiftui-loop-videoplayer/enum/PlayerEvent.swift /Users/admin/builder/spi-builder-workspace/Sources/swiftui-loop-videoplayer/enum/PlayerEventFilter.swift /Users/admin/builder/spi-builder-workspace/Sources/swiftui-loop-videoplayer/enum/Setting.swift /Users/admin/builder/spi-builder-workspace/Sources/swiftui-loop-videoplayer/enum/VPErrors.swift /Users/admin/builder/spi-builder-workspace/Sources/swiftui-loop-videoplayer/ext+/Array+.swift /Users/admin/builder/spi-builder-workspace/Sources/swiftui-loop-videoplayer/ext+/CMTime+.swift /Users/admin/builder/spi-builder-workspace/Sources/swiftui-loop-videoplayer/ext+/URL+.swift /Users/admin/builder/spi-builder-workspace/Sources/swiftui-loop-videoplayer/ext+/View+.swift /Users/admin/builder/spi-builder-workspace/Sources/swiftui-loop-videoplayer/fn/constraintsFn.swift /Users/admin/builder/spi-builder-workspace/Sources/swiftui-loop-videoplayer/fn/fn+.swift /Users/admin/builder/spi-builder-workspace/Sources/swiftui-loop-videoplayer/protocol/helpers/CustomView.swift /Users/admin/builder/spi-builder-workspace/Sources/swiftui-loop-videoplayer/protocol/helpers/PlayerDelegateProtocol.swift /Users/admin/builder/spi-builder-workspace/Sources/swiftui-loop-videoplayer/protocol/helpers/SettingsConvertible.swift /Users/admin/builder/spi-builder-workspace/Sources/swiftui-loop-videoplayer/protocol/player/AbstractPlayer.swift /Users/admin/builder/spi-builder-workspace/Sources/swiftui-loop-videoplayer/protocol/player/ExtPlayerProtocol.swift /Users/admin/builder/spi-builder-workspace/Sources/swiftui-loop-videoplayer/protocol/vector/ShapeLayerBuilderProtocol.swift /Users/admin/builder/spi-builder-workspace/Sources/swiftui-loop-videoplayer/protocol/vector/VectorLayerProtocol.swift /Users/admin/builder/spi-builder-workspace/Sources/swiftui-loop-videoplayer/protocol/view/ExtPlayerViewProtocol.swift /Users/admin/builder/spi-builder-workspace/Sources/swiftui-loop-videoplayer/settings/EnableVector.swift /Users/admin/builder/spi-builder-workspace/Sources/swiftui-loop-videoplayer/settings/Events.swift /Users/admin/builder/spi-builder-workspace/Sources/swiftui-loop-videoplayer/settings/Ext.swift /Users/admin/builder/spi-builder-workspace/Sources/swiftui-loop-videoplayer/settings/Gravity.swift /Users/admin/builder/spi-builder-workspace/Sources/swiftui-loop-videoplayer/settings/Loop.swift /Users/admin/builder/spi-builder-workspace/Sources/swiftui-loop-videoplayer/settings/Mute.swift /Users/admin/builder/spi-builder-workspace/Sources/swiftui-loop-videoplayer/settings/NotAutoPlay.swift /Users/admin/builder/spi-builder-workspace/Sources/swiftui-loop-videoplayer/settings/PictureInPicture\ .swift /Users/admin/builder/spi-builder-workspace/Sources/swiftui-loop-videoplayer/settings/SourceName.swift /Users/admin/builder/spi-builder-workspace/Sources/swiftui-loop-videoplayer/settings/Subtitles.swift /Users/admin/builder/spi-builder-workspace/Sources/swiftui-loop-videoplayer/settings/TimePublishing.swift /Users/admin/builder/spi-builder-workspace/Sources/swiftui-loop-videoplayer/utils/SettingsBuilder.swift /Users/admin/builder/spi-builder-workspace/Sources/swiftui-loop-videoplayer/utils/VideoSettings.swift /Users/admin/builder/spi-builder-workspace/Sources/swiftui-loop-videoplayer/view/helpers/PlayerCoordinator.swift /Users/admin/builder/spi-builder-workspace/Sources/swiftui-loop-videoplayer/view/modifier/OnPlayerEventChangeModifier.swift /Users/admin/builder/spi-builder-workspace/Sources/swiftui-loop-videoplayer/view/modifier/OnTimeChangeModifier.swift /Users/admin/builder/spi-builder-workspace/Sources/swiftui-loop-videoplayer/view/player/ios/ExtPlayerUIView.swift /Users/admin/builder/spi-builder-workspace/Sources/swiftui-loop-videoplayer/view/player/mac/ExtPlayerNSView.swift /Users/admin/builder/spi-builder-workspace/Sources/swiftui-loop-videoplayer/view/player/main/ExtPlayerMultiPlatform.swift -target armv7k-apple-watchos7.0 -module-can-import-version AVKit 1.0.0 1.0.0 -module-can-import-version QuartzCore 5 1193.45.0 -module-can-import-version UIKit 9126.2.4 9126.2.4 -disable-cross-import-overlay-search -swift-module-cross-import AVKit /Applications/Xcode-26.3.0.app/Contents/Developer/Platforms/WatchOS.platform/Developer/SDKs/WatchOS.sdk/System/Library/Frameworks/AVKit.framework/Modules/AVKit.swiftcrossimport/SwiftUI.swiftoverlay -load-resolved-plugin /Applications/Xcode-26.3.0.app/Contents/Developer/Platforms/WatchOS.platform/Developer/usr/lib/swift/host/plugins/libFoundationMacros.dylib\#/Applications/Xcode-26.3.0.app/Contents/Developer/Platforms/WatchOS.platform/Developer/usr/bin/swift-plugin-server\#FoundationMacros -load-resolved-plugin /Applications/Xcode-26.3.0.app/Contents/Developer/Platforms/WatchOS.platform/Developer/usr/lib/swift/host/plugins/libObservationMacros.dylib\#/Applications/Xcode-26.3.0.app/Contents/Developer/Platforms/WatchOS.platform/Developer/usr/bin/swift-plugin-server\#ObservationMacros -load-resolved-plugin /Applications/Xcode-26.3.0.app/Contents/Developer/Platforms/WatchOS.platform/Developer/usr/lib/swift/host/plugins/libPreviewsMacros.dylib\#/Applications/Xcode-26.3.0.app/Contents/Developer/Platforms/WatchOS.platform/Developer/usr/bin/swift-plugin-server\#PreviewsMacros -load-resolved-plugin /Applications/Xcode-26.3.0.app/Contents/Developer/Platforms/WatchOS.platform/Developer/usr/lib/swift/host/plugins/libSwiftMacros.dylib\#/Applications/Xcode-26.3.0.app/Contents/Developer/Platforms/WatchOS.platform/Developer/usr/bin/swift-plugin-server\#SwiftMacros -load-resolved-plugin /Applications/Xcode-26.3.0.app/Contents/Developer/Platforms/WatchOS.platform/Developer/usr/lib/swift/host/plugins/libSwiftUIMacros.dylib\#/Applications/Xcode-26.3.0.app/Contents/Developer/Platforms/WatchOS.platform/Developer/usr/bin/swift-plugin-server\#SwiftUIMacros -disable-implicit-swift-modules -Xcc -fno-implicit-modules -Xcc -fno-implicit-module-maps -explicit-swift-module-map-file /Users/admin/builder/spi-builder-workspace/.derivedData/Build/Intermediates.noindex/swiftui-loop-videoplayer.build/Debug-watchos/swiftui-loop-videoplayer.build/Objects-normal/armv7k/swiftui_loop_videoplayer-dependencies-3.json -enable-objc-interop -stack-check -sdk /Applications/Xcode-26.3.0.app/Contents/Developer/Platforms/WatchOS.platform/Developer/SDKs/WatchOS26.2.sdk -I /Users/admin/builder/spi-builder-workspace/.derivedData/Build/Products/Debug-watchos -Isystem /Applications/Xcode-26.3.0.app/Contents/Developer/Platforms/WatchOS.platform/Developer/usr/lib -F /Users/admin/builder/spi-builder-workspace/.derivedData/Build/Products/Debug-watchos -F /Applications/Xcode-26.3.0.app/Contents/Developer/Platforms/WatchOS.platform/Developer/Library/Frameworks -F /Applications/Xcode-26.3.0.app/Contents/Developer/Platforms/WatchOS.platform/Developer/SDKs/WatchOS26.2.sdk/Developer/Library/Frameworks -no-color-diagnostics -Xcc -fno-color-diagnostics -enable-testing -g -debug-info-format\=dwarf -dwarf-version\=4 -module-cache-path /Users/admin/builder/spi-builder-workspace/.derivedData/Build/Intermediates.noindex/SwiftExplicitPrecompiledModules -profile-generate -profile-coverage-mapping -swift-version 5 -enforce-exclusivity\=checked -Onone -D SWIFT_PACKAGE -D DEBUG -D SWIFT_MODULE_RESOURCE_BUNDLE_UNAVAILABLE -D Xcode -serialize-debugging-options -const-gather-protocols-file /Users/admin/builder/spi-builder-workspace/.derivedData/Build/Intermediates.noindex/swiftui-loop-videoplayer.build/Debug-watchos/swiftui-loop-videoplayer.build/Objects-normal/armv7k/swiftui-loop-videoplayer_const_extract_protocols.json -enable-experimental-feature DebugDescriptionMacro -empty-abi-descriptor -validate-clang-modules-once -clang-build-session-file /Users/admin/builder/spi-builder-workspace/.derivedData/ModuleCache.noindex/Session.modulevalidation -Xcc -working-directory -Xcc /Users/admin/builder/spi-builder-workspace/.swiftpm/xcode -enable-anonymous-context-mangled-names -file-compilation-dir /Users/admin/builder/spi-builder-workspace/.swiftpm/xcode -Xcc -D_LIBCPP_HARDENING_MODE\=_LIBCPP_HARDENING_MODE_DEBUG -Xcc -ivfsstatcache -Xcc /Users/admin/builder/spi-builder-workspace/.derivedData/SDKStatCaches.noindex/watchos26.2-23S303-dc75598d0054f22ec865fa860f139d721753b489057de6bda919edfa1c59a62b.sdkstatcache -Xcc -I/Users/admin/builder/spi-builder-workspace/.derivedData/Build/Intermediates.noindex/swiftui-loop-videoplayer.build/Debug-watchos/swiftui-loop-videoplayer.build/swift-overrides.hmap -Xcc -I/Users/admin/builder/spi-builder-workspace/.derivedData/Build/Products/Debug-watchos/include -Xcc -I/Users/admin/builder/spi-builder-workspace/.derivedData/Build/Intermediates.noindex/swiftui-loop-videoplayer.build/Debug-watchos/swiftui-loop-videoplayer.build/DerivedSources-normal/armv7k -Xcc -I/Users/admin/builder/spi-builder-workspace/.derivedData/Build/Intermediates.noindex/swiftui-loop-videoplayer.build/Debug-watchos/swiftui-loop-videoplayer.build/DerivedSources/armv7k -Xcc -I/Users/admin/builder/spi-builder-workspace/.derivedData/Build/Intermediates.noindex/swiftui-loop-videoplayer.build/Debug-watchos/swiftui-loop-videoplayer.build/DerivedSources -Xcc -DSWIFT_PACKAGE -Xcc -DDEBUG\=1 -no-auto-bridging-header-chaining -module-name swiftui_loop_videoplayer -frontend-parseable-output -disable-clang-spi -target-sdk-version 26.2 -target-sdk-name watchos26.2 -clang-target armv7k-apple-watchos26.2 -in-process-plugin-server-path /Applications/Xcode-26.3.0.app/Contents/Developer/Toolchains/XcodeDefault.xctoolchain/usr/lib/swift/host/libSwiftInProcPluginServer.dylib -emit-module-doc-path /Users/admin/builder/spi-builder-workspace/.derivedData/Build/Intermediates.noindex/swiftui-loop-videoplayer.build/Debug-watchos/swiftui-loop-videoplayer.build/Objects-normal/armv7k/swiftui_loop_videoplayer.swiftdoc -emit-module-source-info-path /Users/admin/builder/spi-builder-workspace/.derivedData/Build/Intermediates.noindex/swiftui-loop-videoplayer.build/Debug-watchos/swiftui-loop-videoplayer.build/Objects-normal/armv7k/swiftui_loop_videoplayer.swiftsourceinfo -emit-objc-header-path /Users/admin/builder/spi-builder-workspace/.derivedData/Build/Intermediates.noindex/swiftui-loop-videoplayer.build/Debug-watchos/swiftui-loop-videoplayer.build/Objects-normal/armv7k/swiftui-loop-videoplayer-Swift.h -serialize-diagnostics-path /Users/admin/builder/spi-builder-workspace/.derivedData/Build/Intermediates.noindex/swiftui-loop-videoplayer.build/Debug-watchos/swiftui-loop-videoplayer.build/Objects-normal/armv7k/swiftui-loop-videoplayer-primary-emit-module.dia -emit-dependencies-path /Users/admin/builder/spi-builder-workspace/.derivedData/Build/Intermediates.noindex/swiftui-loop-videoplayer.build/Debug-watchos/swiftui-loop-videoplayer.build/Objects-normal/armv7k/swiftui-loop-videoplayer-primary-emit-module.d -o /Users/admin/builder/spi-builder-workspace/.derivedData/Build/Intermediates.noindex/swiftui-loop-videoplayer.build/Debug-watchos/swiftui-loop-videoplayer.build/Objects-normal/armv7k/swiftui_loop_videoplayer.swiftmodule -emit-abi-descriptor-path /Users/admin/builder/spi-builder-workspace/.derivedData/Build/Intermediates.noindex/swiftui-loop-videoplayer.build/Debug-watchos/swiftui-loop-videoplayer.build/Objects-normal/armv7k/swiftui_loop_videoplayer.abi.json
EmitSwiftModule normal armv7k (in target 'swiftui-loop-videoplayer' from project 'swiftui-loop-videoplayer')
cd /Users/admin/builder/spi-builder-workspace/.swiftpm/xcode
/Users/admin/builder/spi-builder-workspace/Sources/swiftui-loop-videoplayer/ExtVideoPlayer.swift:48:18: error: cannot find type 'AVLayerVideoGravity' in scope
gravity: AVLayerVideoGravity = .resizeAspect,
^~~~~~~~~~~~~~~~~~~
/Users/admin/builder/spi-builder-workspace/Sources/swiftui-loop-videoplayer/ExtVideoPlayer.swift:49:26: error: cannot find type 'CMTime' in scope
timePublishing : CMTime? = CMTime(seconds: 1, preferredTimescale: 600),
^~~~~~
/Users/admin/builder/spi-builder-workspace/Sources/swiftui-loop-videoplayer/enum/PlaybackCommand.swift:81:17: error: cannot find type 'CIFilter' in scope
case filter(CIFilter, clear: Bool = false)
^~~~~~~~
/Users/admin/builder/spi-builder-workspace/Sources/swiftui-loop-videoplayer/utils/VideoSettings.swift:46:32: error: cannot find type 'CMTime' in scope
public let timePublishing: CMTime?
^~~~~~
/Users/admin/builder/spi-builder-workspace/Sources/swiftui-loop-videoplayer/utils/VideoSettings.swift:49:25: error: cannot find type 'AVLayerVideoGravity' in scope
public let gravity: AVLayerVideoGravity
^~~~~~~~~~~~~~~~~~~
/Users/admin/builder/spi-builder-workspace/Sources/swiftui-loop-videoplayer/enum/Setting.swift:53:25: error: cannot find type 'CMTime' in scope
case timePublishing(CMTime)
^~~~~~
/Users/admin/builder/spi-builder-workspace/Sources/swiftui-loop-videoplayer/enum/Setting.swift:56:18: error: cannot find type 'AVLayerVideoGravity' in scope
case gravity(AVLayerVideoGravity = .resizeAspect)
^~~~~~~~~~~~~~~~~~~
/Users/admin/builder/spi-builder-workspace/Sources/swiftui-loop-videoplayer/enum/Setting.swift:17:13: error: type 'Setting' does not conform to protocol 'Equatable'
public enum Setting: Equatable, SettingsConvertible {
^
/Users/admin/builder/spi-builder-workspace/Sources/swiftui-loop-videoplayer/enum/Setting.swift:53:25: note: associated value type '<<error type>>' does not conform to protocol 'Equatable', preventing synthesized conformance of 'Setting' to 'Equatable'
case timePublishing(CMTime)
^
/Users/admin/builder/spi-builder-workspace/Sources/swiftui-loop-videoplayer/enum/Setting.swift:56:18: note: associated value type '<<error type>>' does not conform to protocol 'Equatable', preventing synthesized conformance of 'Setting' to 'Equatable'
case gravity(AVLayerVideoGravity = .resizeAspect)
^
Swift.==:1:24: note: candidate would match if 'Setting' conformed to 'RawRepresentable'
@inlinable public func == <T>(lhs: T, rhs: T) -> Bool where T : RawRepresentable, T.RawValue : Equatable
^
Swift.FloatingPoint.==:2:20: note: candidate would match if 'Setting' conformed to 'FloatingPoint'
public static func == (lhs: Self, rhs: Self) -> Bool}
^
Swift.BinaryInteger.==:2:20: note: candidate would match if 'Setting' conformed to 'BinaryInteger'
public static func == <Other>(lhs: Self, rhs: Other) -> Bool where Other : BinaryInteger}
^
Swift._Pointer.==:2:20: note: candidate would match if 'Setting' conformed to '_Pointer'
public static func == (lhs: Self, rhs: Self) -> Bool}
^
Swift._Pointer.==:2:31: note: candidate would match if 'Setting' conformed to '_Pointer'
@inlinable public static func == <Other>(lhs: Self, rhs: Other) -> Bool where Other : _Pointer}
^
Swift.Strideable.==:2:31: note: candidate would match if 'Setting' conformed to 'Strideable'
@inlinable public static func == (x: Self, y: Self) -> Bool}
^
Swift.StringProtocol.==:2:31: note: candidate would match if 'Setting' conformed to 'StringProtocol'
@inlinable public static func == <RHS>(lhs: Self, rhs: RHS) -> Bool where RHS : StringProtocol}
^
Swift.SIMD.==:2:20: note: candidate would match if 'Setting' conformed to 'SIMD'
public static func == (a: Self, b: Self) -> Bool}
^
Foundation.AttributedStringProtocol.==:2:20: note: candidate would match if 'Setting' conformed to 'AttributedStringProtocol'
public static func == <RHS>(lhs: Self, rhs: RHS) -> Bool where RHS : AttributedStringProtocol}
^
Foundation._BridgedStoredNSError.==:2:20: note: candidate would match if 'Setting' conformed to '_BridgedStoredNSError'
public static func == (lhs: Self, rhs: Self) -> Bool}
^
CoreFoundation._CFObject.==:2:20: note: candidate would match if 'Setting' conformed to '_CFObject'
public static func == (left: Self, right: Self) -> Bool}
^
/Users/admin/builder/spi-builder-workspace/Sources/swiftui-loop-videoplayer/enum/Setting.swift:17:13: note: add stubs for conformance
public enum Setting: Equatable, SettingsConvertible {
^
Swift.Equatable.==:2:13: note: protocol requires function '==' with type '(Setting, Setting) -> Bool'
static func == (lhs: Self, rhs: Self) -> Bool}
^
/Users/admin/builder/spi-builder-workspace/Sources/swiftui-loop-videoplayer/ext+/CMTime+.swift:13:11: error: cannot find type 'CMTime' in scope
extension CMTime : SettingsConvertible {
^~~~~~
/Users/admin/builder/spi-builder-workspace/Sources/swiftui-loop-videoplayer/ext+/View+.swift:14:30: error: 'UIView' is unavailable in watchOS
func findFirstSubview<T: UIView>(ofType type: T.Type) -> T? {
^~~~~~
/Applications/Xcode-26.3.0.app/Contents/Developer/Platforms/WatchOS.platform/Developer/SDKs/WatchOS26.2.sdk/System/Library/Frameworks/UIKit.framework/Headers/UIView.h:148:12: note: 'UIView' has been explicitly marked unavailable here
@interface UIView : UIResponder <NSCoding, UIAppearance, UIAppearanceContainer, UIDynamicItem, UITraitEnvironment, UICoordinateSpace, UIFocusItem, UIFocusItemContainer, CALayerDelegate>
^
/Users/admin/builder/spi-builder-workspace/Sources/swiftui-loop-videoplayer/ext+/View+.swift:11:20: error: 'UIView' is unavailable in watchOS
internal extension UIView {
^~~~~~
/Applications/Xcode-26.3.0.app/Contents/Developer/Platforms/WatchOS.platform/Developer/SDKs/WatchOS26.2.sdk/System/Library/Frameworks/UIKit.framework/Headers/UIView.h:148:12: note: 'UIView' has been explicitly marked unavailable here
@interface UIView : UIResponder <NSCoding, UIAppearance, UIAppearanceContainer, UIDynamicItem, UITraitEnvironment, UICoordinateSpace, UIFocusItem, UIFocusItemContainer, CALayerDelegate>
^
/Users/admin/builder/spi-builder-workspace/Sources/swiftui-loop-videoplayer/fn/constraintsFn.swift:37:46: error: 'UIView' is unavailable in watchOS
func activateFullScreenConstraints(for view: UIView, in containerView: UIView) {
^~~~~~
/Applications/Xcode-26.3.0.app/Contents/Developer/Platforms/WatchOS.platform/Developer/SDKs/WatchOS26.2.sdk/System/Library/Frameworks/UIKit.framework/Headers/UIView.h:148:12: note: 'UIView' has been explicitly marked unavailable here
@interface UIView : UIResponder <NSCoding, UIAppearance, UIAppearanceContainer, UIDynamicItem, UITraitEnvironment, UICoordinateSpace, UIFocusItem, UIFocusItemContainer, CALayerDelegate>
^
/Users/admin/builder/spi-builder-workspace/Sources/swiftui-loop-videoplayer/fn/constraintsFn.swift:37:72: error: 'UIView' is unavailable in watchOS
func activateFullScreenConstraints(for view: UIView, in containerView: UIView) {
^~~~~~
/Applications/Xcode-26.3.0.app/Contents/Developer/Platforms/WatchOS.platform/Developer/SDKs/WatchOS26.2.sdk/System/Library/Frameworks/UIKit.framework/Headers/UIView.h:148:12: note: 'UIView' has been explicitly marked unavailable here
@interface UIView : UIResponder <NSCoding, UIAppearance, UIAppearanceContainer, UIDynamicItem, UITraitEnvironment, UICoordinateSpace, UIFocusItem, UIFocusItemContainer, CALayerDelegate>
^
/Users/admin/builder/spi-builder-workspace/Sources/swiftui-loop-videoplayer/fn/fn+.swift:113:87: error: cannot find type 'CIFilter' in scope
func combineFilters(_ filters: [CIFilter],_ brightness: Float,_ contrast: Float) -> [CIFilter] {
^~~~~~~~
/Users/admin/builder/spi-builder-workspace/Sources/swiftui-loop-videoplayer/fn/fn+.swift:113:33: error: cannot find type 'CIFilter' in scope
func combineFilters(_ filters: [CIFilter],_ brightness: Float,_ contrast: Float) -> [CIFilter] {
^~~~~~~~
/Users/admin/builder/spi-builder-workspace/Sources/swiftui-loop-videoplayer/fn/fn+.swift:133:87: error: cannot find type 'CIFilter' in scope
func handleVideoComposition(request: AVAsynchronousCIImageFilteringRequest, filters: [CIFilter]) {
^~~~~~~~
/Users/admin/builder/spi-builder-workspace/Sources/swiftui-loop-videoplayer/fn/fn+.swift:133:38: error: 'AVAsynchronousCIImageFilteringRequest' is unavailable in watchOS
func handleVideoComposition(request: AVAsynchronousCIImageFilteringRequest, filters: [CIFilter]) {
^~~~~~~~~~~~~~~~~~~~~~~~~~~~~~~~~~~~~
/Applications/Xcode-26.3.0.app/Contents/Developer/Platforms/WatchOS.platform/Developer/SDKs/WatchOS26.2.sdk/System/Library/Frameworks/AVFoundation.framework/Headers/AVVideoCompositing.h:332:12: note: 'AVAsynchronousCIImageFilteringRequest' has been explicitly marked unavailable here
@interface AVAsynchronousCIImageFilteringRequest : NSObject <NSCopying> {
^
/Users/admin/builder/spi-builder-workspace/Sources/swiftui-loop-videoplayer/protocol/player/AbstractPlayer.swift:42:19: error: cannot find type 'CIFilter' in scope
var filters: [CIFilter] { get set }
^~~~~~~~
/Users/admin/builder/spi-builder-workspace/Sources/swiftui-loop-videoplayer/protocol/player/AbstractPlayer.swift:45:23: error: 'AVPlayerLooper' is unavailable in watchOS
var playerLooper: AVPlayerLooper? { get set }
^~~~~~~~~~~~~~
/Applications/Xcode-26.3.0.app/Contents/Developer/Platforms/WatchOS.platform/Developer/SDKs/WatchOS26.2.sdk/System/Library/Frameworks/AVFoundation.framework/Headers/AVPlayerLooper.h:91:12: note: 'AVPlayerLooper' has been explicitly marked unavailable here
@interface AVPlayerLooper : NSObject
^
/Users/admin/builder/spi-builder-workspace/Sources/swiftui-loop-videoplayer/protocol/player/AbstractPlayer.swift:124:31: error: cannot find type 'CIFilter' in scope
func applyFilter(_ value: CIFilter, _ clear : Bool)
^~~~~~~~
/Users/admin/builder/spi-builder-workspace/Sources/swiftui-loop-videoplayer/protocol/player/AbstractPlayer.swift:366:31: error: cannot find type 'CIFilter' in scope
func applyFilter(_ value: CIFilter, _ clear : Bool) {
^~~~~~~~
/Users/admin/builder/spi-builder-workspace/Sources/swiftui-loop-videoplayer/protocol/player/AbstractPlayer.swift:377:40: error: cannot find type 'CIFilter' in scope
private func appendFilter(_ value: CIFilter) {
^~~~~~~~
/Users/admin/builder/spi-builder-workspace/Sources/swiftui-loop-videoplayer/protocol/player/ExtPlayerProtocol.swift:26:20: error: 'CALayer' is unavailable in watchOS
var layer: CALayer { get }
^~~~~~~
/Applications/Xcode-26.3.0.app/Contents/Developer/Platforms/WatchOS.platform/Developer/SDKs/WatchOS26.2.sdk/System/Library/Frameworks/QuartzCore.framework/Headers/CALayer.h:117:12: note: 'CALayer' has been explicitly marked unavailable here
@interface CALayer : NSObject <NSSecureCoding, CAMediaTiming>
^
/Users/admin/builder/spi-builder-workspace/Sources/swiftui-loop-videoplayer/protocol/player/ExtPlayerProtocol.swift:35:22: error: 'AVPlayerLayer' is unavailable in watchOS
var playerLayer: AVPlayerLayer? { get set }
^~~~~~~~~~~~~
/Applications/Xcode-26.3.0.app/Contents/Developer/Platforms/WatchOS.platform/Developer/SDKs/WatchOS26.2.sdk/System/Library/Frameworks/AVFoundation.framework/Headers/AVPlayerLayer.h:52:12: note: 'AVPlayerLayer' has been explicitly marked unavailable here
@interface AVPlayerLayer : CALayer
^
/Users/admin/builder/spi-builder-workspace/Sources/swiftui-loop-videoplayer/protocol/vector/ShapeLayerBuilderProtocol.swift:30:67: error: 'CAShapeLayer' is unavailable in watchOS
func build(with geometry: (frame: CGRect, bounds: CGRect)) -> CAShapeLayer
^~~~~~~~~~~~
/Applications/Xcode-26.3.0.app/Contents/Developer/Platforms/WatchOS.platform/Developer/SDKs/WatchOS26.2.sdk/System/Library/Frameworks/QuartzCore.framework/Headers/CAShapeLayer.h:40:12: note: 'CAShapeLayer' has been explicitly marked unavailable here
@interface CAShapeLayer : CALayer
^
/Users/admin/builder/spi-builder-workspace/Sources/swiftui-loop-videoplayer/protocol/vector/VectorLayerProtocol.swift:29:25: error: 'CALayer' is unavailable in watchOS
var compositeLayer: CALayer? { get set }
^~~~~~~
/Applications/Xcode-26.3.0.app/Contents/Developer/Platforms/WatchOS.platform/Developer/SDKs/WatchOS26.2.sdk/System/Library/Frameworks/QuartzCore.framework/Headers/CALayer.h:117:12: note: 'CALayer' has been explicitly marked unavailable here
@interface CALayer : NSObject <NSSecureCoding, CAMediaTiming>
^
/Users/admin/builder/spi-builder-workspace/Sources/swiftui-loop-videoplayer/protocol/view/ExtPlayerViewProtocol.swift:20:26: error: 'UIView' is unavailable in watchOS
associatedtype View: UIView
^~~~~~
/Applications/Xcode-26.3.0.app/Contents/Developer/Platforms/WatchOS.platform/Developer/SDKs/WatchOS26.2.sdk/System/Library/Frameworks/UIKit.framework/Headers/UIView.h:148:12: note: 'UIView' has been explicitly marked unavailable here
@interface UIView : UIResponder <NSCoding, UIAppearance, UIAppearanceContainer, UIDynamicItem, UITraitEnvironment, UICoordinateSpace, UIFocusItem, UIFocusItemContainer, CALayerDelegate>
^
/Users/admin/builder/spi-builder-workspace/Sources/swiftui-loop-videoplayer/protocol/view/ExtPlayerViewProtocol.swift:31:51: error: 'UIView' is unavailable in watchOS
associatedtype PlayerView: ExtPlayerProtocol, UIView
^~~~~~
/Applications/Xcode-26.3.0.app/Contents/Developer/Platforms/WatchOS.platform/Developer/SDKs/WatchOS26.2.sdk/System/Library/Frameworks/UIKit.framework/Headers/UIView.h:148:12: note: 'UIView' has been explicitly marked unavailable here
@interface UIView : UIResponder <NSCoding, UIAppearance, UIAppearanceContainer, UIDynamicItem, UITraitEnvironment, UICoordinateSpace, UIFocusItem, UIFocusItemContainer, CALayerDelegate>
^
/Users/admin/builder/spi-builder-workspace/Sources/swiftui-loop-videoplayer/settings/Gravity.swift:16:25: error: cannot find type 'AVLayerVideoGravity' in scope
private let value : AVLayerVideoGravity
^~~~~~~~~~~~~~~~~~~
/Users/admin/builder/spi-builder-workspace/Sources/swiftui-loop-videoplayer/settings/Gravity.swift:22:26: error: cannot find type 'AVLayerVideoGravity' in scope
public init(_ value: AVLayerVideoGravity) { self.value = value }
^~~~~~~~~~~~~~~~~~~
/Users/admin/builder/spi-builder-workspace/Sources/swiftui-loop-videoplayer/utils/VideoSettings.swift:78:146: error: cannot find type 'CMTime' in scope
public init(name: String, ext: String, subtitles: String, loop: Bool, pictureInPicture: Bool, mute: Bool, notAutoPlay: Bool, timePublishing: CMTime?, gravity: AVLayerVideoGravity, enableVector : Bool = false, events : [PlayerEventFilter] = []) {
^~~~~~
/Users/admin/builder/spi-builder-workspace/Sources/swiftui-loop-videoplayer/utils/VideoSettings.swift:78:164: error: cannot find type 'AVLayerVideoGravity' in scope
public init(name: String, ext: String, subtitles: String, loop: Bool, pictureInPicture: Bool, mute: Bool, notAutoPlay: Bool, timePublishing: CMTime?, gravity: AVLayerVideoGravity, enableVector : Bool = false, events : [PlayerEventFilter] = []) {
^~~~~~~~~~~~~~~~~~~
/Users/admin/builder/spi-builder-workspace/Sources/swiftui-loop-videoplayer/utils/VideoSettings.swift:13:15: error: type 'VideoSettings' does not conform to protocol 'Equatable'
public struct VideoSettings: Equatable{
^
/Users/admin/builder/spi-builder-workspace/Sources/swiftui-loop-videoplayer/utils/VideoSettings.swift:46:16: note: stored property type '<<error type>>' does not conform to protocol 'Equatable', preventing synthesized conformance of 'VideoSettings' to 'Equatable'
public let timePublishing: CMTime?
^
/Users/admin/builder/spi-builder-workspace/Sources/swiftui-loop-videoplayer/utils/VideoSettings.swift:49:16: note: stored property type '<<error type>>' does not conform to protocol 'Equatable', preventing synthesized conformance of 'VideoSettings' to 'Equatable'
public let gravity: AVLayerVideoGravity
^
Swift.==:1:24: note: candidate would match if 'VideoSettings' conformed to 'RawRepresentable'
@inlinable public func == <T>(lhs: T, rhs: T) -> Bool where T : RawRepresentable, T.RawValue : Equatable
^
Swift.FloatingPoint.==:2:20: note: candidate would match if 'VideoSettings' conformed to 'FloatingPoint'
public static func == (lhs: Self, rhs: Self) -> Bool}
^
Swift.BinaryInteger.==:2:20: note: candidate would match if 'VideoSettings' conformed to 'BinaryInteger'
public static func == <Other>(lhs: Self, rhs: Other) -> Bool where Other : BinaryInteger}
^
Swift._Pointer.==:2:20: note: candidate would match if 'VideoSettings' conformed to '_Pointer'
public static func == (lhs: Self, rhs: Self) -> Bool}
^
Swift._Pointer.==:2:31: note: candidate would match if 'VideoSettings' conformed to '_Pointer'
@inlinable public static func == <Other>(lhs: Self, rhs: Other) -> Bool where Other : _Pointer}
^
Swift.Strideable.==:2:31: note: candidate would match if 'VideoSettings' conformed to 'Strideable'
@inlinable public static func == (x: Self, y: Self) -> Bool}
^
Swift.StringProtocol.==:2:31: note: candidate would match if 'VideoSettings' conformed to 'StringProtocol'
@inlinable public static func == <RHS>(lhs: Self, rhs: RHS) -> Bool where RHS : StringProtocol}
^
Swift.SIMD.==:2:20: note: candidate would match if 'VideoSettings' conformed to 'SIMD'
public static func == (a: Self, b: Self) -> Bool}
^
Foundation.AttributedStringProtocol.==:2:20: note: candidate would match if 'VideoSettings' conformed to 'AttributedStringProtocol'
public static func == <RHS>(lhs: Self, rhs: RHS) -> Bool where RHS : AttributedStringProtocol}
^
Foundation._BridgedStoredNSError.==:2:20: note: candidate would match if 'VideoSettings' conformed to '_BridgedStoredNSError'
public static func == (lhs: Self, rhs: Self) -> Bool}
^
CoreFoundation._CFObject.==:2:20: note: candidate would match if 'VideoSettings' conformed to '_CFObject'
public static func == (left: Self, right: Self) -> Bool}
^
/Users/admin/builder/spi-builder-workspace/Sources/swiftui-loop-videoplayer/utils/VideoSettings.swift:13:15: note: add stubs for conformance
public struct VideoSettings: Equatable{
^
Swift.Equatable.==:2:13: note: protocol requires function '==' with type '(VideoSettings, VideoSettings) -> Bool'
static func == (lhs: Self, rhs: Self) -> Bool}
^
/Users/admin/builder/spi-builder-workspace/Sources/swiftui-loop-videoplayer/view/player/ios/ExtPlayerUIView.swift:24:28: error: cannot find type 'CIFilter' in scope
internal var filters: [CIFilter] = []
^~~~~~~~
/Users/admin/builder/spi-builder-workspace/Sources/swiftui-loop-videoplayer/view/player/ios/ExtPlayerUIView.swift:33:35: error: 'CALayer' is unavailable in watchOS
internal var compositeLayer : CALayer? = nil
^~~~~~~
/Applications/Xcode-26.3.0.app/Contents/Developer/Platforms/WatchOS.platform/Developer/SDKs/WatchOS26.2.sdk/System/Library/Frameworks/QuartzCore.framework/Headers/CALayer.h:117:12: note: 'CALayer' has been explicitly marked unavailable here
@interface CALayer : NSObject <NSSecureCoding, CAMediaTiming>
^
/Users/admin/builder/spi-builder-workspace/Sources/swiftui-loop-videoplayer/view/player/ios/ExtPlayerUIView.swift:36:32: error: cannot find type 'AVPlayerLayer' in scope
internal var playerLayer : AVPlayerLayer? = nil
^~~~~~~~~~~~~
/Users/admin/builder/spi-builder-workspace/Sources/swiftui-loop-videoplayer/view/player/ios/ExtPlayerUIView.swift:39:32: error: cannot find type 'AVPlayerLooper' in scope
internal var playerLooper: AVPlayerLooper?
^~~~~~~~~~~~~~
/Users/admin/builder/spi-builder-workspace/Sources/swiftui-loop-videoplayer/view/player/ios/ExtPlayerUIView.swift:42:26: error: cannot find type 'AVQueuePlayer' in scope
internal var player: AVQueuePlayer?
^~~~~~~~~~~~~
/Users/admin/builder/spi-builder-workspace/Sources/swiftui-loop-videoplayer/view/player/ios/ExtPlayerUIView.swift:69:33: error: cannot find type 'AVPictureInPictureController' in scope
internal var pipController: AVPictureInPictureController?
^~~~~~~~~~~~~~~~~~~~~~~~~~~~
/Users/admin/builder/spi-builder-workspace/Sources/swiftui-loop-videoplayer/view/player/ios/ExtPlayerUIView.swift:18:33: error: 'UIView' is unavailable in watchOS
internal class ExtPlayerUIView: UIView, ExtPlayerProtocol{
^~~~~~
/Applications/Xcode-26.3.0.app/Contents/Developer/Platforms/WatchOS.platform/Developer/SDKs/WatchOS26.2.sdk/System/Library/Frameworks/UIKit.framework/Headers/UIView.h:148:12: note: 'UIView' has been explicitly marked unavailable here
@interface UIView : UIResponder <NSCoding, UIAppearance, UIAppearanceContainer, UIDynamicItem, UITraitEnvironment, UICoordinateSpace, UIFocusItem, UIFocusItemContainer, CALayerDelegate>
^
/Users/admin/builder/spi-builder-workspace/Sources/swiftui-loop-videoplayer/view/player/main/ExtPlayerMultiPlatform.swift:23:22: error: 'UIView' is unavailable in watchOS
typealias View = UIView
^~~~~~
/Applications/Xcode-26.3.0.app/Contents/Developer/Platforms/WatchOS.platform/Developer/SDKs/WatchOS26.2.sdk/System/Library/Frameworks/UIKit.framework/Headers/UIView.h:148:12: note: 'UIView' has been explicitly marked unavailable here
@interface UIView : UIResponder <NSCoding, UIAppearance, UIAppearanceContainer, UIDynamicItem, UITraitEnvironment, UICoordinateSpace, UIFocusItem, UIFocusItemContainer, CALayerDelegate>
^
/Users/admin/builder/spi-builder-workspace/Sources/swiftui-loop-videoplayer/view/player/main/ExtPlayerMultiPlatform.swift:20:17: warning: unavailable class 'UIView' was used to satisfy a requirement of protocol 'ExtPlayerViewProtocol'; this will be an error in a future Swift language mode
internal struct ExtPlayerMultiPlatform: ExtPlayerViewProtocol {
^
/Applications/Xcode-26.3.0.app/Contents/Developer/Platforms/WatchOS.platform/Developer/SDKs/WatchOS26.2.sdk/System/Library/Frameworks/UIKit.framework/Headers/UIView.h:148:12: note: 'UIView' declared here
@interface UIView : UIResponder <NSCoding, UIAppearance, UIAppearanceContainer, UIDynamicItem, UITraitEnvironment, UICoordinateSpace, UIFocusItem, UIFocusItemContainer, CALayerDelegate>
^
/Users/admin/builder/spi-builder-workspace/Sources/swiftui-loop-videoplayer/protocol/view/ExtPlayerViewProtocol.swift:20:20: note: requirement 'View' declared here
associatedtype View: UIView
^
/Users/admin/builder/spi-builder-workspace/Sources/swiftui-loop-videoplayer/view/player/main/ExtPlayerMultiPlatform.swift:69:35: error: cannot find type 'UIViewRepresentable' in scope
extension ExtPlayerMultiPlatform: UIViewRepresentable{
^~~~~~~~~~~~~~~~~~~
/Users/admin/builder/spi-builder-workspace/Sources/swiftui-loop-videoplayer/view/player/main/ExtPlayerMultiPlatform.swift:73:30: error: cannot find type 'Context' in scope
func makeUIView(context: Context) -> UIView {
^~~~~~~
/Users/admin/builder/spi-builder-workspace/Sources/swiftui-loop-videoplayer/view/player/main/ExtPlayerMultiPlatform.swift:73:42: error: 'UIView' is unavailable in watchOS
func makeUIView(context: Context) -> UIView {
^~~~~~
/Applications/Xcode-26.3.0.app/Contents/Developer/Platforms/WatchOS.platform/Developer/SDKs/WatchOS26.2.sdk/System/Library/Frameworks/UIKit.framework/Headers/UIView.h:148:12: note: 'UIView' has been explicitly marked unavailable here
@interface UIView : UIResponder <NSCoding, UIAppearance, UIAppearanceContainer, UIDynamicItem, UITraitEnvironment, UICoordinateSpace, UIFocusItem, UIFocusItemContainer, CALayerDelegate>
^
/Users/admin/builder/spi-builder-workspace/Sources/swiftui-loop-videoplayer/view/player/main/ExtPlayerMultiPlatform.swift:92:50: error: cannot find type 'Context' in scope
func updateUIView(_ uiView: UIView, context: Context) {
^~~~~~~
/Users/admin/builder/spi-builder-workspace/Sources/swiftui-loop-videoplayer/view/player/main/ExtPlayerMultiPlatform.swift:92:33: error: 'UIView' is unavailable in watchOS
func updateUIView(_ uiView: UIView, context: Context) {
^~~~~~
/Applications/Xcode-26.3.0.app/Contents/Developer/Platforms/WatchOS.platform/Developer/SDKs/WatchOS26.2.sdk/System/Library/Frameworks/UIKit.framework/Headers/UIView.h:148:12: note: 'UIView' has been explicitly marked unavailable here
@interface UIView : UIResponder <NSCoding, UIAppearance, UIAppearanceContainer, UIDynamicItem, UITraitEnvironment, UICoordinateSpace, UIFocusItem, UIFocusItemContainer, CALayerDelegate>
^
/Users/admin/builder/spi-builder-workspace/Sources/swiftui-loop-videoplayer/view/player/main/ExtPlayerMultiPlatform.swift:111:43: error: 'UIView' is unavailable in watchOS
static func dismantleUIView(_ uiView: UIView, coordinator: PlayerCoordinator) {
^~~~~~
/Applications/Xcode-26.3.0.app/Contents/Developer/Platforms/WatchOS.platform/Developer/SDKs/WatchOS26.2.sdk/System/Library/Frameworks/UIKit.framework/Headers/UIView.h:148:12: note: 'UIView' has been explicitly marked unavailable here
@interface UIView : UIResponder <NSCoding, UIAppearance, UIAppearanceContainer, UIDynamicItem, UITraitEnvironment, UICoordinateSpace, UIFocusItem, UIFocusItemContainer, CALayerDelegate>
^
SwiftCompile normal armv7k Compiling\ ExtPlayerProtocol.swift,\ ShapeLayerBuilderProtocol.swift,\ VectorLayerProtocol.swift,\ ExtPlayerViewProtocol.swift /Users/admin/builder/spi-builder-workspace/Sources/swiftui-loop-videoplayer/protocol/player/ExtPlayerProtocol.swift /Users/admin/builder/spi-builder-workspace/Sources/swiftui-loop-videoplayer/protocol/vector/ShapeLayerBuilderProtocol.swift /Users/admin/builder/spi-builder-workspace/Sources/swiftui-loop-videoplayer/protocol/vector/VectorLayerProtocol.swift /Users/admin/builder/spi-builder-workspace/Sources/swiftui-loop-videoplayer/protocol/view/ExtPlayerViewProtocol.swift (in target 'swiftui-loop-videoplayer' from project 'swiftui-loop-videoplayer')
SwiftCompile normal armv7k /Users/admin/builder/spi-builder-workspace/Sources/swiftui-loop-videoplayer/protocol/player/ExtPlayerProtocol.swift (in target 'swiftui-loop-videoplayer' from project 'swiftui-loop-videoplayer')
cd /Users/admin/builder/spi-builder-workspace/.swiftpm/xcode
SwiftCompile normal armv7k /Users/admin/builder/spi-builder-workspace/Sources/swiftui-loop-videoplayer/protocol/vector/ShapeLayerBuilderProtocol.swift (in target 'swiftui-loop-videoplayer' from project 'swiftui-loop-videoplayer')
cd /Users/admin/builder/spi-builder-workspace/.swiftpm/xcode
SwiftCompile normal armv7k /Users/admin/builder/spi-builder-workspace/Sources/swiftui-loop-videoplayer/protocol/vector/VectorLayerProtocol.swift (in target 'swiftui-loop-videoplayer' from project 'swiftui-loop-videoplayer')
cd /Users/admin/builder/spi-builder-workspace/.swiftpm/xcode
SwiftCompile normal armv7k /Users/admin/builder/spi-builder-workspace/Sources/swiftui-loop-videoplayer/protocol/view/ExtPlayerViewProtocol.swift (in target 'swiftui-loop-videoplayer' from project 'swiftui-loop-videoplayer')
cd /Users/admin/builder/spi-builder-workspace/.swiftpm/xcode
SwiftExplicitDependencyGeneratePcm arm64_32 /Users/admin/builder/spi-builder-workspace/.derivedData/ModuleCache.noindex/SwiftUI-5SD3HQHB38AZN9QUB3GLJ37Z7.pcm
SwiftEmitModule normal arm64 Emitting\ module\ for\ swiftui_loop_videoplayer (in target 'swiftui-loop-videoplayer' from project 'swiftui-loop-videoplayer')
EmitSwiftModule normal arm64 (in target 'swiftui-loop-videoplayer' from project 'swiftui-loop-videoplayer')
cd /Users/admin/builder/spi-builder-workspace/.swiftpm/xcode
SwiftEmitModule normal arm64_32 Emitting\ module\ for\ swiftui_loop_videoplayer (in target 'swiftui-loop-videoplayer' from project 'swiftui-loop-videoplayer')
2026-06-27 23:25:06.220 xcodebuild[674:4279] [MT] IDERunDestination: Supported platforms for the buildables in the current scheme is empty.
** BUILD FAILED **
The following build commands failed:
SwiftEmitModule normal armv7k Emitting\ module\ for\ swiftui_loop_videoplayer (in target 'swiftui-loop-videoplayer' from project 'swiftui-loop-videoplayer')
EmitSwiftModule normal armv7k (in target 'swiftui-loop-videoplayer' from project 'swiftui-loop-videoplayer')
Building workspace spi-builder-workspace with scheme swiftui-loop-videoplayer
(3 failures)
Command line invocation:
/Applications/Xcode-26.3.0.app/Contents/Developer/usr/bin/xcodebuild -IDEClonedSourcePackagesDirPathOverride=/Users/admin/builder/spi-builder-workspace/.dependencies -resolvePackageDependencies
Resolve Package Graph
Resolved source packages:
swiftui-loop-videoplayer: /Users/admin/builder/spi-builder-workspace
resolved source packages: swiftui-loop-videoplayer
2026-06-27 23:25:14.123 xcodebuild[886:5031] [MT] IDERunDestination: Supported platforms for the buildables in the current scheme is empty.
{
"dependencies" : [
],
"manifest_display_name" : "swiftui-loop-videoplayer",
"name" : "swiftui-loop-videoplayer",
"path" : "/Users/admin/builder/spi-builder-workspace",
"platforms" : [
{
"name" : "ios",
"version" : "14.0"
},
{
"name" : "macos",
"version" : "11.0"
},
{
"name" : "tvos",
"version" : "14.0"
}
],
"products" : [
{
"name" : "swiftui-loop-videoplayer",
"targets" : [
"swiftui-loop-videoplayer"
],
"type" : {
"library" : [
"automatic"
]
}
}
],
"targets" : [
{
"c99name" : "swiftui_loop_videoplayerTests",
"module_type" : "SwiftTarget",
"name" : "swiftui-loop-videoplayerTests",
"path" : "Tests/swiftui-loop-videoplayerTests",
"resources" : [
{
"path" : "/Users/admin/builder/spi-builder-workspace/Tests/swiftui-loop-videoplayerTests/Resources/swipe.mp4",
"rule" : {
"process" : {
}
}
}
],
"sources" : [
"ext+/testURL.swift",
"ext+/textArray.swift",
"testPlaybackCommandChangesOverTime.swift",
"testPlayerInitialization.swift"
],
"target_dependencies" : [
"swiftui-loop-videoplayer"
],
"type" : "test"
},
{
"c99name" : "swiftui_loop_videoplayer",
"module_type" : "SwiftTarget",
"name" : "swiftui-loop-videoplayer",
"path" : "Sources/swiftui-loop-videoplayer",
"product_memberships" : [
"swiftui-loop-videoplayer"
],
"sources" : [
"ExtVideoPlayer.swift",
"enum/PlaybackCommand.swift",
"enum/PlayerEvent.swift",
"enum/PlayerEventFilter.swift",
"enum/Setting.swift",
"enum/VPErrors.swift",
"ext+/Array+.swift",
"ext+/CMTime+.swift",
"ext+/URL+.swift",
"ext+/View+.swift",
"fn/constraintsFn.swift",
"fn/fn+.swift",
"protocol/helpers/CustomView.swift",
"protocol/helpers/PlayerDelegateProtocol.swift",
"protocol/helpers/SettingsConvertible.swift",
"protocol/player/AbstractPlayer.swift",
"protocol/player/ExtPlayerProtocol.swift",
"protocol/vector/ShapeLayerBuilderProtocol.swift",
"protocol/vector/VectorLayerProtocol.swift",
"protocol/view/ExtPlayerViewProtocol.swift",
"settings/EnableVector.swift",
"settings/Events.swift",
"settings/Ext.swift",
"settings/Gravity.swift",
"settings/Loop.swift",
"settings/Mute.swift",
"settings/NotAutoPlay.swift",
"settings/PictureInPicture .swift",
"settings/SourceName.swift",
"settings/Subtitles.swift",
"settings/TimePublishing.swift",
"utils/SettingsBuilder.swift",
"utils/VideoSettings.swift",
"view/helpers/PlayerCoordinator.swift",
"view/modifier/OnPlayerEventChangeModifier.swift",
"view/modifier/OnTimeChangeModifier.swift",
"view/player/ios/ExtPlayerUIView.swift",
"view/player/mac/ExtPlayerNSView.swift",
"view/player/main/ExtPlayerMultiPlatform.swift"
],
"type" : "library"
}
],
"tools_version" : "5.6"
}
{
"workspace" : {
"name" : "spi-builder-workspace",
"schemes" : [
"swiftui-loop-videoplayer"
]
}
}
2026-06-27 23:25:15.228 xcodebuild[894:5115] [MT] IDERunDestination: Supported platforms for the buildables in the current scheme is empty.
Running build ...
env DEVELOPER_DIR=/Applications/Xcode-26.3.0.app xcrun xcodebuild -IDEClonedSourcePackagesDirPathOverride=$PWD/.dependencies -skipMacroValidation -skipPackagePluginValidation -derivedDataPath $PWD/.derivedData build -scheme swiftui-loop-videoplayer -destination generic/platform=watchOS
Command line invocation:
/Applications/Xcode-26.3.0.app/Contents/Developer/usr/bin/xcodebuild -IDEClonedSourcePackagesDirPathOverride=/Users/admin/builder/spi-builder-workspace/.dependencies -skipMacroValidation -skipPackagePluginValidation -derivedDataPath /Users/admin/builder/spi-builder-workspace/.derivedData build -scheme swiftui-loop-videoplayer -destination generic/platform=watchOS
Resolve Package Graph
Resolved source packages:
swiftui-loop-videoplayer: /Users/admin/builder/spi-builder-workspace
ComputePackagePrebuildTargetDependencyGraph
Prepare packages
CreateBuildRequest
SendProjectDescription
CreateBuildOperation
ComputeTargetDependencyGraph
note: Building targets in dependency order
note: Target dependency graph (2 targets)
Target 'swiftui-loop-videoplayer' in project 'swiftui-loop-videoplayer'
➜ Explicit dependency on target 'swiftui-loop-videoplayer' in project 'swiftui-loop-videoplayer'
Target 'swiftui-loop-videoplayer' in project 'swiftui-loop-videoplayer' (no dependencies)
GatherProvisioningInputs
CreateBuildDescription
ClangStatCache /Applications/Xcode-26.3.0.app/Contents/Developer/Toolchains/XcodeDefault.xctoolchain/usr/bin/clang-stat-cache /Applications/Xcode-26.3.0.app/Contents/Developer/Platforms/WatchOS.platform/Developer/SDKs/WatchOS26.2.sdk /Users/admin/builder/spi-builder-workspace/.derivedData/SDKStatCaches.noindex/watchos26.2-23S303-dc75598d0054f22ec865fa860f139d721753b489057de6bda919edfa1c59a62b.sdkstatcache
cd /Users/admin/builder/spi-builder-workspace/.swiftpm/xcode
/Applications/Xcode-26.3.0.app/Contents/Developer/Toolchains/XcodeDefault.xctoolchain/usr/bin/clang-stat-cache /Applications/Xcode-26.3.0.app/Contents/Developer/Platforms/WatchOS.platform/Developer/SDKs/WatchOS26.2.sdk -o /Users/admin/builder/spi-builder-workspace/.derivedData/SDKStatCaches.noindex/watchos26.2-23S303-dc75598d0054f22ec865fa860f139d721753b489057de6bda919edfa1c59a62b.sdkstatcache
SwiftDriver swiftui-loop-videoplayer normal armv7k com.apple.xcode.tools.swift.compiler (in target 'swiftui-loop-videoplayer' from project 'swiftui-loop-videoplayer')
cd /Users/admin/builder/spi-builder-workspace/.swiftpm/xcode
builtin-SwiftDriver -- /Applications/Xcode-26.3.0.app/Contents/Developer/Toolchains/XcodeDefault.xctoolchain/usr/bin/swiftc -module-name swiftui_loop_videoplayer -Onone -enforce-exclusivity\=checked @/Users/admin/builder/spi-builder-workspace/.derivedData/Build/Intermediates.noindex/swiftui-loop-videoplayer.build/Debug-watchos/swiftui-loop-videoplayer.build/Objects-normal/armv7k/swiftui-loop-videoplayer.SwiftFileList -DSWIFT_PACKAGE -DDEBUG -DSWIFT_MODULE_RESOURCE_BUNDLE_UNAVAILABLE -DXcode -plugin-path /Applications/Xcode-26.3.0.app/Contents/Developer/Toolchains/XcodeDefault.xctoolchain/usr/lib/swift/host/plugins/testing -enable-experimental-feature DebugDescriptionMacro -sdk /Applications/Xcode-26.3.0.app/Contents/Developer/Platforms/WatchOS.platform/Developer/SDKs/WatchOS26.2.sdk -target armv7k-apple-watchos7.0 -g -module-cache-path /Users/admin/builder/spi-builder-workspace/.derivedData/ModuleCache.noindex -Xfrontend -serialize-debugging-options -profile-coverage-mapping -profile-generate -enable-testing -index-store-path /Users/admin/builder/spi-builder-workspace/.derivedData/Index.noindex/DataStore -Xcc -D_LIBCPP_HARDENING_MODE\=_LIBCPP_HARDENING_MODE_DEBUG -swift-version 5 -I /Users/admin/builder/spi-builder-workspace/.derivedData/Build/Products/Debug-watchos -Isystem /Applications/Xcode-26.3.0.app/Contents/Developer/Platforms/WatchOS.platform/Developer/usr/lib -F /Users/admin/builder/spi-builder-workspace/.derivedData/Build/Products/Debug-watchos -F /Applications/Xcode-26.3.0.app/Contents/Developer/Platforms/WatchOS.platform/Developer/Library/Frameworks -F /Applications/Xcode-26.3.0.app/Contents/Developer/Platforms/WatchOS.platform/Developer/SDKs/WatchOS26.2.sdk/Developer/Library/Frameworks -c -j10 -enable-batch-mode -incremental -Xcc -ivfsstatcache -Xcc /Users/admin/builder/spi-builder-workspace/.derivedData/SDKStatCaches.noindex/watchos26.2-23S303-dc75598d0054f22ec865fa860f139d721753b489057de6bda919edfa1c59a62b.sdkstatcache -output-file-map /Users/admin/builder/spi-builder-workspace/.derivedData/Build/Intermediates.noindex/swiftui-loop-videoplayer.build/Debug-watchos/swiftui-loop-videoplayer.build/Objects-normal/armv7k/swiftui-loop-videoplayer-OutputFileMap.json -use-frontend-parseable-output -save-temps -no-color-diagnostics -explicit-module-build -module-cache-path /Users/admin/builder/spi-builder-workspace/.derivedData/Build/Intermediates.noindex/SwiftExplicitPrecompiledModules -clang-scanner-module-cache-path /Users/admin/builder/spi-builder-workspace/.derivedData/ModuleCache.noindex -sdk-module-cache-path /Users/admin/builder/spi-builder-workspace/.derivedData/ModuleCache.noindex -serialize-diagnostics -emit-dependencies -emit-module -emit-module-path /Users/admin/builder/spi-builder-workspace/.derivedData/Build/Intermediates.noindex/swiftui-loop-videoplayer.build/Debug-watchos/swiftui-loop-videoplayer.build/Objects-normal/armv7k/swiftui_loop_videoplayer.swiftmodule -validate-clang-modules-once -clang-build-session-file /Users/admin/builder/spi-builder-workspace/.derivedData/ModuleCache.noindex/Session.modulevalidation -Xcc -I/Users/admin/builder/spi-builder-workspace/.derivedData/Build/Intermediates.noindex/swiftui-loop-videoplayer.build/Debug-watchos/swiftui-loop-videoplayer.build/swift-overrides.hmap -emit-const-values -Xfrontend -const-gather-protocols-file -Xfrontend /Users/admin/builder/spi-builder-workspace/.derivedData/Build/Intermediates.noindex/swiftui-loop-videoplayer.build/Debug-watchos/swiftui-loop-videoplayer.build/Objects-normal/armv7k/swiftui-loop-videoplayer_const_extract_protocols.json -Xcc -I/Users/admin/builder/spi-builder-workspace/.derivedData/Build/Products/Debug-watchos/include -Xcc -I/Users/admin/builder/spi-builder-workspace/.derivedData/Build/Intermediates.noindex/swiftui-loop-videoplayer.build/Debug-watchos/swiftui-loop-videoplayer.build/DerivedSources-normal/armv7k -Xcc -I/Users/admin/builder/spi-builder-workspace/.derivedData/Build/Intermediates.noindex/swiftui-loop-videoplayer.build/Debug-watchos/swiftui-loop-videoplayer.build/DerivedSources/armv7k -Xcc -I/Users/admin/builder/spi-builder-workspace/.derivedData/Build/Intermediates.noindex/swiftui-loop-videoplayer.build/Debug-watchos/swiftui-loop-videoplayer.build/DerivedSources -Xcc -DSWIFT_PACKAGE -Xcc -DDEBUG\=1 -emit-objc-header -emit-objc-header-path /Users/admin/builder/spi-builder-workspace/.derivedData/Build/Intermediates.noindex/swiftui-loop-videoplayer.build/Debug-watchos/swiftui-loop-videoplayer.build/Objects-normal/armv7k/swiftui-loop-videoplayer-Swift.h -working-directory /Users/admin/builder/spi-builder-workspace/.swiftpm/xcode -experimental-emit-module-separately -disable-cmo
SwiftDriver swiftui-loop-videoplayer normal arm64 com.apple.xcode.tools.swift.compiler (in target 'swiftui-loop-videoplayer' from project 'swiftui-loop-videoplayer')
cd /Users/admin/builder/spi-builder-workspace/.swiftpm/xcode
builtin-SwiftDriver -- /Applications/Xcode-26.3.0.app/Contents/Developer/Toolchains/XcodeDefault.xctoolchain/usr/bin/swiftc -module-name swiftui_loop_videoplayer -Onone -enforce-exclusivity\=checked @/Users/admin/builder/spi-builder-workspace/.derivedData/Build/Intermediates.noindex/swiftui-loop-videoplayer.build/Debug-watchos/swiftui-loop-videoplayer.build/Objects-normal/arm64/swiftui-loop-videoplayer.SwiftFileList -DSWIFT_PACKAGE -DDEBUG -DSWIFT_MODULE_RESOURCE_BUNDLE_UNAVAILABLE -DXcode -plugin-path /Applications/Xcode-26.3.0.app/Contents/Developer/Toolchains/XcodeDefault.xctoolchain/usr/lib/swift/host/plugins/testing -enable-experimental-feature DebugDescriptionMacro -sdk /Applications/Xcode-26.3.0.app/Contents/Developer/Platforms/WatchOS.platform/Developer/SDKs/WatchOS26.2.sdk -target arm64-apple-watchos7.0 -g -module-cache-path /Users/admin/builder/spi-builder-workspace/.derivedData/ModuleCache.noindex -Xfrontend -serialize-debugging-options -profile-coverage-mapping -profile-generate -enable-testing -index-store-path /Users/admin/builder/spi-builder-workspace/.derivedData/Index.noindex/DataStore -Xcc -D_LIBCPP_HARDENING_MODE\=_LIBCPP_HARDENING_MODE_DEBUG -swift-version 5 -I /Users/admin/builder/spi-builder-workspace/.derivedData/Build/Products/Debug-watchos -Isystem /Applications/Xcode-26.3.0.app/Contents/Developer/Platforms/WatchOS.platform/Developer/usr/lib -F /Users/admin/builder/spi-builder-workspace/.derivedData/Build/Products/Debug-watchos -F /Applications/Xcode-26.3.0.app/Contents/Developer/Platforms/WatchOS.platform/Developer/Library/Frameworks -F /Applications/Xcode-26.3.0.app/Contents/Developer/Platforms/WatchOS.platform/Developer/SDKs/WatchOS26.2.sdk/Developer/Library/Frameworks -c -j10 -enable-batch-mode -incremental -Xcc -ivfsstatcache -Xcc /Users/admin/builder/spi-builder-workspace/.derivedData/SDKStatCaches.noindex/watchos26.2-23S303-dc75598d0054f22ec865fa860f139d721753b489057de6bda919edfa1c59a62b.sdkstatcache -output-file-map /Users/admin/builder/spi-builder-workspace/.derivedData/Build/Intermediates.noindex/swiftui-loop-videoplayer.build/Debug-watchos/swiftui-loop-videoplayer.build/Objects-normal/arm64/swiftui-loop-videoplayer-OutputFileMap.json -use-frontend-parseable-output -save-temps -no-color-diagnostics -explicit-module-build -module-cache-path /Users/admin/builder/spi-builder-workspace/.derivedData/Build/Intermediates.noindex/SwiftExplicitPrecompiledModules -clang-scanner-module-cache-path /Users/admin/builder/spi-builder-workspace/.derivedData/ModuleCache.noindex -sdk-module-cache-path /Users/admin/builder/spi-builder-workspace/.derivedData/ModuleCache.noindex -serialize-diagnostics -emit-dependencies -emit-module -emit-module-path /Users/admin/builder/spi-builder-workspace/.derivedData/Build/Intermediates.noindex/swiftui-loop-videoplayer.build/Debug-watchos/swiftui-loop-videoplayer.build/Objects-normal/arm64/swiftui_loop_videoplayer.swiftmodule -validate-clang-modules-once -clang-build-session-file /Users/admin/builder/spi-builder-workspace/.derivedData/ModuleCache.noindex/Session.modulevalidation -Xcc -I/Users/admin/builder/spi-builder-workspace/.derivedData/Build/Intermediates.noindex/swiftui-loop-videoplayer.build/Debug-watchos/swiftui-loop-videoplayer.build/swift-overrides.hmap -emit-const-values -Xfrontend -const-gather-protocols-file -Xfrontend /Users/admin/builder/spi-builder-workspace/.derivedData/Build/Intermediates.noindex/swiftui-loop-videoplayer.build/Debug-watchos/swiftui-loop-videoplayer.build/Objects-normal/arm64/swiftui-loop-videoplayer_const_extract_protocols.json -Xcc -I/Users/admin/builder/spi-builder-workspace/.derivedData/Build/Products/Debug-watchos/include -Xcc -I/Users/admin/builder/spi-builder-workspace/.derivedData/Build/Intermediates.noindex/swiftui-loop-videoplayer.build/Debug-watchos/swiftui-loop-videoplayer.build/DerivedSources-normal/arm64 -Xcc -I/Users/admin/builder/spi-builder-workspace/.derivedData/Build/Intermediates.noindex/swiftui-loop-videoplayer.build/Debug-watchos/swiftui-loop-videoplayer.build/DerivedSources/arm64 -Xcc -I/Users/admin/builder/spi-builder-workspace/.derivedData/Build/Intermediates.noindex/swiftui-loop-videoplayer.build/Debug-watchos/swiftui-loop-videoplayer.build/DerivedSources -Xcc -DSWIFT_PACKAGE -Xcc -DDEBUG\=1 -emit-objc-header -emit-objc-header-path /Users/admin/builder/spi-builder-workspace/.derivedData/Build/Intermediates.noindex/swiftui-loop-videoplayer.build/Debug-watchos/swiftui-loop-videoplayer.build/Objects-normal/arm64/swiftui-loop-videoplayer-Swift.h -working-directory /Users/admin/builder/spi-builder-workspace/.swiftpm/xcode -experimental-emit-module-separately -disable-cmo
SwiftDriver swiftui-loop-videoplayer normal arm64_32 com.apple.xcode.tools.swift.compiler (in target 'swiftui-loop-videoplayer' from project 'swiftui-loop-videoplayer')
cd /Users/admin/builder/spi-builder-workspace/.swiftpm/xcode
builtin-SwiftDriver -- /Applications/Xcode-26.3.0.app/Contents/Developer/Toolchains/XcodeDefault.xctoolchain/usr/bin/swiftc -module-name swiftui_loop_videoplayer -Onone -enforce-exclusivity\=checked @/Users/admin/builder/spi-builder-workspace/.derivedData/Build/Intermediates.noindex/swiftui-loop-videoplayer.build/Debug-watchos/swiftui-loop-videoplayer.build/Objects-normal/arm64_32/swiftui-loop-videoplayer.SwiftFileList -DSWIFT_PACKAGE -DDEBUG -DSWIFT_MODULE_RESOURCE_BUNDLE_UNAVAILABLE -DXcode -plugin-path /Applications/Xcode-26.3.0.app/Contents/Developer/Toolchains/XcodeDefault.xctoolchain/usr/lib/swift/host/plugins/testing -enable-experimental-feature DebugDescriptionMacro -sdk /Applications/Xcode-26.3.0.app/Contents/Developer/Platforms/WatchOS.platform/Developer/SDKs/WatchOS26.2.sdk -target arm64_32-apple-watchos7.0 -g -module-cache-path /Users/admin/builder/spi-builder-workspace/.derivedData/ModuleCache.noindex -Xfrontend -serialize-debugging-options -profile-coverage-mapping -profile-generate -enable-testing -index-store-path /Users/admin/builder/spi-builder-workspace/.derivedData/Index.noindex/DataStore -Xcc -D_LIBCPP_HARDENING_MODE\=_LIBCPP_HARDENING_MODE_DEBUG -swift-version 5 -I /Users/admin/builder/spi-builder-workspace/.derivedData/Build/Products/Debug-watchos -Isystem /Applications/Xcode-26.3.0.app/Contents/Developer/Platforms/WatchOS.platform/Developer/usr/lib -F /Users/admin/builder/spi-builder-workspace/.derivedData/Build/Products/Debug-watchos -F /Applications/Xcode-26.3.0.app/Contents/Developer/Platforms/WatchOS.platform/Developer/Library/Frameworks -F /Applications/Xcode-26.3.0.app/Contents/Developer/Platforms/WatchOS.platform/Developer/SDKs/WatchOS26.2.sdk/Developer/Library/Frameworks -c -j10 -enable-batch-mode -incremental -Xcc -ivfsstatcache -Xcc /Users/admin/builder/spi-builder-workspace/.derivedData/SDKStatCaches.noindex/watchos26.2-23S303-dc75598d0054f22ec865fa860f139d721753b489057de6bda919edfa1c59a62b.sdkstatcache -output-file-map /Users/admin/builder/spi-builder-workspace/.derivedData/Build/Intermediates.noindex/swiftui-loop-videoplayer.build/Debug-watchos/swiftui-loop-videoplayer.build/Objects-normal/arm64_32/swiftui-loop-videoplayer-OutputFileMap.json -use-frontend-parseable-output -save-temps -no-color-diagnostics -explicit-module-build -module-cache-path /Users/admin/builder/spi-builder-workspace/.derivedData/Build/Intermediates.noindex/SwiftExplicitPrecompiledModules -clang-scanner-module-cache-path /Users/admin/builder/spi-builder-workspace/.derivedData/ModuleCache.noindex -sdk-module-cache-path /Users/admin/builder/spi-builder-workspace/.derivedData/ModuleCache.noindex -serialize-diagnostics -emit-dependencies -emit-module -emit-module-path /Users/admin/builder/spi-builder-workspace/.derivedData/Build/Intermediates.noindex/swiftui-loop-videoplayer.build/Debug-watchos/swiftui-loop-videoplayer.build/Objects-normal/arm64_32/swiftui_loop_videoplayer.swiftmodule -validate-clang-modules-once -clang-build-session-file /Users/admin/builder/spi-builder-workspace/.derivedData/ModuleCache.noindex/Session.modulevalidation -Xcc -I/Users/admin/builder/spi-builder-workspace/.derivedData/Build/Intermediates.noindex/swiftui-loop-videoplayer.build/Debug-watchos/swiftui-loop-videoplayer.build/swift-overrides.hmap -emit-const-values -Xfrontend -const-gather-protocols-file -Xfrontend /Users/admin/builder/spi-builder-workspace/.derivedData/Build/Intermediates.noindex/swiftui-loop-videoplayer.build/Debug-watchos/swiftui-loop-videoplayer.build/Objects-normal/arm64_32/swiftui-loop-videoplayer_const_extract_protocols.json -Xcc -I/Users/admin/builder/spi-builder-workspace/.derivedData/Build/Products/Debug-watchos/include -Xcc -I/Users/admin/builder/spi-builder-workspace/.derivedData/Build/Intermediates.noindex/swiftui-loop-videoplayer.build/Debug-watchos/swiftui-loop-videoplayer.build/DerivedSources-normal/arm64_32 -Xcc -I/Users/admin/builder/spi-builder-workspace/.derivedData/Build/Intermediates.noindex/swiftui-loop-videoplayer.build/Debug-watchos/swiftui-loop-videoplayer.build/DerivedSources/arm64_32 -Xcc -I/Users/admin/builder/spi-builder-workspace/.derivedData/Build/Intermediates.noindex/swiftui-loop-videoplayer.build/Debug-watchos/swiftui-loop-videoplayer.build/DerivedSources -Xcc -DSWIFT_PACKAGE -Xcc -DDEBUG\=1 -emit-objc-header -emit-objc-header-path /Users/admin/builder/spi-builder-workspace/.derivedData/Build/Intermediates.noindex/swiftui-loop-videoplayer.build/Debug-watchos/swiftui-loop-videoplayer.build/Objects-normal/arm64_32/swiftui-loop-videoplayer-Swift.h -working-directory /Users/admin/builder/spi-builder-workspace/.swiftpm/xcode -experimental-emit-module-separately -disable-cmo
SwiftEmitModule normal arm64_32 Emitting\ module\ for\ swiftui_loop_videoplayer (in target 'swiftui-loop-videoplayer' from project 'swiftui-loop-videoplayer')
EmitSwiftModule normal arm64_32 (in target 'swiftui-loop-videoplayer' from project 'swiftui-loop-videoplayer')
cd /Users/admin/builder/spi-builder-workspace/.swiftpm/xcode
/Users/admin/builder/spi-builder-workspace/Sources/swiftui-loop-videoplayer/ExtVideoPlayer.swift:48:18: error: cannot find type 'AVLayerVideoGravity' in scope
gravity: AVLayerVideoGravity = .resizeAspect,
^~~~~~~~~~~~~~~~~~~
/Users/admin/builder/spi-builder-workspace/Sources/swiftui-loop-videoplayer/ExtVideoPlayer.swift:49:26: error: cannot find type 'CMTime' in scope
timePublishing : CMTime? = CMTime(seconds: 1, preferredTimescale: 600),
^~~~~~
/Users/admin/builder/spi-builder-workspace/Sources/swiftui-loop-videoplayer/enum/PlaybackCommand.swift:81:17: error: cannot find type 'CIFilter' in scope
case filter(CIFilter, clear: Bool = false)
^~~~~~~~
/Users/admin/builder/spi-builder-workspace/Sources/swiftui-loop-videoplayer/utils/VideoSettings.swift:46:32: error: cannot find type 'CMTime' in scope
public let timePublishing: CMTime?
^~~~~~
/Users/admin/builder/spi-builder-workspace/Sources/swiftui-loop-videoplayer/utils/VideoSettings.swift:49:25: error: cannot find type 'AVLayerVideoGravity' in scope
public let gravity: AVLayerVideoGravity
^~~~~~~~~~~~~~~~~~~
/Users/admin/builder/spi-builder-workspace/Sources/swiftui-loop-videoplayer/enum/Setting.swift:53:25: error: cannot find type 'CMTime' in scope
case timePublishing(CMTime)
^~~~~~
/Users/admin/builder/spi-builder-workspace/Sources/swiftui-loop-videoplayer/enum/Setting.swift:56:18: error: cannot find type 'AVLayerVideoGravity' in scope
case gravity(AVLayerVideoGravity = .resizeAspect)
^~~~~~~~~~~~~~~~~~~
/Users/admin/builder/spi-builder-workspace/Sources/swiftui-loop-videoplayer/enum/Setting.swift:17:13: error: type 'Setting' does not conform to protocol 'Equatable'
public enum Setting: Equatable, SettingsConvertible {
^
/Users/admin/builder/spi-builder-workspace/Sources/swiftui-loop-videoplayer/enum/Setting.swift:53:25: note: associated value type '<<error type>>' does not conform to protocol 'Equatable', preventing synthesized conformance of 'Setting' to 'Equatable'
case timePublishing(CMTime)
^
/Users/admin/builder/spi-builder-workspace/Sources/swiftui-loop-videoplayer/enum/Setting.swift:56:18: note: associated value type '<<error type>>' does not conform to protocol 'Equatable', preventing synthesized conformance of 'Setting' to 'Equatable'
case gravity(AVLayerVideoGravity = .resizeAspect)
^
Swift.==:1:24: note: candidate would match if 'Setting' conformed to 'RawRepresentable'
@inlinable public func == <T>(lhs: T, rhs: T) -> Bool where T : RawRepresentable, T.RawValue : Equatable
^
Swift.FloatingPoint.==:2:20: note: candidate would match if 'Setting' conformed to 'FloatingPoint'
public static func == (lhs: Self, rhs: Self) -> Bool}
^
Swift.BinaryInteger.==:2:20: note: candidate would match if 'Setting' conformed to 'BinaryInteger'
public static func == <Other>(lhs: Self, rhs: Other) -> Bool where Other : BinaryInteger}
^
Swift._Pointer.==:2:20: note: candidate would match if 'Setting' conformed to '_Pointer'
public static func == (lhs: Self, rhs: Self) -> Bool}
^
Swift._Pointer.==:2:31: note: candidate would match if 'Setting' conformed to '_Pointer'
@inlinable public static func == <Other>(lhs: Self, rhs: Other) -> Bool where Other : _Pointer}
^
Swift.Strideable.==:2:31: note: candidate would match if 'Setting' conformed to 'Strideable'
@inlinable public static func == (x: Self, y: Self) -> Bool}
^
Swift.StringProtocol.==:2:31: note: candidate would match if 'Setting' conformed to 'StringProtocol'
@inlinable public static func == <RHS>(lhs: Self, rhs: RHS) -> Bool where RHS : StringProtocol}
^
Swift.SIMD.==:2:20: note: candidate would match if 'Setting' conformed to 'SIMD'
public static func == (a: Self, b: Self) -> Bool}
^
Foundation.AttributedStringProtocol.==:2:20: note: candidate would match if 'Setting' conformed to 'AttributedStringProtocol'
public static func == <RHS>(lhs: Self, rhs: RHS) -> Bool where RHS : AttributedStringProtocol}
^
Foundation._BridgedStoredNSError.==:2:20: note: candidate would match if 'Setting' conformed to '_BridgedStoredNSError'
public static func == (lhs: Self, rhs: Self) -> Bool}
^
CoreFoundation._CFObject.==:2:20: note: candidate would match if 'Setting' conformed to '_CFObject'
public static func == (left: Self, right: Self) -> Bool}
^
/Users/admin/builder/spi-builder-workspace/Sources/swiftui-loop-videoplayer/enum/Setting.swift:17:13: note: add stubs for conformance
public enum Setting: Equatable, SettingsConvertible {
^
Swift.Equatable.==:2:13: note: protocol requires function '==' with type '(Setting, Setting) -> Bool'
static func == (lhs: Self, rhs: Self) -> Bool}
^
/Users/admin/builder/spi-builder-workspace/Sources/swiftui-loop-videoplayer/ext+/CMTime+.swift:13:11: error: cannot find type 'CMTime' in scope
extension CMTime : SettingsConvertible {
^~~~~~
/Users/admin/builder/spi-builder-workspace/Sources/swiftui-loop-videoplayer/ext+/View+.swift:14:30: error: 'UIView' is unavailable in watchOS
func findFirstSubview<T: UIView>(ofType type: T.Type) -> T? {
^~~~~~
/Applications/Xcode-26.3.0.app/Contents/Developer/Platforms/WatchOS.platform/Developer/SDKs/WatchOS26.2.sdk/System/Library/Frameworks/UIKit.framework/Headers/UIView.h:148:12: note: 'UIView' has been explicitly marked unavailable here
@interface UIView : UIResponder <NSCoding, UIAppearance, UIAppearanceContainer, UIDynamicItem, UITraitEnvironment, UICoordinateSpace, UIFocusItem, UIFocusItemContainer, CALayerDelegate>
^
/Users/admin/builder/spi-builder-workspace/Sources/swiftui-loop-videoplayer/ext+/View+.swift:11:20: error: 'UIView' is unavailable in watchOS
internal extension UIView {
^~~~~~
/Applications/Xcode-26.3.0.app/Contents/Developer/Platforms/WatchOS.platform/Developer/SDKs/WatchOS26.2.sdk/System/Library/Frameworks/UIKit.framework/Headers/UIView.h:148:12: note: 'UIView' has been explicitly marked unavailable here
@interface UIView : UIResponder <NSCoding, UIAppearance, UIAppearanceContainer, UIDynamicItem, UITraitEnvironment, UICoordinateSpace, UIFocusItem, UIFocusItemContainer, CALayerDelegate>
^
/Users/admin/builder/spi-builder-workspace/Sources/swiftui-loop-videoplayer/fn/constraintsFn.swift:37:46: error: 'UIView' is unavailable in watchOS
func activateFullScreenConstraints(for view: UIView, in containerView: UIView) {
^~~~~~
/Applications/Xcode-26.3.0.app/Contents/Developer/Platforms/WatchOS.platform/Developer/SDKs/WatchOS26.2.sdk/System/Library/Frameworks/UIKit.framework/Headers/UIView.h:148:12: note: 'UIView' has been explicitly marked unavailable here
@interface UIView : UIResponder <NSCoding, UIAppearance, UIAppearanceContainer, UIDynamicItem, UITraitEnvironment, UICoordinateSpace, UIFocusItem, UIFocusItemContainer, CALayerDelegate>
^
/Users/admin/builder/spi-builder-workspace/Sources/swiftui-loop-videoplayer/fn/constraintsFn.swift:37:72: error: 'UIView' is unavailable in watchOS
func activateFullScreenConstraints(for view: UIView, in containerView: UIView) {
^~~~~~
/Applications/Xcode-26.3.0.app/Contents/Developer/Platforms/WatchOS.platform/Developer/SDKs/WatchOS26.2.sdk/System/Library/Frameworks/UIKit.framework/Headers/UIView.h:148:12: note: 'UIView' has been explicitly marked unavailable here
@interface UIView : UIResponder <NSCoding, UIAppearance, UIAppearanceContainer, UIDynamicItem, UITraitEnvironment, UICoordinateSpace, UIFocusItem, UIFocusItemContainer, CALayerDelegate>
^
/Users/admin/builder/spi-builder-workspace/Sources/swiftui-loop-videoplayer/fn/fn+.swift:113:87: error: cannot find type 'CIFilter' in scope
func combineFilters(_ filters: [CIFilter],_ brightness: Float,_ contrast: Float) -> [CIFilter] {
^~~~~~~~
/Users/admin/builder/spi-builder-workspace/Sources/swiftui-loop-videoplayer/fn/fn+.swift:113:33: error: cannot find type 'CIFilter' in scope
func combineFilters(_ filters: [CIFilter],_ brightness: Float,_ contrast: Float) -> [CIFilter] {
^~~~~~~~
/Users/admin/builder/spi-builder-workspace/Sources/swiftui-loop-videoplayer/fn/fn+.swift:133:87: error: cannot find type 'CIFilter' in scope
func handleVideoComposition(request: AVAsynchronousCIImageFilteringRequest, filters: [CIFilter]) {
^~~~~~~~
/Users/admin/builder/spi-builder-workspace/Sources/swiftui-loop-videoplayer/fn/fn+.swift:133:38: error: 'AVAsynchronousCIImageFilteringRequest' is unavailable in watchOS
func handleVideoComposition(request: AVAsynchronousCIImageFilteringRequest, filters: [CIFilter]) {
^~~~~~~~~~~~~~~~~~~~~~~~~~~~~~~~~~~~~
/Applications/Xcode-26.3.0.app/Contents/Developer/Platforms/WatchOS.platform/Developer/SDKs/WatchOS26.2.sdk/System/Library/Frameworks/AVFoundation.framework/Headers/AVVideoCompositing.h:332:12: note: 'AVAsynchronousCIImageFilteringRequest' has been explicitly marked unavailable here
@interface AVAsynchronousCIImageFilteringRequest : NSObject <NSCopying> {
^
/Users/admin/builder/spi-builder-workspace/Sources/swiftui-loop-videoplayer/protocol/player/AbstractPlayer.swift:42:19: error: cannot find type 'CIFilter' in scope
var filters: [CIFilter] { get set }
^~~~~~~~
/Users/admin/builder/spi-builder-workspace/Sources/swiftui-loop-videoplayer/protocol/player/AbstractPlayer.swift:45:23: error: 'AVPlayerLooper' is unavailable in watchOS
var playerLooper: AVPlayerLooper? { get set }
^~~~~~~~~~~~~~
/Applications/Xcode-26.3.0.app/Contents/Developer/Platforms/WatchOS.platform/Developer/SDKs/WatchOS26.2.sdk/System/Library/Frameworks/AVFoundation.framework/Headers/AVPlayerLooper.h:91:12: note: 'AVPlayerLooper' has been explicitly marked unavailable here
@interface AVPlayerLooper : NSObject
^
/Users/admin/builder/spi-builder-workspace/Sources/swiftui-loop-videoplayer/protocol/player/AbstractPlayer.swift:124:31: error: cannot find type 'CIFilter' in scope
func applyFilter(_ value: CIFilter, _ clear : Bool)
^~~~~~~~
/Users/admin/builder/spi-builder-workspace/Sources/swiftui-loop-videoplayer/protocol/player/AbstractPlayer.swift:366:31: error: cannot find type 'CIFilter' in scope
func applyFilter(_ value: CIFilter, _ clear : Bool) {
^~~~~~~~
/Users/admin/builder/spi-builder-workspace/Sources/swiftui-loop-videoplayer/protocol/player/AbstractPlayer.swift:377:40: error: cannot find type 'CIFilter' in scope
private func appendFilter(_ value: CIFilter) {
^~~~~~~~
/Users/admin/builder/spi-builder-workspace/Sources/swiftui-loop-videoplayer/protocol/player/ExtPlayerProtocol.swift:26:20: error: 'CALayer' is unavailable in watchOS
var layer: CALayer { get }
^~~~~~~
/Applications/Xcode-26.3.0.app/Contents/Developer/Platforms/WatchOS.platform/Developer/SDKs/WatchOS26.2.sdk/System/Library/Frameworks/QuartzCore.framework/Headers/CALayer.h:117:12: note: 'CALayer' has been explicitly marked unavailable here
@interface CALayer : NSObject <NSSecureCoding, CAMediaTiming>
^
/Users/admin/builder/spi-builder-workspace/Sources/swiftui-loop-videoplayer/protocol/player/ExtPlayerProtocol.swift:35:22: error: 'AVPlayerLayer' is unavailable in watchOS
var playerLayer: AVPlayerLayer? { get set }
^~~~~~~~~~~~~
/Applications/Xcode-26.3.0.app/Contents/Developer/Platforms/WatchOS.platform/Developer/SDKs/WatchOS26.2.sdk/System/Library/Frameworks/AVFoundation.framework/Headers/AVPlayerLayer.h:52:12: note: 'AVPlayerLayer' has been explicitly marked unavailable here
@interface AVPlayerLayer : CALayer
^
/Users/admin/builder/spi-builder-workspace/Sources/swiftui-loop-videoplayer/protocol/vector/ShapeLayerBuilderProtocol.swift:30:67: error: 'CAShapeLayer' is unavailable in watchOS
func build(with geometry: (frame: CGRect, bounds: CGRect)) -> CAShapeLayer
^~~~~~~~~~~~
/Applications/Xcode-26.3.0.app/Contents/Developer/Platforms/WatchOS.platform/Developer/SDKs/WatchOS26.2.sdk/System/Library/Frameworks/QuartzCore.framework/Headers/CAShapeLayer.h:40:12: note: 'CAShapeLayer' has been explicitly marked unavailable here
@interface CAShapeLayer : CALayer
^
/Users/admin/builder/spi-builder-workspace/Sources/swiftui-loop-videoplayer/protocol/vector/VectorLayerProtocol.swift:29:25: error: 'CALayer' is unavailable in watchOS
var compositeLayer: CALayer? { get set }
^~~~~~~
/Applications/Xcode-26.3.0.app/Contents/Developer/Platforms/WatchOS.platform/Developer/SDKs/WatchOS26.2.sdk/System/Library/Frameworks/QuartzCore.framework/Headers/CALayer.h:117:12: note: 'CALayer' has been explicitly marked unavailable here
@interface CALayer : NSObject <NSSecureCoding, CAMediaTiming>
^
/Users/admin/builder/spi-builder-workspace/Sources/swiftui-loop-videoplayer/protocol/view/ExtPlayerViewProtocol.swift:20:26: error: 'UIView' is unavailable in watchOS
associatedtype View: UIView
^~~~~~
/Applications/Xcode-26.3.0.app/Contents/Developer/Platforms/WatchOS.platform/Developer/SDKs/WatchOS26.2.sdk/System/Library/Frameworks/UIKit.framework/Headers/UIView.h:148:12: note: 'UIView' has been explicitly marked unavailable here
@interface UIView : UIResponder <NSCoding, UIAppearance, UIAppearanceContainer, UIDynamicItem, UITraitEnvironment, UICoordinateSpace, UIFocusItem, UIFocusItemContainer, CALayerDelegate>
^
/Users/admin/builder/spi-builder-workspace/Sources/swiftui-loop-videoplayer/protocol/view/ExtPlayerViewProtocol.swift:31:51: error: 'UIView' is unavailable in watchOS
associatedtype PlayerView: ExtPlayerProtocol, UIView
^~~~~~
/Applications/Xcode-26.3.0.app/Contents/Developer/Platforms/WatchOS.platform/Developer/SDKs/WatchOS26.2.sdk/System/Library/Frameworks/UIKit.framework/Headers/UIView.h:148:12: note: 'UIView' has been explicitly marked unavailable here
@interface UIView : UIResponder <NSCoding, UIAppearance, UIAppearanceContainer, UIDynamicItem, UITraitEnvironment, UICoordinateSpace, UIFocusItem, UIFocusItemContainer, CALayerDelegate>
^
/Users/admin/builder/spi-builder-workspace/Sources/swiftui-loop-videoplayer/settings/Gravity.swift:16:25: error: cannot find type 'AVLayerVideoGravity' in scope
private let value : AVLayerVideoGravity
^~~~~~~~~~~~~~~~~~~
/Users/admin/builder/spi-builder-workspace/Sources/swiftui-loop-videoplayer/settings/Gravity.swift:22:26: error: cannot find type 'AVLayerVideoGravity' in scope
public init(_ value: AVLayerVideoGravity) { self.value = value }
^~~~~~~~~~~~~~~~~~~
/Users/admin/builder/spi-builder-workspace/Sources/swiftui-loop-videoplayer/utils/VideoSettings.swift:78:146: error: cannot find type 'CMTime' in scope
public init(name: String, ext: String, subtitles: String, loop: Bool, pictureInPicture: Bool, mute: Bool, notAutoPlay: Bool, timePublishing: CMTime?, gravity: AVLayerVideoGravity, enableVector : Bool = false, events : [PlayerEventFilter] = []) {
^~~~~~
/Users/admin/builder/spi-builder-workspace/Sources/swiftui-loop-videoplayer/utils/VideoSettings.swift:78:164: error: cannot find type 'AVLayerVideoGravity' in scope
public init(name: String, ext: String, subtitles: String, loop: Bool, pictureInPicture: Bool, mute: Bool, notAutoPlay: Bool, timePublishing: CMTime?, gravity: AVLayerVideoGravity, enableVector : Bool = false, events : [PlayerEventFilter] = []) {
^~~~~~~~~~~~~~~~~~~
/Users/admin/builder/spi-builder-workspace/Sources/swiftui-loop-videoplayer/utils/VideoSettings.swift:13:15: error: type 'VideoSettings' does not conform to protocol 'Equatable'
public struct VideoSettings: Equatable{
^
/Users/admin/builder/spi-builder-workspace/Sources/swiftui-loop-videoplayer/utils/VideoSettings.swift:46:16: note: stored property type '<<error type>>' does not conform to protocol 'Equatable', preventing synthesized conformance of 'VideoSettings' to 'Equatable'
public let timePublishing: CMTime?
^
/Users/admin/builder/spi-builder-workspace/Sources/swiftui-loop-videoplayer/utils/VideoSettings.swift:49:16: note: stored property type '<<error type>>' does not conform to protocol 'Equatable', preventing synthesized conformance of 'VideoSettings' to 'Equatable'
public let gravity: AVLayerVideoGravity
^
Swift.==:1:24: note: candidate would match if 'VideoSettings' conformed to 'RawRepresentable'
@inlinable public func == <T>(lhs: T, rhs: T) -> Bool where T : RawRepresentable, T.RawValue : Equatable
^
Swift.FloatingPoint.==:2:20: note: candidate would match if 'VideoSettings' conformed to 'FloatingPoint'
public static func == (lhs: Self, rhs: Self) -> Bool}
^
Swift.BinaryInteger.==:2:20: note: candidate would match if 'VideoSettings' conformed to 'BinaryInteger'
public static func == <Other>(lhs: Self, rhs: Other) -> Bool where Other : BinaryInteger}
^
Swift._Pointer.==:2:20: note: candidate would match if 'VideoSettings' conformed to '_Pointer'
public static func == (lhs: Self, rhs: Self) -> Bool}
^
Swift._Pointer.==:2:31: note: candidate would match if 'VideoSettings' conformed to '_Pointer'
@inlinable public static func == <Other>(lhs: Self, rhs: Other) -> Bool where Other : _Pointer}
^
Swift.Strideable.==:2:31: note: candidate would match if 'VideoSettings' conformed to 'Strideable'
@inlinable public static func == (x: Self, y: Self) -> Bool}
^
Swift.StringProtocol.==:2:31: note: candidate would match if 'VideoSettings' conformed to 'StringProtocol'
@inlinable public static func == <RHS>(lhs: Self, rhs: RHS) -> Bool where RHS : StringProtocol}
^
Swift.SIMD.==:2:20: note: candidate would match if 'VideoSettings' conformed to 'SIMD'
public static func == (a: Self, b: Self) -> Bool}
^
Foundation.AttributedStringProtocol.==:2:20: note: candidate would match if 'VideoSettings' conformed to 'AttributedStringProtocol'
public static func == <RHS>(lhs: Self, rhs: RHS) -> Bool where RHS : AttributedStringProtocol}
^
Foundation._BridgedStoredNSError.==:2:20: note: candidate would match if 'VideoSettings' conformed to '_BridgedStoredNSError'
public static func == (lhs: Self, rhs: Self) -> Bool}
^
CoreFoundation._CFObject.==:2:20: note: candidate would match if 'VideoSettings' conformed to '_CFObject'
public static func == (left: Self, right: Self) -> Bool}
^
/Users/admin/builder/spi-builder-workspace/Sources/swiftui-loop-videoplayer/utils/VideoSettings.swift:13:15: note: add stubs for conformance
public struct VideoSettings: Equatable{
^
Swift.Equatable.==:2:13: note: protocol requires function '==' with type '(VideoSettings, VideoSettings) -> Bool'
static func == (lhs: Self, rhs: Self) -> Bool}
^
/Users/admin/builder/spi-builder-workspace/Sources/swiftui-loop-videoplayer/view/player/ios/ExtPlayerUIView.swift:24:28: error: cannot find type 'CIFilter' in scope
internal var filters: [CIFilter] = []
^~~~~~~~
/Users/admin/builder/spi-builder-workspace/Sources/swiftui-loop-videoplayer/view/player/ios/ExtPlayerUIView.swift:33:35: error: 'CALayer' is unavailable in watchOS
internal var compositeLayer : CALayer? = nil
^~~~~~~
/Applications/Xcode-26.3.0.app/Contents/Developer/Platforms/WatchOS.platform/Developer/SDKs/WatchOS26.2.sdk/System/Library/Frameworks/QuartzCore.framework/Headers/CALayer.h:117:12: note: 'CALayer' has been explicitly marked unavailable here
@interface CALayer : NSObject <NSSecureCoding, CAMediaTiming>
^
/Users/admin/builder/spi-builder-workspace/Sources/swiftui-loop-videoplayer/view/player/ios/ExtPlayerUIView.swift:36:32: error: cannot find type 'AVPlayerLayer' in scope
internal var playerLayer : AVPlayerLayer? = nil
^~~~~~~~~~~~~
/Users/admin/builder/spi-builder-workspace/Sources/swiftui-loop-videoplayer/view/player/ios/ExtPlayerUIView.swift:39:32: error: cannot find type 'AVPlayerLooper' in scope
internal var playerLooper: AVPlayerLooper?
^~~~~~~~~~~~~~
/Users/admin/builder/spi-builder-workspace/Sources/swiftui-loop-videoplayer/view/player/ios/ExtPlayerUIView.swift:42:26: error: cannot find type 'AVQueuePlayer' in scope
internal var player: AVQueuePlayer?
^~~~~~~~~~~~~
/Users/admin/builder/spi-builder-workspace/Sources/swiftui-loop-videoplayer/view/player/ios/ExtPlayerUIView.swift:69:33: error: cannot find type 'AVPictureInPictureController' in scope
internal var pipController: AVPictureInPictureController?
^~~~~~~~~~~~~~~~~~~~~~~~~~~~
/Users/admin/builder/spi-builder-workspace/Sources/swiftui-loop-videoplayer/view/player/ios/ExtPlayerUIView.swift:18:33: error: 'UIView' is unavailable in watchOS
internal class ExtPlayerUIView: UIView, ExtPlayerProtocol{
^~~~~~
/Applications/Xcode-26.3.0.app/Contents/Developer/Platforms/WatchOS.platform/Developer/SDKs/WatchOS26.2.sdk/System/Library/Frameworks/UIKit.framework/Headers/UIView.h:148:12: note: 'UIView' has been explicitly marked unavailable here
@interface UIView : UIResponder <NSCoding, UIAppearance, UIAppearanceContainer, UIDynamicItem, UITraitEnvironment, UICoordinateSpace, UIFocusItem, UIFocusItemContainer, CALayerDelegate>
^
/Users/admin/builder/spi-builder-workspace/Sources/swiftui-loop-videoplayer/view/player/main/ExtPlayerMultiPlatform.swift:23:22: error: 'UIView' is unavailable in watchOS
typealias View = UIView
^~~~~~
/Applications/Xcode-26.3.0.app/Contents/Developer/Platforms/WatchOS.platform/Developer/SDKs/WatchOS26.2.sdk/System/Library/Frameworks/UIKit.framework/Headers/UIView.h:148:12: note: 'UIView' has been explicitly marked unavailable here
@interface UIView : UIResponder <NSCoding, UIAppearance, UIAppearanceContainer, UIDynamicItem, UITraitEnvironment, UICoordinateSpace, UIFocusItem, UIFocusItemContainer, CALayerDelegate>
^
/Users/admin/builder/spi-builder-workspace/Sources/swiftui-loop-videoplayer/view/player/main/ExtPlayerMultiPlatform.swift:20:17: warning: unavailable class 'UIView' was used to satisfy a requirement of protocol 'ExtPlayerViewProtocol'; this will be an error in a future Swift language mode
internal struct ExtPlayerMultiPlatform: ExtPlayerViewProtocol {
^
/Applications/Xcode-26.3.0.app/Contents/Developer/Platforms/WatchOS.platform/Developer/SDKs/WatchOS26.2.sdk/System/Library/Frameworks/UIKit.framework/Headers/UIView.h:148:12: note: 'UIView' declared here
@interface UIView : UIResponder <NSCoding, UIAppearance, UIAppearanceContainer, UIDynamicItem, UITraitEnvironment, UICoordinateSpace, UIFocusItem, UIFocusItemContainer, CALayerDelegate>
^
/Users/admin/builder/spi-builder-workspace/Sources/swiftui-loop-videoplayer/protocol/view/ExtPlayerViewProtocol.swift:20:20: note: requirement 'View' declared here
associatedtype View: UIView
^
/Users/admin/builder/spi-builder-workspace/Sources/swiftui-loop-videoplayer/view/player/main/ExtPlayerMultiPlatform.swift:69:35: error: cannot find type 'UIViewRepresentable' in scope
extension ExtPlayerMultiPlatform: UIViewRepresentable{
^~~~~~~~~~~~~~~~~~~
/Users/admin/builder/spi-builder-workspace/Sources/swiftui-loop-videoplayer/view/player/main/ExtPlayerMultiPlatform.swift:73:30: error: cannot find type 'Context' in scope
func makeUIView(context: Context) -> UIView {
^~~~~~~
/Users/admin/builder/spi-builder-workspace/Sources/swiftui-loop-videoplayer/view/player/main/ExtPlayerMultiPlatform.swift:73:42: error: 'UIView' is unavailable in watchOS
func makeUIView(context: Context) -> UIView {
^~~~~~
/Applications/Xcode-26.3.0.app/Contents/Developer/Platforms/WatchOS.platform/Developer/SDKs/WatchOS26.2.sdk/System/Library/Frameworks/UIKit.framework/Headers/UIView.h:148:12: note: 'UIView' has been explicitly marked unavailable here
@interface UIView : UIResponder <NSCoding, UIAppearance, UIAppearanceContainer, UIDynamicItem, UITraitEnvironment, UICoordinateSpace, UIFocusItem, UIFocusItemContainer, CALayerDelegate>
^
/Users/admin/builder/spi-builder-workspace/Sources/swiftui-loop-videoplayer/view/player/main/ExtPlayerMultiPlatform.swift:92:50: error: cannot find type 'Context' in scope
func updateUIView(_ uiView: UIView, context: Context) {
^~~~~~~
/Users/admin/builder/spi-builder-workspace/Sources/swiftui-loop-videoplayer/view/player/main/ExtPlayerMultiPlatform.swift:92:33: error: 'UIView' is unavailable in watchOS
func updateUIView(_ uiView: UIView, context: Context) {
^~~~~~
/Applications/Xcode-26.3.0.app/Contents/Developer/Platforms/WatchOS.platform/Developer/SDKs/WatchOS26.2.sdk/System/Library/Frameworks/UIKit.framework/Headers/UIView.h:148:12: note: 'UIView' has been explicitly marked unavailable here
@interface UIView : UIResponder <NSCoding, UIAppearance, UIAppearanceContainer, UIDynamicItem, UITraitEnvironment, UICoordinateSpace, UIFocusItem, UIFocusItemContainer, CALayerDelegate>
^
/Users/admin/builder/spi-builder-workspace/Sources/swiftui-loop-videoplayer/view/player/main/ExtPlayerMultiPlatform.swift:111:43: error: 'UIView' is unavailable in watchOS
static func dismantleUIView(_ uiView: UIView, coordinator: PlayerCoordinator) {
^~~~~~
/Applications/Xcode-26.3.0.app/Contents/Developer/Platforms/WatchOS.platform/Developer/SDKs/WatchOS26.2.sdk/System/Library/Frameworks/UIKit.framework/Headers/UIView.h:148:12: note: 'UIView' has been explicitly marked unavailable here
@interface UIView : UIResponder <NSCoding, UIAppearance, UIAppearanceContainer, UIDynamicItem, UITraitEnvironment, UICoordinateSpace, UIFocusItem, UIFocusItemContainer, CALayerDelegate>
^
Failed frontend command:
/Applications/Xcode-26.3.0.app/Contents/Developer/Toolchains/XcodeDefault.xctoolchain/usr/bin/swift-frontend -frontend -emit-module -experimental-skip-non-inlinable-function-bodies-without-types /Users/admin/builder/spi-builder-workspace/Sources/swiftui-loop-videoplayer/ExtVideoPlayer.swift /Users/admin/builder/spi-builder-workspace/Sources/swiftui-loop-videoplayer/enum/PlaybackCommand.swift /Users/admin/builder/spi-builder-workspace/Sources/swiftui-loop-videoplayer/enum/PlayerEvent.swift /Users/admin/builder/spi-builder-workspace/Sources/swiftui-loop-videoplayer/enum/PlayerEventFilter.swift /Users/admin/builder/spi-builder-workspace/Sources/swiftui-loop-videoplayer/enum/Setting.swift /Users/admin/builder/spi-builder-workspace/Sources/swiftui-loop-videoplayer/enum/VPErrors.swift /Users/admin/builder/spi-builder-workspace/Sources/swiftui-loop-videoplayer/ext+/Array+.swift /Users/admin/builder/spi-builder-workspace/Sources/swiftui-loop-videoplayer/ext+/CMTime+.swift /Users/admin/builder/spi-builder-workspace/Sources/swiftui-loop-videoplayer/ext+/URL+.swift /Users/admin/builder/spi-builder-workspace/Sources/swiftui-loop-videoplayer/ext+/View+.swift /Users/admin/builder/spi-builder-workspace/Sources/swiftui-loop-videoplayer/fn/constraintsFn.swift /Users/admin/builder/spi-builder-workspace/Sources/swiftui-loop-videoplayer/fn/fn+.swift /Users/admin/builder/spi-builder-workspace/Sources/swiftui-loop-videoplayer/protocol/helpers/CustomView.swift /Users/admin/builder/spi-builder-workspace/Sources/swiftui-loop-videoplayer/protocol/helpers/PlayerDelegateProtocol.swift /Users/admin/builder/spi-builder-workspace/Sources/swiftui-loop-videoplayer/protocol/helpers/SettingsConvertible.swift /Users/admin/builder/spi-builder-workspace/Sources/swiftui-loop-videoplayer/protocol/player/AbstractPlayer.swift /Users/admin/builder/spi-builder-workspace/Sources/swiftui-loop-videoplayer/protocol/player/ExtPlayerProtocol.swift /Users/admin/builder/spi-builder-workspace/Sources/swiftui-loop-videoplayer/protocol/vector/ShapeLayerBuilderProtocol.swift /Users/admin/builder/spi-builder-workspace/Sources/swiftui-loop-videoplayer/protocol/vector/VectorLayerProtocol.swift /Users/admin/builder/spi-builder-workspace/Sources/swiftui-loop-videoplayer/protocol/view/ExtPlayerViewProtocol.swift /Users/admin/builder/spi-builder-workspace/Sources/swiftui-loop-videoplayer/settings/EnableVector.swift /Users/admin/builder/spi-builder-workspace/Sources/swiftui-loop-videoplayer/settings/Events.swift /Users/admin/builder/spi-builder-workspace/Sources/swiftui-loop-videoplayer/settings/Ext.swift /Users/admin/builder/spi-builder-workspace/Sources/swiftui-loop-videoplayer/settings/Gravity.swift /Users/admin/builder/spi-builder-workspace/Sources/swiftui-loop-videoplayer/settings/Loop.swift /Users/admin/builder/spi-builder-workspace/Sources/swiftui-loop-videoplayer/settings/Mute.swift /Users/admin/builder/spi-builder-workspace/Sources/swiftui-loop-videoplayer/settings/NotAutoPlay.swift /Users/admin/builder/spi-builder-workspace/Sources/swiftui-loop-videoplayer/settings/PictureInPicture\ .swift /Users/admin/builder/spi-builder-workspace/Sources/swiftui-loop-videoplayer/settings/SourceName.swift /Users/admin/builder/spi-builder-workspace/Sources/swiftui-loop-videoplayer/settings/Subtitles.swift /Users/admin/builder/spi-builder-workspace/Sources/swiftui-loop-videoplayer/settings/TimePublishing.swift /Users/admin/builder/spi-builder-workspace/Sources/swiftui-loop-videoplayer/utils/SettingsBuilder.swift /Users/admin/builder/spi-builder-workspace/Sources/swiftui-loop-videoplayer/utils/VideoSettings.swift /Users/admin/builder/spi-builder-workspace/Sources/swiftui-loop-videoplayer/view/helpers/PlayerCoordinator.swift /Users/admin/builder/spi-builder-workspace/Sources/swiftui-loop-videoplayer/view/modifier/OnPlayerEventChangeModifier.swift /Users/admin/builder/spi-builder-workspace/Sources/swiftui-loop-videoplayer/view/modifier/OnTimeChangeModifier.swift /Users/admin/builder/spi-builder-workspace/Sources/swiftui-loop-videoplayer/view/player/ios/ExtPlayerUIView.swift /Users/admin/builder/spi-builder-workspace/Sources/swiftui-loop-videoplayer/view/player/mac/ExtPlayerNSView.swift /Users/admin/builder/spi-builder-workspace/Sources/swiftui-loop-videoplayer/view/player/main/ExtPlayerMultiPlatform.swift -target arm64_32-apple-watchos7.0 -module-can-import-version AVKit 1.0.0 1.0.0 -module-can-import-version QuartzCore 5 1193.45.0 -module-can-import-version UIKit 9126.2.4 9126.2.4 -disable-cross-import-overlay-search -swift-module-cross-import AVKit /Applications/Xcode-26.3.0.app/Contents/Developer/Platforms/WatchOS.platform/Developer/SDKs/WatchOS.sdk/System/Library/Frameworks/AVKit.framework/Modules/AVKit.swiftcrossimport/SwiftUI.swiftoverlay -load-resolved-plugin /Applications/Xcode-26.3.0.app/Contents/Developer/Platforms/WatchOS.platform/Developer/usr/lib/swift/host/plugins/libFoundationMacros.dylib\#/Applications/Xcode-26.3.0.app/Contents/Developer/Platforms/WatchOS.platform/Developer/usr/bin/swift-plugin-server\#FoundationMacros -load-resolved-plugin /Applications/Xcode-26.3.0.app/Contents/Developer/Platforms/WatchOS.platform/Developer/usr/lib/swift/host/plugins/libObservationMacros.dylib\#/Applications/Xcode-26.3.0.app/Contents/Developer/Platforms/WatchOS.platform/Developer/usr/bin/swift-plugin-server\#ObservationMacros -load-resolved-plugin /Applications/Xcode-26.3.0.app/Contents/Developer/Platforms/WatchOS.platform/Developer/usr/lib/swift/host/plugins/libPreviewsMacros.dylib\#/Applications/Xcode-26.3.0.app/Contents/Developer/Platforms/WatchOS.platform/Developer/usr/bin/swift-plugin-server\#PreviewsMacros -load-resolved-plugin /Applications/Xcode-26.3.0.app/Contents/Developer/Platforms/WatchOS.platform/Developer/usr/lib/swift/host/plugins/libSwiftMacros.dylib\#/Applications/Xcode-26.3.0.app/Contents/Developer/Platforms/WatchOS.platform/Developer/usr/bin/swift-plugin-server\#SwiftMacros -load-resolved-plugin /Applications/Xcode-26.3.0.app/Contents/Developer/Platforms/WatchOS.platform/Developer/usr/lib/swift/host/plugins/libSwiftUIMacros.dylib\#/Applications/Xcode-26.3.0.app/Contents/Developer/Platforms/WatchOS.platform/Developer/usr/bin/swift-plugin-server\#SwiftUIMacros -disable-implicit-swift-modules -Xcc -fno-implicit-modules -Xcc -fno-implicit-module-maps -explicit-swift-module-map-file /Users/admin/builder/spi-builder-workspace/.derivedData/Build/Intermediates.noindex/swiftui-loop-videoplayer.build/Debug-watchos/swiftui-loop-videoplayer.build/Objects-normal/arm64_32/swiftui_loop_videoplayer-dependencies-1.json -enable-objc-interop -sdk /Applications/Xcode-26.3.0.app/Contents/Developer/Platforms/WatchOS.platform/Developer/SDKs/WatchOS26.2.sdk -I /Users/admin/builder/spi-builder-workspace/.derivedData/Build/Products/Debug-watchos -Isystem /Applications/Xcode-26.3.0.app/Contents/Developer/Platforms/WatchOS.platform/Developer/usr/lib -F /Users/admin/builder/spi-builder-workspace/.derivedData/Build/Products/Debug-watchos -F /Applications/Xcode-26.3.0.app/Contents/Developer/Platforms/WatchOS.platform/Developer/Library/Frameworks -F /Applications/Xcode-26.3.0.app/Contents/Developer/Platforms/WatchOS.platform/Developer/SDKs/WatchOS26.2.sdk/Developer/Library/Frameworks -no-color-diagnostics -Xcc -fno-color-diagnostics -enable-testing -g -debug-info-format\=dwarf -dwarf-version\=4 -module-cache-path /Users/admin/builder/spi-builder-workspace/.derivedData/Build/Intermediates.noindex/SwiftExplicitPrecompiledModules -profile-generate -profile-coverage-mapping -swift-version 5 -enforce-exclusivity\=checked -Onone -D SWIFT_PACKAGE -D DEBUG -D SWIFT_MODULE_RESOURCE_BUNDLE_UNAVAILABLE -D Xcode -serialize-debugging-options -const-gather-protocols-file /Users/admin/builder/spi-builder-workspace/.derivedData/Build/Intermediates.noindex/swiftui-loop-videoplayer.build/Debug-watchos/swiftui-loop-videoplayer.build/Objects-normal/arm64_32/swiftui-loop-videoplayer_const_extract_protocols.json -enable-experimental-feature DebugDescriptionMacro -empty-abi-descriptor -validate-clang-modules-once -clang-build-session-file /Users/admin/builder/spi-builder-workspace/.derivedData/ModuleCache.noindex/Session.modulevalidation -Xcc -working-directory -Xcc /Users/admin/builder/spi-builder-workspace/.swiftpm/xcode -enable-anonymous-context-mangled-names -file-compilation-dir /Users/admin/builder/spi-builder-workspace/.swiftpm/xcode -Xcc -D_LIBCPP_HARDENING_MODE\=_LIBCPP_HARDENING_MODE_DEBUG -Xcc -ivfsstatcache -Xcc /Users/admin/builder/spi-builder-workspace/.derivedData/SDKStatCaches.noindex/watchos26.2-23S303-dc75598d0054f22ec865fa860f139d721753b489057de6bda919edfa1c59a62b.sdkstatcache -Xcc -I/Users/admin/builder/spi-builder-workspace/.derivedData/Build/Intermediates.noindex/swiftui-loop-videoplayer.build/Debug-watchos/swiftui-loop-videoplayer.build/swift-overrides.hmap -Xcc -I/Users/admin/builder/spi-builder-workspace/.derivedData/Build/Products/Debug-watchos/include -Xcc -I/Users/admin/builder/spi-builder-workspace/.derivedData/Build/Intermediates.noindex/swiftui-loop-videoplayer.build/Debug-watchos/swiftui-loop-videoplayer.build/DerivedSources-normal/arm64_32 -Xcc -I/Users/admin/builder/spi-builder-workspace/.derivedData/Build/Intermediates.noindex/swiftui-loop-videoplayer.build/Debug-watchos/swiftui-loop-videoplayer.build/DerivedSources/arm64_32 -Xcc -I/Users/admin/builder/spi-builder-workspace/.derivedData/Build/Intermediates.noindex/swiftui-loop-videoplayer.build/Debug-watchos/swiftui-loop-videoplayer.build/DerivedSources -Xcc -DSWIFT_PACKAGE -Xcc -DDEBUG\=1 -no-auto-bridging-header-chaining -module-name swiftui_loop_videoplayer -frontend-parseable-output -disable-clang-spi -target-sdk-version 26.2 -target-sdk-name watchos26.2 -clang-target arm64_32-apple-watchos26.2 -in-process-plugin-server-path /Applications/Xcode-26.3.0.app/Contents/Developer/Toolchains/XcodeDefault.xctoolchain/usr/lib/swift/host/libSwiftInProcPluginServer.dylib -emit-module-doc-path /Users/admin/builder/spi-builder-workspace/.derivedData/Build/Intermediates.noindex/swiftui-loop-videoplayer.build/Debug-watchos/swiftui-loop-videoplayer.build/Objects-normal/arm64_32/swiftui_loop_videoplayer.swiftdoc -emit-module-source-info-path /Users/admin/builder/spi-builder-workspace/.derivedData/Build/Intermediates.noindex/swiftui-loop-videoplayer.build/Debug-watchos/swiftui-loop-videoplayer.build/Objects-normal/arm64_32/swiftui_loop_videoplayer.swiftsourceinfo -emit-objc-header-path /Users/admin/builder/spi-builder-workspace/.derivedData/Build/Intermediates.noindex/swiftui-loop-videoplayer.build/Debug-watchos/swiftui-loop-videoplayer.build/Objects-normal/arm64_32/swiftui-loop-videoplayer-Swift.h -serialize-diagnostics-path /Users/admin/builder/spi-builder-workspace/.derivedData/Build/Intermediates.noindex/swiftui-loop-videoplayer.build/Debug-watchos/swiftui-loop-videoplayer.build/Objects-normal/arm64_32/swiftui-loop-videoplayer-primary-emit-module.dia -emit-dependencies-path /Users/admin/builder/spi-builder-workspace/.derivedData/Build/Intermediates.noindex/swiftui-loop-videoplayer.build/Debug-watchos/swiftui-loop-videoplayer.build/Objects-normal/arm64_32/swiftui-loop-videoplayer-primary-emit-module.d -o /Users/admin/builder/spi-builder-workspace/.derivedData/Build/Intermediates.noindex/swiftui-loop-videoplayer.build/Debug-watchos/swiftui-loop-videoplayer.build/Objects-normal/arm64_32/swiftui_loop_videoplayer.swiftmodule -emit-abi-descriptor-path /Users/admin/builder/spi-builder-workspace/.derivedData/Build/Intermediates.noindex/swiftui-loop-videoplayer.build/Debug-watchos/swiftui-loop-videoplayer.build/Objects-normal/arm64_32/swiftui_loop_videoplayer.abi.json
SwiftCompile normal arm64_32 Compiling\ Setting.swift,\ VPErrors.swift,\ Array+.swift,\ CMTime+.swift /Users/admin/builder/spi-builder-workspace/Sources/swiftui-loop-videoplayer/enum/Setting.swift /Users/admin/builder/spi-builder-workspace/Sources/swiftui-loop-videoplayer/enum/VPErrors.swift /Users/admin/builder/spi-builder-workspace/Sources/swiftui-loop-videoplayer/ext+/Array+.swift /Users/admin/builder/spi-builder-workspace/Sources/swiftui-loop-videoplayer/ext+/CMTime+.swift (in target 'swiftui-loop-videoplayer' from project 'swiftui-loop-videoplayer')
SwiftCompile normal arm64_32 /Users/admin/builder/spi-builder-workspace/Sources/swiftui-loop-videoplayer/enum/Setting.swift (in target 'swiftui-loop-videoplayer' from project 'swiftui-loop-videoplayer')
cd /Users/admin/builder/spi-builder-workspace/.swiftpm/xcode
SwiftCompile normal arm64_32 /Users/admin/builder/spi-builder-workspace/Sources/swiftui-loop-videoplayer/enum/VPErrors.swift (in target 'swiftui-loop-videoplayer' from project 'swiftui-loop-videoplayer')
cd /Users/admin/builder/spi-builder-workspace/.swiftpm/xcode
SwiftCompile normal arm64_32 /Users/admin/builder/spi-builder-workspace/Sources/swiftui-loop-videoplayer/ext+/Array+.swift (in target 'swiftui-loop-videoplayer' from project 'swiftui-loop-videoplayer')
cd /Users/admin/builder/spi-builder-workspace/.swiftpm/xcode
SwiftCompile normal arm64_32 /Users/admin/builder/spi-builder-workspace/Sources/swiftui-loop-videoplayer/ext+/CMTime+.swift (in target 'swiftui-loop-videoplayer' from project 'swiftui-loop-videoplayer')
cd /Users/admin/builder/spi-builder-workspace/.swiftpm/xcode
SwiftCompile normal arm64_32 Compiling\ SourceName.swift,\ Subtitles.swift,\ TimePublishing.swift,\ SettingsBuilder.swift /Users/admin/builder/spi-builder-workspace/Sources/swiftui-loop-videoplayer/settings/SourceName.swift /Users/admin/builder/spi-builder-workspace/Sources/swiftui-loop-videoplayer/settings/Subtitles.swift /Users/admin/builder/spi-builder-workspace/Sources/swiftui-loop-videoplayer/settings/TimePublishing.swift /Users/admin/builder/spi-builder-workspace/Sources/swiftui-loop-videoplayer/utils/SettingsBuilder.swift (in target 'swiftui-loop-videoplayer' from project 'swiftui-loop-videoplayer')
SwiftCompile normal arm64_32 /Users/admin/builder/spi-builder-workspace/Sources/swiftui-loop-videoplayer/settings/SourceName.swift (in target 'swiftui-loop-videoplayer' from project 'swiftui-loop-videoplayer')
cd /Users/admin/builder/spi-builder-workspace/.swiftpm/xcode
SwiftCompile normal arm64_32 /Users/admin/builder/spi-builder-workspace/Sources/swiftui-loop-videoplayer/settings/Subtitles.swift (in target 'swiftui-loop-videoplayer' from project 'swiftui-loop-videoplayer')
cd /Users/admin/builder/spi-builder-workspace/.swiftpm/xcode
SwiftCompile normal arm64_32 /Users/admin/builder/spi-builder-workspace/Sources/swiftui-loop-videoplayer/settings/TimePublishing.swift (in target 'swiftui-loop-videoplayer' from project 'swiftui-loop-videoplayer')
cd /Users/admin/builder/spi-builder-workspace/.swiftpm/xcode
SwiftCompile normal arm64_32 /Users/admin/builder/spi-builder-workspace/Sources/swiftui-loop-videoplayer/utils/SettingsBuilder.swift (in target 'swiftui-loop-videoplayer' from project 'swiftui-loop-videoplayer')
cd /Users/admin/builder/spi-builder-workspace/.swiftpm/xcode
SwiftCompile normal arm64_32 Compiling\ Loop.swift,\ Mute.swift,\ NotAutoPlay.swift,\ PictureInPicture\ .swift /Users/admin/builder/spi-builder-workspace/Sources/swiftui-loop-videoplayer/settings/Loop.swift /Users/admin/builder/spi-builder-workspace/Sources/swiftui-loop-videoplayer/settings/Mute.swift /Users/admin/builder/spi-builder-workspace/Sources/swiftui-loop-videoplayer/settings/NotAutoPlay.swift /Users/admin/builder/spi-builder-workspace/Sources/swiftui-loop-videoplayer/settings/PictureInPicture\ .swift (in target 'swiftui-loop-videoplayer' from project 'swiftui-loop-videoplayer')
SwiftCompile normal arm64_32 /Users/admin/builder/spi-builder-workspace/Sources/swiftui-loop-videoplayer/settings/Loop.swift (in target 'swiftui-loop-videoplayer' from project 'swiftui-loop-videoplayer')
cd /Users/admin/builder/spi-builder-workspace/.swiftpm/xcode
SwiftCompile normal arm64_32 /Users/admin/builder/spi-builder-workspace/Sources/swiftui-loop-videoplayer/settings/Mute.swift (in target 'swiftui-loop-videoplayer' from project 'swiftui-loop-videoplayer')
cd /Users/admin/builder/spi-builder-workspace/.swiftpm/xcode
SwiftCompile normal arm64_32 /Users/admin/builder/spi-builder-workspace/Sources/swiftui-loop-videoplayer/settings/NotAutoPlay.swift (in target 'swiftui-loop-videoplayer' from project 'swiftui-loop-videoplayer')
cd /Users/admin/builder/spi-builder-workspace/.swiftpm/xcode
SwiftCompile normal arm64_32 /Users/admin/builder/spi-builder-workspace/Sources/swiftui-loop-videoplayer/settings/PictureInPicture\ .swift (in target 'swiftui-loop-videoplayer' from project 'swiftui-loop-videoplayer')
cd /Users/admin/builder/spi-builder-workspace/.swiftpm/xcode
SwiftCompile normal arm64_32 Compiling\ CustomView.swift,\ PlayerDelegateProtocol.swift,\ SettingsConvertible.swift,\ AbstractPlayer.swift /Users/admin/builder/spi-builder-workspace/Sources/swiftui-loop-videoplayer/protocol/helpers/CustomView.swift /Users/admin/builder/spi-builder-workspace/Sources/swiftui-loop-videoplayer/protocol/helpers/PlayerDelegateProtocol.swift /Users/admin/builder/spi-builder-workspace/Sources/swiftui-loop-videoplayer/protocol/helpers/SettingsConvertible.swift /Users/admin/builder/spi-builder-workspace/Sources/swiftui-loop-videoplayer/protocol/player/AbstractPlayer.swift (in target 'swiftui-loop-videoplayer' from project 'swiftui-loop-videoplayer')
SwiftCompile normal arm64_32 /Users/admin/builder/spi-builder-workspace/Sources/swiftui-loop-videoplayer/protocol/helpers/CustomView.swift (in target 'swiftui-loop-videoplayer' from project 'swiftui-loop-videoplayer')
cd /Users/admin/builder/spi-builder-workspace/.swiftpm/xcode
SwiftCompile normal arm64_32 /Users/admin/builder/spi-builder-workspace/Sources/swiftui-loop-videoplayer/protocol/helpers/PlayerDelegateProtocol.swift (in target 'swiftui-loop-videoplayer' from project 'swiftui-loop-videoplayer')
cd /Users/admin/builder/spi-builder-workspace/.swiftpm/xcode
SwiftCompile normal arm64_32 /Users/admin/builder/spi-builder-workspace/Sources/swiftui-loop-videoplayer/protocol/helpers/SettingsConvertible.swift (in target 'swiftui-loop-videoplayer' from project 'swiftui-loop-videoplayer')
cd /Users/admin/builder/spi-builder-workspace/.swiftpm/xcode
SwiftCompile normal arm64_32 /Users/admin/builder/spi-builder-workspace/Sources/swiftui-loop-videoplayer/protocol/player/AbstractPlayer.swift (in target 'swiftui-loop-videoplayer' from project 'swiftui-loop-videoplayer')
cd /Users/admin/builder/spi-builder-workspace/.swiftpm/xcode
SwiftCompile normal arm64_32 Compiling\ VideoSettings.swift,\ PlayerCoordinator.swift,\ OnPlayerEventChangeModifier.swift,\ OnTimeChangeModifier.swift /Users/admin/builder/spi-builder-workspace/Sources/swiftui-loop-videoplayer/utils/VideoSettings.swift /Users/admin/builder/spi-builder-workspace/Sources/swiftui-loop-videoplayer/view/helpers/PlayerCoordinator.swift /Users/admin/builder/spi-builder-workspace/Sources/swiftui-loop-videoplayer/view/modifier/OnPlayerEventChangeModifier.swift /Users/admin/builder/spi-builder-workspace/Sources/swiftui-loop-videoplayer/view/modifier/OnTimeChangeModifier.swift (in target 'swiftui-loop-videoplayer' from project 'swiftui-loop-videoplayer')
SwiftCompile normal arm64_32 /Users/admin/builder/spi-builder-workspace/Sources/swiftui-loop-videoplayer/utils/VideoSettings.swift (in target 'swiftui-loop-videoplayer' from project 'swiftui-loop-videoplayer')
cd /Users/admin/builder/spi-builder-workspace/.swiftpm/xcode
SwiftCompile normal arm64_32 /Users/admin/builder/spi-builder-workspace/Sources/swiftui-loop-videoplayer/view/helpers/PlayerCoordinator.swift (in target 'swiftui-loop-videoplayer' from project 'swiftui-loop-videoplayer')
cd /Users/admin/builder/spi-builder-workspace/.swiftpm/xcode
SwiftCompile normal arm64_32 /Users/admin/builder/spi-builder-workspace/Sources/swiftui-loop-videoplayer/view/modifier/OnPlayerEventChangeModifier.swift (in target 'swiftui-loop-videoplayer' from project 'swiftui-loop-videoplayer')
cd /Users/admin/builder/spi-builder-workspace/.swiftpm/xcode
SwiftCompile normal arm64_32 /Users/admin/builder/spi-builder-workspace/Sources/swiftui-loop-videoplayer/view/modifier/OnTimeChangeModifier.swift (in target 'swiftui-loop-videoplayer' from project 'swiftui-loop-videoplayer')
cd /Users/admin/builder/spi-builder-workspace/.swiftpm/xcode
SwiftCompile normal arm64_32 Compiling\ ExtPlayerUIView.swift,\ ExtPlayerNSView.swift,\ ExtPlayerMultiPlatform.swift /Users/admin/builder/spi-builder-workspace/Sources/swiftui-loop-videoplayer/view/player/ios/ExtPlayerUIView.swift /Users/admin/builder/spi-builder-workspace/Sources/swiftui-loop-videoplayer/view/player/mac/ExtPlayerNSView.swift /Users/admin/builder/spi-builder-workspace/Sources/swiftui-loop-videoplayer/view/player/main/ExtPlayerMultiPlatform.swift (in target 'swiftui-loop-videoplayer' from project 'swiftui-loop-videoplayer')
SwiftCompile normal arm64_32 /Users/admin/builder/spi-builder-workspace/Sources/swiftui-loop-videoplayer/view/player/ios/ExtPlayerUIView.swift (in target 'swiftui-loop-videoplayer' from project 'swiftui-loop-videoplayer')
cd /Users/admin/builder/spi-builder-workspace/.swiftpm/xcode
SwiftCompile normal arm64_32 /Users/admin/builder/spi-builder-workspace/Sources/swiftui-loop-videoplayer/view/player/mac/ExtPlayerNSView.swift (in target 'swiftui-loop-videoplayer' from project 'swiftui-loop-videoplayer')
cd /Users/admin/builder/spi-builder-workspace/.swiftpm/xcode
SwiftCompile normal arm64_32 /Users/admin/builder/spi-builder-workspace/Sources/swiftui-loop-videoplayer/view/player/main/ExtPlayerMultiPlatform.swift (in target 'swiftui-loop-videoplayer' from project 'swiftui-loop-videoplayer')
cd /Users/admin/builder/spi-builder-workspace/.swiftpm/xcode
SwiftCompile normal arm64_32 Compiling\ EnableVector.swift,\ Events.swift,\ Ext.swift,\ Gravity.swift /Users/admin/builder/spi-builder-workspace/Sources/swiftui-loop-videoplayer/settings/EnableVector.swift /Users/admin/builder/spi-builder-workspace/Sources/swiftui-loop-videoplayer/settings/Events.swift /Users/admin/builder/spi-builder-workspace/Sources/swiftui-loop-videoplayer/settings/Ext.swift /Users/admin/builder/spi-builder-workspace/Sources/swiftui-loop-videoplayer/settings/Gravity.swift (in target 'swiftui-loop-videoplayer' from project 'swiftui-loop-videoplayer')
SwiftCompile normal arm64_32 /Users/admin/builder/spi-builder-workspace/Sources/swiftui-loop-videoplayer/settings/EnableVector.swift (in target 'swiftui-loop-videoplayer' from project 'swiftui-loop-videoplayer')
cd /Users/admin/builder/spi-builder-workspace/.swiftpm/xcode
SwiftCompile normal arm64_32 /Users/admin/builder/spi-builder-workspace/Sources/swiftui-loop-videoplayer/settings/Events.swift (in target 'swiftui-loop-videoplayer' from project 'swiftui-loop-videoplayer')
cd /Users/admin/builder/spi-builder-workspace/.swiftpm/xcode
SwiftCompile normal arm64_32 /Users/admin/builder/spi-builder-workspace/Sources/swiftui-loop-videoplayer/settings/Ext.swift (in target 'swiftui-loop-videoplayer' from project 'swiftui-loop-videoplayer')
cd /Users/admin/builder/spi-builder-workspace/.swiftpm/xcode
SwiftCompile normal arm64_32 /Users/admin/builder/spi-builder-workspace/Sources/swiftui-loop-videoplayer/settings/Gravity.swift (in target 'swiftui-loop-videoplayer' from project 'swiftui-loop-videoplayer')
cd /Users/admin/builder/spi-builder-workspace/.swiftpm/xcode
SwiftCompile normal arm64_32 Compiling\ ExtPlayerProtocol.swift,\ ShapeLayerBuilderProtocol.swift,\ VectorLayerProtocol.swift,\ ExtPlayerViewProtocol.swift /Users/admin/builder/spi-builder-workspace/Sources/swiftui-loop-videoplayer/protocol/player/ExtPlayerProtocol.swift /Users/admin/builder/spi-builder-workspace/Sources/swiftui-loop-videoplayer/protocol/vector/ShapeLayerBuilderProtocol.swift /Users/admin/builder/spi-builder-workspace/Sources/swiftui-loop-videoplayer/protocol/vector/VectorLayerProtocol.swift /Users/admin/builder/spi-builder-workspace/Sources/swiftui-loop-videoplayer/protocol/view/ExtPlayerViewProtocol.swift (in target 'swiftui-loop-videoplayer' from project 'swiftui-loop-videoplayer')
SwiftCompile normal arm64_32 /Users/admin/builder/spi-builder-workspace/Sources/swiftui-loop-videoplayer/protocol/player/ExtPlayerProtocol.swift (in target 'swiftui-loop-videoplayer' from project 'swiftui-loop-videoplayer')
cd /Users/admin/builder/spi-builder-workspace/.swiftpm/xcode
SwiftCompile normal arm64_32 /Users/admin/builder/spi-builder-workspace/Sources/swiftui-loop-videoplayer/protocol/vector/ShapeLayerBuilderProtocol.swift (in target 'swiftui-loop-videoplayer' from project 'swiftui-loop-videoplayer')
cd /Users/admin/builder/spi-builder-workspace/.swiftpm/xcode
SwiftCompile normal arm64_32 /Users/admin/builder/spi-builder-workspace/Sources/swiftui-loop-videoplayer/protocol/vector/VectorLayerProtocol.swift (in target 'swiftui-loop-videoplayer' from project 'swiftui-loop-videoplayer')
cd /Users/admin/builder/spi-builder-workspace/.swiftpm/xcode
SwiftCompile normal arm64_32 /Users/admin/builder/spi-builder-workspace/Sources/swiftui-loop-videoplayer/protocol/view/ExtPlayerViewProtocol.swift (in target 'swiftui-loop-videoplayer' from project 'swiftui-loop-videoplayer')
cd /Users/admin/builder/spi-builder-workspace/.swiftpm/xcode
SwiftCompile normal arm64_32 Compiling\ ExtVideoPlayer.swift,\ PlaybackCommand.swift,\ PlayerEvent.swift,\ PlayerEventFilter.swift /Users/admin/builder/spi-builder-workspace/Sources/swiftui-loop-videoplayer/ExtVideoPlayer.swift /Users/admin/builder/spi-builder-workspace/Sources/swiftui-loop-videoplayer/enum/PlaybackCommand.swift /Users/admin/builder/spi-builder-workspace/Sources/swiftui-loop-videoplayer/enum/PlayerEvent.swift /Users/admin/builder/spi-builder-workspace/Sources/swiftui-loop-videoplayer/enum/PlayerEventFilter.swift (in target 'swiftui-loop-videoplayer' from project 'swiftui-loop-videoplayer')
SwiftCompile normal arm64_32 /Users/admin/builder/spi-builder-workspace/Sources/swiftui-loop-videoplayer/ExtVideoPlayer.swift (in target 'swiftui-loop-videoplayer' from project 'swiftui-loop-videoplayer')
cd /Users/admin/builder/spi-builder-workspace/.swiftpm/xcode
SwiftCompile normal arm64_32 /Users/admin/builder/spi-builder-workspace/Sources/swiftui-loop-videoplayer/enum/PlaybackCommand.swift (in target 'swiftui-loop-videoplayer' from project 'swiftui-loop-videoplayer')
cd /Users/admin/builder/spi-builder-workspace/.swiftpm/xcode
SwiftCompile normal arm64_32 /Users/admin/builder/spi-builder-workspace/Sources/swiftui-loop-videoplayer/enum/PlayerEvent.swift (in target 'swiftui-loop-videoplayer' from project 'swiftui-loop-videoplayer')
cd /Users/admin/builder/spi-builder-workspace/.swiftpm/xcode
SwiftCompile normal arm64_32 /Users/admin/builder/spi-builder-workspace/Sources/swiftui-loop-videoplayer/enum/PlayerEventFilter.swift (in target 'swiftui-loop-videoplayer' from project 'swiftui-loop-videoplayer')
cd /Users/admin/builder/spi-builder-workspace/.swiftpm/xcode
2026-06-27 23:25:16.098 xcodebuild[896:5151] [MT] IDERunDestination: Supported platforms for the buildables in the current scheme is empty.
** BUILD FAILED **
The following build commands failed:
EmitSwiftModule normal arm64_32 (in target 'swiftui-loop-videoplayer' from project 'swiftui-loop-videoplayer')
SwiftEmitModule normal arm64_32 Emitting\ module\ for\ swiftui_loop_videoplayer (in target 'swiftui-loop-videoplayer' from project 'swiftui-loop-videoplayer')
Building workspace spi-builder-workspace with scheme swiftui-loop-videoplayer
(3 failures)
BUILD FAILURE 6.2 watchOS