Build Information
Failed to build WWPuzzleBoardView, reference main (369de6), with Swift 6.1 for watchOS using Xcode 16.3 on 26 Jun 2026 06:24:33 UTC.
Build Command
env DEVELOPER_DIR=/Applications/Xcode-16.3.0.app xcrun xcodebuild -IDEClonedSourcePackagesDirPathOverride=$PWD/.dependencies -skipMacroValidation -skipPackagePluginValidation -derivedDataPath $PWD/.derivedData build -scheme WWPuzzleBoardView -destination generic/platform=watchOSBuild Log
========================================
RunAll
========================================
Builder version: undefined version: run 'make version' to update
Interrupt handler set up.
========================================
Checkout
========================================
Clone URL: https://github.com/William-Weng/WWPuzzleBoardView.git
Reference: main
Initialized empty Git repository in /Users/admin/builder/spi-builder-workspace/.git/
From https://github.com/William-Weng/WWPuzzleBoardView
* branch main -> FETCH_HEAD
* [new branch] main -> origin/main
HEAD is now at 369de67 Update README.md
Cloned https://github.com/William-Weng/WWPuzzleBoardView.git
Revision (git rev-parse @):
369de670dfb2501bd920b895de6308b0af90d3fa
SUCCESS checkout https://github.com/William-Weng/WWPuzzleBoardView.git at main
========================================
Build
========================================
Selected platform: watchOS
Swift version: 6.1
Building package at path: $PWD
https://github.com/William-Weng/WWPuzzleBoardView.git
https://github.com/William-Weng/WWPuzzleBoardView.git
{
"dependencies" : [
],
"manifest_display_name" : "WWPuzzleBoardView",
"name" : "WWPuzzleBoardView",
"path" : "/Users/admin/builder/spi-builder-workspace",
"platforms" : [
{
"name" : "ios",
"version" : "16.0"
}
],
"products" : [
{
"name" : "WWPuzzleBoardView",
"targets" : [
"WWPuzzleBoardView"
],
"type" : {
"library" : [
"automatic"
]
}
}
],
"swift_languages_versions" : [
"5"
],
"targets" : [
{
"c99name" : "WWPuzzleBoardView",
"module_type" : "SwiftTarget",
"name" : "WWPuzzleBoardView",
"path" : "Sources/WWPuzzleBoardView",
"product_memberships" : [
"WWPuzzleBoardView"
],
"resources" : [
{
"path" : "/Users/admin/builder/spi-builder-workspace/Sources/WWPuzzleBoardView/Privacy",
"rule" : {
"copy" : {
}
}
}
],
"sources" : [
"PuzzleBoardView/ImageFactory.swift",
"PuzzleBoardView/TileView.swift",
"Utility/Constant.swift",
"Utility/Extension.swift",
"Utility/Model.swift",
"Utility/Protocol.swift",
"WWPuzzleBoardView.swift"
],
"type" : "library"
}
],
"tools_version" : "5.7"
}
Command line invocation:
/Applications/Xcode-16.3.0.app/Contents/Developer/usr/bin/xcodebuild -IDEClonedSourcePackagesDirPathOverride=/Users/admin/builder/spi-builder-workspace/.dependencies -resolvePackageDependencies
Resolve Package Graph
Resolved source packages:
WWPuzzleBoardView: /Users/admin/builder/spi-builder-workspace
resolved source packages: WWPuzzleBoardView
{
"dependencies" : [
],
"manifest_display_name" : "WWPuzzleBoardView",
"name" : "WWPuzzleBoardView",
"path" : "/Users/admin/builder/spi-builder-workspace",
"platforms" : [
{
"name" : "ios",
"version" : "16.0"
}
],
"products" : [
{
"name" : "WWPuzzleBoardView",
"targets" : [
"WWPuzzleBoardView"
],
"type" : {
"library" : [
"automatic"
]
}
}
],
"swift_languages_versions" : [
"5"
],
"targets" : [
{
"c99name" : "WWPuzzleBoardView",
"module_type" : "SwiftTarget",
"name" : "WWPuzzleBoardView",
"path" : "Sources/WWPuzzleBoardView",
"product_memberships" : [
"WWPuzzleBoardView"
],
"resources" : [
{
"path" : "/Users/admin/builder/spi-builder-workspace/Sources/WWPuzzleBoardView/Privacy",
"rule" : {
"copy" : {
}
}
}
],
"sources" : [
"PuzzleBoardView/ImageFactory.swift",
"PuzzleBoardView/TileView.swift",
"Utility/Constant.swift",
"Utility/Extension.swift",
"Utility/Model.swift",
"Utility/Protocol.swift",
"WWPuzzleBoardView.swift"
],
"type" : "library"
}
],
"tools_version" : "5.7"
}
{
"workspace" : {
"name" : "spi-builder-workspace",
"schemes" : [
"WWPuzzleBoardView"
]
}
}
Running build ...
env DEVELOPER_DIR=/Applications/Xcode-16.3.0.app xcrun xcodebuild -IDEClonedSourcePackagesDirPathOverride=$PWD/.dependencies -skipMacroValidation -skipPackagePluginValidation -derivedDataPath $PWD/.derivedData build -scheme WWPuzzleBoardView -destination generic/platform=watchOS OTHER_SWIFT_FLAGS=-stats-output-dir .stats -strict-concurrency=complete -enable-upcoming-feature StrictConcurrency -enable-upcoming-feature DisableOutwardActorInference -enable-upcoming-feature GlobalActorIsolatedTypesUsability -enable-upcoming-feature InferSendableFromCaptures
Command line invocation:
/Applications/Xcode-16.3.0.app/Contents/Developer/usr/bin/xcodebuild -IDEClonedSourcePackagesDirPathOverride=/Users/admin/builder/spi-builder-workspace/.dependencies -skipMacroValidation -skipPackagePluginValidation -derivedDataPath /Users/admin/builder/spi-builder-workspace/.derivedData build -scheme WWPuzzleBoardView -destination generic/platform=watchOS "OTHER_SWIFT_FLAGS=-stats-output-dir .stats -strict-concurrency=complete -enable-upcoming-feature StrictConcurrency -enable-upcoming-feature DisableOutwardActorInference -enable-upcoming-feature GlobalActorIsolatedTypesUsability -enable-upcoming-feature InferSendableFromCaptures"
Build settings from command line:
OTHER_SWIFT_FLAGS = -stats-output-dir .stats -strict-concurrency=complete -enable-upcoming-feature StrictConcurrency -enable-upcoming-feature DisableOutwardActorInference -enable-upcoming-feature GlobalActorIsolatedTypesUsability -enable-upcoming-feature InferSendableFromCaptures
Resolve Package Graph
Resolved source packages:
WWPuzzleBoardView: /Users/admin/builder/spi-builder-workspace
ComputePackagePrebuildTargetDependencyGraph
Prepare packages
CreateBuildRequest
SendProjectDescription
CreateBuildOperation
ComputeTargetDependencyGraph
note: Building targets in dependency order
note: Target dependency graph (3 targets)
Target 'WWPuzzleBoardView' in project 'WWPuzzleBoardView'
➜ Explicit dependency on target 'WWPuzzleBoardView' in project 'WWPuzzleBoardView'
➜ Explicit dependency on target 'WWPuzzleBoardView_WWPuzzleBoardView' in project 'WWPuzzleBoardView'
Target 'WWPuzzleBoardView' in project 'WWPuzzleBoardView'
➜ Explicit dependency on target 'WWPuzzleBoardView_WWPuzzleBoardView' in project 'WWPuzzleBoardView'
Target 'WWPuzzleBoardView_WWPuzzleBoardView' in project 'WWPuzzleBoardView' (no dependencies)
GatherProvisioningInputs
CreateBuildDescription
ExecuteExternalTool /Applications/Xcode-16.3.0.app/Contents/Developer/Toolchains/XcodeDefault.xctoolchain/usr/bin/clang -v -E -dM -isysroot /Applications/Xcode-16.3.0.app/Contents/Developer/Platforms/WatchOS.platform/Developer/SDKs/WatchOS11.4.sdk -x c -c /dev/null
ExecuteExternalTool /Applications/Xcode-16.3.0.app/Contents/Developer/Toolchains/XcodeDefault.xctoolchain/usr/bin/swiftc --version
ExecuteExternalTool /Applications/Xcode-16.3.0.app/Contents/Developer/Toolchains/XcodeDefault.xctoolchain/usr/bin/ld -version_details
Build description signature: 01a5b4e103447c15bb157dbd65637cd8
Build description path: /Users/admin/builder/spi-builder-workspace/.derivedData/Build/Intermediates.noindex/XCBuildData/01a5b4e103447c15bb157dbd65637cd8.xcbuilddata
CreateBuildDirectory /Users/admin/builder/spi-builder-workspace/.derivedData/Build/Products
cd /Users/admin/builder/spi-builder-workspace/.swiftpm/xcode
builtin-create-build-directory /Users/admin/builder/spi-builder-workspace/.derivedData/Build/Products
CreateBuildDirectory /Users/admin/builder/spi-builder-workspace/.derivedData/Build/Intermediates.noindex
cd /Users/admin/builder/spi-builder-workspace/.swiftpm/xcode
builtin-create-build-directory /Users/admin/builder/spi-builder-workspace/.derivedData/Build/Intermediates.noindex
ClangStatCache /Applications/Xcode-16.3.0.app/Contents/Developer/Toolchains/XcodeDefault.xctoolchain/usr/bin/clang-stat-cache /Applications/Xcode-16.3.0.app/Contents/Developer/Platforms/WatchOS.platform/Developer/SDKs/WatchOS11.4.sdk /Users/admin/builder/spi-builder-workspace/.derivedData/SDKStatCaches.noindex/watchos11.4-22T246-43efb940ff07ba2497b70ec94253f576.sdkstatcache
cd /Users/admin/builder/spi-builder-workspace/.swiftpm/xcode
/Applications/Xcode-16.3.0.app/Contents/Developer/Toolchains/XcodeDefault.xctoolchain/usr/bin/clang-stat-cache /Applications/Xcode-16.3.0.app/Contents/Developer/Platforms/WatchOS.platform/Developer/SDKs/WatchOS11.4.sdk -o /Users/admin/builder/spi-builder-workspace/.derivedData/SDKStatCaches.noindex/watchos11.4-22T246-43efb940ff07ba2497b70ec94253f576.sdkstatcache
CreateBuildDirectory /Users/admin/builder/spi-builder-workspace/.derivedData/Build/Intermediates.noindex/EagerLinkingTBDs/Debug-watchos
cd /Users/admin/builder/spi-builder-workspace/.swiftpm/xcode
builtin-create-build-directory /Users/admin/builder/spi-builder-workspace/.derivedData/Build/Intermediates.noindex/EagerLinkingTBDs/Debug-watchos
CreateBuildDirectory /Users/admin/builder/spi-builder-workspace/.derivedData/Build/Products/Debug-watchos
cd /Users/admin/builder/spi-builder-workspace/.swiftpm/xcode
builtin-create-build-directory /Users/admin/builder/spi-builder-workspace/.derivedData/Build/Products/Debug-watchos
CreateBuildDirectory /Users/admin/builder/spi-builder-workspace/.derivedData/Build/Products/Debug-watchos/PackageFrameworks
cd /Users/admin/builder/spi-builder-workspace/.swiftpm/xcode
builtin-create-build-directory /Users/admin/builder/spi-builder-workspace/.derivedData/Build/Products/Debug-watchos/PackageFrameworks
MkDir /Users/admin/builder/spi-builder-workspace/.derivedData/Build/Products/Debug-watchos/WWPuzzleBoardView_WWPuzzleBoardView.bundle (in target 'WWPuzzleBoardView_WWPuzzleBoardView' from project 'WWPuzzleBoardView')
cd /Users/admin/builder/spi-builder-workspace
/bin/mkdir -p /Users/admin/builder/spi-builder-workspace/.derivedData/Build/Products/Debug-watchos/WWPuzzleBoardView_WWPuzzleBoardView.bundle
WriteAuxiliaryFile /Users/admin/builder/spi-builder-workspace/.derivedData/Build/Intermediates.noindex/WWPuzzleBoardView.build/Debug-watchos/WWPuzzleBoardView_WWPuzzleBoardView.build/empty-WWPuzzleBoardView_WWPuzzleBoardView.plist (in target 'WWPuzzleBoardView_WWPuzzleBoardView' from project 'WWPuzzleBoardView')
cd /Users/admin/builder/spi-builder-workspace
write-file /Users/admin/builder/spi-builder-workspace/.derivedData/Build/Intermediates.noindex/WWPuzzleBoardView.build/Debug-watchos/WWPuzzleBoardView_WWPuzzleBoardView.build/empty-WWPuzzleBoardView_WWPuzzleBoardView.plist
WriteAuxiliaryFile /Users/admin/builder/spi-builder-workspace/.derivedData/Build/Intermediates.noindex/WWPuzzleBoardView.build/Debug-watchos/WWPuzzleBoardView_WWPuzzleBoardView.build/WWPuzzleBoardView_WWPuzzleBoardView.DependencyMetadataFileList (in target 'WWPuzzleBoardView_WWPuzzleBoardView' from project 'WWPuzzleBoardView')
cd /Users/admin/builder/spi-builder-workspace
write-file /Users/admin/builder/spi-builder-workspace/.derivedData/Build/Intermediates.noindex/WWPuzzleBoardView.build/Debug-watchos/WWPuzzleBoardView_WWPuzzleBoardView.build/WWPuzzleBoardView_WWPuzzleBoardView.DependencyMetadataFileList
WriteAuxiliaryFile /Users/admin/builder/spi-builder-workspace/.derivedData/Build/Intermediates.noindex/WWPuzzleBoardView.build/Debug-watchos/WWPuzzleBoardView.build/WWPuzzleBoardView.DependencyStaticMetadataFileList (in target 'WWPuzzleBoardView' from project 'WWPuzzleBoardView')
cd /Users/admin/builder/spi-builder-workspace
write-file /Users/admin/builder/spi-builder-workspace/.derivedData/Build/Intermediates.noindex/WWPuzzleBoardView.build/Debug-watchos/WWPuzzleBoardView.build/WWPuzzleBoardView.DependencyStaticMetadataFileList
WriteAuxiliaryFile /Users/admin/builder/spi-builder-workspace/.derivedData/Build/Intermediates.noindex/WWPuzzleBoardView.build/Debug-watchos/WWPuzzleBoardView.build/WWPuzzleBoardView.modulemap (in target 'WWPuzzleBoardView' from project 'WWPuzzleBoardView')
cd /Users/admin/builder/spi-builder-workspace
write-file /Users/admin/builder/spi-builder-workspace/.derivedData/Build/Intermediates.noindex/WWPuzzleBoardView.build/Debug-watchos/WWPuzzleBoardView.build/WWPuzzleBoardView.modulemap
WriteAuxiliaryFile /Users/admin/builder/spi-builder-workspace/.derivedData/Build/Intermediates.noindex/WWPuzzleBoardView.build/Debug-watchos/WWPuzzleBoardView.build/WWPuzzleBoardView.DependencyMetadataFileList (in target 'WWPuzzleBoardView' from project 'WWPuzzleBoardView')
cd /Users/admin/builder/spi-builder-workspace
write-file /Users/admin/builder/spi-builder-workspace/.derivedData/Build/Intermediates.noindex/WWPuzzleBoardView.build/Debug-watchos/WWPuzzleBoardView.build/WWPuzzleBoardView.DependencyMetadataFileList
WriteAuxiliaryFile /Users/admin/builder/spi-builder-workspace/.derivedData/Build/Intermediates.noindex/WWPuzzleBoardView.build/Debug-watchos/WWPuzzleBoardView_WWPuzzleBoardView.build/WWPuzzleBoardView_WWPuzzleBoardView.DependencyStaticMetadataFileList (in target 'WWPuzzleBoardView_WWPuzzleBoardView' from project 'WWPuzzleBoardView')
cd /Users/admin/builder/spi-builder-workspace
write-file /Users/admin/builder/spi-builder-workspace/.derivedData/Build/Intermediates.noindex/WWPuzzleBoardView.build/Debug-watchos/WWPuzzleBoardView_WWPuzzleBoardView.build/WWPuzzleBoardView_WWPuzzleBoardView.DependencyStaticMetadataFileList
WriteAuxiliaryFile /Users/admin/builder/spi-builder-workspace/.derivedData/Build/Intermediates.noindex/WWPuzzleBoardView.build/Debug-watchos/WWPuzzleBoardView.build/Objects-normal/arm64_32/WWPuzzleBoardView_const_extract_protocols.json (in target 'WWPuzzleBoardView' from project 'WWPuzzleBoardView')
cd /Users/admin/builder/spi-builder-workspace
write-file /Users/admin/builder/spi-builder-workspace/.derivedData/Build/Intermediates.noindex/WWPuzzleBoardView.build/Debug-watchos/WWPuzzleBoardView.build/Objects-normal/arm64_32/WWPuzzleBoardView_const_extract_protocols.json
WriteAuxiliaryFile /Users/admin/builder/spi-builder-workspace/.derivedData/Build/Intermediates.noindex/WWPuzzleBoardView.build/Debug-watchos/WWPuzzleBoardView.build/Objects-normal/arm64_32/WWPuzzleBoardView.SwiftFileList (in target 'WWPuzzleBoardView' from project 'WWPuzzleBoardView')
cd /Users/admin/builder/spi-builder-workspace
write-file /Users/admin/builder/spi-builder-workspace/.derivedData/Build/Intermediates.noindex/WWPuzzleBoardView.build/Debug-watchos/WWPuzzleBoardView.build/Objects-normal/arm64_32/WWPuzzleBoardView.SwiftFileList
WriteAuxiliaryFile /Users/admin/builder/spi-builder-workspace/.derivedData/Build/Intermediates.noindex/WWPuzzleBoardView.build/Debug-watchos/WWPuzzleBoardView.build/Objects-normal/arm64_32/WWPuzzleBoardView.SwiftConstValuesFileList (in target 'WWPuzzleBoardView' from project 'WWPuzzleBoardView')
cd /Users/admin/builder/spi-builder-workspace
write-file /Users/admin/builder/spi-builder-workspace/.derivedData/Build/Intermediates.noindex/WWPuzzleBoardView.build/Debug-watchos/WWPuzzleBoardView.build/Objects-normal/arm64_32/WWPuzzleBoardView.SwiftConstValuesFileList
WriteAuxiliaryFile /Users/admin/builder/spi-builder-workspace/.derivedData/Build/Intermediates.noindex/WWPuzzleBoardView.build/Debug-watchos/WWPuzzleBoardView.build/Objects-normal/arm64_32/WWPuzzleBoardView.LinkFileList (in target 'WWPuzzleBoardView' from project 'WWPuzzleBoardView')
cd /Users/admin/builder/spi-builder-workspace
write-file /Users/admin/builder/spi-builder-workspace/.derivedData/Build/Intermediates.noindex/WWPuzzleBoardView.build/Debug-watchos/WWPuzzleBoardView.build/Objects-normal/arm64_32/WWPuzzleBoardView.LinkFileList
WriteAuxiliaryFile /Users/admin/builder/spi-builder-workspace/.derivedData/Build/Intermediates.noindex/WWPuzzleBoardView.build/Debug-watchos/WWPuzzleBoardView.build/Objects-normal/arm64_32/WWPuzzleBoardView-OutputFileMap.json (in target 'WWPuzzleBoardView' from project 'WWPuzzleBoardView')
cd /Users/admin/builder/spi-builder-workspace
write-file /Users/admin/builder/spi-builder-workspace/.derivedData/Build/Intermediates.noindex/WWPuzzleBoardView.build/Debug-watchos/WWPuzzleBoardView.build/Objects-normal/arm64_32/WWPuzzleBoardView-OutputFileMap.json
WriteAuxiliaryFile /Users/admin/builder/spi-builder-workspace/.derivedData/Build/Intermediates.noindex/WWPuzzleBoardView.build/Debug-watchos/WWPuzzleBoardView.build/Objects-normal/arm64/WWPuzzleBoardView.SwiftConstValuesFileList (in target 'WWPuzzleBoardView' from project 'WWPuzzleBoardView')
cd /Users/admin/builder/spi-builder-workspace
write-file /Users/admin/builder/spi-builder-workspace/.derivedData/Build/Intermediates.noindex/WWPuzzleBoardView.build/Debug-watchos/WWPuzzleBoardView.build/Objects-normal/arm64/WWPuzzleBoardView.SwiftConstValuesFileList
WriteAuxiliaryFile /Users/admin/builder/spi-builder-workspace/.derivedData/Build/Intermediates.noindex/WWPuzzleBoardView.build/Debug-watchos/WWPuzzleBoardView.build/Objects-normal/arm64/WWPuzzleBoardView.SwiftFileList (in target 'WWPuzzleBoardView' from project 'WWPuzzleBoardView')
cd /Users/admin/builder/spi-builder-workspace
write-file /Users/admin/builder/spi-builder-workspace/.derivedData/Build/Intermediates.noindex/WWPuzzleBoardView.build/Debug-watchos/WWPuzzleBoardView.build/Objects-normal/arm64/WWPuzzleBoardView.SwiftFileList
WriteAuxiliaryFile /Users/admin/builder/spi-builder-workspace/.derivedData/Build/Intermediates.noindex/WWPuzzleBoardView.build/Debug-watchos/WWPuzzleBoardView.build/Objects-normal/arm64/WWPuzzleBoardView.LinkFileList (in target 'WWPuzzleBoardView' from project 'WWPuzzleBoardView')
cd /Users/admin/builder/spi-builder-workspace
write-file /Users/admin/builder/spi-builder-workspace/.derivedData/Build/Intermediates.noindex/WWPuzzleBoardView.build/Debug-watchos/WWPuzzleBoardView.build/Objects-normal/arm64/WWPuzzleBoardView.LinkFileList
WriteAuxiliaryFile /Users/admin/builder/spi-builder-workspace/.derivedData/Build/Intermediates.noindex/WWPuzzleBoardView.build/Debug-watchos/WWPuzzleBoardView.build/Objects-normal/arm64/WWPuzzleBoardView_const_extract_protocols.json (in target 'WWPuzzleBoardView' from project 'WWPuzzleBoardView')
cd /Users/admin/builder/spi-builder-workspace
write-file /Users/admin/builder/spi-builder-workspace/.derivedData/Build/Intermediates.noindex/WWPuzzleBoardView.build/Debug-watchos/WWPuzzleBoardView.build/Objects-normal/arm64/WWPuzzleBoardView_const_extract_protocols.json
WriteAuxiliaryFile /Users/admin/builder/spi-builder-workspace/.derivedData/Build/Intermediates.noindex/WWPuzzleBoardView.build/Debug-watchos/WWPuzzleBoardView.build/Objects-normal/arm64/WWPuzzleBoardView-OutputFileMap.json (in target 'WWPuzzleBoardView' from project 'WWPuzzleBoardView')
cd /Users/admin/builder/spi-builder-workspace
write-file /Users/admin/builder/spi-builder-workspace/.derivedData/Build/Intermediates.noindex/WWPuzzleBoardView.build/Debug-watchos/WWPuzzleBoardView.build/Objects-normal/arm64/WWPuzzleBoardView-OutputFileMap.json
WriteAuxiliaryFile /Users/admin/builder/spi-builder-workspace/.derivedData/Build/Intermediates.noindex/WWPuzzleBoardView.build/Debug-watchos/WWPuzzleBoardView.build/DerivedSources/resource_bundle_accessor.swift (in target 'WWPuzzleBoardView' from project 'WWPuzzleBoardView')
cd /Users/admin/builder/spi-builder-workspace
write-file /Users/admin/builder/spi-builder-workspace/.derivedData/Build/Intermediates.noindex/WWPuzzleBoardView.build/Debug-watchos/WWPuzzleBoardView.build/DerivedSources/resource_bundle_accessor.swift
Copy /Users/admin/builder/spi-builder-workspace/.derivedData/Build/Intermediates.noindex/GeneratedModuleMaps-watchos/WWPuzzleBoardView.modulemap /Users/admin/builder/spi-builder-workspace/.derivedData/Build/Intermediates.noindex/WWPuzzleBoardView.build/Debug-watchos/WWPuzzleBoardView.build/WWPuzzleBoardView.modulemap (in target 'WWPuzzleBoardView' from project 'WWPuzzleBoardView')
cd /Users/admin/builder/spi-builder-workspace
builtin-copy -exclude .DS_Store -exclude CVS -exclude .svn -exclude .git -exclude .hg -resolve-src-symlinks /Users/admin/builder/spi-builder-workspace/.derivedData/Build/Intermediates.noindex/WWPuzzleBoardView.build/Debug-watchos/WWPuzzleBoardView.build/WWPuzzleBoardView.modulemap /Users/admin/builder/spi-builder-workspace/.derivedData/Build/Intermediates.noindex/GeneratedModuleMaps-watchos
ProcessInfoPlistFile /Users/admin/builder/spi-builder-workspace/.derivedData/Build/Products/Debug-watchos/WWPuzzleBoardView_WWPuzzleBoardView.bundle/Info.plist /Users/admin/builder/spi-builder-workspace/.derivedData/Build/Intermediates.noindex/WWPuzzleBoardView.build/Debug-watchos/WWPuzzleBoardView_WWPuzzleBoardView.build/empty-WWPuzzleBoardView_WWPuzzleBoardView.plist (in target 'WWPuzzleBoardView_WWPuzzleBoardView' from project 'WWPuzzleBoardView')
cd /Users/admin/builder/spi-builder-workspace
builtin-infoPlistUtility /Users/admin/builder/spi-builder-workspace/.derivedData/Build/Intermediates.noindex/WWPuzzleBoardView.build/Debug-watchos/WWPuzzleBoardView_WWPuzzleBoardView.build/empty-WWPuzzleBoardView_WWPuzzleBoardView.plist -producttype com.apple.product-type.bundle -expandbuildsettings -format binary -platform watchos -o /Users/admin/builder/spi-builder-workspace/.derivedData/Build/Products/Debug-watchos/WWPuzzleBoardView_WWPuzzleBoardView.bundle/Info.plist
CpResource /Users/admin/builder/spi-builder-workspace/.derivedData/Build/Products/Debug-watchos/WWPuzzleBoardView_WWPuzzleBoardView.bundle/Privacy /Users/admin/builder/spi-builder-workspace/Sources/WWPuzzleBoardView/Privacy (in target 'WWPuzzleBoardView_WWPuzzleBoardView' from project 'WWPuzzleBoardView')
cd /Users/admin/builder/spi-builder-workspace
builtin-copy -exclude .DS_Store -exclude CVS -exclude .svn -exclude .git -exclude .hg -resolve-src-symlinks /Users/admin/builder/spi-builder-workspace/Sources/WWPuzzleBoardView/Privacy /Users/admin/builder/spi-builder-workspace/.derivedData/Build/Products/Debug-watchos/WWPuzzleBoardView_WWPuzzleBoardView.bundle
RegisterExecutionPolicyException /Users/admin/builder/spi-builder-workspace/.derivedData/Build/Products/Debug-watchos/WWPuzzleBoardView_WWPuzzleBoardView.bundle (in target 'WWPuzzleBoardView_WWPuzzleBoardView' from project 'WWPuzzleBoardView')
cd /Users/admin/builder/spi-builder-workspace
builtin-RegisterExecutionPolicyException /Users/admin/builder/spi-builder-workspace/.derivedData/Build/Products/Debug-watchos/WWPuzzleBoardView_WWPuzzleBoardView.bundle
Touch /Users/admin/builder/spi-builder-workspace/.derivedData/Build/Products/Debug-watchos/WWPuzzleBoardView_WWPuzzleBoardView.bundle (in target 'WWPuzzleBoardView_WWPuzzleBoardView' from project 'WWPuzzleBoardView')
cd /Users/admin/builder/spi-builder-workspace
/usr/bin/touch -c /Users/admin/builder/spi-builder-workspace/.derivedData/Build/Products/Debug-watchos/WWPuzzleBoardView_WWPuzzleBoardView.bundle
SwiftDriver WWPuzzleBoardView normal arm64 com.apple.xcode.tools.swift.compiler (in target 'WWPuzzleBoardView' from project 'WWPuzzleBoardView')
cd /Users/admin/builder/spi-builder-workspace/.swiftpm/xcode
builtin-SwiftDriver -- /Applications/Xcode-16.3.0.app/Contents/Developer/Toolchains/XcodeDefault.xctoolchain/usr/bin/swiftc -module-name WWPuzzleBoardView -Onone -enforce-exclusivity\=checked @/Users/admin/builder/spi-builder-workspace/.derivedData/Build/Intermediates.noindex/WWPuzzleBoardView.build/Debug-watchos/WWPuzzleBoardView.build/Objects-normal/arm64/WWPuzzleBoardView.SwiftFileList -DSWIFT_PACKAGE -DDEBUG -stats-output-dir .stats -strict-concurrency\=complete -enable-upcoming-feature StrictConcurrency -enable-upcoming-feature DisableOutwardActorInference -enable-upcoming-feature GlobalActorIsolatedTypesUsability -enable-upcoming-feature InferSendableFromCaptures -plugin-path /Applications/Xcode-16.3.0.app/Contents/Developer/Toolchains/XcodeDefault.xctoolchain/usr/lib/swift/host/plugins/testing -enable-experimental-feature DebugDescriptionMacro -sdk /Applications/Xcode-16.3.0.app/Contents/Developer/Platforms/WatchOS.platform/Developer/SDKs/WatchOS11.4.sdk -target arm64-apple-watchos9.0 -g -module-cache-path /Users/admin/builder/spi-builder-workspace/.derivedData/ModuleCache.noindex -Xfrontend -serialize-debugging-options -enable-testing -index-store-path /Users/admin/builder/spi-builder-workspace/.derivedData/Index.noindex/DataStore -swift-version 5 -I /Users/admin/builder/spi-builder-workspace/.derivedData/Build/Products/Debug-watchos -I /Applications/Xcode-16.3.0.app/Contents/Developer/Platforms/WatchOS.platform/Developer/usr/lib -F /Users/admin/builder/spi-builder-workspace/.derivedData/Build/Products/Debug-watchos -F /Applications/Xcode-16.3.0.app/Contents/Developer/Platforms/WatchOS.platform/Developer/Library/Frameworks -F /Applications/Xcode-16.3.0.app/Contents/Developer/Platforms/WatchOS.platform/Developer/SDKs/WatchOS11.4.sdk/Developer/Library/Frameworks -c -j10 -enable-batch-mode -incremental -Xcc -ivfsstatcache -Xcc /Users/admin/builder/spi-builder-workspace/.derivedData/SDKStatCaches.noindex/watchos11.4-22T246-43efb940ff07ba2497b70ec94253f576.sdkstatcache -output-file-map /Users/admin/builder/spi-builder-workspace/.derivedData/Build/Intermediates.noindex/WWPuzzleBoardView.build/Debug-watchos/WWPuzzleBoardView.build/Objects-normal/arm64/WWPuzzleBoardView-OutputFileMap.json -use-frontend-parseable-output -save-temps -no-color-diagnostics -serialize-diagnostics -emit-dependencies -emit-module -emit-module-path /Users/admin/builder/spi-builder-workspace/.derivedData/Build/Intermediates.noindex/WWPuzzleBoardView.build/Debug-watchos/WWPuzzleBoardView.build/Objects-normal/arm64/WWPuzzleBoardView.swiftmodule -validate-clang-modules-once -clang-build-session-file /Users/admin/builder/spi-builder-workspace/.derivedData/ModuleCache.noindex/Session.modulevalidation -Xcc -I/Users/admin/builder/spi-builder-workspace/.derivedData/Build/Intermediates.noindex/WWPuzzleBoardView.build/Debug-watchos/WWPuzzleBoardView.build/swift-overrides.hmap -emit-const-values -Xfrontend -const-gather-protocols-file -Xfrontend /Users/admin/builder/spi-builder-workspace/.derivedData/Build/Intermediates.noindex/WWPuzzleBoardView.build/Debug-watchos/WWPuzzleBoardView.build/Objects-normal/arm64/WWPuzzleBoardView_const_extract_protocols.json -Xcc -I/Users/admin/builder/spi-builder-workspace/.derivedData/Build/Products/Debug-watchos/include -Xcc -I/Users/admin/builder/spi-builder-workspace/.derivedData/Build/Intermediates.noindex/WWPuzzleBoardView.build/Debug-watchos/WWPuzzleBoardView.build/DerivedSources-normal/arm64 -Xcc -I/Users/admin/builder/spi-builder-workspace/.derivedData/Build/Intermediates.noindex/WWPuzzleBoardView.build/Debug-watchos/WWPuzzleBoardView.build/DerivedSources/arm64 -Xcc -I/Users/admin/builder/spi-builder-workspace/.derivedData/Build/Intermediates.noindex/WWPuzzleBoardView.build/Debug-watchos/WWPuzzleBoardView.build/DerivedSources -Xcc -DSWIFT_PACKAGE -Xcc -DDEBUG\=1 -emit-objc-header -emit-objc-header-path /Users/admin/builder/spi-builder-workspace/.derivedData/Build/Intermediates.noindex/WWPuzzleBoardView.build/Debug-watchos/WWPuzzleBoardView.build/Objects-normal/arm64/WWPuzzleBoardView-Swift.h -working-directory /Users/admin/builder/spi-builder-workspace/.swiftpm/xcode -experimental-emit-module-separately -disable-cmo
SwiftDriver WWPuzzleBoardView normal arm64_32 com.apple.xcode.tools.swift.compiler (in target 'WWPuzzleBoardView' from project 'WWPuzzleBoardView')
cd /Users/admin/builder/spi-builder-workspace/.swiftpm/xcode
builtin-SwiftDriver -- /Applications/Xcode-16.3.0.app/Contents/Developer/Toolchains/XcodeDefault.xctoolchain/usr/bin/swiftc -module-name WWPuzzleBoardView -Onone -enforce-exclusivity\=checked @/Users/admin/builder/spi-builder-workspace/.derivedData/Build/Intermediates.noindex/WWPuzzleBoardView.build/Debug-watchos/WWPuzzleBoardView.build/Objects-normal/arm64_32/WWPuzzleBoardView.SwiftFileList -DSWIFT_PACKAGE -DDEBUG -stats-output-dir .stats -strict-concurrency\=complete -enable-upcoming-feature StrictConcurrency -enable-upcoming-feature DisableOutwardActorInference -enable-upcoming-feature GlobalActorIsolatedTypesUsability -enable-upcoming-feature InferSendableFromCaptures -plugin-path /Applications/Xcode-16.3.0.app/Contents/Developer/Toolchains/XcodeDefault.xctoolchain/usr/lib/swift/host/plugins/testing -enable-experimental-feature DebugDescriptionMacro -sdk /Applications/Xcode-16.3.0.app/Contents/Developer/Platforms/WatchOS.platform/Developer/SDKs/WatchOS11.4.sdk -target arm64_32-apple-watchos9.0 -g -module-cache-path /Users/admin/builder/spi-builder-workspace/.derivedData/ModuleCache.noindex -Xfrontend -serialize-debugging-options -enable-testing -index-store-path /Users/admin/builder/spi-builder-workspace/.derivedData/Index.noindex/DataStore -swift-version 5 -I /Users/admin/builder/spi-builder-workspace/.derivedData/Build/Products/Debug-watchos -I /Applications/Xcode-16.3.0.app/Contents/Developer/Platforms/WatchOS.platform/Developer/usr/lib -F /Users/admin/builder/spi-builder-workspace/.derivedData/Build/Products/Debug-watchos -F /Applications/Xcode-16.3.0.app/Contents/Developer/Platforms/WatchOS.platform/Developer/Library/Frameworks -F /Applications/Xcode-16.3.0.app/Contents/Developer/Platforms/WatchOS.platform/Developer/SDKs/WatchOS11.4.sdk/Developer/Library/Frameworks -c -j10 -enable-batch-mode -incremental -Xcc -ivfsstatcache -Xcc /Users/admin/builder/spi-builder-workspace/.derivedData/SDKStatCaches.noindex/watchos11.4-22T246-43efb940ff07ba2497b70ec94253f576.sdkstatcache -output-file-map /Users/admin/builder/spi-builder-workspace/.derivedData/Build/Intermediates.noindex/WWPuzzleBoardView.build/Debug-watchos/WWPuzzleBoardView.build/Objects-normal/arm64_32/WWPuzzleBoardView-OutputFileMap.json -use-frontend-parseable-output -save-temps -no-color-diagnostics -serialize-diagnostics -emit-dependencies -emit-module -emit-module-path /Users/admin/builder/spi-builder-workspace/.derivedData/Build/Intermediates.noindex/WWPuzzleBoardView.build/Debug-watchos/WWPuzzleBoardView.build/Objects-normal/arm64_32/WWPuzzleBoardView.swiftmodule -validate-clang-modules-once -clang-build-session-file /Users/admin/builder/spi-builder-workspace/.derivedData/ModuleCache.noindex/Session.modulevalidation -Xcc -I/Users/admin/builder/spi-builder-workspace/.derivedData/Build/Intermediates.noindex/WWPuzzleBoardView.build/Debug-watchos/WWPuzzleBoardView.build/swift-overrides.hmap -emit-const-values -Xfrontend -const-gather-protocols-file -Xfrontend /Users/admin/builder/spi-builder-workspace/.derivedData/Build/Intermediates.noindex/WWPuzzleBoardView.build/Debug-watchos/WWPuzzleBoardView.build/Objects-normal/arm64_32/WWPuzzleBoardView_const_extract_protocols.json -Xcc -I/Users/admin/builder/spi-builder-workspace/.derivedData/Build/Products/Debug-watchos/include -Xcc -I/Users/admin/builder/spi-builder-workspace/.derivedData/Build/Intermediates.noindex/WWPuzzleBoardView.build/Debug-watchos/WWPuzzleBoardView.build/DerivedSources-normal/arm64_32 -Xcc -I/Users/admin/builder/spi-builder-workspace/.derivedData/Build/Intermediates.noindex/WWPuzzleBoardView.build/Debug-watchos/WWPuzzleBoardView.build/DerivedSources/arm64_32 -Xcc -I/Users/admin/builder/spi-builder-workspace/.derivedData/Build/Intermediates.noindex/WWPuzzleBoardView.build/Debug-watchos/WWPuzzleBoardView.build/DerivedSources -Xcc -DSWIFT_PACKAGE -Xcc -DDEBUG\=1 -emit-objc-header -emit-objc-header-path /Users/admin/builder/spi-builder-workspace/.derivedData/Build/Intermediates.noindex/WWPuzzleBoardView.build/Debug-watchos/WWPuzzleBoardView.build/Objects-normal/arm64_32/WWPuzzleBoardView-Swift.h -working-directory /Users/admin/builder/spi-builder-workspace/.swiftpm/xcode -experimental-emit-module-separately -disable-cmo
SwiftEmitModule normal arm64_32 Emitting\ module\ for\ WWPuzzleBoardView (in target 'WWPuzzleBoardView' from project 'WWPuzzleBoardView')
EmitSwiftModule normal arm64_32 (in target 'WWPuzzleBoardView' from project 'WWPuzzleBoardView')
cd /Users/admin/builder/spi-builder-workspace/.swiftpm/xcode
/Users/admin/builder/spi-builder-workspace/Sources/WWPuzzleBoardView/PuzzleBoardView/TileView.swift:17:29: error: cannot find type 'UIView' in scope
weak var boardView: UIView? // 參照到父容器,用來做座標轉換與處理層級(bringSubviewToFront)
/Applications/Xcode-16.3.0.app/Contents/Developer/Platforms/WatchOS.platform/Developer/SDKs/WatchOS11.4.sdk/System/Library/Frameworks/UIKit.framework/Headers/NSTextAttachment.h:23:1: note: interface 'UIView' forward declared here
@class UIView;
^
/Users/admin/builder/spi-builder-workspace/Sources/WWPuzzleBoardView/PuzzleBoardView/TileView.swift:20:39: error: cannot find type 'UIImageView' in scope
private let contentImageView: UIImageView = .init() // 用來顯示拼圖內容的影像視圖。
/Users/admin/builder/spi-builder-workspace/Sources/WWPuzzleBoardView/PuzzleBoardView/TileView.swift:44:30: error: method does not override any method from its superclass
public override func layoutSubviews() {
~~~~~~~~ ^
/Users/admin/builder/spi-builder-workspace/Sources/WWPuzzleBoardView/PuzzleBoardView/TileView.swift:13:21: error: cannot find type 'UIView' in scope
class TileView: UIView {
^~~~~~
/Applications/Xcode-16.3.0.app/Contents/Developer/Platforms/WatchOS.platform/Developer/SDKs/WatchOS11.4.sdk/System/Library/Frameworks/UIKit.framework/Headers/NSTextAttachment.h:23:1: note: interface 'UIView' forward declared here
@class UIView;
^
/Users/admin/builder/spi-builder-workspace/Sources/WWPuzzleBoardView/PuzzleBoardView/TileView.swift:77:37: error: cannot find type 'UIPanGestureRecognizer' in scope
@objc func handlePan(_ gesture: UIPanGestureRecognizer) {
^~~~~~~~~~~~~~~~~~~~~~
/Users/admin/builder/spi-builder-workspace/Sources/WWPuzzleBoardView/PuzzleBoardView/TileView.swift:90:38: error: cannot find type 'UIView' in scope
func beginDragging(in boardView: UIView) {
^~~~~~
/Applications/Xcode-16.3.0.app/Contents/Developer/Platforms/WatchOS.platform/Developer/SDKs/WatchOS11.4.sdk/System/Library/Frameworks/UIKit.framework/Headers/NSTextAttachment.h:23:1: note: interface 'UIView' forward declared here
@class UIView;
^
/Users/admin/builder/spi-builder-workspace/Sources/WWPuzzleBoardView/PuzzleBoardView/TileView.swift:98:39: error: cannot find type 'UIPanGestureRecognizer' in scope
func updateDragging(with gesture: UIPanGestureRecognizer, in boardView: UIView) {
^~~~~~~~~~~~~~~~~~~~~~
/Users/admin/builder/spi-builder-workspace/Sources/WWPuzzleBoardView/PuzzleBoardView/TileView.swift:98:77: error: cannot find type 'UIView' in scope
func updateDragging(with gesture: UIPanGestureRecognizer, in boardView: UIView) {
^~~~~~
/Applications/Xcode-16.3.0.app/Contents/Developer/Platforms/WatchOS.platform/Developer/SDKs/WatchOS11.4.sdk/System/Library/Frameworks/UIKit.framework/Headers/NSTextAttachment.h:23:1: note: interface 'UIView' forward declared here
@class UIView;
^
/Users/admin/builder/spi-builder-workspace/Sources/WWPuzzleBoardView/Utility/Constant.swift:84:120: error: cannot find type 'UIViewPropertyAnimator' in scope
func performAnimation(animations: @escaping () -> Void, completion: ((UIViewAnimatingPosition) -> Void)? = nil) -> UIViewPropertyAnimator? {
^~~~~~~~~~~~~~~~~~~~~~
/Users/admin/builder/spi-builder-workspace/Sources/WWPuzzleBoardView/Utility/Constant.swift:84:75: error: cannot find type 'UIViewAnimatingPosition' in scope
func performAnimation(animations: @escaping () -> Void, completion: ((UIViewAnimatingPosition) -> Void)? = nil) -> UIViewPropertyAnimator? {
^~~~~~~~~~~~~~~~~~~~~~~
/Users/admin/builder/spi-builder-workspace/Sources/WWPuzzleBoardView/Utility/Constant.swift:103:114: error: cannot find type 'UIViewPropertyAnimator' in scope
func instantAnimation(animations: @escaping () -> Void, completion: ((UIViewAnimatingPosition) -> Void)?) -> UIViewPropertyAnimator? {
^~~~~~~~~~~~~~~~~~~~~~
/Users/admin/builder/spi-builder-workspace/Sources/WWPuzzleBoardView/Utility/Constant.swift:103:75: error: cannot find type 'UIViewAnimatingPosition' in scope
func instantAnimation(animations: @escaping () -> Void, completion: ((UIViewAnimatingPosition) -> Void)?) -> UIViewPropertyAnimator? {
^~~~~~~~~~~~~~~~~~~~~~~
/Users/admin/builder/spi-builder-workspace/Sources/WWPuzzleBoardView/Utility/Constant.swift:116:112: error: cannot find type 'UIViewPropertyAnimator' in scope
func quickAnimation(animations: @escaping () -> Void, completion: ((UIViewAnimatingPosition) -> Void)?) -> UIViewPropertyAnimator? {
^~~~~~~~~~~~~~~~~~~~~~
/Users/admin/builder/spi-builder-workspace/Sources/WWPuzzleBoardView/Utility/Constant.swift:116:73: error: cannot find type 'UIViewAnimatingPosition' in scope
func quickAnimation(animations: @escaping () -> Void, completion: ((UIViewAnimatingPosition) -> Void)?) -> UIViewPropertyAnimator? {
^~~~~~~~~~~~~~~~~~~~~~~
/Users/admin/builder/spi-builder-workspace/Sources/WWPuzzleBoardView/Utility/Constant.swift:137:142: error: cannot find type 'UIViewPropertyAnimator' in scope
func interactiveAnimation(duration: TimeInterval, animations: @escaping () -> Void, completion: ((UIViewAnimatingPosition) -> Void)?) -> UIViewPropertyAnimator? {
^~~~~~~~~~~~~~~~~~~~~~
/Users/admin/builder/spi-builder-workspace/Sources/WWPuzzleBoardView/Utility/Constant.swift:137:103: error: cannot find type 'UIViewAnimatingPosition' in scope
func interactiveAnimation(duration: TimeInterval, animations: @escaping () -> Void, completion: ((UIViewAnimatingPosition) -> Void)?) -> UIViewPropertyAnimator? {
^~~~~~~~~~~~~~~~~~~~~~~
/Users/admin/builder/spi-builder-workspace/Sources/WWPuzzleBoardView/Utility/Constant.swift:156:187: error: cannot find type 'UIViewPropertyAnimator' in scope
func springAnimation(duration: TimeInterval, dampingRatio: CGFloat, initialVelocity: CGVector, animations: @escaping () -> Void, completion: ((UIViewAnimatingPosition) -> Void)?) -> UIViewPropertyAnimator? {
^~~~~~~~~~~~~~~~~~~~~~
/Users/admin/builder/spi-builder-workspace/Sources/WWPuzzleBoardView/Utility/Constant.swift:156:148: error: cannot find type 'UIViewAnimatingPosition' in scope
func springAnimation(duration: TimeInterval, dampingRatio: CGFloat, initialVelocity: CGVector, animations: @escaping () -> Void, completion: ((UIViewAnimatingPosition) -> Void)?) -> UIViewPropertyAnimator? {
^~~~~~~~~~~~~~~~~~~~~~~
/Users/admin/builder/spi-builder-workspace/Sources/WWPuzzleBoardView/Utility/Model.swift:49:20: warning: static property 'empty' is not concurrency-safe because non-'Sendable' type 'WWPuzzleBoardView.BoardState' may have shared mutable state; this is an error in the Swift 6 language mode
static let empty = emptyBoardState() // 空白初始狀態 (預設值)
/Users/admin/builder/spi-builder-workspace/Sources/WWPuzzleBoardView/Utility/Model.swift:47:12: note: consider making struct 'BoardState' conform to the 'Sendable' protocol
struct BoardState: Equatable {
^
, Sendable
/Users/admin/builder/spi-builder-workspace/Sources/WWPuzzleBoardView/Utility/Model.swift:49:20: note: add '@MainActor' to make static property 'empty' part of global actor 'MainActor'
static let empty = emptyBoardState() // 空白初始狀態 (預設值)
/Users/admin/builder/spi-builder-workspace/Sources/WWPuzzleBoardView/Utility/Model.swift:49:20: note: disable concurrency-safety checks if accesses are protected by an external synchronization mechanism
static let empty = emptyBoardState() // 空白初始狀態 (預設值)
/Users/admin/builder/spi-builder-workspace/Sources/WWPuzzleBoardView/Utility/Model.swift:69:20: warning: static property 'default' is not concurrency-safe because non-'Sendable' type 'WWPuzzleBoardView.Configuration' may have shared mutable state; this is an error in the Swift 6 language mode
static let `default` = defaultValue()
^
/Users/admin/builder/spi-builder-workspace/Sources/WWPuzzleBoardView/Utility/Model.swift:67:12: note: consider making struct 'Configuration' conform to the 'Sendable' protocol
struct Configuration: Equatable {
^
, Sendable
/Users/admin/builder/spi-builder-workspace/Sources/WWPuzzleBoardView/Utility/Model.swift:69:20: note: add '@MainActor' to make static property 'default' part of global actor 'MainActor'
static let `default` = defaultValue()
^
@MainActor
/Users/admin/builder/spi-builder-workspace/Sources/WWPuzzleBoardView/Utility/Model.swift:69:20: note: disable concurrency-safety checks if accesses are protected by an external synchronization mechanism
static let `default` = defaultValue()
^
nonisolated(unsafe)
/Users/admin/builder/spi-builder-workspace/Sources/WWPuzzleBoardView/Utility/Model.swift:98:22: error: cannot find type 'UIView' in scope
let options: UIView.AnimationOptions // 動畫選項(如 .curveEaseInOut、.allowUserInteraction 等),定義動畫的過渡曲線與行為
/Applications/Xcode-16.3.0.app/Contents/Developer/Platforms/WatchOS.platform/Developer/SDKs/WatchOS11.4.sdk/System/Library/Frameworks/UIKit.framework/Headers/NSTextAttachment.h:23:1: note: interface 'UIView' forward declared here
@class UIView;
^
/Users/admin/builder/spi-builder-workspace/Sources/WWPuzzleBoardView/WWPuzzleBoardView.swift:11:39: error: cannot find type 'UIView' in scope
public final class WWPuzzleBoardView: UIView {
^~~~~~
/Applications/Xcode-16.3.0.app/Contents/Developer/Platforms/WatchOS.platform/Developer/SDKs/WatchOS11.4.sdk/System/Library/Frameworks/UIKit.framework/Headers/NSTextAttachment.h:23:1: note: interface 'UIView' forward declared here
@class UIView;
^
Failed frontend command:
/Applications/Xcode-16.3.0.app/Contents/Developer/Toolchains/XcodeDefault.xctoolchain/usr/bin/swift-frontend -frontend -emit-module -experimental-skip-non-inlinable-function-bodies-without-types /Users/admin/builder/spi-builder-workspace/.derivedData/Build/Intermediates.noindex/WWPuzzleBoardView.build/Debug-watchos/WWPuzzleBoardView.build/DerivedSources/resource_bundle_accessor.swift /Users/admin/builder/spi-builder-workspace/Sources/WWPuzzleBoardView/PuzzleBoardView/ImageFactory.swift /Users/admin/builder/spi-builder-workspace/Sources/WWPuzzleBoardView/PuzzleBoardView/TileView.swift /Users/admin/builder/spi-builder-workspace/Sources/WWPuzzleBoardView/Utility/Constant.swift /Users/admin/builder/spi-builder-workspace/Sources/WWPuzzleBoardView/Utility/Extension.swift /Users/admin/builder/spi-builder-workspace/Sources/WWPuzzleBoardView/Utility/Model.swift /Users/admin/builder/spi-builder-workspace/Sources/WWPuzzleBoardView/Utility/Protocol.swift /Users/admin/builder/spi-builder-workspace/Sources/WWPuzzleBoardView/WWPuzzleBoardView.swift -target arm64_32-apple-watchos9.0 -enable-objc-interop -sdk /Applications/Xcode-16.3.0.app/Contents/Developer/Platforms/WatchOS.platform/Developer/SDKs/WatchOS11.4.sdk -I /Users/admin/builder/spi-builder-workspace/.derivedData/Build/Products/Debug-watchos -I /Applications/Xcode-16.3.0.app/Contents/Developer/Platforms/WatchOS.platform/Developer/usr/lib -F /Users/admin/builder/spi-builder-workspace/.derivedData/Build/Products/Debug-watchos -F /Applications/Xcode-16.3.0.app/Contents/Developer/Platforms/WatchOS.platform/Developer/Library/Frameworks -F /Applications/Xcode-16.3.0.app/Contents/Developer/Platforms/WatchOS.platform/Developer/SDKs/WatchOS11.4.sdk/Developer/Library/Frameworks -no-color-diagnostics -enable-testing -g -debug-info-format\=dwarf -dwarf-version\=4 -module-cache-path /Users/admin/builder/spi-builder-workspace/.derivedData/ModuleCache.noindex -swift-version 5 -enforce-exclusivity\=checked -stats-output-dir /Users/admin/builder/spi-builder-workspace/.swiftpm/xcode/.stats -Onone -D SWIFT_PACKAGE -D DEBUG -serialize-debugging-options -const-gather-protocols-file /Users/admin/builder/spi-builder-workspace/.derivedData/Build/Intermediates.noindex/WWPuzzleBoardView.build/Debug-watchos/WWPuzzleBoardView.build/Objects-normal/arm64_32/WWPuzzleBoardView_const_extract_protocols.json -enable-upcoming-feature StrictConcurrency -enable-upcoming-feature DisableOutwardActorInference -enable-upcoming-feature GlobalActorIsolatedTypesUsability -enable-upcoming-feature InferSendableFromCaptures -enable-experimental-feature DebugDescriptionMacro -strict-concurrency\=complete -empty-abi-descriptor -plugin-path /Applications/Xcode-16.3.0.app/Contents/Developer/Toolchains/XcodeDefault.xctoolchain/usr/lib/swift/host/plugins/testing -validate-clang-modules-once -clang-build-session-file /Users/admin/builder/spi-builder-workspace/.derivedData/ModuleCache.noindex/Session.modulevalidation -Xcc -working-directory -Xcc /Users/admin/builder/spi-builder-workspace/.swiftpm/xcode -resource-dir /Applications/Xcode-16.3.0.app/Contents/Developer/Toolchains/XcodeDefault.xctoolchain/usr/lib/swift -enable-anonymous-context-mangled-names -file-compilation-dir /Users/admin/builder/spi-builder-workspace/.swiftpm/xcode -Xcc -ivfsstatcache -Xcc /Users/admin/builder/spi-builder-workspace/.derivedData/SDKStatCaches.noindex/watchos11.4-22T246-43efb940ff07ba2497b70ec94253f576.sdkstatcache -Xcc -I/Users/admin/builder/spi-builder-workspace/.derivedData/Build/Intermediates.noindex/WWPuzzleBoardView.build/Debug-watchos/WWPuzzleBoardView.build/swift-overrides.hmap -Xcc -I/Users/admin/builder/spi-builder-workspace/.derivedData/Build/Products/Debug-watchos/include -Xcc -I/Users/admin/builder/spi-builder-workspace/.derivedData/Build/Intermediates.noindex/WWPuzzleBoardView.build/Debug-watchos/WWPuzzleBoardView.build/DerivedSources-normal/arm64_32 -Xcc -I/Users/admin/builder/spi-builder-workspace/.derivedData/Build/Intermediates.noindex/WWPuzzleBoardView.build/Debug-watchos/WWPuzzleBoardView.build/DerivedSources/arm64_32 -Xcc -I/Users/admin/builder/spi-builder-workspace/.derivedData/Build/Intermediates.noindex/WWPuzzleBoardView.build/Debug-watchos/WWPuzzleBoardView.build/DerivedSources -Xcc -DSWIFT_PACKAGE -Xcc -DDEBUG\=1 -module-name WWPuzzleBoardView -frontend-parseable-output -disable-clang-spi -target-sdk-version 11.4 -target-sdk-name watchos11.4 -external-plugin-path /Applications/Xcode-16.3.0.app/Contents/Developer/Platforms/WatchOS.platform/Developer/usr/lib/swift/host/plugins\#/Applications/Xcode-16.3.0.app/Contents/Developer/Platforms/WatchOS.platform/Developer/usr/bin/swift-plugin-server -external-plugin-path /Applications/Xcode-16.3.0.app/Contents/Developer/Platforms/WatchOS.platform/Developer/usr/local/lib/swift/host/plugins\#/Applications/Xcode-16.3.0.app/Contents/Developer/Platforms/WatchOS.platform/Developer/usr/bin/swift-plugin-server -in-process-plugin-server-path /Applications/Xcode-16.3.0.app/Contents/Developer/Toolchains/XcodeDefault.xctoolchain/usr/lib/swift/host/libSwiftInProcPluginServer.dylib -plugin-path /Applications/Xcode-16.3.0.app/Contents/Developer/Toolchains/XcodeDefault.xctoolchain/usr/lib/swift/host/plugins -plugin-path /Applications/Xcode-16.3.0.app/Contents/Developer/Toolchains/XcodeDefault.xctoolchain/usr/local/lib/swift/host/plugins -emit-module-doc-path /Users/admin/builder/spi-builder-workspace/.derivedData/Build/Intermediates.noindex/WWPuzzleBoardView.build/Debug-watchos/WWPuzzleBoardView.build/Objects-normal/arm64_32/WWPuzzleBoardView.swiftdoc -emit-module-source-info-path /Users/admin/builder/spi-builder-workspace/.derivedData/Build/Intermediates.noindex/WWPuzzleBoardView.build/Debug-watchos/WWPuzzleBoardView.build/Objects-normal/arm64_32/WWPuzzleBoardView.swiftsourceinfo -emit-objc-header-path /Users/admin/builder/spi-builder-workspace/.derivedData/Build/Intermediates.noindex/WWPuzzleBoardView.build/Debug-watchos/WWPuzzleBoardView.build/Objects-normal/arm64_32/WWPuzzleBoardView-Swift.h -serialize-diagnostics-path /Users/admin/builder/spi-builder-workspace/.derivedData/Build/Intermediates.noindex/WWPuzzleBoardView.build/Debug-watchos/WWPuzzleBoardView.build/Objects-normal/arm64_32/WWPuzzleBoardView-master-emit-module.dia -emit-dependencies-path /Users/admin/builder/spi-builder-workspace/.derivedData/Build/Intermediates.noindex/WWPuzzleBoardView.build/Debug-watchos/WWPuzzleBoardView.build/Objects-normal/arm64_32/WWPuzzleBoardView-master-emit-module.d -o /Users/admin/builder/spi-builder-workspace/.derivedData/Build/Intermediates.noindex/WWPuzzleBoardView.build/Debug-watchos/WWPuzzleBoardView.build/Objects-normal/arm64_32/WWPuzzleBoardView.swiftmodule -emit-abi-descriptor-path /Users/admin/builder/spi-builder-workspace/.derivedData/Build/Intermediates.noindex/WWPuzzleBoardView.build/Debug-watchos/WWPuzzleBoardView.build/Objects-normal/arm64_32/WWPuzzleBoardView.abi.json
SwiftCompile normal arm64_32 Compiling\ TileView.swift /Users/admin/builder/spi-builder-workspace/Sources/WWPuzzleBoardView/PuzzleBoardView/TileView.swift (in target 'WWPuzzleBoardView' from project 'WWPuzzleBoardView')
SwiftCompile normal arm64_32 /Users/admin/builder/spi-builder-workspace/Sources/WWPuzzleBoardView/PuzzleBoardView/TileView.swift (in target 'WWPuzzleBoardView' from project 'WWPuzzleBoardView')
cd /Users/admin/builder/spi-builder-workspace/.swiftpm/xcode
SwiftCompile normal arm64_32 Compiling\ Model.swift /Users/admin/builder/spi-builder-workspace/Sources/WWPuzzleBoardView/Utility/Model.swift (in target 'WWPuzzleBoardView' from project 'WWPuzzleBoardView')
SwiftCompile normal arm64_32 /Users/admin/builder/spi-builder-workspace/Sources/WWPuzzleBoardView/Utility/Model.swift (in target 'WWPuzzleBoardView' from project 'WWPuzzleBoardView')
cd /Users/admin/builder/spi-builder-workspace/.swiftpm/xcode
SwiftCompile normal arm64 Compiling\ Constant.swift /Users/admin/builder/spi-builder-workspace/Sources/WWPuzzleBoardView/Utility/Constant.swift (in target 'WWPuzzleBoardView' from project 'WWPuzzleBoardView')
SwiftCompile normal arm64 /Users/admin/builder/spi-builder-workspace/Sources/WWPuzzleBoardView/Utility/Constant.swift (in target 'WWPuzzleBoardView' from project 'WWPuzzleBoardView')
cd /Users/admin/builder/spi-builder-workspace/.swiftpm/xcode
SwiftCompile normal arm64 Compiling\ resource_bundle_accessor.swift /Users/admin/builder/spi-builder-workspace/.derivedData/Build/Intermediates.noindex/WWPuzzleBoardView.build/Debug-watchos/WWPuzzleBoardView.build/DerivedSources/resource_bundle_accessor.swift (in target 'WWPuzzleBoardView' from project 'WWPuzzleBoardView')
SwiftCompile normal arm64 /Users/admin/builder/spi-builder-workspace/.derivedData/Build/Intermediates.noindex/WWPuzzleBoardView.build/Debug-watchos/WWPuzzleBoardView.build/DerivedSources/resource_bundle_accessor.swift (in target 'WWPuzzleBoardView' from project 'WWPuzzleBoardView')
cd /Users/admin/builder/spi-builder-workspace/.swiftpm/xcode
SwiftCompile normal arm64_32 Compiling\ resource_bundle_accessor.swift /Users/admin/builder/spi-builder-workspace/.derivedData/Build/Intermediates.noindex/WWPuzzleBoardView.build/Debug-watchos/WWPuzzleBoardView.build/DerivedSources/resource_bundle_accessor.swift (in target 'WWPuzzleBoardView' from project 'WWPuzzleBoardView')
SwiftCompile normal arm64_32 /Users/admin/builder/spi-builder-workspace/.derivedData/Build/Intermediates.noindex/WWPuzzleBoardView.build/Debug-watchos/WWPuzzleBoardView.build/DerivedSources/resource_bundle_accessor.swift (in target 'WWPuzzleBoardView' from project 'WWPuzzleBoardView')
cd /Users/admin/builder/spi-builder-workspace/.swiftpm/xcode
SwiftCompile normal arm64 Compiling\ TileView.swift /Users/admin/builder/spi-builder-workspace/Sources/WWPuzzleBoardView/PuzzleBoardView/TileView.swift (in target 'WWPuzzleBoardView' from project 'WWPuzzleBoardView')
SwiftCompile normal arm64 /Users/admin/builder/spi-builder-workspace/Sources/WWPuzzleBoardView/PuzzleBoardView/TileView.swift (in target 'WWPuzzleBoardView' from project 'WWPuzzleBoardView')
cd /Users/admin/builder/spi-builder-workspace/.swiftpm/xcode
SwiftCompile normal arm64_32 Compiling\ ImageFactory.swift /Users/admin/builder/spi-builder-workspace/Sources/WWPuzzleBoardView/PuzzleBoardView/ImageFactory.swift (in target 'WWPuzzleBoardView' from project 'WWPuzzleBoardView')
SwiftCompile normal arm64_32 /Users/admin/builder/spi-builder-workspace/Sources/WWPuzzleBoardView/PuzzleBoardView/ImageFactory.swift (in target 'WWPuzzleBoardView' from project 'WWPuzzleBoardView')
cd /Users/admin/builder/spi-builder-workspace/.swiftpm/xcode
SwiftCompile normal arm64 Compiling\ ImageFactory.swift /Users/admin/builder/spi-builder-workspace/Sources/WWPuzzleBoardView/PuzzleBoardView/ImageFactory.swift (in target 'WWPuzzleBoardView' from project 'WWPuzzleBoardView')
SwiftCompile normal arm64 /Users/admin/builder/spi-builder-workspace/Sources/WWPuzzleBoardView/PuzzleBoardView/ImageFactory.swift (in target 'WWPuzzleBoardView' from project 'WWPuzzleBoardView')
cd /Users/admin/builder/spi-builder-workspace/.swiftpm/xcode
SwiftCompile normal arm64_32 Compiling\ Constant.swift /Users/admin/builder/spi-builder-workspace/Sources/WWPuzzleBoardView/Utility/Constant.swift (in target 'WWPuzzleBoardView' from project 'WWPuzzleBoardView')
SwiftCompile normal arm64_32 /Users/admin/builder/spi-builder-workspace/Sources/WWPuzzleBoardView/Utility/Constant.swift (in target 'WWPuzzleBoardView' from project 'WWPuzzleBoardView')
cd /Users/admin/builder/spi-builder-workspace/.swiftpm/xcode
SwiftEmitModule normal arm64 Emitting\ module\ for\ WWPuzzleBoardView (in target 'WWPuzzleBoardView' from project 'WWPuzzleBoardView')
Command SwiftEmitModule failed with a nonzero exit code
** BUILD FAILED **
The following build commands failed:
EmitSwiftModule normal arm64_32 (in target 'WWPuzzleBoardView' from project 'WWPuzzleBoardView')
SwiftEmitModule normal arm64_32 Emitting\ module\ for\ WWPuzzleBoardView (in target 'WWPuzzleBoardView' from project 'WWPuzzleBoardView')
SwiftEmitModule normal arm64 Emitting\ module\ for\ WWPuzzleBoardView (in target 'WWPuzzleBoardView' from project 'WWPuzzleBoardView')
Building workspace spi-builder-workspace with scheme WWPuzzleBoardView
(4 failures)
Command line invocation:
/Applications/Xcode-16.3.0.app/Contents/Developer/usr/bin/xcodebuild -IDEClonedSourcePackagesDirPathOverride=/Users/admin/builder/spi-builder-workspace/.dependencies -resolvePackageDependencies
Resolve Package Graph
Resolved source packages:
WWPuzzleBoardView: /Users/admin/builder/spi-builder-workspace
resolved source packages: WWPuzzleBoardView
{
"dependencies" : [
],
"manifest_display_name" : "WWPuzzleBoardView",
"name" : "WWPuzzleBoardView",
"path" : "/Users/admin/builder/spi-builder-workspace",
"platforms" : [
{
"name" : "ios",
"version" : "16.0"
}
],
"products" : [
{
"name" : "WWPuzzleBoardView",
"targets" : [
"WWPuzzleBoardView"
],
"type" : {
"library" : [
"automatic"
]
}
}
],
"swift_languages_versions" : [
"5"
],
"targets" : [
{
"c99name" : "WWPuzzleBoardView",
"module_type" : "SwiftTarget",
"name" : "WWPuzzleBoardView",
"path" : "Sources/WWPuzzleBoardView",
"product_memberships" : [
"WWPuzzleBoardView"
],
"resources" : [
{
"path" : "/Users/admin/builder/spi-builder-workspace/Sources/WWPuzzleBoardView/Privacy",
"rule" : {
"copy" : {
}
}
}
],
"sources" : [
"PuzzleBoardView/ImageFactory.swift",
"PuzzleBoardView/TileView.swift",
"Utility/Constant.swift",
"Utility/Extension.swift",
"Utility/Model.swift",
"Utility/Protocol.swift",
"WWPuzzleBoardView.swift"
],
"type" : "library"
}
],
"tools_version" : "5.7"
}
{
"workspace" : {
"name" : "spi-builder-workspace",
"schemes" : [
"WWPuzzleBoardView"
]
}
}
Running build ...
env DEVELOPER_DIR=/Applications/Xcode-16.3.0.app xcrun xcodebuild -IDEClonedSourcePackagesDirPathOverride=$PWD/.dependencies -skipMacroValidation -skipPackagePluginValidation -derivedDataPath $PWD/.derivedData build -scheme WWPuzzleBoardView -destination generic/platform=watchOS
Command line invocation:
/Applications/Xcode-16.3.0.app/Contents/Developer/usr/bin/xcodebuild -IDEClonedSourcePackagesDirPathOverride=/Users/admin/builder/spi-builder-workspace/.dependencies -skipMacroValidation -skipPackagePluginValidation -derivedDataPath /Users/admin/builder/spi-builder-workspace/.derivedData build -scheme WWPuzzleBoardView -destination generic/platform=watchOS
Resolve Package Graph
Resolved source packages:
WWPuzzleBoardView: /Users/admin/builder/spi-builder-workspace
ComputePackagePrebuildTargetDependencyGraph
Prepare packages
CreateBuildRequest
SendProjectDescription
CreateBuildOperation
ComputeTargetDependencyGraph
note: Building targets in dependency order
note: Target dependency graph (3 targets)
Target 'WWPuzzleBoardView' in project 'WWPuzzleBoardView'
➜ Explicit dependency on target 'WWPuzzleBoardView' in project 'WWPuzzleBoardView'
➜ Explicit dependency on target 'WWPuzzleBoardView_WWPuzzleBoardView' in project 'WWPuzzleBoardView'
Target 'WWPuzzleBoardView' in project 'WWPuzzleBoardView'
➜ Explicit dependency on target 'WWPuzzleBoardView_WWPuzzleBoardView' in project 'WWPuzzleBoardView'
Target 'WWPuzzleBoardView_WWPuzzleBoardView' in project 'WWPuzzleBoardView' (no dependencies)
GatherProvisioningInputs
CreateBuildDescription
ExecuteExternalTool /Applications/Xcode-16.3.0.app/Contents/Developer/Toolchains/XcodeDefault.xctoolchain/usr/bin/clang -v -E -dM -isysroot /Applications/Xcode-16.3.0.app/Contents/Developer/Platforms/WatchOS.platform/Developer/SDKs/WatchOS11.4.sdk -x c -c /dev/null
ExecuteExternalTool /Applications/Xcode-16.3.0.app/Contents/Developer/Toolchains/XcodeDefault.xctoolchain/usr/bin/swiftc --version
ExecuteExternalTool /Applications/Xcode-16.3.0.app/Contents/Developer/Toolchains/XcodeDefault.xctoolchain/usr/bin/ld -version_details
Build description signature: 9ff8f9be29518549785804146cba90c4
Build description path: /Users/admin/builder/spi-builder-workspace/.derivedData/Build/Intermediates.noindex/XCBuildData/9ff8f9be29518549785804146cba90c4.xcbuilddata
ClangStatCache /Applications/Xcode-16.3.0.app/Contents/Developer/Toolchains/XcodeDefault.xctoolchain/usr/bin/clang-stat-cache /Applications/Xcode-16.3.0.app/Contents/Developer/Platforms/WatchOS.platform/Developer/SDKs/WatchOS11.4.sdk /Users/admin/builder/spi-builder-workspace/.derivedData/SDKStatCaches.noindex/watchos11.4-22T246-43efb940ff07ba2497b70ec94253f576.sdkstatcache
cd /Users/admin/builder/spi-builder-workspace/.swiftpm/xcode
/Applications/Xcode-16.3.0.app/Contents/Developer/Toolchains/XcodeDefault.xctoolchain/usr/bin/clang-stat-cache /Applications/Xcode-16.3.0.app/Contents/Developer/Platforms/WatchOS.platform/Developer/SDKs/WatchOS11.4.sdk -o /Users/admin/builder/spi-builder-workspace/.derivedData/SDKStatCaches.noindex/watchos11.4-22T246-43efb940ff07ba2497b70ec94253f576.sdkstatcache
ProcessInfoPlistFile /Users/admin/builder/spi-builder-workspace/.derivedData/Build/Products/Debug-watchos/WWPuzzleBoardView_WWPuzzleBoardView.bundle/Info.plist /Users/admin/builder/spi-builder-workspace/.derivedData/Build/Intermediates.noindex/WWPuzzleBoardView.build/Debug-watchos/WWPuzzleBoardView_WWPuzzleBoardView.build/empty-WWPuzzleBoardView_WWPuzzleBoardView.plist (in target 'WWPuzzleBoardView_WWPuzzleBoardView' from project 'WWPuzzleBoardView')
cd /Users/admin/builder/spi-builder-workspace
builtin-infoPlistUtility /Users/admin/builder/spi-builder-workspace/.derivedData/Build/Intermediates.noindex/WWPuzzleBoardView.build/Debug-watchos/WWPuzzleBoardView_WWPuzzleBoardView.build/empty-WWPuzzleBoardView_WWPuzzleBoardView.plist -producttype com.apple.product-type.bundle -expandbuildsettings -format binary -platform watchos -o /Users/admin/builder/spi-builder-workspace/.derivedData/Build/Products/Debug-watchos/WWPuzzleBoardView_WWPuzzleBoardView.bundle/Info.plist
SwiftDriver WWPuzzleBoardView normal arm64_32 com.apple.xcode.tools.swift.compiler (in target 'WWPuzzleBoardView' from project 'WWPuzzleBoardView')
cd /Users/admin/builder/spi-builder-workspace/.swiftpm/xcode
builtin-SwiftDriver -- /Applications/Xcode-16.3.0.app/Contents/Developer/Toolchains/XcodeDefault.xctoolchain/usr/bin/swiftc -module-name WWPuzzleBoardView -Onone -enforce-exclusivity\=checked @/Users/admin/builder/spi-builder-workspace/.derivedData/Build/Intermediates.noindex/WWPuzzleBoardView.build/Debug-watchos/WWPuzzleBoardView.build/Objects-normal/arm64_32/WWPuzzleBoardView.SwiftFileList -DSWIFT_PACKAGE -DDEBUG -DXcode -plugin-path /Applications/Xcode-16.3.0.app/Contents/Developer/Toolchains/XcodeDefault.xctoolchain/usr/lib/swift/host/plugins/testing -enable-experimental-feature DebugDescriptionMacro -sdk /Applications/Xcode-16.3.0.app/Contents/Developer/Platforms/WatchOS.platform/Developer/SDKs/WatchOS11.4.sdk -target arm64_32-apple-watchos9.0 -g -module-cache-path /Users/admin/builder/spi-builder-workspace/.derivedData/ModuleCache.noindex -Xfrontend -serialize-debugging-options -enable-testing -index-store-path /Users/admin/builder/spi-builder-workspace/.derivedData/Index.noindex/DataStore -swift-version 5 -I /Users/admin/builder/spi-builder-workspace/.derivedData/Build/Products/Debug-watchos -I /Applications/Xcode-16.3.0.app/Contents/Developer/Platforms/WatchOS.platform/Developer/usr/lib -F /Users/admin/builder/spi-builder-workspace/.derivedData/Build/Products/Debug-watchos -F /Applications/Xcode-16.3.0.app/Contents/Developer/Platforms/WatchOS.platform/Developer/Library/Frameworks -F /Applications/Xcode-16.3.0.app/Contents/Developer/Platforms/WatchOS.platform/Developer/SDKs/WatchOS11.4.sdk/Developer/Library/Frameworks -c -j10 -enable-batch-mode -incremental -Xcc -ivfsstatcache -Xcc /Users/admin/builder/spi-builder-workspace/.derivedData/SDKStatCaches.noindex/watchos11.4-22T246-43efb940ff07ba2497b70ec94253f576.sdkstatcache -output-file-map /Users/admin/builder/spi-builder-workspace/.derivedData/Build/Intermediates.noindex/WWPuzzleBoardView.build/Debug-watchos/WWPuzzleBoardView.build/Objects-normal/arm64_32/WWPuzzleBoardView-OutputFileMap.json -use-frontend-parseable-output -save-temps -no-color-diagnostics -serialize-diagnostics -emit-dependencies -emit-module -emit-module-path /Users/admin/builder/spi-builder-workspace/.derivedData/Build/Intermediates.noindex/WWPuzzleBoardView.build/Debug-watchos/WWPuzzleBoardView.build/Objects-normal/arm64_32/WWPuzzleBoardView.swiftmodule -validate-clang-modules-once -clang-build-session-file /Users/admin/builder/spi-builder-workspace/.derivedData/ModuleCache.noindex/Session.modulevalidation -Xcc -I/Users/admin/builder/spi-builder-workspace/.derivedData/Build/Intermediates.noindex/WWPuzzleBoardView.build/Debug-watchos/WWPuzzleBoardView.build/swift-overrides.hmap -emit-const-values -Xfrontend -const-gather-protocols-file -Xfrontend /Users/admin/builder/spi-builder-workspace/.derivedData/Build/Intermediates.noindex/WWPuzzleBoardView.build/Debug-watchos/WWPuzzleBoardView.build/Objects-normal/arm64_32/WWPuzzleBoardView_const_extract_protocols.json -Xcc -I/Users/admin/builder/spi-builder-workspace/.derivedData/Build/Products/Debug-watchos/include -Xcc -I/Users/admin/builder/spi-builder-workspace/.derivedData/Build/Intermediates.noindex/WWPuzzleBoardView.build/Debug-watchos/WWPuzzleBoardView.build/DerivedSources-normal/arm64_32 -Xcc -I/Users/admin/builder/spi-builder-workspace/.derivedData/Build/Intermediates.noindex/WWPuzzleBoardView.build/Debug-watchos/WWPuzzleBoardView.build/DerivedSources/arm64_32 -Xcc -I/Users/admin/builder/spi-builder-workspace/.derivedData/Build/Intermediates.noindex/WWPuzzleBoardView.build/Debug-watchos/WWPuzzleBoardView.build/DerivedSources -Xcc -DSWIFT_PACKAGE -Xcc -DDEBUG\=1 -emit-objc-header -emit-objc-header-path /Users/admin/builder/spi-builder-workspace/.derivedData/Build/Intermediates.noindex/WWPuzzleBoardView.build/Debug-watchos/WWPuzzleBoardView.build/Objects-normal/arm64_32/WWPuzzleBoardView-Swift.h -working-directory /Users/admin/builder/spi-builder-workspace/.swiftpm/xcode -experimental-emit-module-separately -disable-cmo
SwiftDriver WWPuzzleBoardView normal arm64 com.apple.xcode.tools.swift.compiler (in target 'WWPuzzleBoardView' from project 'WWPuzzleBoardView')
cd /Users/admin/builder/spi-builder-workspace/.swiftpm/xcode
builtin-SwiftDriver -- /Applications/Xcode-16.3.0.app/Contents/Developer/Toolchains/XcodeDefault.xctoolchain/usr/bin/swiftc -module-name WWPuzzleBoardView -Onone -enforce-exclusivity\=checked @/Users/admin/builder/spi-builder-workspace/.derivedData/Build/Intermediates.noindex/WWPuzzleBoardView.build/Debug-watchos/WWPuzzleBoardView.build/Objects-normal/arm64/WWPuzzleBoardView.SwiftFileList -DSWIFT_PACKAGE -DDEBUG -DXcode -plugin-path /Applications/Xcode-16.3.0.app/Contents/Developer/Toolchains/XcodeDefault.xctoolchain/usr/lib/swift/host/plugins/testing -enable-experimental-feature DebugDescriptionMacro -sdk /Applications/Xcode-16.3.0.app/Contents/Developer/Platforms/WatchOS.platform/Developer/SDKs/WatchOS11.4.sdk -target arm64-apple-watchos9.0 -g -module-cache-path /Users/admin/builder/spi-builder-workspace/.derivedData/ModuleCache.noindex -Xfrontend -serialize-debugging-options -enable-testing -index-store-path /Users/admin/builder/spi-builder-workspace/.derivedData/Index.noindex/DataStore -swift-version 5 -I /Users/admin/builder/spi-builder-workspace/.derivedData/Build/Products/Debug-watchos -I /Applications/Xcode-16.3.0.app/Contents/Developer/Platforms/WatchOS.platform/Developer/usr/lib -F /Users/admin/builder/spi-builder-workspace/.derivedData/Build/Products/Debug-watchos -F /Applications/Xcode-16.3.0.app/Contents/Developer/Platforms/WatchOS.platform/Developer/Library/Frameworks -F /Applications/Xcode-16.3.0.app/Contents/Developer/Platforms/WatchOS.platform/Developer/SDKs/WatchOS11.4.sdk/Developer/Library/Frameworks -c -j10 -enable-batch-mode -incremental -Xcc -ivfsstatcache -Xcc /Users/admin/builder/spi-builder-workspace/.derivedData/SDKStatCaches.noindex/watchos11.4-22T246-43efb940ff07ba2497b70ec94253f576.sdkstatcache -output-file-map /Users/admin/builder/spi-builder-workspace/.derivedData/Build/Intermediates.noindex/WWPuzzleBoardView.build/Debug-watchos/WWPuzzleBoardView.build/Objects-normal/arm64/WWPuzzleBoardView-OutputFileMap.json -use-frontend-parseable-output -save-temps -no-color-diagnostics -serialize-diagnostics -emit-dependencies -emit-module -emit-module-path /Users/admin/builder/spi-builder-workspace/.derivedData/Build/Intermediates.noindex/WWPuzzleBoardView.build/Debug-watchos/WWPuzzleBoardView.build/Objects-normal/arm64/WWPuzzleBoardView.swiftmodule -validate-clang-modules-once -clang-build-session-file /Users/admin/builder/spi-builder-workspace/.derivedData/ModuleCache.noindex/Session.modulevalidation -Xcc -I/Users/admin/builder/spi-builder-workspace/.derivedData/Build/Intermediates.noindex/WWPuzzleBoardView.build/Debug-watchos/WWPuzzleBoardView.build/swift-overrides.hmap -emit-const-values -Xfrontend -const-gather-protocols-file -Xfrontend /Users/admin/builder/spi-builder-workspace/.derivedData/Build/Intermediates.noindex/WWPuzzleBoardView.build/Debug-watchos/WWPuzzleBoardView.build/Objects-normal/arm64/WWPuzzleBoardView_const_extract_protocols.json -Xcc -I/Users/admin/builder/spi-builder-workspace/.derivedData/Build/Products/Debug-watchos/include -Xcc -I/Users/admin/builder/spi-builder-workspace/.derivedData/Build/Intermediates.noindex/WWPuzzleBoardView.build/Debug-watchos/WWPuzzleBoardView.build/DerivedSources-normal/arm64 -Xcc -I/Users/admin/builder/spi-builder-workspace/.derivedData/Build/Intermediates.noindex/WWPuzzleBoardView.build/Debug-watchos/WWPuzzleBoardView.build/DerivedSources/arm64 -Xcc -I/Users/admin/builder/spi-builder-workspace/.derivedData/Build/Intermediates.noindex/WWPuzzleBoardView.build/Debug-watchos/WWPuzzleBoardView.build/DerivedSources -Xcc -DSWIFT_PACKAGE -Xcc -DDEBUG\=1 -emit-objc-header -emit-objc-header-path /Users/admin/builder/spi-builder-workspace/.derivedData/Build/Intermediates.noindex/WWPuzzleBoardView.build/Debug-watchos/WWPuzzleBoardView.build/Objects-normal/arm64/WWPuzzleBoardView-Swift.h -working-directory /Users/admin/builder/spi-builder-workspace/.swiftpm/xcode -experimental-emit-module-separately -disable-cmo
SwiftCompile normal arm64_32 Compiling\ resource_bundle_accessor.swift /Users/admin/builder/spi-builder-workspace/.derivedData/Build/Intermediates.noindex/WWPuzzleBoardView.build/Debug-watchos/WWPuzzleBoardView.build/DerivedSources/resource_bundle_accessor.swift (in target 'WWPuzzleBoardView' from project 'WWPuzzleBoardView')
SwiftCompile normal arm64_32 /Users/admin/builder/spi-builder-workspace/.derivedData/Build/Intermediates.noindex/WWPuzzleBoardView.build/Debug-watchos/WWPuzzleBoardView.build/DerivedSources/resource_bundle_accessor.swift (in target 'WWPuzzleBoardView' from project 'WWPuzzleBoardView')
cd /Users/admin/builder/spi-builder-workspace/.swiftpm/xcode
SwiftEmitModule normal arm64_32 Emitting\ module\ for\ WWPuzzleBoardView (in target 'WWPuzzleBoardView' from project 'WWPuzzleBoardView')
Failed frontend command:
/Applications/Xcode-16.3.0.app/Contents/Developer/Toolchains/XcodeDefault.xctoolchain/usr/bin/swift-frontend -frontend -emit-module -experimental-skip-non-inlinable-function-bodies-without-types /Users/admin/builder/spi-builder-workspace/.derivedData/Build/Intermediates.noindex/WWPuzzleBoardView.build/Debug-watchos/WWPuzzleBoardView.build/DerivedSources/resource_bundle_accessor.swift /Users/admin/builder/spi-builder-workspace/Sources/WWPuzzleBoardView/PuzzleBoardView/ImageFactory.swift /Users/admin/builder/spi-builder-workspace/Sources/WWPuzzleBoardView/PuzzleBoardView/TileView.swift /Users/admin/builder/spi-builder-workspace/Sources/WWPuzzleBoardView/Utility/Constant.swift /Users/admin/builder/spi-builder-workspace/Sources/WWPuzzleBoardView/Utility/Extension.swift /Users/admin/builder/spi-builder-workspace/Sources/WWPuzzleBoardView/Utility/Model.swift /Users/admin/builder/spi-builder-workspace/Sources/WWPuzzleBoardView/Utility/Protocol.swift /Users/admin/builder/spi-builder-workspace/Sources/WWPuzzleBoardView/WWPuzzleBoardView.swift -target arm64_32-apple-watchos9.0 -enable-objc-interop -sdk /Applications/Xcode-16.3.0.app/Contents/Developer/Platforms/WatchOS.platform/Developer/SDKs/WatchOS11.4.sdk -I /Users/admin/builder/spi-builder-workspace/.derivedData/Build/Products/Debug-watchos -I /Applications/Xcode-16.3.0.app/Contents/Developer/Platforms/WatchOS.platform/Developer/usr/lib -F /Users/admin/builder/spi-builder-workspace/.derivedData/Build/Products/Debug-watchos -F /Applications/Xcode-16.3.0.app/Contents/Developer/Platforms/WatchOS.platform/Developer/Library/Frameworks -F /Applications/Xcode-16.3.0.app/Contents/Developer/Platforms/WatchOS.platform/Developer/SDKs/WatchOS11.4.sdk/Developer/Library/Frameworks -no-color-diagnostics -enable-testing -g -debug-info-format\=dwarf -dwarf-version\=4 -module-cache-path /Users/admin/builder/spi-builder-workspace/.derivedData/ModuleCache.noindex -swift-version 5 -enforce-exclusivity\=checked -Onone -D SWIFT_PACKAGE -D DEBUG -D Xcode -serialize-debugging-options -const-gather-protocols-file /Users/admin/builder/spi-builder-workspace/.derivedData/Build/Intermediates.noindex/WWPuzzleBoardView.build/Debug-watchos/WWPuzzleBoardView.build/Objects-normal/arm64_32/WWPuzzleBoardView_const_extract_protocols.json -enable-experimental-feature DebugDescriptionMacro -empty-abi-descriptor -plugin-path /Applications/Xcode-16.3.0.app/Contents/Developer/Toolchains/XcodeDefault.xctoolchain/usr/lib/swift/host/plugins/testing -validate-clang-modules-once -clang-build-session-file /Users/admin/builder/spi-builder-workspace/.derivedData/ModuleCache.noindex/Session.modulevalidation -Xcc -working-directory -Xcc /Users/admin/builder/spi-builder-workspace/.swiftpm/xcode -resource-dir /Applications/Xcode-16.3.0.app/Contents/Developer/Toolchains/XcodeDefault.xctoolchain/usr/lib/swift -enable-anonymous-context-mangled-names -file-compilation-dir /Users/admin/builder/spi-builder-workspace/.swiftpm/xcode -Xcc -ivfsstatcache -Xcc /Users/admin/builder/spi-builder-workspace/.derivedData/SDKStatCaches.noindex/watchos11.4-22T246-43efb940ff07ba2497b70ec94253f576.sdkstatcache -Xcc -I/Users/admin/builder/spi-builder-workspace/.derivedData/Build/Intermediates.noindex/WWPuzzleBoardView.build/Debug-watchos/WWPuzzleBoardView.build/swift-overrides.hmap -Xcc -I/Users/admin/builder/spi-builder-workspace/.derivedData/Build/Products/Debug-watchos/include -Xcc -I/Users/admin/builder/spi-builder-workspace/.derivedData/Build/Intermediates.noindex/WWPuzzleBoardView.build/Debug-watchos/WWPuzzleBoardView.build/DerivedSources-normal/arm64_32 -Xcc -I/Users/admin/builder/spi-builder-workspace/.derivedData/Build/Intermediates.noindex/WWPuzzleBoardView.build/Debug-watchos/WWPuzzleBoardView.build/DerivedSources/arm64_32 -Xcc -I/Users/admin/builder/spi-builder-workspace/.derivedData/Build/Intermediates.noindex/WWPuzzleBoardView.build/Debug-watchos/WWPuzzleBoardView.build/DerivedSources -Xcc -DSWIFT_PACKAGE -Xcc -DDEBUG\=1 -module-name WWPuzzleBoardView -frontend-parseable-output -disable-clang-spi -target-sdk-version 11.4 -target-sdk-name watchos11.4 -external-plugin-path /Applications/Xcode-16.3.0.app/Contents/Developer/Platforms/WatchOS.platform/Developer/usr/lib/swift/host/plugins\#/Applications/Xcode-16.3.0.app/Contents/Developer/Platforms/WatchOS.platform/Developer/usr/bin/swift-plugin-server -external-plugin-path /Applications/Xcode-16.3.0.app/Contents/Developer/Platforms/WatchOS.platform/Developer/usr/local/lib/swift/host/plugins\#/Applications/Xcode-16.3.0.app/Contents/Developer/Platforms/WatchOS.platform/Developer/usr/bin/swift-plugin-server -in-process-plugin-server-path /Applications/Xcode-16.3.0.app/Contents/Developer/Toolchains/XcodeDefault.xctoolchain/usr/lib/swift/host/libSwiftInProcPluginServer.dylib -plugin-path /Applications/Xcode-16.3.0.app/Contents/Developer/Toolchains/XcodeDefault.xctoolchain/usr/lib/swift/host/plugins -plugin-path /Applications/Xcode-16.3.0.app/Contents/Developer/Toolchains/XcodeDefault.xctoolchain/usr/local/lib/swift/host/plugins -emit-module-doc-path /Users/admin/builder/spi-builder-workspace/.derivedData/Build/Intermediates.noindex/WWPuzzleBoardView.build/Debug-watchos/WWPuzzleBoardView.build/Objects-normal/arm64_32/WWPuzzleBoardView.swiftdoc -emit-module-source-info-path /Users/admin/builder/spi-builder-workspace/.derivedData/Build/Intermediates.noindex/WWPuzzleBoardView.build/Debug-watchos/WWPuzzleBoardView.build/Objects-normal/arm64_32/WWPuzzleBoardView.swiftsourceinfo -emit-objc-header-path /Users/admin/builder/spi-builder-workspace/.derivedData/Build/Intermediates.noindex/WWPuzzleBoardView.build/Debug-watchos/WWPuzzleBoardView.build/Objects-normal/arm64_32/WWPuzzleBoardView-Swift.h -serialize-diagnostics-path /Users/admin/builder/spi-builder-workspace/.derivedData/Build/Intermediates.noindex/WWPuzzleBoardView.build/Debug-watchos/WWPuzzleBoardView.build/Objects-normal/arm64_32/WWPuzzleBoardView-master-emit-module.dia -emit-dependencies-path /Users/admin/builder/spi-builder-workspace/.derivedData/Build/Intermediates.noindex/WWPuzzleBoardView.build/Debug-watchos/WWPuzzleBoardView.build/Objects-normal/arm64_32/WWPuzzleBoardView-master-emit-module.d -o /Users/admin/builder/spi-builder-workspace/.derivedData/Build/Intermediates.noindex/WWPuzzleBoardView.build/Debug-watchos/WWPuzzleBoardView.build/Objects-normal/arm64_32/WWPuzzleBoardView.swiftmodule -emit-abi-descriptor-path /Users/admin/builder/spi-builder-workspace/.derivedData/Build/Intermediates.noindex/WWPuzzleBoardView.build/Debug-watchos/WWPuzzleBoardView.build/Objects-normal/arm64_32/WWPuzzleBoardView.abi.json
EmitSwiftModule normal arm64_32 (in target 'WWPuzzleBoardView' from project 'WWPuzzleBoardView')
cd /Users/admin/builder/spi-builder-workspace/.swiftpm/xcode
/Users/admin/builder/spi-builder-workspace/Sources/WWPuzzleBoardView/PuzzleBoardView/TileView.swift:17:29: error: cannot find type 'UIView' in scope
weak var boardView: UIView? // 參照到父容器,用來做座標轉換與處理層級(bringSubviewToFront)
/Applications/Xcode-16.3.0.app/Contents/Developer/Platforms/WatchOS.platform/Developer/SDKs/WatchOS11.4.sdk/System/Library/Frameworks/UIKit.framework/Headers/NSTextAttachment.h:23:1: note: interface 'UIView' forward declared here
@class UIView;
^
/Users/admin/builder/spi-builder-workspace/Sources/WWPuzzleBoardView/PuzzleBoardView/TileView.swift:20:39: error: cannot find type 'UIImageView' in scope
private let contentImageView: UIImageView = .init() // 用來顯示拼圖內容的影像視圖。
/Users/admin/builder/spi-builder-workspace/Sources/WWPuzzleBoardView/PuzzleBoardView/TileView.swift:44:30: error: method does not override any method from its superclass
public override func layoutSubviews() {
~~~~~~~~ ^
/Users/admin/builder/spi-builder-workspace/Sources/WWPuzzleBoardView/PuzzleBoardView/TileView.swift:13:21: error: cannot find type 'UIView' in scope
class TileView: UIView {
^~~~~~
/Applications/Xcode-16.3.0.app/Contents/Developer/Platforms/WatchOS.platform/Developer/SDKs/WatchOS11.4.sdk/System/Library/Frameworks/UIKit.framework/Headers/NSTextAttachment.h:23:1: note: interface 'UIView' forward declared here
@class UIView;
^
/Users/admin/builder/spi-builder-workspace/Sources/WWPuzzleBoardView/PuzzleBoardView/TileView.swift:77:37: error: cannot find type 'UIPanGestureRecognizer' in scope
@objc func handlePan(_ gesture: UIPanGestureRecognizer) {
^~~~~~~~~~~~~~~~~~~~~~
/Users/admin/builder/spi-builder-workspace/Sources/WWPuzzleBoardView/PuzzleBoardView/TileView.swift:90:38: error: cannot find type 'UIView' in scope
func beginDragging(in boardView: UIView) {
^~~~~~
/Applications/Xcode-16.3.0.app/Contents/Developer/Platforms/WatchOS.platform/Developer/SDKs/WatchOS11.4.sdk/System/Library/Frameworks/UIKit.framework/Headers/NSTextAttachment.h:23:1: note: interface 'UIView' forward declared here
@class UIView;
^
/Users/admin/builder/spi-builder-workspace/Sources/WWPuzzleBoardView/PuzzleBoardView/TileView.swift:98:39: error: cannot find type 'UIPanGestureRecognizer' in scope
func updateDragging(with gesture: UIPanGestureRecognizer, in boardView: UIView) {
^~~~~~~~~~~~~~~~~~~~~~
/Users/admin/builder/spi-builder-workspace/Sources/WWPuzzleBoardView/PuzzleBoardView/TileView.swift:98:77: error: cannot find type 'UIView' in scope
func updateDragging(with gesture: UIPanGestureRecognizer, in boardView: UIView) {
^~~~~~
/Applications/Xcode-16.3.0.app/Contents/Developer/Platforms/WatchOS.platform/Developer/SDKs/WatchOS11.4.sdk/System/Library/Frameworks/UIKit.framework/Headers/NSTextAttachment.h:23:1: note: interface 'UIView' forward declared here
@class UIView;
^
/Users/admin/builder/spi-builder-workspace/Sources/WWPuzzleBoardView/Utility/Constant.swift:84:120: error: cannot find type 'UIViewPropertyAnimator' in scope
func performAnimation(animations: @escaping () -> Void, completion: ((UIViewAnimatingPosition) -> Void)? = nil) -> UIViewPropertyAnimator? {
^~~~~~~~~~~~~~~~~~~~~~
/Users/admin/builder/spi-builder-workspace/Sources/WWPuzzleBoardView/Utility/Constant.swift:84:75: error: cannot find type 'UIViewAnimatingPosition' in scope
func performAnimation(animations: @escaping () -> Void, completion: ((UIViewAnimatingPosition) -> Void)? = nil) -> UIViewPropertyAnimator? {
^~~~~~~~~~~~~~~~~~~~~~~
/Users/admin/builder/spi-builder-workspace/Sources/WWPuzzleBoardView/Utility/Constant.swift:103:114: error: cannot find type 'UIViewPropertyAnimator' in scope
func instantAnimation(animations: @escaping () -> Void, completion: ((UIViewAnimatingPosition) -> Void)?) -> UIViewPropertyAnimator? {
^~~~~~~~~~~~~~~~~~~~~~
/Users/admin/builder/spi-builder-workspace/Sources/WWPuzzleBoardView/Utility/Constant.swift:103:75: error: cannot find type 'UIViewAnimatingPosition' in scope
func instantAnimation(animations: @escaping () -> Void, completion: ((UIViewAnimatingPosition) -> Void)?) -> UIViewPropertyAnimator? {
^~~~~~~~~~~~~~~~~~~~~~~
/Users/admin/builder/spi-builder-workspace/Sources/WWPuzzleBoardView/Utility/Constant.swift:116:112: error: cannot find type 'UIViewPropertyAnimator' in scope
func quickAnimation(animations: @escaping () -> Void, completion: ((UIViewAnimatingPosition) -> Void)?) -> UIViewPropertyAnimator? {
^~~~~~~~~~~~~~~~~~~~~~
/Users/admin/builder/spi-builder-workspace/Sources/WWPuzzleBoardView/Utility/Constant.swift:116:73: error: cannot find type 'UIViewAnimatingPosition' in scope
func quickAnimation(animations: @escaping () -> Void, completion: ((UIViewAnimatingPosition) -> Void)?) -> UIViewPropertyAnimator? {
^~~~~~~~~~~~~~~~~~~~~~~
/Users/admin/builder/spi-builder-workspace/Sources/WWPuzzleBoardView/Utility/Constant.swift:137:142: error: cannot find type 'UIViewPropertyAnimator' in scope
func interactiveAnimation(duration: TimeInterval, animations: @escaping () -> Void, completion: ((UIViewAnimatingPosition) -> Void)?) -> UIViewPropertyAnimator? {
^~~~~~~~~~~~~~~~~~~~~~
/Users/admin/builder/spi-builder-workspace/Sources/WWPuzzleBoardView/Utility/Constant.swift:137:103: error: cannot find type 'UIViewAnimatingPosition' in scope
func interactiveAnimation(duration: TimeInterval, animations: @escaping () -> Void, completion: ((UIViewAnimatingPosition) -> Void)?) -> UIViewPropertyAnimator? {
^~~~~~~~~~~~~~~~~~~~~~~
/Users/admin/builder/spi-builder-workspace/Sources/WWPuzzleBoardView/Utility/Constant.swift:156:187: error: cannot find type 'UIViewPropertyAnimator' in scope
func springAnimation(duration: TimeInterval, dampingRatio: CGFloat, initialVelocity: CGVector, animations: @escaping () -> Void, completion: ((UIViewAnimatingPosition) -> Void)?) -> UIViewPropertyAnimator? {
^~~~~~~~~~~~~~~~~~~~~~
/Users/admin/builder/spi-builder-workspace/Sources/WWPuzzleBoardView/Utility/Constant.swift:156:148: error: cannot find type 'UIViewAnimatingPosition' in scope
func springAnimation(duration: TimeInterval, dampingRatio: CGFloat, initialVelocity: CGVector, animations: @escaping () -> Void, completion: ((UIViewAnimatingPosition) -> Void)?) -> UIViewPropertyAnimator? {
^~~~~~~~~~~~~~~~~~~~~~~
/Users/admin/builder/spi-builder-workspace/Sources/WWPuzzleBoardView/Utility/Model.swift:98:22: error: cannot find type 'UIView' in scope
let options: UIView.AnimationOptions // 動畫選項(如 .curveEaseInOut、.allowUserInteraction 等),定義動畫的過渡曲線與行為
/Applications/Xcode-16.3.0.app/Contents/Developer/Platforms/WatchOS.platform/Developer/SDKs/WatchOS11.4.sdk/System/Library/Frameworks/UIKit.framework/Headers/NSTextAttachment.h:23:1: note: interface 'UIView' forward declared here
@class UIView;
^
/Users/admin/builder/spi-builder-workspace/Sources/WWPuzzleBoardView/WWPuzzleBoardView.swift:11:39: error: cannot find type 'UIView' in scope
public final class WWPuzzleBoardView: UIView {
^~~~~~
/Applications/Xcode-16.3.0.app/Contents/Developer/Platforms/WatchOS.platform/Developer/SDKs/WatchOS11.4.sdk/System/Library/Frameworks/UIKit.framework/Headers/NSTextAttachment.h:23:1: note: interface 'UIView' forward declared here
@class UIView;
^
SwiftCompile normal arm64_32 Compiling\ ImageFactory.swift /Users/admin/builder/spi-builder-workspace/Sources/WWPuzzleBoardView/PuzzleBoardView/ImageFactory.swift (in target 'WWPuzzleBoardView' from project 'WWPuzzleBoardView')
SwiftCompile normal arm64_32 /Users/admin/builder/spi-builder-workspace/Sources/WWPuzzleBoardView/PuzzleBoardView/ImageFactory.swift (in target 'WWPuzzleBoardView' from project 'WWPuzzleBoardView')
cd /Users/admin/builder/spi-builder-workspace/.swiftpm/xcode
SwiftCompile normal arm64_32 Compiling\ Extension.swift /Users/admin/builder/spi-builder-workspace/Sources/WWPuzzleBoardView/Utility/Extension.swift (in target 'WWPuzzleBoardView' from project 'WWPuzzleBoardView')
SwiftCompile normal arm64_32 /Users/admin/builder/spi-builder-workspace/Sources/WWPuzzleBoardView/Utility/Extension.swift (in target 'WWPuzzleBoardView' from project 'WWPuzzleBoardView')
cd /Users/admin/builder/spi-builder-workspace/.swiftpm/xcode
SwiftCompile normal arm64_32 Compiling\ Model.swift /Users/admin/builder/spi-builder-workspace/Sources/WWPuzzleBoardView/Utility/Model.swift (in target 'WWPuzzleBoardView' from project 'WWPuzzleBoardView')
SwiftCompile normal arm64_32 /Users/admin/builder/spi-builder-workspace/Sources/WWPuzzleBoardView/Utility/Model.swift (in target 'WWPuzzleBoardView' from project 'WWPuzzleBoardView')
cd /Users/admin/builder/spi-builder-workspace/.swiftpm/xcode
SwiftEmitModule normal arm64 Emitting\ module\ for\ WWPuzzleBoardView (in target 'WWPuzzleBoardView' from project 'WWPuzzleBoardView')
Failed frontend command:
/Applications/Xcode-16.3.0.app/Contents/Developer/Toolchains/XcodeDefault.xctoolchain/usr/bin/swift-frontend -frontend -emit-module -experimental-skip-non-inlinable-function-bodies-without-types /Users/admin/builder/spi-builder-workspace/.derivedData/Build/Intermediates.noindex/WWPuzzleBoardView.build/Debug-watchos/WWPuzzleBoardView.build/DerivedSources/resource_bundle_accessor.swift /Users/admin/builder/spi-builder-workspace/Sources/WWPuzzleBoardView/PuzzleBoardView/ImageFactory.swift /Users/admin/builder/spi-builder-workspace/Sources/WWPuzzleBoardView/PuzzleBoardView/TileView.swift /Users/admin/builder/spi-builder-workspace/Sources/WWPuzzleBoardView/Utility/Constant.swift /Users/admin/builder/spi-builder-workspace/Sources/WWPuzzleBoardView/Utility/Extension.swift /Users/admin/builder/spi-builder-workspace/Sources/WWPuzzleBoardView/Utility/Model.swift /Users/admin/builder/spi-builder-workspace/Sources/WWPuzzleBoardView/Utility/Protocol.swift /Users/admin/builder/spi-builder-workspace/Sources/WWPuzzleBoardView/WWPuzzleBoardView.swift -target arm64-apple-watchos9.0 -Xllvm -aarch64-use-tbi -enable-objc-interop -stack-check -sdk /Applications/Xcode-16.3.0.app/Contents/Developer/Platforms/WatchOS.platform/Developer/SDKs/WatchOS11.4.sdk -I /Users/admin/builder/spi-builder-workspace/.derivedData/Build/Products/Debug-watchos -I /Applications/Xcode-16.3.0.app/Contents/Developer/Platforms/WatchOS.platform/Developer/usr/lib -F /Users/admin/builder/spi-builder-workspace/.derivedData/Build/Products/Debug-watchos -F /Applications/Xcode-16.3.0.app/Contents/Developer/Platforms/WatchOS.platform/Developer/Library/Frameworks -F /Applications/Xcode-16.3.0.app/Contents/Developer/Platforms/WatchOS.platform/Developer/SDKs/WatchOS11.4.sdk/Developer/Library/Frameworks -no-color-diagnostics -enable-testing -g -debug-info-format\=dwarf -dwarf-version\=4 -module-cache-path /Users/admin/builder/spi-builder-workspace/.derivedData/ModuleCache.noindex -swift-version 5 -enforce-exclusivity\=checked -Onone -D SWIFT_PACKAGE -D DEBUG -D Xcode -serialize-debugging-options -const-gather-protocols-file /Users/admin/builder/spi-builder-workspace/.derivedData/Build/Intermediates.noindex/WWPuzzleBoardView.build/Debug-watchos/WWPuzzleBoardView.build/Objects-normal/arm64/WWPuzzleBoardView_const_extract_protocols.json -enable-experimental-feature DebugDescriptionMacro -empty-abi-descriptor -plugin-path /Applications/Xcode-16.3.0.app/Contents/Developer/Toolchains/XcodeDefault.xctoolchain/usr/lib/swift/host/plugins/testing -validate-clang-modules-once -clang-build-session-file /Users/admin/builder/spi-builder-workspace/.derivedData/ModuleCache.noindex/Session.modulevalidation -Xcc -working-directory -Xcc /Users/admin/builder/spi-builder-workspace/.swiftpm/xcode -resource-dir /Applications/Xcode-16.3.0.app/Contents/Developer/Toolchains/XcodeDefault.xctoolchain/usr/lib/swift -enable-anonymous-context-mangled-names -file-compilation-dir /Users/admin/builder/spi-builder-workspace/.swiftpm/xcode -Xcc -ivfsstatcache -Xcc /Users/admin/builder/spi-builder-workspace/.derivedData/SDKStatCaches.noindex/watchos11.4-22T246-43efb940ff07ba2497b70ec94253f576.sdkstatcache -Xcc -I/Users/admin/builder/spi-builder-workspace/.derivedData/Build/Intermediates.noindex/WWPuzzleBoardView.build/Debug-watchos/WWPuzzleBoardView.build/swift-overrides.hmap -Xcc -I/Users/admin/builder/spi-builder-workspace/.derivedData/Build/Products/Debug-watchos/include -Xcc -I/Users/admin/builder/spi-builder-workspace/.derivedData/Build/Intermediates.noindex/WWPuzzleBoardView.build/Debug-watchos/WWPuzzleBoardView.build/DerivedSources-normal/arm64 -Xcc -I/Users/admin/builder/spi-builder-workspace/.derivedData/Build/Intermediates.noindex/WWPuzzleBoardView.build/Debug-watchos/WWPuzzleBoardView.build/DerivedSources/arm64 -Xcc -I/Users/admin/builder/spi-builder-workspace/.derivedData/Build/Intermediates.noindex/WWPuzzleBoardView.build/Debug-watchos/WWPuzzleBoardView.build/DerivedSources -Xcc -DSWIFT_PACKAGE -Xcc -DDEBUG\=1 -module-name WWPuzzleBoardView -frontend-parseable-output -disable-clang-spi -target-sdk-version 11.4 -target-sdk-name watchos11.4 -external-plugin-path /Applications/Xcode-16.3.0.app/Contents/Developer/Platforms/WatchOS.platform/Developer/usr/lib/swift/host/plugins\#/Applications/Xcode-16.3.0.app/Contents/Developer/Platforms/WatchOS.platform/Developer/usr/bin/swift-plugin-server -external-plugin-path /Applications/Xcode-16.3.0.app/Contents/Developer/Platforms/WatchOS.platform/Developer/usr/local/lib/swift/host/plugins\#/Applications/Xcode-16.3.0.app/Contents/Developer/Platforms/WatchOS.platform/Developer/usr/bin/swift-plugin-server -in-process-plugin-server-path /Applications/Xcode-16.3.0.app/Contents/Developer/Toolchains/XcodeDefault.xctoolchain/usr/lib/swift/host/libSwiftInProcPluginServer.dylib -plugin-path /Applications/Xcode-16.3.0.app/Contents/Developer/Toolchains/XcodeDefault.xctoolchain/usr/lib/swift/host/plugins -plugin-path /Applications/Xcode-16.3.0.app/Contents/Developer/Toolchains/XcodeDefault.xctoolchain/usr/local/lib/swift/host/plugins -emit-module-doc-path /Users/admin/builder/spi-builder-workspace/.derivedData/Build/Intermediates.noindex/WWPuzzleBoardView.build/Debug-watchos/WWPuzzleBoardView.build/Objects-normal/arm64/WWPuzzleBoardView.swiftdoc -emit-module-source-info-path /Users/admin/builder/spi-builder-workspace/.derivedData/Build/Intermediates.noindex/WWPuzzleBoardView.build/Debug-watchos/WWPuzzleBoardView.build/Objects-normal/arm64/WWPuzzleBoardView.swiftsourceinfo -emit-objc-header-path /Users/admin/builder/spi-builder-workspace/.derivedData/Build/Intermediates.noindex/WWPuzzleBoardView.build/Debug-watchos/WWPuzzleBoardView.build/Objects-normal/arm64/WWPuzzleBoardView-Swift.h -serialize-diagnostics-path /Users/admin/builder/spi-builder-workspace/.derivedData/Build/Intermediates.noindex/WWPuzzleBoardView.build/Debug-watchos/WWPuzzleBoardView.build/Objects-normal/arm64/WWPuzzleBoardView-master-emit-module.dia -emit-dependencies-path /Users/admin/builder/spi-builder-workspace/.derivedData/Build/Intermediates.noindex/WWPuzzleBoardView.build/Debug-watchos/WWPuzzleBoardView.build/Objects-normal/arm64/WWPuzzleBoardView-master-emit-module.d -o /Users/admin/builder/spi-builder-workspace/.derivedData/Build/Intermediates.noindex/WWPuzzleBoardView.build/Debug-watchos/WWPuzzleBoardView.build/Objects-normal/arm64/WWPuzzleBoardView.swiftmodule -emit-abi-descriptor-path /Users/admin/builder/spi-builder-workspace/.derivedData/Build/Intermediates.noindex/WWPuzzleBoardView.build/Debug-watchos/WWPuzzleBoardView.build/Objects-normal/arm64/WWPuzzleBoardView.abi.json
EmitSwiftModule normal arm64 (in target 'WWPuzzleBoardView' from project 'WWPuzzleBoardView')
cd /Users/admin/builder/spi-builder-workspace/.swiftpm/xcode
/Users/admin/builder/spi-builder-workspace/Sources/WWPuzzleBoardView/PuzzleBoardView/TileView.swift:17:29: error: cannot find type 'UIView' in scope
weak var boardView: UIView? // 參照到父容器,用來做座標轉換與處理層級(bringSubviewToFront)
/Applications/Xcode-16.3.0.app/Contents/Developer/Platforms/WatchOS.platform/Developer/SDKs/WatchOS11.4.sdk/System/Library/Frameworks/UIKit.framework/Headers/NSTextAttachment.h:23:1: note: interface 'UIView' forward declared here
@class UIView;
^
/Users/admin/builder/spi-builder-workspace/Sources/WWPuzzleBoardView/PuzzleBoardView/TileView.swift:20:39: error: cannot find type 'UIImageView' in scope
private let contentImageView: UIImageView = .init() // 用來顯示拼圖內容的影像視圖。
/Users/admin/builder/spi-builder-workspace/Sources/WWPuzzleBoardView/PuzzleBoardView/TileView.swift:44:30: error: method does not override any method from its superclass
public override func layoutSubviews() {
~~~~~~~~ ^
/Users/admin/builder/spi-builder-workspace/Sources/WWPuzzleBoardView/PuzzleBoardView/TileView.swift:13:21: error: cannot find type 'UIView' in scope
class TileView: UIView {
^~~~~~
/Applications/Xcode-16.3.0.app/Contents/Developer/Platforms/WatchOS.platform/Developer/SDKs/WatchOS11.4.sdk/System/Library/Frameworks/UIKit.framework/Headers/NSTextAttachment.h:23:1: note: interface 'UIView' forward declared here
@class UIView;
^
/Users/admin/builder/spi-builder-workspace/Sources/WWPuzzleBoardView/PuzzleBoardView/TileView.swift:77:37: error: cannot find type 'UIPanGestureRecognizer' in scope
@objc func handlePan(_ gesture: UIPanGestureRecognizer) {
^~~~~~~~~~~~~~~~~~~~~~
/Users/admin/builder/spi-builder-workspace/Sources/WWPuzzleBoardView/PuzzleBoardView/TileView.swift:90:38: error: cannot find type 'UIView' in scope
func beginDragging(in boardView: UIView) {
^~~~~~
/Applications/Xcode-16.3.0.app/Contents/Developer/Platforms/WatchOS.platform/Developer/SDKs/WatchOS11.4.sdk/System/Library/Frameworks/UIKit.framework/Headers/NSTextAttachment.h:23:1: note: interface 'UIView' forward declared here
@class UIView;
^
/Users/admin/builder/spi-builder-workspace/Sources/WWPuzzleBoardView/PuzzleBoardView/TileView.swift:98:39: error: cannot find type 'UIPanGestureRecognizer' in scope
func updateDragging(with gesture: UIPanGestureRecognizer, in boardView: UIView) {
^~~~~~~~~~~~~~~~~~~~~~
/Users/admin/builder/spi-builder-workspace/Sources/WWPuzzleBoardView/PuzzleBoardView/TileView.swift:98:77: error: cannot find type 'UIView' in scope
func updateDragging(with gesture: UIPanGestureRecognizer, in boardView: UIView) {
^~~~~~
/Applications/Xcode-16.3.0.app/Contents/Developer/Platforms/WatchOS.platform/Developer/SDKs/WatchOS11.4.sdk/System/Library/Frameworks/UIKit.framework/Headers/NSTextAttachment.h:23:1: note: interface 'UIView' forward declared here
@class UIView;
^
/Users/admin/builder/spi-builder-workspace/Sources/WWPuzzleBoardView/Utility/Constant.swift:84:120: error: cannot find type 'UIViewPropertyAnimator' in scope
func performAnimation(animations: @escaping () -> Void, completion: ((UIViewAnimatingPosition) -> Void)? = nil) -> UIViewPropertyAnimator? {
^~~~~~~~~~~~~~~~~~~~~~
/Users/admin/builder/spi-builder-workspace/Sources/WWPuzzleBoardView/Utility/Constant.swift:84:75: error: cannot find type 'UIViewAnimatingPosition' in scope
func performAnimation(animations: @escaping () -> Void, completion: ((UIViewAnimatingPosition) -> Void)? = nil) -> UIViewPropertyAnimator? {
^~~~~~~~~~~~~~~~~~~~~~~
/Users/admin/builder/spi-builder-workspace/Sources/WWPuzzleBoardView/Utility/Constant.swift:103:114: error: cannot find type 'UIViewPropertyAnimator' in scope
func instantAnimation(animations: @escaping () -> Void, completion: ((UIViewAnimatingPosition) -> Void)?) -> UIViewPropertyAnimator? {
^~~~~~~~~~~~~~~~~~~~~~
/Users/admin/builder/spi-builder-workspace/Sources/WWPuzzleBoardView/Utility/Constant.swift:103:75: error: cannot find type 'UIViewAnimatingPosition' in scope
func instantAnimation(animations: @escaping () -> Void, completion: ((UIViewAnimatingPosition) -> Void)?) -> UIViewPropertyAnimator? {
^~~~~~~~~~~~~~~~~~~~~~~
/Users/admin/builder/spi-builder-workspace/Sources/WWPuzzleBoardView/Utility/Constant.swift:116:112: error: cannot find type 'UIViewPropertyAnimator' in scope
func quickAnimation(animations: @escaping () -> Void, completion: ((UIViewAnimatingPosition) -> Void)?) -> UIViewPropertyAnimator? {
^~~~~~~~~~~~~~~~~~~~~~
/Users/admin/builder/spi-builder-workspace/Sources/WWPuzzleBoardView/Utility/Constant.swift:116:73: error: cannot find type 'UIViewAnimatingPosition' in scope
func quickAnimation(animations: @escaping () -> Void, completion: ((UIViewAnimatingPosition) -> Void)?) -> UIViewPropertyAnimator? {
^~~~~~~~~~~~~~~~~~~~~~~
/Users/admin/builder/spi-builder-workspace/Sources/WWPuzzleBoardView/Utility/Constant.swift:137:142: error: cannot find type 'UIViewPropertyAnimator' in scope
func interactiveAnimation(duration: TimeInterval, animations: @escaping () -> Void, completion: ((UIViewAnimatingPosition) -> Void)?) -> UIViewPropertyAnimator? {
^~~~~~~~~~~~~~~~~~~~~~
/Users/admin/builder/spi-builder-workspace/Sources/WWPuzzleBoardView/Utility/Constant.swift:137:103: error: cannot find type 'UIViewAnimatingPosition' in scope
func interactiveAnimation(duration: TimeInterval, animations: @escaping () -> Void, completion: ((UIViewAnimatingPosition) -> Void)?) -> UIViewPropertyAnimator? {
^~~~~~~~~~~~~~~~~~~~~~~
/Users/admin/builder/spi-builder-workspace/Sources/WWPuzzleBoardView/Utility/Constant.swift:156:187: error: cannot find type 'UIViewPropertyAnimator' in scope
func springAnimation(duration: TimeInterval, dampingRatio: CGFloat, initialVelocity: CGVector, animations: @escaping () -> Void, completion: ((UIViewAnimatingPosition) -> Void)?) -> UIViewPropertyAnimator? {
^~~~~~~~~~~~~~~~~~~~~~
/Users/admin/builder/spi-builder-workspace/Sources/WWPuzzleBoardView/Utility/Constant.swift:156:148: error: cannot find type 'UIViewAnimatingPosition' in scope
func springAnimation(duration: TimeInterval, dampingRatio: CGFloat, initialVelocity: CGVector, animations: @escaping () -> Void, completion: ((UIViewAnimatingPosition) -> Void)?) -> UIViewPropertyAnimator? {
^~~~~~~~~~~~~~~~~~~~~~~
/Users/admin/builder/spi-builder-workspace/Sources/WWPuzzleBoardView/Utility/Model.swift:98:22: error: cannot find type 'UIView' in scope
let options: UIView.AnimationOptions // 動畫選項(如 .curveEaseInOut、.allowUserInteraction 等),定義動畫的過渡曲線與行為
/Applications/Xcode-16.3.0.app/Contents/Developer/Platforms/WatchOS.platform/Developer/SDKs/WatchOS11.4.sdk/System/Library/Frameworks/UIKit.framework/Headers/NSTextAttachment.h:23:1: note: interface 'UIView' forward declared here
@class UIView;
^
/Users/admin/builder/spi-builder-workspace/Sources/WWPuzzleBoardView/WWPuzzleBoardView.swift:11:39: error: cannot find type 'UIView' in scope
public final class WWPuzzleBoardView: UIView {
^~~~~~
/Applications/Xcode-16.3.0.app/Contents/Developer/Platforms/WatchOS.platform/Developer/SDKs/WatchOS11.4.sdk/System/Library/Frameworks/UIKit.framework/Headers/NSTextAttachment.h:23:1: note: interface 'UIView' forward declared here
@class UIView;
^
SwiftCompile normal arm64_32 Compiling\ Protocol.swift /Users/admin/builder/spi-builder-workspace/Sources/WWPuzzleBoardView/Utility/Protocol.swift (in target 'WWPuzzleBoardView' from project 'WWPuzzleBoardView')
SwiftCompile normal arm64_32 /Users/admin/builder/spi-builder-workspace/Sources/WWPuzzleBoardView/Utility/Protocol.swift (in target 'WWPuzzleBoardView' from project 'WWPuzzleBoardView')
cd /Users/admin/builder/spi-builder-workspace/.swiftpm/xcode
SwiftCompile normal arm64 Compiling\ WWPuzzleBoardView.swift /Users/admin/builder/spi-builder-workspace/Sources/WWPuzzleBoardView/WWPuzzleBoardView.swift (in target 'WWPuzzleBoardView' from project 'WWPuzzleBoardView')
SwiftCompile normal arm64 /Users/admin/builder/spi-builder-workspace/Sources/WWPuzzleBoardView/WWPuzzleBoardView.swift (in target 'WWPuzzleBoardView' from project 'WWPuzzleBoardView')
cd /Users/admin/builder/spi-builder-workspace/.swiftpm/xcode
SwiftCompile normal arm64 Compiling\ ImageFactory.swift /Users/admin/builder/spi-builder-workspace/Sources/WWPuzzleBoardView/PuzzleBoardView/ImageFactory.swift (in target 'WWPuzzleBoardView' from project 'WWPuzzleBoardView')
SwiftCompile normal arm64 /Users/admin/builder/spi-builder-workspace/Sources/WWPuzzleBoardView/PuzzleBoardView/ImageFactory.swift (in target 'WWPuzzleBoardView' from project 'WWPuzzleBoardView')
cd /Users/admin/builder/spi-builder-workspace/.swiftpm/xcode
SwiftCompile normal arm64 Compiling\ TileView.swift /Users/admin/builder/spi-builder-workspace/Sources/WWPuzzleBoardView/PuzzleBoardView/TileView.swift (in target 'WWPuzzleBoardView' from project 'WWPuzzleBoardView')
SwiftCompile normal arm64 /Users/admin/builder/spi-builder-workspace/Sources/WWPuzzleBoardView/PuzzleBoardView/TileView.swift (in target 'WWPuzzleBoardView' from project 'WWPuzzleBoardView')
cd /Users/admin/builder/spi-builder-workspace/.swiftpm/xcode
SwiftCompile normal arm64 Compiling\ Constant.swift /Users/admin/builder/spi-builder-workspace/Sources/WWPuzzleBoardView/Utility/Constant.swift (in target 'WWPuzzleBoardView' from project 'WWPuzzleBoardView')
Command SwiftCompile failed with a nonzero exit code
** BUILD FAILED **
The following build commands failed:
SwiftEmitModule normal arm64_32 Emitting\ module\ for\ WWPuzzleBoardView (in target 'WWPuzzleBoardView' from project 'WWPuzzleBoardView')
EmitSwiftModule normal arm64_32 (in target 'WWPuzzleBoardView' from project 'WWPuzzleBoardView')
SwiftEmitModule normal arm64 Emitting\ module\ for\ WWPuzzleBoardView (in target 'WWPuzzleBoardView' from project 'WWPuzzleBoardView')
EmitSwiftModule normal arm64 (in target 'WWPuzzleBoardView' from project 'WWPuzzleBoardView')
SwiftCompile normal arm64 Compiling\ Constant.swift /Users/admin/builder/spi-builder-workspace/Sources/WWPuzzleBoardView/Utility/Constant.swift (in target 'WWPuzzleBoardView' from project 'WWPuzzleBoardView')
Building workspace spi-builder-workspace with scheme WWPuzzleBoardView
(6 failures)
BUILD FAILURE 6.1 watchOS