Build Information
Failed to build CoderPadKit, reference 0.6.0 (e6ff75), with Swift 6.4 for watchOS using Xcode 27.0 on 9 Oct 2026 21:51:46 UTC.
Build Command
env DEVELOPER_DIR=/Applications/Xcode-27.0.0-Release.Candidate.app xcrun xcodebuild -IDEClonedSourcePackagesDirPathOverride=$PWD/.dependencies -skipMacroValidation -skipPackagePluginValidation -derivedDataPath $PWD/.derivedData build -scheme CoderPadKit-Package -destination generic/platform=watchOSBuild Log
SwiftCompile normal arm64 /Users/admin/builder/spi-builder-workspace/Sources/CoderPadKit/PadAnalytics.swift (in target 'CoderPadKit' from project 'CoderPadKit')
cd /Users/admin/builder/spi-builder-workspace/.swiftpm/xcode
builtin-SwiftPerFileCompile PadAnalytics.swift
SwiftCompile normal arm64 /Users/admin/builder/spi-builder-workspace/Sources/CoderPadKit/PadEnvironment.swift (in target 'CoderPadKit' from project 'CoderPadKit')
cd /Users/admin/builder/spi-builder-workspace/.swiftpm/xcode
builtin-SwiftPerFileCompile PadEnvironment.swift
SwiftCompile normal arm64 /Users/admin/builder/spi-builder-workspace/Sources/CoderPadKit/PadHistoryURLPolicy.swift (in target 'CoderPadKit' from project 'CoderPadKit')
cd /Users/admin/builder/spi-builder-workspace/.swiftpm/xcode
builtin-SwiftPerFileCompile PadHistoryURLPolicy.swift
SwiftCompile normal arm64 /Users/admin/builder/spi-builder-workspace/Sources/CoderPadKit/Question.swift (in target 'CoderPadKit' from project 'CoderPadKit')
cd /Users/admin/builder/spi-builder-workspace/.swiftpm/xcode
builtin-SwiftPerFileCompile Question.swift
SwiftCompile normal arm64 /Users/admin/builder/spi-builder-workspace/Sources/CoderPadKit/QuestionArrayEncoding.swift (in target 'CoderPadKit' from project 'CoderPadKit')
cd /Users/admin/builder/spi-builder-workspace/.swiftpm/xcode
builtin-SwiftPerFileCompile QuestionArrayEncoding.swift
SwiftCompile normal arm64 /Users/admin/builder/spi-builder-workspace/Sources/CoderPadKit/QuestionFilters.swift (in target 'CoderPadKit' from project 'CoderPadKit')
cd /Users/admin/builder/spi-builder-workspace/.swiftpm/xcode
builtin-SwiftPerFileCompile QuestionFilters.swift
SwiftCompile normal arm64 /Users/admin/builder/spi-builder-workspace/Sources/CoderPadKit/QuestionProjectMetadata.swift (in target 'CoderPadKit' from project 'CoderPadKit')
cd /Users/admin/builder/spi-builder-workspace/.swiftpm/xcode
builtin-SwiftPerFileCompile QuestionProjectMetadata.swift
SwiftCompile normal arm64 Compiling\ LifecycleConsistency.swift,\ Logging.swift,\ MultipartFormData.swift,\ OpenableHTTPSURL.swift,\ OptimisticEdit.swift,\ Organization.swift,\ Pad.swift /Users/admin/builder/spi-builder-workspace/Sources/CoderPadKit/LifecycleConsistency.swift /Users/admin/builder/spi-builder-workspace/Sources/CoderPadKit/Logging.swift /Users/admin/builder/spi-builder-workspace/Sources/CoderPadKit/MultipartFormData.swift /Users/admin/builder/spi-builder-workspace/Sources/CoderPadKit/OpenableHTTPSURL.swift /Users/admin/builder/spi-builder-workspace/Sources/CoderPadKit/OptimisticEdit.swift /Users/admin/builder/spi-builder-workspace/Sources/CoderPadKit/Organization.swift /Users/admin/builder/spi-builder-workspace/Sources/CoderPadKit/Pad.swift (in target 'CoderPadKit' from project 'CoderPadKit')
SwiftCompile normal arm64 /Users/admin/builder/spi-builder-workspace/Sources/CoderPadKit/LifecycleConsistency.swift (in target 'CoderPadKit' from project 'CoderPadKit')
cd /Users/admin/builder/spi-builder-workspace/.swiftpm/xcode
builtin-SwiftPerFileCompile LifecycleConsistency.swift
SwiftCompile normal arm64 /Users/admin/builder/spi-builder-workspace/Sources/CoderPadKit/Logging.swift (in target 'CoderPadKit' from project 'CoderPadKit')
cd /Users/admin/builder/spi-builder-workspace/.swiftpm/xcode
builtin-SwiftPerFileCompile Logging.swift
SwiftCompile normal arm64 /Users/admin/builder/spi-builder-workspace/Sources/CoderPadKit/MultipartFormData.swift (in target 'CoderPadKit' from project 'CoderPadKit')
cd /Users/admin/builder/spi-builder-workspace/.swiftpm/xcode
builtin-SwiftPerFileCompile MultipartFormData.swift
SwiftCompile normal arm64 /Users/admin/builder/spi-builder-workspace/Sources/CoderPadKit/OpenableHTTPSURL.swift (in target 'CoderPadKit' from project 'CoderPadKit')
cd /Users/admin/builder/spi-builder-workspace/.swiftpm/xcode
builtin-SwiftPerFileCompile OpenableHTTPSURL.swift
SwiftCompile normal arm64 /Users/admin/builder/spi-builder-workspace/Sources/CoderPadKit/OptimisticEdit.swift (in target 'CoderPadKit' from project 'CoderPadKit')
cd /Users/admin/builder/spi-builder-workspace/.swiftpm/xcode
builtin-SwiftPerFileCompile OptimisticEdit.swift
SwiftCompile normal arm64 /Users/admin/builder/spi-builder-workspace/Sources/CoderPadKit/Organization.swift (in target 'CoderPadKit' from project 'CoderPadKit')
cd /Users/admin/builder/spi-builder-workspace/.swiftpm/xcode
builtin-SwiftPerFileCompile Organization.swift
SwiftCompile normal arm64 /Users/admin/builder/spi-builder-workspace/Sources/CoderPadKit/Pad.swift (in target 'CoderPadKit' from project 'CoderPadKit')
cd /Users/admin/builder/spi-builder-workspace/.swiftpm/xcode
builtin-SwiftPerFileCompile Pad.swift
SwiftCompile normal arm64 Compiling\ CoderPadClient+QuestionVariants.swift,\ CoderPadClient.swift,\ CoderPadError.swift,\ CoderPadMutationRefreshError.swift,\ CoderPadRetryPolicy.swift,\ EmailValidation.swift,\ InterviewLanguage.swift /Users/admin/builder/spi-builder-workspace/Sources/CoderPadKit/CoderPadClient+QuestionVariants.swift /Users/admin/builder/spi-builder-workspace/Sources/CoderPadKit/CoderPadClient.swift /Users/admin/builder/spi-builder-workspace/Sources/CoderPadKit/CoderPadError.swift /Users/admin/builder/spi-builder-workspace/Sources/CoderPadKit/CoderPadMutationRefreshError.swift /Users/admin/builder/spi-builder-workspace/Sources/CoderPadKit/CoderPadRetryPolicy.swift /Users/admin/builder/spi-builder-workspace/Sources/CoderPadKit/EmailValidation.swift /Users/admin/builder/spi-builder-workspace/Sources/CoderPadKit/InterviewLanguage.swift (in target 'CoderPadKit' from project 'CoderPadKit')
SwiftCompile normal arm64 /Users/admin/builder/spi-builder-workspace/Sources/CoderPadKit/CoderPadClient+QuestionVariants.swift (in target 'CoderPadKit' from project 'CoderPadKit')
cd /Users/admin/builder/spi-builder-workspace/.swiftpm/xcode
builtin-SwiftPerFileCompile CoderPadClient+QuestionVariants.swift
SwiftCompile normal arm64 /Users/admin/builder/spi-builder-workspace/Sources/CoderPadKit/CoderPadClient.swift (in target 'CoderPadKit' from project 'CoderPadKit')
cd /Users/admin/builder/spi-builder-workspace/.swiftpm/xcode
builtin-SwiftPerFileCompile CoderPadClient.swift
SwiftCompile normal arm64 /Users/admin/builder/spi-builder-workspace/Sources/CoderPadKit/CoderPadError.swift (in target 'CoderPadKit' from project 'CoderPadKit')
cd /Users/admin/builder/spi-builder-workspace/.swiftpm/xcode
builtin-SwiftPerFileCompile CoderPadError.swift
SwiftCompile normal arm64 /Users/admin/builder/spi-builder-workspace/Sources/CoderPadKit/CoderPadMutationRefreshError.swift (in target 'CoderPadKit' from project 'CoderPadKit')
cd /Users/admin/builder/spi-builder-workspace/.swiftpm/xcode
builtin-SwiftPerFileCompile CoderPadMutationRefreshError.swift
SwiftCompile normal arm64 /Users/admin/builder/spi-builder-workspace/Sources/CoderPadKit/CoderPadRetryPolicy.swift (in target 'CoderPadKit' from project 'CoderPadKit')
cd /Users/admin/builder/spi-builder-workspace/.swiftpm/xcode
builtin-SwiftPerFileCompile CoderPadRetryPolicy.swift
SwiftCompile normal arm64 /Users/admin/builder/spi-builder-workspace/Sources/CoderPadKit/EmailValidation.swift (in target 'CoderPadKit' from project 'CoderPadKit')
cd /Users/admin/builder/spi-builder-workspace/.swiftpm/xcode
builtin-SwiftPerFileCompile EmailValidation.swift
SwiftCompile normal arm64 /Users/admin/builder/spi-builder-workspace/Sources/CoderPadKit/InterviewLanguage.swift (in target 'CoderPadKit' from project 'CoderPadKit')
cd /Users/admin/builder/spi-builder-workspace/.swiftpm/xcode
builtin-SwiftPerFileCompile InterviewLanguage.swift
SwiftEmitModule normal arm64_32 Emitting\ module\ for\ CoderPadKit (in target 'CoderPadKit' from project 'CoderPadKit')
/Users/admin/builder/spi-builder-workspace/Sources/CoderPadKit/CoderPadClient+BaseURL.swift:27:5: warning: 'public' modifier is redundant for static method declared in a public extension
25 |
26 | /// Validates a response-body ceiling for callers that prefer an error over clamping (#206).
27 | public nonisolated static func validatedResponseBodyLimit(_ bytes: Int) throws -> Int {
| `- warning: 'public' modifier is redundant for static method declared in a public extension
28 | try validateNonNegativeResponseBodyLimit(bytes)
29 | }
/Users/admin/builder/spi-builder-workspace/Sources/CoderPadKit/ScreenAPI+Dates.swift:36:5: warning: 'public' modifier is redundant for property declared in a public extension
34 |
35 | public extension ScreenTestSession {
36 | public var sendDate: Date? {
| `- warning: 'public' modifier is redundant for property declared in a public extension
37 | ScreenEpochMilliseconds.date(from: sendTime)
38 | }
/Users/admin/builder/spi-builder-workspace/Sources/CoderPadKit/ScreenAPI+Dates.swift:40:5: warning: 'public' modifier is redundant for property declared in a public extension
38 | }
39 |
40 | public var startDate: Date? {
| `- warning: 'public' modifier is redundant for property declared in a public extension
41 | ScreenEpochMilliseconds.date(from: startTime)
42 | }
/Users/admin/builder/spi-builder-workspace/Sources/CoderPadKit/ScreenAPI+Dates.swift:44:5: warning: 'public' modifier is redundant for property declared in a public extension
42 | }
43 |
44 | public var endDate: Date? {
| `- warning: 'public' modifier is redundant for property declared in a public extension
45 | ScreenEpochMilliseconds.date(from: endTime)
46 | }
/Users/admin/builder/spi-builder-workspace/Sources/CoderPadKit/ScreenAPI+Dates.swift:48:5: warning: 'public' modifier is redundant for property declared in a public extension
46 | }
47 |
48 | public var lastActivityDate: Date? {
| `- warning: 'public' modifier is redundant for property declared in a public extension
49 | ScreenEpochMilliseconds.date(from: lastActivityTime)
50 | }
/Users/admin/builder/spi-builder-workspace/Sources/CoderPadKit/ScreenAPI+Dates.swift:54:5: warning: 'public' modifier is redundant for property declared in a public extension
52 | /// Recruiter dashboard URL when the API value is absolute HTTPS without
53 | /// credentials (#167).
54 | public var openableURL: URL? {
| `- warning: 'public' modifier is redundant for property declared in a public extension
55 | OpenableHTTPSURL.parse(url)
56 | }
/Users/admin/builder/spi-builder-workspace/Sources/CoderPadKit/ScreenAPI+Dates.swift:60:5: warning: 'public' modifier is redundant for property declared in a public extension
58 | /// Candidate test URL when the API value is absolute HTTPS without
59 | /// credentials (#167).
60 | public var openableTestURL: URL? {
| `- warning: 'public' modifier is redundant for property declared in a public extension
61 | OpenableHTTPSURL.parse(testURL)
62 | }
/Users/admin/builder/spi-builder-workspace/Sources/CoderPadKit/ScreenAPI+Dates.swift:68:5: warning: 'public' modifier is redundant for property declared in a public extension
66 | /// Candidate invitation URL when the API value is absolute HTTPS without
67 | /// credentials (#167).
68 | public var openableTestURL: URL? {
| `- warning: 'public' modifier is redundant for property declared in a public extension
69 | OpenableHTTPSURL.parse(testURL)
70 | }
/Users/admin/builder/spi-builder-workspace/Sources/CoderPadKit/ScreenAPI.swift:315:5: warning: 'public' modifier conflicts with extension's default access of 'private'
313 |
314 | private extension KeyedDecodingContainer {
315 | public nonisolated func decodeLenientScreenDictionary<Value: Decodable>(
| `- warning: 'public' modifier conflicts with extension's default access of 'private'
316 | of _: Value.Type,
317 | forKey key: Key
/Users/admin/builder/spi-builder-workspace/Sources/CoderPadKit/ScreenClient+BaseURL.swift:14:5: warning: 'public' modifier is redundant for static method declared in a public extension
12 | /// mock host is intentionally excluded so a live session cannot send a real API key
13 | /// to `screen.mock.coderpad.io` (#202).
14 | public nonisolated static func isAllowedProductionBaseURL(_ url: URL) -> Bool {
| `- warning: 'public' modifier is redundant for static method declared in a public extension
15 | isAllowedOrigin(url, hosts: [defaultBaseURL.host, euBaseURL.host])
16 | }
/Users/admin/builder/spi-builder-workspace/Sources/CoderPadKit/ScreenClient+BaseURL.swift:20:5: warning: 'public' modifier is redundant for static method declared in a public extension
18 | /// Origins accepted for any Screen request, including the in-process mock transport.
19 | /// Prefer ``isAllowedProductionBaseURL(_:)`` when constructing a live client.
20 | public nonisolated static func isAllowedBaseURL(_ url: URL) -> Bool {
| `- warning: 'public' modifier is redundant for static method declared in a public extension
21 | isAllowedProductionBaseURL(url)
22 | || isAllowedOrigin(url, hosts: [mockBaseURL.host])
/Users/admin/builder/spi-builder-workspace/Sources/CoderPadKit/ScreenClient+Webhook.swift:25:5: warning: 'public' modifier is redundant for instance method declared in a public extension
23 | /// as successful "no URL" outcomes; those map to `nil` rather than an HTTP or decode
24 | /// error so the optional return type matches the endpoint contract (#213, #214).
25 | public nonisolated func webhookURL() async throws -> String? {
| `- warning: 'public' modifier is redundant for instance method declared in a public extension
26 | let request = try authorizedRequest(path: "/webhook", method: "GET")
27 | let data: Data
/Users/admin/builder/spi-builder-workspace/Sources/CoderPadKit/ScreenClient+Webhook.swift:50:5: warning: 'public' modifier is redundant for instance method declared in a public extension
48 | /// Sets (replacing any existing) the webhook callback URL. `POST /webhook`.
49 | /// The request body is the URL as a bare JSON string, per the API contract.
50 | public nonisolated func setWebhookURL(_ url: String) async throws {
| `- warning: 'public' modifier is redundant for instance method declared in a public extension
51 | guard let url = Self.normalizedWebhookURL(url) else {
52 | throw CoderPadError.decode("Screen webhook callback must be a public HTTPS URL.")
/Users/admin/builder/spi-builder-workspace/Sources/CoderPadKit/ScreenClient+Webhook.swift:59:5: warning: 'public' modifier is redundant for instance method declared in a public extension
57 |
58 | /// Removes the configured webhook. `DELETE /webhook`.
59 | public nonisolated func deleteWebhook() async throws {
| `- warning: 'public' modifier is redundant for instance method declared in a public extension
60 | try await sendNoContent(method: "DELETE", path: "/webhook")
61 | }
/Users/admin/builder/spi-builder-workspace/Sources/CoderPadKit/ScreenClient+Webhook.swift:65:5: warning: 'public' modifier is redundant for static method declared in a public extension
63 | private nonisolated struct WebhookConfig: Decodable { let url: String? }
64 |
65 | public nonisolated static func normalizedWebhookURL(_ raw: String) -> String? {
| `- warning: 'public' modifier is redundant for static method declared in a public extension
66 | let trimmed = raw.trimmingCharacters(in: .whitespacesAndNewlines)
67 | return webhookPolicy.allows(trimmed) ? trimmed : nil
/Users/admin/builder/spi-builder-workspace/Sources/CoderPadKit/ScreenClient+Webhook.swift:70:5: warning: 'public' modifier is redundant for static method declared in a public extension
68 | }
69 |
70 | public nonisolated static func validatedWebhookURL(_ raw: String?) throws -> String? {
| `- warning: 'public' modifier is redundant for static method declared in a public extension
71 | guard let raw else { return nil }
72 | guard let normalized = normalizedWebhookURL(raw) else {
/Users/admin/builder/spi-builder-workspace/Sources/CoderPadKit/ScreenClient.swift:324:5: warning: 'public' modifier conflicts with extension's default access of 'private'
322 |
323 | private extension ScreenClient {
324 | public nonisolated static func validateTimeRange(from: Int?, until: Int?) throws {
| `- warning: 'public' modifier conflicts with extension's default access of 'private'
325 | if let from {
326 | guard (ScreenEpochMilliseconds.earliest ... ScreenEpochMilliseconds.latest).contains(from) else {
/Users/admin/builder/spi-builder-workspace/Sources/CoderPadKit/ScreenClient.swift:344:5: warning: 'public' modifier conflicts with extension's default access of 'private'
342 | }
343 |
344 | public nonisolated static func requirePositiveID(_ id: Int, kind: String) throws {
| `- warning: 'public' modifier conflicts with extension's default access of 'private'
345 | guard (1 ... maximumScreenID).contains(id) else {
346 | throw CoderPadError.decode("Screen \(kind) ID must be a positive int32.")
/Users/admin/builder/spi-builder-workspace/Sources/CoderPadKit/ScreenClient.swift:350:5: warning: 'public' modifier conflicts with extension's default access of 'private'
348 | }
349 |
350 | public nonisolated static func requirePaginationStart(_ start: Int) throws {
| `- warning: 'public' modifier conflicts with extension's default access of 'private'
351 | guard start >= 0 else {
352 | throw CoderPadError.decode("Screen pagination start must not be negative.")
/Users/admin/builder/spi-builder-workspace/Sources/CoderPadKit/ScreenClient.swift:360:5: warning: 'public' modifier conflicts with extension's default access of 'private'
358 | }
359 |
360 | public nonisolated static func normalizedFilter(
| `- warning: 'public' modifier conflicts with extension's default access of 'private'
361 | _ raw: String?,
362 | name: String,
/Users/admin/builder/spi-builder-workspace/Sources/CoderPadKit/ScreenClient.swift:380:5: warning: 'public' modifier conflicts with extension's default access of 'private'
378 | }
379 |
380 | public nonisolated static func normalizedListFilters(product: String?, candidateEmail: String?) throws
| `- warning: 'public' modifier conflicts with extension's default access of 'private'
381 | -> (product: String?, candidateEmail: String?) {
382 | let product = try normalizedProductFilter(product)
/Users/admin/builder/spi-builder-workspace/Sources/CoderPadKit/ScreenClient.swift:394:5: warning: 'public' modifier conflicts with extension's default access of 'private'
392 | /// Trims and lowercases a product filter, then requires one of the documented
393 | /// wire values (`screen`, `map`). `nil` means "no product filter" (#104).
394 | public nonisolated static func normalizedProductFilter(_ raw: String?) throws -> String? {
| `- warning: 'public' modifier conflicts with extension's default access of 'private'
395 | guard let product = try normalizedFilter(
396 | raw, name: "product", maximumLength: maximumProductFilterLength
/Users/admin/builder/spi-builder-workspace/Sources/CoderPadKit/ScreenClient.swift:412:5: warning: 'public' modifier conflicts with extension's default access of 'private'
410 | /// Normalizes invitation emails, enforces the candidate-name length limit, and
411 | /// rejects contradictory delivery options before transport (#105, #108, #197).
412 | public nonisolated static func validatedInvitation(_ invitation: ScreenInvitation) throws -> ScreenInvitation {
| `- warning: 'public' modifier conflicts with extension's default access of 'private'
413 | var invitation = invitation
414 | invitation.candidateEmail = try validatedInvitationEmail(
/Users/admin/builder/spi-builder-workspace/Sources/CoderPadKit/ScreenAPI+Dates.swift:9:34: error: integer literal '946684800000' overflows when stored into 'Int'
7 |
8 | public nonisolated enum ScreenEpochMilliseconds {
9 | public static let earliest = 946_684_800_000 // 2000-01-01T00:00:00Z
| `- error: integer literal '946684800000' overflows when stored into 'Int'
10 | public static let latest = 4_102_444_800_000 // 2100-01-01T00:00:00Z
11 |
/Users/admin/builder/spi-builder-workspace/Sources/CoderPadKit/ScreenAPI+Dates.swift:10:32: error: integer literal '4102444800000' overflows when stored into 'Int'
8 | public nonisolated enum ScreenEpochMilliseconds {
9 | public static let earliest = 946_684_800_000 // 2000-01-01T00:00:00Z
10 | public static let latest = 4_102_444_800_000 // 2100-01-01T00:00:00Z
| `- error: integer literal '4102444800000' overflows when stored into 'Int'
11 |
12 | public static func decode<Key: CodingKey>(
Failed frontend command:
/Applications/Xcode-27.0.0.app/Contents/Developer/Toolchains/XcodeDefault.xctoolchain/usr/bin/swift-frontend -frontend -emit-module -experimental-skip-non-inlinable-function-bodies-without-types /Users/admin/builder/spi-builder-workspace/Sources/CoderPadKit/APIKeyNormalization.swift /Users/admin/builder/spi-builder-workspace/Sources/CoderPadKit/AccountIntrospection.swift /Users/admin/builder/spi-builder-workspace/Sources/CoderPadKit/CoderPadClient+BaseURL.swift /Users/admin/builder/spi-builder-workspace/Sources/CoderPadKit/CoderPadClient+Identity.swift /Users/admin/builder/spi-builder-workspace/Sources/CoderPadKit/CoderPadClient+Multipart.swift /Users/admin/builder/spi-builder-workspace/Sources/CoderPadKit/CoderPadClient+Organization.swift /Users/admin/builder/spi-builder-workspace/Sources/CoderPadKit/CoderPadClient+PadHistory.swift /Users/admin/builder/spi-builder-workspace/Sources/CoderPadKit/CoderPadClient+QuestionVariants.swift /Users/admin/builder/spi-builder-workspace/Sources/CoderPadKit/CoderPadClient.swift /Users/admin/builder/spi-builder-workspace/Sources/CoderPadKit/CoderPadError.swift /Users/admin/builder/spi-builder-workspace/Sources/CoderPadKit/CoderPadMutationRefreshError.swift /Users/admin/builder/spi-builder-workspace/Sources/CoderPadKit/CoderPadRetryPolicy.swift /Users/admin/builder/spi-builder-workspace/Sources/CoderPadKit/EmailValidation.swift /Users/admin/builder/spi-builder-workspace/Sources/CoderPadKit/InterviewLanguage.swift /Users/admin/builder/spi-builder-workspace/Sources/CoderPadKit/LifecycleConsistency.swift /Users/admin/builder/spi-builder-workspace/Sources/CoderPadKit/Logging.swift /Users/admin/builder/spi-builder-workspace/Sources/CoderPadKit/MultipartFormData.swift /Users/admin/builder/spi-builder-workspace/Sources/CoderPadKit/OpenableHTTPSURL.swift /Users/admin/builder/spi-builder-workspace/Sources/CoderPadKit/OptimisticEdit.swift /Users/admin/builder/spi-builder-workspace/Sources/CoderPadKit/Organization.swift /Users/admin/builder/spi-builder-workspace/Sources/CoderPadKit/Pad.swift /Users/admin/builder/spi-builder-workspace/Sources/CoderPadKit/PadAnalytics.swift /Users/admin/builder/spi-builder-workspace/Sources/CoderPadKit/PadEnvironment.swift /Users/admin/builder/spi-builder-workspace/Sources/CoderPadKit/PadHistoryURLPolicy.swift /Users/admin/builder/spi-builder-workspace/Sources/CoderPadKit/Question.swift /Users/admin/builder/spi-builder-workspace/Sources/CoderPadKit/QuestionArrayEncoding.swift /Users/admin/builder/spi-builder-workspace/Sources/CoderPadKit/QuestionFilters.swift /Users/admin/builder/spi-builder-workspace/Sources/CoderPadKit/QuestionProjectMetadata.swift /Users/admin/builder/spi-builder-workspace/Sources/CoderPadKit/QuestionVariant.swift /Users/admin/builder/spi-builder-workspace/Sources/CoderPadKit/QuestionZIPUpload.swift /Users/admin/builder/spi-builder-workspace/Sources/CoderPadKit/RawAPI.swift /Users/admin/builder/spi-builder-workspace/Sources/CoderPadKit/RequestValidation.swift /Users/admin/builder/spi-builder-workspace/Sources/CoderPadKit/Requests.swift /Users/admin/builder/spi-builder-workspace/Sources/CoderPadKit/ScreenAIConversation.swift /Users/admin/builder/spi-builder-workspace/Sources/CoderPadKit/ScreenAPI+Dates.swift /Users/admin/builder/spi-builder-workspace/Sources/CoderPadKit/ScreenAPI+Identity.swift /Users/admin/builder/spi-builder-workspace/Sources/CoderPadKit/ScreenAPI+Invitation.swift /Users/admin/builder/spi-builder-workspace/Sources/CoderPadKit/ScreenAPI+Metrics.swift /Users/admin/builder/spi-builder-workspace/Sources/CoderPadKit/ScreenAPI+Pagination.swift /Users/admin/builder/spi-builder-workspace/Sources/CoderPadKit/ScreenAPI+ReportBounds.swift /Users/admin/builder/spi-builder-workspace/Sources/CoderPadKit/ScreenAPI.swift /Users/admin/builder/spi-builder-workspace/Sources/CoderPadKit/ScreenCampaignCreation.swift /Users/admin/builder/spi-builder-workspace/Sources/CoderPadKit/ScreenCampaignSettings.swift /Users/admin/builder/spi-builder-workspace/Sources/CoderPadKit/ScreenClient+BaseURL.swift /Users/admin/builder/spi-builder-workspace/Sources/CoderPadKit/ScreenClient+Pagination.swift /Users/admin/builder/spi-builder-workspace/Sources/CoderPadKit/ScreenClient+ProjectArchive.swift /Users/admin/builder/spi-builder-workspace/Sources/CoderPadKit/ScreenClient+QuestionBank.swift /Users/admin/builder/spi-builder-workspace/Sources/CoderPadKit/ScreenClient+QuestionInsights.swift /Users/admin/builder/spi-builder-workspace/Sources/CoderPadKit/ScreenClient+ReportDownload.swift /Users/admin/builder/spi-builder-workspace/Sources/CoderPadKit/ScreenClient+ResponseData.swift /Users/admin/builder/spi-builder-workspace/Sources/CoderPadKit/ScreenClient+TemporaryFiles.swift /Users/admin/builder/spi-builder-workspace/Sources/CoderPadKit/ScreenClient+Webhook.swift /Users/admin/builder/spi-builder-workspace/Sources/CoderPadKit/ScreenClient.swift /Users/admin/builder/spi-builder-workspace/Sources/CoderPadKit/ScreenDetailedQuestion.swift /Users/admin/builder/spi-builder-workspace/Sources/CoderPadKit/ScreenDictionaryKey.swift /Users/admin/builder/spi-builder-workspace/Sources/CoderPadKit/ScreenQuestionContentInputs.swift /Users/admin/builder/spi-builder-workspace/Sources/CoderPadKit/ScreenQuestionEvaluationInputs.swift /Users/admin/builder/spi-builder-workspace/Sources/CoderPadKit/ScreenQuestionFilters+Query.swift /Users/admin/builder/spi-builder-workspace/Sources/CoderPadKit/ScreenQuestionInsights.swift /Users/admin/builder/spi-builder-workspace/Sources/CoderPadKit/ScreenQuestionPagination.swift /Users/admin/builder/spi-builder-workspace/Sources/CoderPadKit/ScreenQuestionResponses.swift /Users/admin/builder/spi-builder-workspace/Sources/CoderPadKit/ScreenRedirectDelegate.swift /Users/admin/builder/spi-builder-workspace/Sources/CoderPadKit/ScreenReportFiles.swift /Users/admin/builder/spi-builder-workspace/Sources/CoderPadKit/ScreenReportOperationLimiter.swift /Users/admin/builder/spi-builder-workspace/Sources/CoderPadKit/ScreenSessionQuestion.swift /Users/admin/builder/spi-builder-workspace/Sources/CoderPadKit/TolerantJSON.swift -target arm64_32-apple-watchos11.0 -module-can-import-version CoreGraphics 2049 2049.0.0 -module-can-import-version OSLog 10 1966.4.1 -disable-cross-import-overlay-search -load-resolved-plugin /Applications/Xcode-27.0.0.app/Contents/Developer/Platforms/WatchOS.platform/Developer/usr/lib/swift/host/plugins/libFoundationMacros.dylib\#/Applications/Xcode-27.0.0.app/Contents/Developer/Platforms/WatchOS.platform/Developer/usr/bin/swift-plugin-server\#FoundationMacros -load-resolved-plugin /Applications/Xcode-27.0.0.app/Contents/Developer/Platforms/WatchOS.platform/Developer/usr/lib/swift/host/plugins/libObservationMacros.dylib\#/Applications/Xcode-27.0.0.app/Contents/Developer/Platforms/WatchOS.platform/Developer/usr/bin/swift-plugin-server\#ObservationMacros -load-resolved-plugin /Applications/Xcode-27.0.0.app/Contents/Developer/Platforms/WatchOS.platform/Developer/usr/lib/swift/host/plugins/libSwiftMacros.dylib\#/Applications/Xcode-27.0.0.app/Contents/Developer/Platforms/WatchOS.platform/Developer/usr/bin/swift-plugin-server\#SwiftMacros -disable-implicit-swift-modules -Xcc -fno-implicit-modules -Xcc -fno-implicit-module-maps -explicit-swift-module-map-file /Users/admin/builder/spi-builder-workspace/.derivedData/Build/Intermediates.noindex/CoderPadKit.build/Debug-watchos/CoderPadKit-t.build/Objects-normal/arm64_32/CoderPadKit-dependencies-1.json -enable-objc-interop -sdk /Applications/Xcode-27.0.0.app/Contents/Developer/Platforms/WatchOS.platform/Developer/SDKs/WatchOS27.0.sdk -I /Users/admin/builder/spi-builder-workspace/.derivedData/Build/Products/Debug-watchos -Isystem /Applications/Xcode-27.0.0.app/Contents/Developer/Platforms/WatchOS.platform/Developer/usr/lib -F /Users/admin/builder/spi-builder-workspace/.derivedData/Build/Products/Debug-watchos/PackageFrameworks -F /Users/admin/builder/spi-builder-workspace/.derivedData/Build/Products/Debug-watchos -F /Applications/Xcode-27.0.0.app/Contents/Developer/Platforms/WatchOS.platform/Developer/Library/Frameworks -F /Applications/Xcode-27.0.0.app/Contents/Developer/Platforms/WatchOS.platform/Developer/SDKs/WatchOS27.0.sdk/Developer/Library/Frameworks -module-cache-path /Users/admin/builder/spi-builder-workspace/.derivedData/Build/Intermediates.noindex/SwiftExplicitPrecompiledModules -no-color-diagnostics -Xcc -fno-color-diagnostics -enable-testing -g -debug-info-format\=dwarf -dwarf-version\=5 -profile-generate -profile-coverage-mapping -swift-version 6 -Onone -D SWIFT_PACKAGE -D DEBUG -D SWIFT_MODULE_RESOURCE_BUNDLE_UNAVAILABLE -D Xcode -serialize-debugging-options -enable-upcoming-feature NonisolatedNonsendingByDefault -enable-upcoming-feature InferIsolatedConformances -enable-experimental-feature DebugDescriptionMacro -default-isolation MainActor -empty-abi-descriptor -validate-clang-modules-once -clang-build-session-file /Users/admin/builder/spi-builder-workspace/.derivedData/ModuleCache.noindex/Session.modulevalidation -Xcc -working-directory -Xcc /Users/admin/builder/spi-builder-workspace/.swiftpm/xcode -enable-anonymous-context-mangled-names -file-compilation-dir /Users/admin/builder/spi-builder-workspace/.swiftpm/xcode -Xcc -D_LIBCPP_HARDENING_MODE\=_LIBCPP_HARDENING_MODE_DEBUG -Xcc -ivfsstatcache -Xcc /Users/admin/builder/spi-builder-workspace/.derivedData/SDKStatCaches.noindex/watchos27.0-24R360-e829b21a6f8c9b70876ba0858053c044b9db9bc9c079ee3c7b5f3373b13d10bc.sdkstatcache -Xcc -fmodules-prune-interval\=86400 -Xcc -fmodules-prune-after\=345600 -Xcc -I/Users/admin/builder/spi-builder-workspace/.derivedData/Build/Products/Debug-watchos/include -Xcc -I/Users/admin/builder/spi-builder-workspace/.derivedData/Build/Intermediates.noindex/CoderPadKit.build/Debug-watchos/CoderPadKit-t.build/DerivedSources-normal/arm64_32 -Xcc -I/Users/admin/builder/spi-builder-workspace/.derivedData/Build/Intermediates.noindex/CoderPadKit.build/Debug-watchos/CoderPadKit-t.build/DerivedSources/arm64_32 -Xcc -I/Users/admin/builder/spi-builder-workspace/.derivedData/Build/Intermediates.noindex/CoderPadKit.build/Debug-watchos/CoderPadKit-t.build/DerivedSources -Xcc -DSWIFT_PACKAGE -Xcc -DDEBUG\=1 -no-auto-bridging-header-chaining -module-name CoderPadKit -package-name spi_builder_workspace -const-gather-protocols-file /Users/admin/builder/spi-builder-workspace/.derivedData/Build/Intermediates.noindex/CoderPadKit.build/Debug-watchos/CoderPadKit-t.build/Objects-normal/arm64_32/CoderPadKit_const_extract_protocols.json -disable-clang-spi -clang-target arm64_32-apple-watchos27.0 -target-sdk-version 27.0 -target-sdk-name watchos27.0 -in-process-plugin-server-path /Applications/Xcode-27.0.0.app/Contents/Developer/Toolchains/XcodeDefault.xctoolchain/usr/lib/swift/host/libSwiftInProcPluginServer.dylib -emit-module-doc-path /Users/admin/builder/spi-builder-workspace/.derivedData/Build/Intermediates.noindex/CoderPadKit.build/Debug-watchos/CoderPadKit-t.build/Objects-normal/arm64_32/CoderPadKit.swiftdoc -emit-module-source-info-path /Users/admin/builder/spi-builder-workspace/.derivedData/Build/Intermediates.noindex/CoderPadKit.build/Debug-watchos/CoderPadKit-t.build/Objects-normal/arm64_32/CoderPadKit.swiftsourceinfo -emit-objc-header-path /Users/admin/builder/spi-builder-workspace/.derivedData/Build/Intermediates.noindex/CoderPadKit.build/Debug-watchos/CoderPadKit-t.build/Objects-normal/arm64_32/CoderPadKit-Swift.h -serialize-diagnostics-path /Users/admin/builder/spi-builder-workspace/.derivedData/Build/Intermediates.noindex/CoderPadKit.build/Debug-watchos/CoderPadKit-t.build/Objects-normal/arm64_32/CoderPadKit-primary-emit-module.dia -emit-dependencies-path /Users/admin/builder/spi-builder-workspace/.derivedData/Build/Intermediates.noindex/CoderPadKit.build/Debug-watchos/CoderPadKit-t.build/Objects-normal/arm64_32/CoderPadKit-primary-emit-module.d -parse-as-library -o /Users/admin/builder/spi-builder-workspace/.derivedData/Build/Intermediates.noindex/CoderPadKit.build/Debug-watchos/CoderPadKit-t.build/Objects-normal/arm64_32/CoderPadKit.swiftmodule -emit-abi-descriptor-path /Users/admin/builder/spi-builder-workspace/.derivedData/Build/Intermediates.noindex/CoderPadKit.build/Debug-watchos/CoderPadKit-t.build/Objects-normal/arm64_32/CoderPadKit.abi.json
SwiftCompile normal arm64_32 (in target 'CoderPadKit' from project 'CoderPadKit')
cd /Users/admin/builder/spi-builder-workspace/.swiftpm/xcode
SwiftDriverJobDiscovery normal arm64 Compiling PaginatedRESTClient.swift (in target 'PaginatedRESTClient' from project 'PaginatedRESTClient')
SwiftDriver\ Compilation PaginatedRESTClient normal arm64 com.apple.xcode.tools.swift.compiler (in target 'PaginatedRESTClient' from project 'PaginatedRESTClient')
cd /Users/admin/builder/spi-builder-workspace/.swiftpm/xcode
builtin-Swift-Compilation -- /Applications/Xcode-27.0.0.app/Contents/Developer/Toolchains/XcodeDefault.xctoolchain/usr/bin/swiftc -parse-as-library -module-name PaginatedRESTClient -Onone @/Users/admin/builder/spi-builder-workspace/.derivedData/Build/Intermediates.noindex/PaginatedRESTClient.build/Debug-watchos/PaginatedRESTClient-t.build/Objects-normal/arm64/PaginatedRESTClient.SwiftFileList -DSWIFT_PACKAGE -DDEBUG -DSWIFT_MODULE_RESOURCE_BUNDLE_UNAVAILABLE -DXcode -default-isolation MainActor -enable-upcoming-feature NonisolatedNonsendingByDefault -enable-upcoming-feature InferIsolatedConformances -plugin-path /Applications/Xcode-27.0.0.app/Contents/Developer/Toolchains/XcodeDefault.xctoolchain/usr/lib/swift/host/plugins/testing -enable-experimental-feature DebugDescriptionMacro -sdk /Applications/Xcode-27.0.0.app/Contents/Developer/Platforms/WatchOS.platform/Developer/SDKs/WatchOS27.0.sdk -target arm64-apple-watchos11.0 -g -module-cache-path /Users/admin/builder/spi-builder-workspace/.derivedData/ModuleCache.noindex -Xfrontend -serialize-debugging-options -profile-coverage-mapping -profile-generate -enable-testing -suppress-warnings -index-store-path /Users/admin/builder/spi-builder-workspace/.derivedData/Index.noindex/DataStore -Xcc -D_LIBCPP_HARDENING_MODE\=_LIBCPP_HARDENING_MODE_DEBUG -swift-version 6 -I /Users/admin/builder/spi-builder-workspace/.derivedData/Build/Products/Debug-watchos -Isystem /Applications/Xcode-27.0.0.app/Contents/Developer/Platforms/WatchOS.platform/Developer/usr/lib -F /Users/admin/builder/spi-builder-workspace/.derivedData/Build/Products/Debug-watchos -F /Applications/Xcode-27.0.0.app/Contents/Developer/Platforms/WatchOS.platform/Developer/Library/Frameworks -F /Applications/Xcode-27.0.0.app/Contents/Developer/Platforms/WatchOS.platform/Developer/SDKs/WatchOS27.0.sdk/Developer/Library/Frameworks -c -j10 -enable-batch-mode -incremental -Xcc -ivfsstatcache -Xcc /Users/admin/builder/spi-builder-workspace/.derivedData/SDKStatCaches.noindex/watchos27.0-24R360-e829b21a6f8c9b70876ba0858053c044b9db9bc9c079ee3c7b5f3373b13d10bc.sdkstatcache -output-file-map /Users/admin/builder/spi-builder-workspace/.derivedData/Build/Intermediates.noindex/PaginatedRESTClient.build/Debug-watchos/PaginatedRESTClient-t.build/Objects-normal/arm64/PaginatedRESTClient-OutputFileMap.json -save-temps -no-color-diagnostics -explicit-module-build -module-cache-path /Users/admin/builder/spi-builder-workspace/.derivedData/Build/Intermediates.noindex/SwiftExplicitPrecompiledModules -clang-scanner-module-cache-path /Users/admin/builder/spi-builder-workspace/.derivedData/ModuleCache.noindex -sdk-module-cache-path /Users/admin/builder/spi-builder-workspace/.derivedData/SDKExplicitPrecompiledModules -emit-dependencies -emit-module -emit-module-path /Users/admin/builder/spi-builder-workspace/.derivedData/Build/Intermediates.noindex/PaginatedRESTClient.build/Debug-watchos/PaginatedRESTClient-t.build/Objects-normal/arm64/PaginatedRESTClient.swiftmodule -serialize-diagnostics -dependency-scan-serialize-diagnostics-path /Users/admin/builder/spi-builder-workspace/.derivedData/Build/Intermediates.noindex/PaginatedRESTClient.build/Debug-watchos/PaginatedRESTClient-t.build/Objects-normal/arm64/PaginatedRESTClient-dependency-scan.dia -user-module-version 0.5.0 -validate-clang-modules-once -clang-build-session-file /Users/admin/builder/spi-builder-workspace/.derivedData/ModuleCache.noindex/Session.modulevalidation -Xcc -fmodules-prune-interval\=86400 -Xcc -fmodules-prune-after\=345600 -package-name paginatedrestclient -emit-const-values -const-gather-protocols-list /Users/admin/builder/spi-builder-workspace/.derivedData/Build/Intermediates.noindex/PaginatedRESTClient.build/Debug-watchos/PaginatedRESTClient-t.build/Objects-normal/arm64/PaginatedRESTClient_const_extract_protocols.json -Xcc -I/Users/admin/builder/spi-builder-workspace/.derivedData/Build/Products/Debug-watchos/include -Xcc -I/Users/admin/builder/spi-builder-workspace/.derivedData/Build/Intermediates.noindex/PaginatedRESTClient.build/Debug-watchos/PaginatedRESTClient-t.build/DerivedSources-normal/arm64 -Xcc -I/Users/admin/builder/spi-builder-workspace/.derivedData/Build/Intermediates.noindex/PaginatedRESTClient.build/Debug-watchos/PaginatedRESTClient-t.build/DerivedSources/arm64 -Xcc -I/Users/admin/builder/spi-builder-workspace/.derivedData/Build/Intermediates.noindex/PaginatedRESTClient.build/Debug-watchos/PaginatedRESTClient-t.build/DerivedSources -Xcc -DSWIFT_PACKAGE -Xcc -DDEBUG\=1 -emit-objc-header -emit-objc-header-path /Users/admin/builder/spi-builder-workspace/.derivedData/Build/Intermediates.noindex/PaginatedRESTClient.build/Debug-watchos/PaginatedRESTClient-t.build/Objects-normal/arm64/PaginatedRESTClient-Swift.h -working-directory /Users/admin/builder/spi-builder-workspace/.swiftpm/xcode -experimental-emit-module-separately -disable-cmo
SwiftDriverJobDiscovery normal arm64_32 Compiling PaginatedRESTClient.swift (in target 'PaginatedRESTClient' from project 'PaginatedRESTClient')
SwiftCompile normal arm64_32 Compiling\ LifecycleConsistency.swift,\ Logging.swift,\ MultipartFormData.swift,\ OpenableHTTPSURL.swift,\ OptimisticEdit.swift,\ Organization.swift,\ Pad.swift /Users/admin/builder/spi-builder-workspace/Sources/CoderPadKit/LifecycleConsistency.swift /Users/admin/builder/spi-builder-workspace/Sources/CoderPadKit/Logging.swift /Users/admin/builder/spi-builder-workspace/Sources/CoderPadKit/MultipartFormData.swift /Users/admin/builder/spi-builder-workspace/Sources/CoderPadKit/OpenableHTTPSURL.swift /Users/admin/builder/spi-builder-workspace/Sources/CoderPadKit/OptimisticEdit.swift /Users/admin/builder/spi-builder-workspace/Sources/CoderPadKit/Organization.swift /Users/admin/builder/spi-builder-workspace/Sources/CoderPadKit/Pad.swift (in target 'CoderPadKit' from project 'CoderPadKit')
SwiftCompile normal arm64_32 /Users/admin/builder/spi-builder-workspace/Sources/CoderPadKit/LifecycleConsistency.swift (in target 'CoderPadKit' from project 'CoderPadKit')
cd /Users/admin/builder/spi-builder-workspace/.swiftpm/xcode
builtin-SwiftPerFileCompile LifecycleConsistency.swift
SwiftCompile normal arm64_32 /Users/admin/builder/spi-builder-workspace/Sources/CoderPadKit/Logging.swift (in target 'CoderPadKit' from project 'CoderPadKit')
cd /Users/admin/builder/spi-builder-workspace/.swiftpm/xcode
builtin-SwiftPerFileCompile Logging.swift
SwiftCompile normal arm64_32 /Users/admin/builder/spi-builder-workspace/Sources/CoderPadKit/MultipartFormData.swift (in target 'CoderPadKit' from project 'CoderPadKit')
cd /Users/admin/builder/spi-builder-workspace/.swiftpm/xcode
builtin-SwiftPerFileCompile MultipartFormData.swift
SwiftCompile normal arm64_32 /Users/admin/builder/spi-builder-workspace/Sources/CoderPadKit/OpenableHTTPSURL.swift (in target 'CoderPadKit' from project 'CoderPadKit')
cd /Users/admin/builder/spi-builder-workspace/.swiftpm/xcode
builtin-SwiftPerFileCompile OpenableHTTPSURL.swift
SwiftCompile normal arm64_32 /Users/admin/builder/spi-builder-workspace/Sources/CoderPadKit/OptimisticEdit.swift (in target 'CoderPadKit' from project 'CoderPadKit')
cd /Users/admin/builder/spi-builder-workspace/.swiftpm/xcode
builtin-SwiftPerFileCompile OptimisticEdit.swift
SwiftCompile normal arm64_32 /Users/admin/builder/spi-builder-workspace/Sources/CoderPadKit/Organization.swift (in target 'CoderPadKit' from project 'CoderPadKit')
cd /Users/admin/builder/spi-builder-workspace/.swiftpm/xcode
builtin-SwiftPerFileCompile Organization.swift
SwiftCompile normal arm64_32 /Users/admin/builder/spi-builder-workspace/Sources/CoderPadKit/Pad.swift (in target 'CoderPadKit' from project 'CoderPadKit')
cd /Users/admin/builder/spi-builder-workspace/.swiftpm/xcode
builtin-SwiftPerFileCompile Pad.swift
Ld /Users/admin/builder/spi-builder-workspace/.derivedData/Build/Intermediates.noindex/PaginatedRESTClient.build/Debug-watchos/PaginatedRESTClient-t.build/Objects-normal/arm64/Binary/PaginatedRESTClient.o normal arm64 (in target 'PaginatedRESTClient' from project 'PaginatedRESTClient')
cd /Users/admin/builder/spi-builder-workspace/.dependencies/checkouts/PaginatedRESTClient
/Applications/Xcode-27.0.0.app/Contents/Developer/Toolchains/XcodeDefault.xctoolchain/usr/bin/clang -Xlinker -reproducible -target arm64-apple-watchos11.0 -r -isysroot /Applications/Xcode-27.0.0.app/Contents/Developer/Platforms/WatchOS.platform/Developer/SDKs/WatchOS27.0.sdk -O0 -w -Xlinker -no_warn_duplicate_libraries -F/Users/admin/builder/spi-builder-workspace/.derivedData/Build/Intermediates.noindex/EagerLinkingTBDs/Debug-watchos -F/Users/admin/builder/spi-builder-workspace/.derivedData/Build/Products/Debug-watchos -iframework /Applications/Xcode-27.0.0.app/Contents/Developer/Platforms/WatchOS.platform/Developer/Library/Frameworks -iframework /Applications/Xcode-27.0.0.app/Contents/Developer/Platforms/WatchOS.platform/Developer/SDKs/WatchOS27.0.sdk/Developer/Library/Frameworks -filelist /Users/admin/builder/spi-builder-workspace/.derivedData/Build/Intermediates.noindex/PaginatedRESTClient.build/Debug-watchos/PaginatedRESTClient-t.build/Objects-normal/arm64/PaginatedRESTClient.LinkFileList -nostdlib -Xlinker -object_path_lto -Xlinker /Users/admin/builder/spi-builder-workspace/.derivedData/Build/Intermediates.noindex/PaginatedRESTClient.build/Debug-watchos/PaginatedRESTClient-t.build/Objects-normal/arm64/PaginatedRESTClient_lto.o -Xlinker -no_deduplicate -Xlinker -debug_variant -Xlinker -dependency_info -Xlinker /Users/admin/builder/spi-builder-workspace/.derivedData/Build/Intermediates.noindex/PaginatedRESTClient.build/Debug-watchos/PaginatedRESTClient-t.build/Objects-normal/arm64/PaginatedRESTClient_dependency_info.dat -fobjc-link-runtime -L/Applications/Xcode-27.0.0.app/Contents/Developer/Toolchains/XcodeDefault.xctoolchain/usr/lib/swift/watchos -L/usr/lib/swift -Xlinker -add_ast_path -Xlinker /Users/admin/builder/spi-builder-workspace/.derivedData/Build/Intermediates.noindex/PaginatedRESTClient.build/Debug-watchos/PaginatedRESTClient-t.build/Objects-normal/arm64/PaginatedRESTClient.swiftmodule -o /Users/admin/builder/spi-builder-workspace/.derivedData/Build/Intermediates.noindex/PaginatedRESTClient.build/Debug-watchos/PaginatedRESTClient-t.build/Objects-normal/arm64/Binary/PaginatedRESTClient.o
SwiftDriverJobDiscovery normal arm64 Compiling CoderPadClient+QuestionVariants.swift, CoderPadClient.swift, CoderPadError.swift, CoderPadMutationRefreshError.swift, CoderPadRetryPolicy.swift, EmailValidation.swift, InterviewLanguage.swift (in target 'CoderPadKit' from project 'CoderPadKit')
SwiftDriver\ Compilation PaginatedRESTClient normal arm64_32 com.apple.xcode.tools.swift.compiler (in target 'PaginatedRESTClient' from project 'PaginatedRESTClient')
cd /Users/admin/builder/spi-builder-workspace/.swiftpm/xcode
builtin-Swift-Compilation -- /Applications/Xcode-27.0.0.app/Contents/Developer/Toolchains/XcodeDefault.xctoolchain/usr/bin/swiftc -parse-as-library -module-name PaginatedRESTClient -Onone @/Users/admin/builder/spi-builder-workspace/.derivedData/Build/Intermediates.noindex/PaginatedRESTClient.build/Debug-watchos/PaginatedRESTClient-t.build/Objects-normal/arm64_32/PaginatedRESTClient.SwiftFileList -DSWIFT_PACKAGE -DDEBUG -DSWIFT_MODULE_RESOURCE_BUNDLE_UNAVAILABLE -DXcode -default-isolation MainActor -enable-upcoming-feature NonisolatedNonsendingByDefault -enable-upcoming-feature InferIsolatedConformances -plugin-path /Applications/Xcode-27.0.0.app/Contents/Developer/Toolchains/XcodeDefault.xctoolchain/usr/lib/swift/host/plugins/testing -enable-experimental-feature DebugDescriptionMacro -sdk /Applications/Xcode-27.0.0.app/Contents/Developer/Platforms/WatchOS.platform/Developer/SDKs/WatchOS27.0.sdk -target arm64_32-apple-watchos11.0 -g -module-cache-path /Users/admin/builder/spi-builder-workspace/.derivedData/ModuleCache.noindex -Xfrontend -serialize-debugging-options -profile-coverage-mapping -profile-generate -enable-testing -suppress-warnings -index-store-path /Users/admin/builder/spi-builder-workspace/.derivedData/Index.noindex/DataStore -Xcc -D_LIBCPP_HARDENING_MODE\=_LIBCPP_HARDENING_MODE_DEBUG -swift-version 6 -I /Users/admin/builder/spi-builder-workspace/.derivedData/Build/Products/Debug-watchos -Isystem /Applications/Xcode-27.0.0.app/Contents/Developer/Platforms/WatchOS.platform/Developer/usr/lib -F /Users/admin/builder/spi-builder-workspace/.derivedData/Build/Products/Debug-watchos -F /Applications/Xcode-27.0.0.app/Contents/Developer/Platforms/WatchOS.platform/Developer/Library/Frameworks -F /Applications/Xcode-27.0.0.app/Contents/Developer/Platforms/WatchOS.platform/Developer/SDKs/WatchOS27.0.sdk/Developer/Library/Frameworks -c -j10 -enable-batch-mode -incremental -Xcc -ivfsstatcache -Xcc /Users/admin/builder/spi-builder-workspace/.derivedData/SDKStatCaches.noindex/watchos27.0-24R360-e829b21a6f8c9b70876ba0858053c044b9db9bc9c079ee3c7b5f3373b13d10bc.sdkstatcache -output-file-map /Users/admin/builder/spi-builder-workspace/.derivedData/Build/Intermediates.noindex/PaginatedRESTClient.build/Debug-watchos/PaginatedRESTClient-t.build/Objects-normal/arm64_32/PaginatedRESTClient-OutputFileMap.json -save-temps -no-color-diagnostics -explicit-module-build -module-cache-path /Users/admin/builder/spi-builder-workspace/.derivedData/Build/Intermediates.noindex/SwiftExplicitPrecompiledModules -clang-scanner-module-cache-path /Users/admin/builder/spi-builder-workspace/.derivedData/ModuleCache.noindex -sdk-module-cache-path /Users/admin/builder/spi-builder-workspace/.derivedData/SDKExplicitPrecompiledModules -emit-dependencies -emit-module -emit-module-path /Users/admin/builder/spi-builder-workspace/.derivedData/Build/Intermediates.noindex/PaginatedRESTClient.build/Debug-watchos/PaginatedRESTClient-t.build/Objects-normal/arm64_32/PaginatedRESTClient.swiftmodule -serialize-diagnostics -dependency-scan-serialize-diagnostics-path /Users/admin/builder/spi-builder-workspace/.derivedData/Build/Intermediates.noindex/PaginatedRESTClient.build/Debug-watchos/PaginatedRESTClient-t.build/Objects-normal/arm64_32/PaginatedRESTClient-dependency-scan.dia -user-module-version 0.5.0 -validate-clang-modules-once -clang-build-session-file /Users/admin/builder/spi-builder-workspace/.derivedData/ModuleCache.noindex/Session.modulevalidation -Xcc -fmodules-prune-interval\=86400 -Xcc -fmodules-prune-after\=345600 -package-name paginatedrestclient -emit-const-values -const-gather-protocols-list /Users/admin/builder/spi-builder-workspace/.derivedData/Build/Intermediates.noindex/PaginatedRESTClient.build/Debug-watchos/PaginatedRESTClient-t.build/Objects-normal/arm64_32/PaginatedRESTClient_const_extract_protocols.json -Xcc -I/Users/admin/builder/spi-builder-workspace/.derivedData/Build/Products/Debug-watchos/include -Xcc -I/Users/admin/builder/spi-builder-workspace/.derivedData/Build/Intermediates.noindex/PaginatedRESTClient.build/Debug-watchos/PaginatedRESTClient-t.build/DerivedSources-normal/arm64_32 -Xcc -I/Users/admin/builder/spi-builder-workspace/.derivedData/Build/Intermediates.noindex/PaginatedRESTClient.build/Debug-watchos/PaginatedRESTClient-t.build/DerivedSources/arm64_32 -Xcc -I/Users/admin/builder/spi-builder-workspace/.derivedData/Build/Intermediates.noindex/PaginatedRESTClient.build/Debug-watchos/PaginatedRESTClient-t.build/DerivedSources -Xcc -DSWIFT_PACKAGE -Xcc -DDEBUG\=1 -emit-objc-header -emit-objc-header-path /Users/admin/builder/spi-builder-workspace/.derivedData/Build/Intermediates.noindex/PaginatedRESTClient.build/Debug-watchos/PaginatedRESTClient-t.build/Objects-normal/arm64_32/PaginatedRESTClient-Swift.h -working-directory /Users/admin/builder/spi-builder-workspace/.swiftpm/xcode -experimental-emit-module-separately -disable-cmo
SwiftCompile normal arm64_32 Compiling\ ScreenQuestionResponses.swift,\ ScreenRedirectDelegate.swift,\ ScreenReportFiles.swift,\ ScreenReportOperationLimiter.swift,\ ScreenSessionQuestion.swift,\ TolerantJSON.swift /Users/admin/builder/spi-builder-workspace/Sources/CoderPadKit/ScreenQuestionResponses.swift /Users/admin/builder/spi-builder-workspace/Sources/CoderPadKit/ScreenRedirectDelegate.swift /Users/admin/builder/spi-builder-workspace/Sources/CoderPadKit/ScreenReportFiles.swift /Users/admin/builder/spi-builder-workspace/Sources/CoderPadKit/ScreenReportOperationLimiter.swift /Users/admin/builder/spi-builder-workspace/Sources/CoderPadKit/ScreenSessionQuestion.swift /Users/admin/builder/spi-builder-workspace/Sources/CoderPadKit/TolerantJSON.swift (in target 'CoderPadKit' from project 'CoderPadKit')
SwiftCompile normal arm64_32 /Users/admin/builder/spi-builder-workspace/Sources/CoderPadKit/ScreenQuestionResponses.swift (in target 'CoderPadKit' from project 'CoderPadKit')
cd /Users/admin/builder/spi-builder-workspace/.swiftpm/xcode
builtin-SwiftPerFileCompile ScreenQuestionResponses.swift
SwiftCompile normal arm64_32 /Users/admin/builder/spi-builder-workspace/Sources/CoderPadKit/ScreenRedirectDelegate.swift (in target 'CoderPadKit' from project 'CoderPadKit')
cd /Users/admin/builder/spi-builder-workspace/.swiftpm/xcode
builtin-SwiftPerFileCompile ScreenRedirectDelegate.swift
SwiftCompile normal arm64_32 /Users/admin/builder/spi-builder-workspace/Sources/CoderPadKit/ScreenReportFiles.swift (in target 'CoderPadKit' from project 'CoderPadKit')
cd /Users/admin/builder/spi-builder-workspace/.swiftpm/xcode
builtin-SwiftPerFileCompile ScreenReportFiles.swift
SwiftCompile normal arm64_32 /Users/admin/builder/spi-builder-workspace/Sources/CoderPadKit/ScreenReportOperationLimiter.swift (in target 'CoderPadKit' from project 'CoderPadKit')
cd /Users/admin/builder/spi-builder-workspace/.swiftpm/xcode
builtin-SwiftPerFileCompile ScreenReportOperationLimiter.swift
SwiftCompile normal arm64_32 /Users/admin/builder/spi-builder-workspace/Sources/CoderPadKit/ScreenSessionQuestion.swift (in target 'CoderPadKit' from project 'CoderPadKit')
cd /Users/admin/builder/spi-builder-workspace/.swiftpm/xcode
builtin-SwiftPerFileCompile ScreenSessionQuestion.swift
SwiftCompile normal arm64_32 /Users/admin/builder/spi-builder-workspace/Sources/CoderPadKit/TolerantJSON.swift (in target 'CoderPadKit' from project 'CoderPadKit')
cd /Users/admin/builder/spi-builder-workspace/.swiftpm/xcode
builtin-SwiftPerFileCompile TolerantJSON.swift
Ld /Users/admin/builder/spi-builder-workspace/.derivedData/Build/Intermediates.noindex/PaginatedRESTClient.build/Debug-watchos/PaginatedRESTClient-t.build/Objects-normal/arm64_32/Binary/PaginatedRESTClient.o normal arm64_32 (in target 'PaginatedRESTClient' from project 'PaginatedRESTClient')
cd /Users/admin/builder/spi-builder-workspace/.dependencies/checkouts/PaginatedRESTClient
/Applications/Xcode-27.0.0.app/Contents/Developer/Toolchains/XcodeDefault.xctoolchain/usr/bin/clang -Xlinker -reproducible -target arm64_32-apple-watchos11.0 -r -isysroot /Applications/Xcode-27.0.0.app/Contents/Developer/Platforms/WatchOS.platform/Developer/SDKs/WatchOS27.0.sdk -O0 -w -Xlinker -no_warn_duplicate_libraries -F/Users/admin/builder/spi-builder-workspace/.derivedData/Build/Intermediates.noindex/EagerLinkingTBDs/Debug-watchos -F/Users/admin/builder/spi-builder-workspace/.derivedData/Build/Products/Debug-watchos -iframework /Applications/Xcode-27.0.0.app/Contents/Developer/Platforms/WatchOS.platform/Developer/Library/Frameworks -iframework /Applications/Xcode-27.0.0.app/Contents/Developer/Platforms/WatchOS.platform/Developer/SDKs/WatchOS27.0.sdk/Developer/Library/Frameworks -filelist /Users/admin/builder/spi-builder-workspace/.derivedData/Build/Intermediates.noindex/PaginatedRESTClient.build/Debug-watchos/PaginatedRESTClient-t.build/Objects-normal/arm64_32/PaginatedRESTClient.LinkFileList -nostdlib -Xlinker -object_path_lto -Xlinker /Users/admin/builder/spi-builder-workspace/.derivedData/Build/Intermediates.noindex/PaginatedRESTClient.build/Debug-watchos/PaginatedRESTClient-t.build/Objects-normal/arm64_32/PaginatedRESTClient_lto.o -Xlinker -no_deduplicate -Xlinker -debug_variant -Xlinker -dependency_info -Xlinker /Users/admin/builder/spi-builder-workspace/.derivedData/Build/Intermediates.noindex/PaginatedRESTClient.build/Debug-watchos/PaginatedRESTClient-t.build/Objects-normal/arm64_32/PaginatedRESTClient_dependency_info.dat -fobjc-link-runtime -L/Applications/Xcode-27.0.0.app/Contents/Developer/Toolchains/XcodeDefault.xctoolchain/usr/lib/swift/watchos -L/usr/lib/swift -Xlinker -add_ast_path -Xlinker /Users/admin/builder/spi-builder-workspace/.derivedData/Build/Intermediates.noindex/PaginatedRESTClient.build/Debug-watchos/PaginatedRESTClient-t.build/Objects-normal/arm64_32/PaginatedRESTClient.swiftmodule -o /Users/admin/builder/spi-builder-workspace/.derivedData/Build/Intermediates.noindex/PaginatedRESTClient.build/Debug-watchos/PaginatedRESTClient-t.build/Objects-normal/arm64_32/Binary/PaginatedRESTClient.o
SwiftDriverJobDiscovery normal arm64 Compiling PadAnalytics.swift, PadEnvironment.swift, PadHistoryURLPolicy.swift, Question.swift, QuestionArrayEncoding.swift, QuestionFilters.swift, QuestionProjectMetadata.swift (in target 'CoderPadKit' from project 'CoderPadKit')
SwiftCompile normal arm64_32 Compiling\ ScreenAPI+Identity.swift,\ ScreenAPI+Invitation.swift,\ ScreenAPI+Metrics.swift,\ ScreenAPI+Pagination.swift,\ ScreenAPI+ReportBounds.swift,\ ScreenAPI.swift,\ ScreenCampaignCreation.swift /Users/admin/builder/spi-builder-workspace/Sources/CoderPadKit/ScreenAPI+Identity.swift /Users/admin/builder/spi-builder-workspace/Sources/CoderPadKit/ScreenAPI+Invitation.swift /Users/admin/builder/spi-builder-workspace/Sources/CoderPadKit/ScreenAPI+Metrics.swift /Users/admin/builder/spi-builder-workspace/Sources/CoderPadKit/ScreenAPI+Pagination.swift /Users/admin/builder/spi-builder-workspace/Sources/CoderPadKit/ScreenAPI+ReportBounds.swift /Users/admin/builder/spi-builder-workspace/Sources/CoderPadKit/ScreenAPI.swift /Users/admin/builder/spi-builder-workspace/Sources/CoderPadKit/ScreenCampaignCreation.swift (in target 'CoderPadKit' from project 'CoderPadKit')
SwiftCompile normal arm64_32 /Users/admin/builder/spi-builder-workspace/Sources/CoderPadKit/ScreenAPI+Identity.swift (in target 'CoderPadKit' from project 'CoderPadKit')
cd /Users/admin/builder/spi-builder-workspace/.swiftpm/xcode
builtin-SwiftPerFileCompile ScreenAPI+Identity.swift
SwiftCompile normal arm64_32 /Users/admin/builder/spi-builder-workspace/Sources/CoderPadKit/ScreenAPI+Invitation.swift (in target 'CoderPadKit' from project 'CoderPadKit')
cd /Users/admin/builder/spi-builder-workspace/.swiftpm/xcode
builtin-SwiftPerFileCompile ScreenAPI+Invitation.swift
SwiftCompile normal arm64_32 /Users/admin/builder/spi-builder-workspace/Sources/CoderPadKit/ScreenAPI+Metrics.swift (in target 'CoderPadKit' from project 'CoderPadKit')
cd /Users/admin/builder/spi-builder-workspace/.swiftpm/xcode
builtin-SwiftPerFileCompile ScreenAPI+Metrics.swift
SwiftCompile normal arm64_32 /Users/admin/builder/spi-builder-workspace/Sources/CoderPadKit/ScreenAPI+Pagination.swift (in target 'CoderPadKit' from project 'CoderPadKit')
cd /Users/admin/builder/spi-builder-workspace/.swiftpm/xcode
builtin-SwiftPerFileCompile ScreenAPI+Pagination.swift
SwiftCompile normal arm64_32 /Users/admin/builder/spi-builder-workspace/Sources/CoderPadKit/ScreenAPI+ReportBounds.swift (in target 'CoderPadKit' from project 'CoderPadKit')
cd /Users/admin/builder/spi-builder-workspace/.swiftpm/xcode
builtin-SwiftPerFileCompile ScreenAPI+ReportBounds.swift
SwiftCompile normal arm64_32 /Users/admin/builder/spi-builder-workspace/Sources/CoderPadKit/ScreenAPI.swift (in target 'CoderPadKit' from project 'CoderPadKit')
cd /Users/admin/builder/spi-builder-workspace/.swiftpm/xcode
builtin-SwiftPerFileCompile ScreenAPI.swift
SwiftCompile normal arm64_32 /Users/admin/builder/spi-builder-workspace/Sources/CoderPadKit/ScreenCampaignCreation.swift (in target 'CoderPadKit' from project 'CoderPadKit')
cd /Users/admin/builder/spi-builder-workspace/.swiftpm/xcode
builtin-SwiftPerFileCompile ScreenCampaignCreation.swift
CreateUniversalBinary /Users/admin/builder/spi-builder-workspace/.derivedData/Build/Products/Debug-watchos/PaginatedRESTClient.o normal arm64\ arm64_32 (in target 'PaginatedRESTClient' from project 'PaginatedRESTClient')
cd /Users/admin/builder/spi-builder-workspace/.dependencies/checkouts/PaginatedRESTClient
/Applications/Xcode-27.0.0.app/Contents/Developer/Toolchains/XcodeDefault.xctoolchain/usr/bin/lipo -create /Users/admin/builder/spi-builder-workspace/.derivedData/Build/Intermediates.noindex/PaginatedRESTClient.build/Debug-watchos/PaginatedRESTClient-t.build/Objects-normal/arm64/Binary/PaginatedRESTClient.o /Users/admin/builder/spi-builder-workspace/.derivedData/Build/Intermediates.noindex/PaginatedRESTClient.build/Debug-watchos/PaginatedRESTClient-t.build/Objects-normal/arm64_32/Binary/PaginatedRESTClient.o -output /Users/admin/builder/spi-builder-workspace/.derivedData/Build/Products/Debug-watchos/PaginatedRESTClient.o
SwiftDriverJobDiscovery normal arm64 Compiling QuestionVariant.swift, QuestionZIPUpload.swift, RawAPI.swift, RequestValidation.swift, Requests.swift, ScreenAIConversation.swift, ScreenAPI+Dates.swift (in target 'CoderPadKit' from project 'CoderPadKit')
SwiftCompile normal arm64_32 Compiling\ QuestionVariant.swift,\ QuestionZIPUpload.swift,\ RawAPI.swift,\ RequestValidation.swift,\ Requests.swift,\ ScreenAIConversation.swift,\ ScreenAPI+Dates.swift /Users/admin/builder/spi-builder-workspace/Sources/CoderPadKit/QuestionVariant.swift /Users/admin/builder/spi-builder-workspace/Sources/CoderPadKit/QuestionZIPUpload.swift /Users/admin/builder/spi-builder-workspace/Sources/CoderPadKit/RawAPI.swift /Users/admin/builder/spi-builder-workspace/Sources/CoderPadKit/RequestValidation.swift /Users/admin/builder/spi-builder-workspace/Sources/CoderPadKit/Requests.swift /Users/admin/builder/spi-builder-workspace/Sources/CoderPadKit/ScreenAIConversation.swift /Users/admin/builder/spi-builder-workspace/Sources/CoderPadKit/ScreenAPI+Dates.swift (in target 'CoderPadKit' from project 'CoderPadKit')
/Users/admin/builder/spi-builder-workspace/Sources/CoderPadKit/ScreenAPI+Dates.swift:36:5: warning: 'public' modifier is redundant for property declared in a public extension
34 |
35 | public extension ScreenTestSession {
36 | public var sendDate: Date? {
| `- warning: 'public' modifier is redundant for property declared in a public extension
37 | ScreenEpochMilliseconds.date(from: sendTime)
38 | }
/Users/admin/builder/spi-builder-workspace/Sources/CoderPadKit/ScreenAPI+Dates.swift:40:5: warning: 'public' modifier is redundant for property declared in a public extension
38 | }
39 |
40 | public var startDate: Date? {
| `- warning: 'public' modifier is redundant for property declared in a public extension
41 | ScreenEpochMilliseconds.date(from: startTime)
42 | }
/Users/admin/builder/spi-builder-workspace/Sources/CoderPadKit/ScreenAPI+Dates.swift:44:5: warning: 'public' modifier is redundant for property declared in a public extension
42 | }
43 |
44 | public var endDate: Date? {
| `- warning: 'public' modifier is redundant for property declared in a public extension
45 | ScreenEpochMilliseconds.date(from: endTime)
46 | }
/Users/admin/builder/spi-builder-workspace/Sources/CoderPadKit/ScreenAPI+Dates.swift:48:5: warning: 'public' modifier is redundant for property declared in a public extension
46 | }
47 |
48 | public var lastActivityDate: Date? {
| `- warning: 'public' modifier is redundant for property declared in a public extension
49 | ScreenEpochMilliseconds.date(from: lastActivityTime)
50 | }
/Users/admin/builder/spi-builder-workspace/Sources/CoderPadKit/ScreenAPI+Dates.swift:54:5: warning: 'public' modifier is redundant for property declared in a public extension
52 | /// Recruiter dashboard URL when the API value is absolute HTTPS without
53 | /// credentials (#167).
54 | public var openableURL: URL? {
| `- warning: 'public' modifier is redundant for property declared in a public extension
55 | OpenableHTTPSURL.parse(url)
56 | }
/Users/admin/builder/spi-builder-workspace/Sources/CoderPadKit/ScreenAPI+Dates.swift:60:5: warning: 'public' modifier is redundant for property declared in a public extension
58 | /// Candidate test URL when the API value is absolute HTTPS without
59 | /// credentials (#167).
60 | public var openableTestURL: URL? {
| `- warning: 'public' modifier is redundant for property declared in a public extension
61 | OpenableHTTPSURL.parse(testURL)
62 | }
SwiftCompile normal arm64_32 /Users/admin/builder/spi-builder-workspace/Sources/CoderPadKit/QuestionVariant.swift (in target 'CoderPadKit' from project 'CoderPadKit')
cd /Users/admin/builder/spi-builder-workspace/.swiftpm/xcode
builtin-SwiftPerFileCompile QuestionVariant.swift
SwiftCompile normal arm64_32 /Users/admin/builder/spi-builder-workspace/Sources/CoderPadKit/QuestionZIPUpload.swift (in target 'CoderPadKit' from project 'CoderPadKit')
cd /Users/admin/builder/spi-builder-workspace/.swiftpm/xcode
builtin-SwiftPerFileCompile QuestionZIPUpload.swift
SwiftCompile normal arm64_32 /Users/admin/builder/spi-builder-workspace/Sources/CoderPadKit/RawAPI.swift (in target 'CoderPadKit' from project 'CoderPadKit')
cd /Users/admin/builder/spi-builder-workspace/.swiftpm/xcode
builtin-SwiftPerFileCompile RawAPI.swift
SwiftCompile normal arm64_32 /Users/admin/builder/spi-builder-workspace/Sources/CoderPadKit/RequestValidation.swift (in target 'CoderPadKit' from project 'CoderPadKit')
cd /Users/admin/builder/spi-builder-workspace/.swiftpm/xcode
builtin-SwiftPerFileCompile RequestValidation.swift
SwiftCompile normal arm64_32 /Users/admin/builder/spi-builder-workspace/Sources/CoderPadKit/Requests.swift (in target 'CoderPadKit' from project 'CoderPadKit')
cd /Users/admin/builder/spi-builder-workspace/.swiftpm/xcode
builtin-SwiftPerFileCompile Requests.swift
SwiftCompile normal arm64_32 /Users/admin/builder/spi-builder-workspace/Sources/CoderPadKit/ScreenAIConversation.swift (in target 'CoderPadKit' from project 'CoderPadKit')
cd /Users/admin/builder/spi-builder-workspace/.swiftpm/xcode
builtin-SwiftPerFileCompile ScreenAIConversation.swift
SwiftCompile normal arm64_32 /Users/admin/builder/spi-builder-workspace/Sources/CoderPadKit/ScreenAPI+Dates.swift (in target 'CoderPadKit' from project 'CoderPadKit')
cd /Users/admin/builder/spi-builder-workspace/.swiftpm/xcode
builtin-SwiftPerFileCompile ScreenAPI+Dates.swift
SwiftDriverJobDiscovery normal arm64 Emitting module for CoderPadKit (in target 'CoderPadKit' from project 'CoderPadKit')
SwiftCompile normal arm64_32 Compiling\ ScreenDictionaryKey.swift,\ ScreenQuestionContentInputs.swift,\ ScreenQuestionEvaluationInputs.swift,\ ScreenQuestionFilters+Query.swift,\ ScreenQuestionInsights.swift,\ ScreenQuestionPagination.swift /Users/admin/builder/spi-builder-workspace/Sources/CoderPadKit/ScreenDictionaryKey.swift /Users/admin/builder/spi-builder-workspace/Sources/CoderPadKit/ScreenQuestionContentInputs.swift /Users/admin/builder/spi-builder-workspace/Sources/CoderPadKit/ScreenQuestionEvaluationInputs.swift /Users/admin/builder/spi-builder-workspace/Sources/CoderPadKit/ScreenQuestionFilters+Query.swift /Users/admin/builder/spi-builder-workspace/Sources/CoderPadKit/ScreenQuestionInsights.swift /Users/admin/builder/spi-builder-workspace/Sources/CoderPadKit/ScreenQuestionPagination.swift (in target 'CoderPadKit' from project 'CoderPadKit')
SwiftCompile normal arm64_32 /Users/admin/builder/spi-builder-workspace/Sources/CoderPadKit/ScreenDictionaryKey.swift (in target 'CoderPadKit' from project 'CoderPadKit')
cd /Users/admin/builder/spi-builder-workspace/.swiftpm/xcode
builtin-SwiftPerFileCompile ScreenDictionaryKey.swift
SwiftCompile normal arm64_32 /Users/admin/builder/spi-builder-workspace/Sources/CoderPadKit/ScreenQuestionContentInputs.swift (in target 'CoderPadKit' from project 'CoderPadKit')
cd /Users/admin/builder/spi-builder-workspace/.swiftpm/xcode
builtin-SwiftPerFileCompile ScreenQuestionContentInputs.swift
SwiftCompile normal arm64_32 /Users/admin/builder/spi-builder-workspace/Sources/CoderPadKit/ScreenQuestionEvaluationInputs.swift (in target 'CoderPadKit' from project 'CoderPadKit')
cd /Users/admin/builder/spi-builder-workspace/.swiftpm/xcode
builtin-SwiftPerFileCompile ScreenQuestionEvaluationInputs.swift
SwiftCompile normal arm64_32 /Users/admin/builder/spi-builder-workspace/Sources/CoderPadKit/ScreenQuestionFilters+Query.swift (in target 'CoderPadKit' from project 'CoderPadKit')
cd /Users/admin/builder/spi-builder-workspace/.swiftpm/xcode
builtin-SwiftPerFileCompile ScreenQuestionFilters+Query.swift
SwiftCompile normal arm64_32 /Users/admin/builder/spi-builder-workspace/Sources/CoderPadKit/ScreenQuestionInsights.swift (in target 'CoderPadKit' from project 'CoderPadKit')
cd /Users/admin/builder/spi-builder-workspace/.swiftpm/xcode
builtin-SwiftPerFileCompile ScreenQuestionInsights.swift
SwiftCompile normal arm64_32 /Users/admin/builder/spi-builder-workspace/Sources/CoderPadKit/ScreenQuestionPagination.swift (in target 'CoderPadKit' from project 'CoderPadKit')
cd /Users/admin/builder/spi-builder-workspace/.swiftpm/xcode
builtin-SwiftPerFileCompile ScreenQuestionPagination.swift
SwiftDriver\ Compilation\ Requirements CoderPadKit normal arm64 com.apple.xcode.tools.swift.compiler (in target 'CoderPadKit' from project 'CoderPadKit')
cd /Users/admin/builder/spi-builder-workspace/.swiftpm/xcode
builtin-Swift-Compilation-Requirements -- /Applications/Xcode-27.0.0.app/Contents/Developer/Toolchains/XcodeDefault.xctoolchain/usr/bin/swiftc -parse-as-library -module-name CoderPadKit -Onone @/Users/admin/builder/spi-builder-workspace/.derivedData/Build/Intermediates.noindex/CoderPadKit.build/Debug-watchos/CoderPadKit-t.build/Objects-normal/arm64/CoderPadKit.SwiftFileList -DSWIFT_PACKAGE -DDEBUG -DSWIFT_MODULE_RESOURCE_BUNDLE_UNAVAILABLE -DXcode -default-isolation MainActor -enable-upcoming-feature NonisolatedNonsendingByDefault -enable-upcoming-feature InferIsolatedConformances -plugin-path /Applications/Xcode-27.0.0.app/Contents/Developer/Toolchains/XcodeDefault.xctoolchain/usr/lib/swift/host/plugins/testing -enable-experimental-feature DebugDescriptionMacro -sdk /Applications/Xcode-27.0.0.app/Contents/Developer/Platforms/WatchOS.platform/Developer/SDKs/WatchOS27.0.sdk -target arm64-apple-watchos11.0 -g -module-cache-path /Users/admin/builder/spi-builder-workspace/.derivedData/ModuleCache.noindex -Xfrontend -serialize-debugging-options -profile-coverage-mapping -profile-generate -enable-testing -index-store-path /Users/admin/builder/spi-builder-workspace/.derivedData/Index.noindex/DataStore -Xcc -D_LIBCPP_HARDENING_MODE\=_LIBCPP_HARDENING_MODE_DEBUG -swift-version 6 -I /Users/admin/builder/spi-builder-workspace/.derivedData/Build/Products/Debug-watchos -Isystem /Applications/Xcode-27.0.0.app/Contents/Developer/Platforms/WatchOS.platform/Developer/usr/lib -F /Users/admin/builder/spi-builder-workspace/.derivedData/Build/Products/Debug-watchos/PackageFrameworks -F /Users/admin/builder/spi-builder-workspace/.derivedData/Build/Products/Debug-watchos -F /Applications/Xcode-27.0.0.app/Contents/Developer/Platforms/WatchOS.platform/Developer/Library/Frameworks -F /Applications/Xcode-27.0.0.app/Contents/Developer/Platforms/WatchOS.platform/Developer/SDKs/WatchOS27.0.sdk/Developer/Library/Frameworks -c -j10 -enable-batch-mode -incremental -Xcc -ivfsstatcache -Xcc /Users/admin/builder/spi-builder-workspace/.derivedData/SDKStatCaches.noindex/watchos27.0-24R360-e829b21a6f8c9b70876ba0858053c044b9db9bc9c079ee3c7b5f3373b13d10bc.sdkstatcache -output-file-map /Users/admin/builder/spi-builder-workspace/.derivedData/Build/Intermediates.noindex/CoderPadKit.build/Debug-watchos/CoderPadKit-t.build/Objects-normal/arm64/CoderPadKit-OutputFileMap.json -save-temps -no-color-diagnostics -explicit-module-build -module-cache-path /Users/admin/builder/spi-builder-workspace/.derivedData/Build/Intermediates.noindex/SwiftExplicitPrecompiledModules -clang-scanner-module-cache-path /Users/admin/builder/spi-builder-workspace/.derivedData/ModuleCache.noindex -sdk-module-cache-path /Users/admin/builder/spi-builder-workspace/.derivedData/SDKExplicitPrecompiledModules -emit-dependencies -emit-module -emit-module-path /Users/admin/builder/spi-builder-workspace/.derivedData/Build/Intermediates.noindex/CoderPadKit.build/Debug-watchos/CoderPadKit-t.build/Objects-normal/arm64/CoderPadKit.swiftmodule -serialize-diagnostics -dependency-scan-serialize-diagnostics-path /Users/admin/builder/spi-builder-workspace/.derivedData/Build/Intermediates.noindex/CoderPadKit.build/Debug-watchos/CoderPadKit-t.build/Objects-normal/arm64/CoderPadKit-dependency-scan.dia -validate-clang-modules-once -clang-build-session-file /Users/admin/builder/spi-builder-workspace/.derivedData/ModuleCache.noindex/Session.modulevalidation -Xcc -fmodules-prune-interval\=86400 -Xcc -fmodules-prune-after\=345600 -package-name spi_builder_workspace -emit-const-values -const-gather-protocols-list /Users/admin/builder/spi-builder-workspace/.derivedData/Build/Intermediates.noindex/CoderPadKit.build/Debug-watchos/CoderPadKit-t.build/Objects-normal/arm64/CoderPadKit_const_extract_protocols.json -Xcc -I/Users/admin/builder/spi-builder-workspace/.derivedData/Build/Products/Debug-watchos/include -Xcc -I/Users/admin/builder/spi-builder-workspace/.derivedData/Build/Intermediates.noindex/CoderPadKit.build/Debug-watchos/CoderPadKit-t.build/DerivedSources-normal/arm64 -Xcc -I/Users/admin/builder/spi-builder-workspace/.derivedData/Build/Intermediates.noindex/CoderPadKit.build/Debug-watchos/CoderPadKit-t.build/DerivedSources/arm64 -Xcc -I/Users/admin/builder/spi-builder-workspace/.derivedData/Build/Intermediates.noindex/CoderPadKit.build/Debug-watchos/CoderPadKit-t.build/DerivedSources -Xcc -DSWIFT_PACKAGE -Xcc -DDEBUG\=1 -emit-objc-header -emit-objc-header-path /Users/admin/builder/spi-builder-workspace/.derivedData/Build/Intermediates.noindex/CoderPadKit.build/Debug-watchos/CoderPadKit-t.build/Objects-normal/arm64/CoderPadKit-Swift.h -working-directory /Users/admin/builder/spi-builder-workspace/.swiftpm/xcode -experimental-emit-module-separately -disable-cmo
SwiftDriverJobDiscovery normal arm64 Compiling LifecycleConsistency.swift, Logging.swift, MultipartFormData.swift, OpenableHTTPSURL.swift, OptimisticEdit.swift, Organization.swift, Pad.swift (in target 'CoderPadKit' from project 'CoderPadKit')
SwiftCompile normal arm64_32 Compiling\ ScreenCampaignSettings.swift,\ ScreenClient+BaseURL.swift,\ ScreenClient+Pagination.swift,\ ScreenClient+ProjectArchive.swift,\ ScreenClient+QuestionBank.swift,\ ScreenClient+QuestionInsights.swift /Users/admin/builder/spi-builder-workspace/Sources/CoderPadKit/ScreenCampaignSettings.swift /Users/admin/builder/spi-builder-workspace/Sources/CoderPadKit/ScreenClient+BaseURL.swift /Users/admin/builder/spi-builder-workspace/Sources/CoderPadKit/ScreenClient+Pagination.swift /Users/admin/builder/spi-builder-workspace/Sources/CoderPadKit/ScreenClient+ProjectArchive.swift /Users/admin/builder/spi-builder-workspace/Sources/CoderPadKit/ScreenClient+QuestionBank.swift /Users/admin/builder/spi-builder-workspace/Sources/CoderPadKit/ScreenClient+QuestionInsights.swift (in target 'CoderPadKit' from project 'CoderPadKit')
/Users/admin/builder/spi-builder-workspace/Sources/CoderPadKit/ScreenClient+BaseURL.swift:14:5: warning: 'public' modifier is redundant for static method declared in a public extension
12 | /// mock host is intentionally excluded so a live session cannot send a real API key
13 | /// to `screen.mock.coderpad.io` (#202).
14 | public nonisolated static func isAllowedProductionBaseURL(_ url: URL) -> Bool {
| `- warning: 'public' modifier is redundant for static method declared in a public extension
15 | isAllowedOrigin(url, hosts: [defaultBaseURL.host, euBaseURL.host])
16 | }
SwiftCompile normal arm64_32 /Users/admin/builder/spi-builder-workspace/Sources/CoderPadKit/ScreenCampaignSettings.swift (in target 'CoderPadKit' from project 'CoderPadKit')
cd /Users/admin/builder/spi-builder-workspace/.swiftpm/xcode
builtin-SwiftPerFileCompile ScreenCampaignSettings.swift
SwiftCompile normal arm64_32 /Users/admin/builder/spi-builder-workspace/Sources/CoderPadKit/ScreenClient+BaseURL.swift (in target 'CoderPadKit' from project 'CoderPadKit')
cd /Users/admin/builder/spi-builder-workspace/.swiftpm/xcode
builtin-SwiftPerFileCompile ScreenClient+BaseURL.swift
SwiftCompile normal arm64_32 /Users/admin/builder/spi-builder-workspace/Sources/CoderPadKit/ScreenClient+Pagination.swift (in target 'CoderPadKit' from project 'CoderPadKit')
cd /Users/admin/builder/spi-builder-workspace/.swiftpm/xcode
builtin-SwiftPerFileCompile ScreenClient+Pagination.swift
SwiftCompile normal arm64_32 /Users/admin/builder/spi-builder-workspace/Sources/CoderPadKit/ScreenClient+ProjectArchive.swift (in target 'CoderPadKit' from project 'CoderPadKit')
cd /Users/admin/builder/spi-builder-workspace/.swiftpm/xcode
builtin-SwiftPerFileCompile ScreenClient+ProjectArchive.swift
SwiftCompile normal arm64_32 /Users/admin/builder/spi-builder-workspace/Sources/CoderPadKit/ScreenClient+QuestionBank.swift (in target 'CoderPadKit' from project 'CoderPadKit')
cd /Users/admin/builder/spi-builder-workspace/.swiftpm/xcode
builtin-SwiftPerFileCompile ScreenClient+QuestionBank.swift
SwiftCompile normal arm64_32 /Users/admin/builder/spi-builder-workspace/Sources/CoderPadKit/ScreenClient+QuestionInsights.swift (in target 'CoderPadKit' from project 'CoderPadKit')
cd /Users/admin/builder/spi-builder-workspace/.swiftpm/xcode
builtin-SwiftPerFileCompile ScreenClient+QuestionInsights.swift
SwiftDriverJobDiscovery normal arm64 Compiling ScreenDictionaryKey.swift, ScreenQuestionContentInputs.swift, ScreenQuestionEvaluationInputs.swift, ScreenQuestionFilters+Query.swift, ScreenQuestionInsights.swift, ScreenQuestionPagination.swift (in target 'CoderPadKit' from project 'CoderPadKit')
Copy /Users/admin/builder/spi-builder-workspace/.derivedData/Build/Products/Debug-watchos/CoderPadKit.swiftmodule/arm64-apple-watchos.swiftmodule /Users/admin/builder/spi-builder-workspace/.derivedData/Build/Intermediates.noindex/CoderPadKit.build/Debug-watchos/CoderPadKit-t.build/Objects-normal/arm64/CoderPadKit.swiftmodule (in target 'CoderPadKit' from project 'CoderPadKit')
cd /Users/admin/builder/spi-builder-workspace
builtin-copy -exclude .DS_Store -exclude CVS -exclude .svn -exclude .git -exclude .hg -resolve-src-symlinks -rename /Users/admin/builder/spi-builder-workspace/.derivedData/Build/Intermediates.noindex/CoderPadKit.build/Debug-watchos/CoderPadKit-t.build/Objects-normal/arm64/CoderPadKit.swiftmodule /Users/admin/builder/spi-builder-workspace/.derivedData/Build/Products/Debug-watchos/CoderPadKit.swiftmodule/arm64-apple-watchos.swiftmodule
Copy /Users/admin/builder/spi-builder-workspace/.derivedData/Build/Products/Debug-watchos/CoderPadKit.swiftmodule/arm64-apple-watchos.swiftdoc /Users/admin/builder/spi-builder-workspace/.derivedData/Build/Intermediates.noindex/CoderPadKit.build/Debug-watchos/CoderPadKit-t.build/Objects-normal/arm64/CoderPadKit.swiftdoc (in target 'CoderPadKit' from project 'CoderPadKit')
cd /Users/admin/builder/spi-builder-workspace
builtin-copy -exclude .DS_Store -exclude CVS -exclude .svn -exclude .git -exclude .hg -resolve-src-symlinks -rename /Users/admin/builder/spi-builder-workspace/.derivedData/Build/Intermediates.noindex/CoderPadKit.build/Debug-watchos/CoderPadKit-t.build/Objects-normal/arm64/CoderPadKit.swiftdoc /Users/admin/builder/spi-builder-workspace/.derivedData/Build/Products/Debug-watchos/CoderPadKit.swiftmodule/arm64-apple-watchos.swiftdoc
Copy /Users/admin/builder/spi-builder-workspace/.derivedData/Build/Products/Debug-watchos/CoderPadKit.swiftmodule/arm64-apple-watchos.abi.json /Users/admin/builder/spi-builder-workspace/.derivedData/Build/Intermediates.noindex/CoderPadKit.build/Debug-watchos/CoderPadKit-t.build/Objects-normal/arm64/CoderPadKit.abi.json (in target 'CoderPadKit' from project 'CoderPadKit')
cd /Users/admin/builder/spi-builder-workspace
builtin-copy -exclude .DS_Store -exclude CVS -exclude .svn -exclude .git -exclude .hg -resolve-src-symlinks -rename /Users/admin/builder/spi-builder-workspace/.derivedData/Build/Intermediates.noindex/CoderPadKit.build/Debug-watchos/CoderPadKit-t.build/Objects-normal/arm64/CoderPadKit.abi.json /Users/admin/builder/spi-builder-workspace/.derivedData/Build/Products/Debug-watchos/CoderPadKit.swiftmodule/arm64-apple-watchos.abi.json
Copy /Users/admin/builder/spi-builder-workspace/.derivedData/Build/Products/Debug-watchos/CoderPadKit.swiftmodule/Project/arm64-apple-watchos.swiftsourceinfo /Users/admin/builder/spi-builder-workspace/.derivedData/Build/Intermediates.noindex/CoderPadKit.build/Debug-watchos/CoderPadKit-t.build/Objects-normal/arm64/CoderPadKit.swiftsourceinfo (in target 'CoderPadKit' from project 'CoderPadKit')
cd /Users/admin/builder/spi-builder-workspace
builtin-copy -exclude .DS_Store -exclude CVS -exclude .svn -exclude .git -exclude .hg -resolve-src-symlinks -rename /Users/admin/builder/spi-builder-workspace/.derivedData/Build/Intermediates.noindex/CoderPadKit.build/Debug-watchos/CoderPadKit-t.build/Objects-normal/arm64/CoderPadKit.swiftsourceinfo /Users/admin/builder/spi-builder-workspace/.derivedData/Build/Products/Debug-watchos/CoderPadKit.swiftmodule/Project/arm64-apple-watchos.swiftsourceinfo
SwiftCompile normal arm64_32 Compiling\ ScreenClient+ReportDownload.swift,\ ScreenClient+ResponseData.swift,\ ScreenClient+TemporaryFiles.swift,\ ScreenClient+Webhook.swift,\ ScreenClient.swift,\ ScreenDetailedQuestion.swift /Users/admin/builder/spi-builder-workspace/Sources/CoderPadKit/ScreenClient+ReportDownload.swift /Users/admin/builder/spi-builder-workspace/Sources/CoderPadKit/ScreenClient+ResponseData.swift /Users/admin/builder/spi-builder-workspace/Sources/CoderPadKit/ScreenClient+TemporaryFiles.swift /Users/admin/builder/spi-builder-workspace/Sources/CoderPadKit/ScreenClient+Webhook.swift /Users/admin/builder/spi-builder-workspace/Sources/CoderPadKit/ScreenClient.swift /Users/admin/builder/spi-builder-workspace/Sources/CoderPadKit/ScreenDetailedQuestion.swift (in target 'CoderPadKit' from project 'CoderPadKit')
SwiftCompile normal arm64_32 /Users/admin/builder/spi-builder-workspace/Sources/CoderPadKit/ScreenClient+ReportDownload.swift (in target 'CoderPadKit' from project 'CoderPadKit')
cd /Users/admin/builder/spi-builder-workspace/.swiftpm/xcode
builtin-SwiftPerFileCompile ScreenClient+ReportDownload.swift
SwiftCompile normal arm64_32 /Users/admin/builder/spi-builder-workspace/Sources/CoderPadKit/ScreenClient+ResponseData.swift (in target 'CoderPadKit' from project 'CoderPadKit')
cd /Users/admin/builder/spi-builder-workspace/.swiftpm/xcode
builtin-SwiftPerFileCompile ScreenClient+ResponseData.swift
SwiftCompile normal arm64_32 /Users/admin/builder/spi-builder-workspace/Sources/CoderPadKit/ScreenClient+TemporaryFiles.swift (in target 'CoderPadKit' from project 'CoderPadKit')
cd /Users/admin/builder/spi-builder-workspace/.swiftpm/xcode
builtin-SwiftPerFileCompile ScreenClient+TemporaryFiles.swift
SwiftCompile normal arm64_32 /Users/admin/builder/spi-builder-workspace/Sources/CoderPadKit/ScreenClient+Webhook.swift (in target 'CoderPadKit' from project 'CoderPadKit')
cd /Users/admin/builder/spi-builder-workspace/.swiftpm/xcode
builtin-SwiftPerFileCompile ScreenClient+Webhook.swift
SwiftCompile normal arm64_32 /Users/admin/builder/spi-builder-workspace/Sources/CoderPadKit/ScreenClient.swift (in target 'CoderPadKit' from project 'CoderPadKit')
cd /Users/admin/builder/spi-builder-workspace/.swiftpm/xcode
builtin-SwiftPerFileCompile ScreenClient.swift
SwiftCompile normal arm64_32 /Users/admin/builder/spi-builder-workspace/Sources/CoderPadKit/ScreenDetailedQuestion.swift (in target 'CoderPadKit' from project 'CoderPadKit')
cd /Users/admin/builder/spi-builder-workspace/.swiftpm/xcode
builtin-SwiftPerFileCompile ScreenDetailedQuestion.swift
SwiftCompile normal arm64_32 Compiling\ CoderPadClient+QuestionVariants.swift,\ CoderPadClient.swift,\ CoderPadError.swift,\ CoderPadMutationRefreshError.swift,\ CoderPadRetryPolicy.swift,\ EmailValidation.swift,\ InterviewLanguage.swift /Users/admin/builder/spi-builder-workspace/Sources/CoderPadKit/CoderPadClient+QuestionVariants.swift /Users/admin/builder/spi-builder-workspace/Sources/CoderPadKit/CoderPadClient.swift /Users/admin/builder/spi-builder-workspace/Sources/CoderPadKit/CoderPadError.swift /Users/admin/builder/spi-builder-workspace/Sources/CoderPadKit/CoderPadMutationRefreshError.swift /Users/admin/builder/spi-builder-workspace/Sources/CoderPadKit/CoderPadRetryPolicy.swift /Users/admin/builder/spi-builder-workspace/Sources/CoderPadKit/EmailValidation.swift /Users/admin/builder/spi-builder-workspace/Sources/CoderPadKit/InterviewLanguage.swift (in target 'CoderPadKit' from project 'CoderPadKit')
SwiftCompile normal arm64_32 /Users/admin/builder/spi-builder-workspace/Sources/CoderPadKit/CoderPadClient+QuestionVariants.swift (in target 'CoderPadKit' from project 'CoderPadKit')
cd /Users/admin/builder/spi-builder-workspace/.swiftpm/xcode
builtin-SwiftPerFileCompile CoderPadClient+QuestionVariants.swift
SwiftCompile normal arm64_32 /Users/admin/builder/spi-builder-workspace/Sources/CoderPadKit/CoderPadClient.swift (in target 'CoderPadKit' from project 'CoderPadKit')
cd /Users/admin/builder/spi-builder-workspace/.swiftpm/xcode
builtin-SwiftPerFileCompile CoderPadClient.swift
SwiftCompile normal arm64_32 /Users/admin/builder/spi-builder-workspace/Sources/CoderPadKit/CoderPadError.swift (in target 'CoderPadKit' from project 'CoderPadKit')
cd /Users/admin/builder/spi-builder-workspace/.swiftpm/xcode
builtin-SwiftPerFileCompile CoderPadError.swift
SwiftCompile normal arm64_32 /Users/admin/builder/spi-builder-workspace/Sources/CoderPadKit/CoderPadMutationRefreshError.swift (in target 'CoderPadKit' from project 'CoderPadKit')
cd /Users/admin/builder/spi-builder-workspace/.swiftpm/xcode
builtin-SwiftPerFileCompile CoderPadMutationRefreshError.swift
SwiftCompile normal arm64_32 /Users/admin/builder/spi-builder-workspace/Sources/CoderPadKit/CoderPadRetryPolicy.swift (in target 'CoderPadKit' from project 'CoderPadKit')
cd /Users/admin/builder/spi-builder-workspace/.swiftpm/xcode
builtin-SwiftPerFileCompile CoderPadRetryPolicy.swift
SwiftCompile normal arm64_32 /Users/admin/builder/spi-builder-workspace/Sources/CoderPadKit/EmailValidation.swift (in target 'CoderPadKit' from project 'CoderPadKit')
cd /Users/admin/builder/spi-builder-workspace/.swiftpm/xcode
builtin-SwiftPerFileCompile EmailValidation.swift
SwiftCompile normal arm64_32 /Users/admin/builder/spi-builder-workspace/Sources/CoderPadKit/InterviewLanguage.swift (in target 'CoderPadKit' from project 'CoderPadKit')
cd /Users/admin/builder/spi-builder-workspace/.swiftpm/xcode
builtin-SwiftPerFileCompile InterviewLanguage.swift
PruneExplicitPrecompiledModules /Users/admin/builder/spi-builder-workspace/.derivedData/SDKExplicitPrecompiledModules
PruneExplicitPrecompiledModules /Users/admin/builder/spi-builder-workspace/.derivedData/Build/Intermediates.noindex/ExplicitPrecompiledModules
PruneExplicitPrecompiledModules /Users/admin/builder/spi-builder-workspace/.derivedData/Build/Intermediates.noindex/SwiftExplicitPrecompiledModules
2026-10-09 17:51:31.954 xcodebuild[701:4186] [MT] IDERunDestination: Supported platforms for the buildables in the current scheme is empty.
** BUILD FAILED **
The following build commands failed:
SwiftEmitModule normal arm64_32 Emitting\ module\ for\ CoderPadKit (in target 'CoderPadKit' from project 'CoderPadKit')
SwiftCompile normal arm64_32 (in target 'CoderPadKit' from project 'CoderPadKit')
Building workspace CoderPadKit with scheme CoderPadKit-Package
(3 failures)
Command line invocation:
/Applications/Xcode-27.0.0.app/Contents/Developer/usr/bin/xcodebuild -IDEClonedSourcePackagesDirPathOverride=/Users/admin/builder/spi-builder-workspace/.dependencies -resolvePackageDependencies
Resolve Package Graph
Resolved source packages:
CoderPadKit: /Users/admin/builder/spi-builder-workspace
PaginatedRESTClient: https://github.com/adamtheturtle/PaginatedRESTClient.git @ 0.5.0
SafeURLKit: https://github.com/adamtheturtle/SafeURLKit.git @ 0.2.0
resolved source packages: CoderPadKit, PaginatedRESTClient, SafeURLKit
2026-10-09 17:51:41.734 xcodebuild[926:5303] [MT] IDERunDestination: Supported platforms for the buildables in the current scheme is empty.
{
"dependencies" : [
{
"identity" : "paginatedrestclient",
"requirement" : {
"range" : [
{
"lower_bound" : "0.5.0",
"upper_bound" : "1.0.0"
}
]
},
"type" : "sourceControl",
"url" : "https://github.com/adamtheturtle/PaginatedRESTClient.git"
},
{
"identity" : "safeurlkit",
"requirement" : {
"range" : [
{
"lower_bound" : "0.2.0",
"upper_bound" : "1.0.0"
}
]
},
"type" : "sourceControl",
"url" : "https://github.com/adamtheturtle/SafeURLKit.git"
}
],
"manifest_display_name" : "CoderPadKit",
"name" : "CoderPadKit",
"path" : "/Users/admin/builder/spi-builder-workspace",
"platforms" : [
{
"name" : "macos",
"version" : "15.0"
},
{
"name" : "ios",
"version" : "18.0"
},
{
"name" : "tvos",
"version" : "18.0"
},
{
"name" : "watchos",
"version" : "11.0"
},
{
"name" : "visionos",
"version" : "2.0"
}
],
"products" : [
{
"name" : "CoderPadKit",
"targets" : [
"CoderPadKit"
],
"type" : {
"library" : [
"automatic"
]
}
},
{
"name" : "CoderPadKitMock",
"targets" : [
"CoderPadKitMock"
],
"type" : {
"library" : [
"automatic"
]
}
}
],
"targets" : [
{
"c99name" : "CoderPadKitTests",
"module_type" : "SwiftTarget",
"name" : "CoderPadKitTests",
"path" : "Tests/CoderPadKitTests",
"sources" : [
"AccountIntrospectionTests.swift",
"ClientHardeningTests.swift",
"DecodeToleranceTests.swift",
"DeleteQuestionTests.swift",
"InstructionStepNameTests.swift",
"InterviewBaseURLValidationTests.swift",
"InterviewPositiveIDValidationTests.swift",
"MockFidelityBatch186199Tests.swift",
"MockFidelityTests.swift",
"MockInterviewFidelityTests.swift",
"MockMultipartValidationTests.swift",
"MockRouteValidationTests.swift",
"MockScreenFidelityTests.swift",
"MockScreenMalformedJSONTests.swift",
"MockServerTests.swift",
"ModelTests.swift",
"ModelValidationDecodeTests.swift",
"ModelsMutationsValidationTests.swift",
"MultipartFormDataStagingTests.swift",
"MutationRefreshTests.swift",
"OpenableHTTPSURLTests.swift",
"OrganizationStatsRangeTests.swift",
"OrganizationUserEmailFilterTests.swift",
"PadAnalyticsTests.swift",
"PadControlTests.swift",
"PadEnvironmentDecodeTests.swift",
"PadEventIdentityTests.swift",
"PadEventsSortTests.swift",
"PadHistoryTests.swift",
"PadHistoryURLPolicyTests.swift",
"PadIDValidationTests.swift",
"PadMutationValidationTests.swift",
"PaginationIdentityTests.swift",
"QuestionArrayWireTests.swift",
"QuestionFilterTests.swift",
"QuestionInstructionSchemaDecodeTests.swift",
"QuestionProjectMetadataTests.swift",
"QuestionSharingDatabaseTests.swift",
"QuestionVariantNullableTests.swift",
"QuestionVariantTests.swift",
"QuestionZIPUploadArchiveStructureTests.swift",
"QuestionZIPUploadTests.swift",
"RawAPITests.swift",
"RawHTTPMethodValidationTests.swift",
"ResponseLimitConfigurationTests.swift",
"ScreenAIConversationTests.swift",
"ScreenBoundedDownloadTests.swift",
"ScreenCampaignCreationTests.swift",
"ScreenCampaignCreationTransportTests.swift",
"ScreenDetailedResultsTests.swift",
"ScreenDetailedResultsTransportTests.swift",
"ScreenDuplicateInvitationTests.swift",
"ScreenErrorBodyDecodingTests.swift",
"ScreenProjectArchiveTests.swift",
"ScreenQuestionBankTests.swift",
"ScreenQuestionBankTransportTests.swift",
"ScreenQuestionCodePayloadTests.swift",
"ScreenQuestionInsightsTests.swift",
"ScreenRedirectTests.swift",
"ScreenReportDownloadErrorTests.swift",
"ScreenReportFilesTests.swift",
"ScreenReportOperationLimiterTests.swift",
"ScreenResponseLimitTests.swift",
"ScreenTemporaryFileTests.swift",
"ScreenWarningSanitizationTests.swift",
"coderpadTests+Screen+Mock.swift",
"coderpadTests+Screen+UnstablePaginationMock.swift",
"coderpadTests+Screen.swift",
"coderpadTests+ScreenDates.swift",
"coderpadTests+ScreenInvitationValidation.swift",
"coderpadTests+ScreenMetrics.swift",
"coderpadTests+ScreenPaginationValidation.swift",
"coderpadTests+ScreenProductFilter.swift",
"coderpadTests+ScreenRequestBounds.swift",
"coderpadTests+ScreenSessionValidation.swift",
"coderpadTests+ScreenTolerantDecode.swift",
"coderpadTests+ScreenWebhook.swift"
],
"target_dependencies" : [
"CoderPadKit",
"CoderPadKitMock"
],
"type" : "test"
},
{
"c99name" : "CoderPadKitMock",
"module_type" : "SwiftTarget",
"name" : "CoderPadKitMock",
"path" : "Sources/CoderPadKitMock",
"product_memberships" : [
"CoderPadKitMock"
],
"sources" : [
"CoderPadClient+Mock.swift",
"MockRequestBody.swift",
"MockScreen+AIConversations.swift",
"MockScreen+CampaignCreation.swift",
"MockScreen+DetailedResults.swift",
"MockScreen+Fixtures.swift",
"MockScreen+ProjectArchive.swift",
"MockScreen+QuestionBank.swift",
"MockScreen+QuestionBankFixtures.swift",
"MockScreen+QuestionBankPagination.swift",
"MockScreen+QuestionInsights.swift",
"MockScreen+ReportPDF.swift",
"MockScreen+Responses.swift",
"MockScreen+State.swift",
"MockScreen+TemporaryFiles.swift",
"MockScreen+TestRoutes.swift",
"MockScreen.swift",
"MockServer+Environments.swift",
"MockServer+Fixtures.swift",
"MockServer+History.swift",
"MockServer+List.swift",
"MockServer+Multipart.swift",
"MockServer+Organization.swift",
"MockServer+OrganizationResponses.swift",
"MockServer+PadAnalytics.swift",
"MockServer+ParentQuestionFiles.swift",
"MockServer+QuestionFilters.swift",
"MockServer+QuestionResponses.swift",
"MockServer+QuestionVariants.swift",
"MockServer+Questions.swift",
"MockServer+RealisticHistory.swift",
"MockServer+Responses.swift",
"MockServer+State.swift",
"MockServer.swift"
],
"target_dependencies" : [
"CoderPadKit"
],
"type" : "library"
},
{
"c99name" : "CoderPadKit",
"module_type" : "SwiftTarget",
"name" : "CoderPadKit",
"path" : "Sources/CoderPadKit",
"product_dependencies" : [
"PaginatedRESTClient",
"SafeURLKit"
],
"product_memberships" : [
"CoderPadKit",
"CoderPadKitMock"
],
"sources" : [
"APIKeyNormalization.swift",
"AccountIntrospection.swift",
"CoderPadClient+BaseURL.swift",
"CoderPadClient+Identity.swift",
"CoderPadClient+Multipart.swift",
"CoderPadClient+Organization.swift",
"CoderPadClient+PadHistory.swift",
"CoderPadClient+QuestionVariants.swift",
"CoderPadClient.swift",
"CoderPadError.swift",
"CoderPadMutationRefreshError.swift",
"CoderPadRetryPolicy.swift",
"EmailValidation.swift",
"InterviewLanguage.swift",
"LifecycleConsistency.swift",
"Logging.swift",
"MultipartFormData.swift",
"OpenableHTTPSURL.swift",
"OptimisticEdit.swift",
"Organization.swift",
"Pad.swift",
"PadAnalytics.swift",
"PadEnvironment.swift",
"PadHistoryURLPolicy.swift",
"Question.swift",
"QuestionArrayEncoding.swift",
"QuestionFilters.swift",
"QuestionProjectMetadata.swift",
"QuestionVariant.swift",
"QuestionZIPUpload.swift",
"RawAPI.swift",
"RequestValidation.swift",
"Requests.swift",
"ScreenAIConversation.swift",
"ScreenAPI+Dates.swift",
"ScreenAPI+Identity.swift",
"ScreenAPI+Invitation.swift",
"ScreenAPI+Metrics.swift",
"ScreenAPI+Pagination.swift",
"ScreenAPI+ReportBounds.swift",
"ScreenAPI.swift",
"ScreenCampaignCreation.swift",
"ScreenCampaignSettings.swift",
"ScreenClient+BaseURL.swift",
"ScreenClient+Pagination.swift",
"ScreenClient+ProjectArchive.swift",
"ScreenClient+QuestionBank.swift",
"ScreenClient+QuestionInsights.swift",
"ScreenClient+ReportDownload.swift",
"ScreenClient+ResponseData.swift",
"ScreenClient+TemporaryFiles.swift",
"ScreenClient+Webhook.swift",
"ScreenClient.swift",
"ScreenDetailedQuestion.swift",
"ScreenDictionaryKey.swift",
"ScreenQuestionContentInputs.swift",
"ScreenQuestionEvaluationInputs.swift",
"ScreenQuestionFilters+Query.swift",
"ScreenQuestionInsights.swift",
"ScreenQuestionPagination.swift",
"ScreenQuestionResponses.swift",
"ScreenRedirectDelegate.swift",
"ScreenReportFiles.swift",
"ScreenReportOperationLimiter.swift",
"ScreenSessionQuestion.swift",
"TolerantJSON.swift"
],
"type" : "library"
}
],
"tools_version" : "6.2"
}
{
"workspace" : {
"name" : "CoderPadKit",
"schemes" : [
"CoderPadKit",
"CoderPadKit-Package",
"CoderPadKitMock"
]
}
}
2026-10-09 17:51:43.004 xcodebuild[934:5372] [MT] IDERunDestination: Supported platforms for the buildables in the current scheme is empty.
Running build ...
env DEVELOPER_DIR=/Applications/Xcode-27.0.0-Release.Candidate.app xcrun xcodebuild -IDEClonedSourcePackagesDirPathOverride=$PWD/.dependencies -skipMacroValidation -skipPackagePluginValidation -derivedDataPath $PWD/.derivedData build -scheme CoderPadKit-Package -destination generic/platform=watchOS
Command line invocation:
/Applications/Xcode-27.0.0.app/Contents/Developer/usr/bin/xcodebuild -IDEClonedSourcePackagesDirPathOverride=/Users/admin/builder/spi-builder-workspace/.dependencies -skipMacroValidation -skipPackagePluginValidation -derivedDataPath /Users/admin/builder/spi-builder-workspace/.derivedData build -scheme CoderPadKit-Package -destination generic/platform=watchOS
Resolve Package Graph
Resolved source packages:
SafeURLKit: https://github.com/adamtheturtle/SafeURLKit.git @ 0.2.0
PaginatedRESTClient: https://github.com/adamtheturtle/PaginatedRESTClient.git @ 0.5.0
CoderPadKit: /Users/admin/builder/spi-builder-workspace
ComputePackagePrebuildTargetDependencyGraph
Prepare packages
CreateBuildRequest
SendProjectDescription
CreateBuildOperation
ComputeTargetDependencyGraph
note: Building targets in dependency order
note: Target dependency graph (8 targets)
Target 'CoderPadKitMock-product' in project 'CoderPadKit'
➜ Explicit dependency on target 'CoderPadKitMock' in project 'CoderPadKit'
➜ Explicit dependency on target 'CoderPadKit' in project 'CoderPadKit'
➜ Explicit dependency on target 'PaginatedRESTClient-product' in project 'PaginatedRESTClient'
➜ Explicit dependency on target 'SafeURLKit-product' in project 'SafeURLKit'
Target 'CoderPadKitMock' in project 'CoderPadKit'
➜ Explicit dependency on target 'CoderPadKit' in project 'CoderPadKit'
➜ Explicit dependency on target 'PaginatedRESTClient-product' in project 'PaginatedRESTClient'
➜ Explicit dependency on target 'SafeURLKit-product' in project 'SafeURLKit'
Target 'CoderPadKit-product' in project 'CoderPadKit'
➜ Explicit dependency on target 'CoderPadKit' in project 'CoderPadKit'
➜ Explicit dependency on target 'PaginatedRESTClient-product' in project 'PaginatedRESTClient'
➜ Explicit dependency on target 'SafeURLKit-product' in project 'SafeURLKit'
Target 'CoderPadKit' in project 'CoderPadKit'
➜ Explicit dependency on target 'PaginatedRESTClient-product' in project 'PaginatedRESTClient'
➜ Explicit dependency on target 'SafeURLKit-product' in project 'SafeURLKit'
Target 'SafeURLKit-product' in project 'SafeURLKit'
➜ Explicit dependency on target 'SafeURLKit' in project 'SafeURLKit'
Target 'SafeURLKit' in project 'SafeURLKit' (no dependencies)
Target 'PaginatedRESTClient-product' in project 'PaginatedRESTClient'
➜ Explicit dependency on target 'PaginatedRESTClient' in project 'PaginatedRESTClient'
Target 'PaginatedRESTClient' in project 'PaginatedRESTClient' (no dependencies)
GatherProvisioningInputs
CreateBuildDescription
ClangStatCache /Applications/Xcode-27.0.0.app/Contents/Developer/Toolchains/XcodeDefault.xctoolchain/usr/bin/clang-stat-cache /Applications/Xcode-27.0.0.app/Contents/Developer/Platforms/WatchOS.platform/Developer/SDKs/WatchOS27.0.sdk /Users/admin/builder/spi-builder-workspace/.derivedData/SDKStatCaches.noindex/watchos27.0-24R360-e829b21a6f8c9b70876ba0858053c044b9db9bc9c079ee3c7b5f3373b13d10bc.sdkstatcache
cd /Users/admin/builder/spi-builder-workspace/.swiftpm/xcode
/Applications/Xcode-27.0.0.app/Contents/Developer/Toolchains/XcodeDefault.xctoolchain/usr/bin/clang-stat-cache /Applications/Xcode-27.0.0.app/Contents/Developer/Platforms/WatchOS.platform/Developer/SDKs/WatchOS27.0.sdk -o /Users/admin/builder/spi-builder-workspace/.derivedData/SDKStatCaches.noindex/watchos27.0-24R360-e829b21a6f8c9b70876ba0858053c044b9db9bc9c079ee3c7b5f3373b13d10bc.sdkstatcache
SwiftDriver CoderPadKit normal arm64 com.apple.xcode.tools.swift.compiler (in target 'CoderPadKit' from project 'CoderPadKit')
cd /Users/admin/builder/spi-builder-workspace/.swiftpm/xcode
builtin-SwiftDriver -- /Applications/Xcode-27.0.0.app/Contents/Developer/Toolchains/XcodeDefault.xctoolchain/usr/bin/swiftc -parse-as-library -module-name CoderPadKit -Onone @/Users/admin/builder/spi-builder-workspace/.derivedData/Build/Intermediates.noindex/CoderPadKit.build/Debug-watchos/CoderPadKit-t.build/Objects-normal/arm64/CoderPadKit.SwiftFileList -DSWIFT_PACKAGE -DDEBUG -DSWIFT_MODULE_RESOURCE_BUNDLE_UNAVAILABLE -DXcode -default-isolation MainActor -enable-upcoming-feature NonisolatedNonsendingByDefault -enable-upcoming-feature InferIsolatedConformances -plugin-path /Applications/Xcode-27.0.0.app/Contents/Developer/Toolchains/XcodeDefault.xctoolchain/usr/lib/swift/host/plugins/testing -enable-experimental-feature DebugDescriptionMacro -sdk /Applications/Xcode-27.0.0.app/Contents/Developer/Platforms/WatchOS.platform/Developer/SDKs/WatchOS27.0.sdk -target arm64-apple-watchos11.0 -g -module-cache-path /Users/admin/builder/spi-builder-workspace/.derivedData/ModuleCache.noindex -Xfrontend -serialize-debugging-options -profile-coverage-mapping -profile-generate -enable-testing -index-store-path /Users/admin/builder/spi-builder-workspace/.derivedData/Index.noindex/DataStore -Xcc -D_LIBCPP_HARDENING_MODE\=_LIBCPP_HARDENING_MODE_DEBUG -swift-version 6 -I /Users/admin/builder/spi-builder-workspace/.derivedData/Build/Products/Debug-watchos -Isystem /Applications/Xcode-27.0.0.app/Contents/Developer/Platforms/WatchOS.platform/Developer/usr/lib -F /Users/admin/builder/spi-builder-workspace/.derivedData/Build/Products/Debug-watchos/PackageFrameworks -F /Users/admin/builder/spi-builder-workspace/.derivedData/Build/Products/Debug-watchos -F /Applications/Xcode-27.0.0.app/Contents/Developer/Platforms/WatchOS.platform/Developer/Library/Frameworks -F /Applications/Xcode-27.0.0.app/Contents/Developer/Platforms/WatchOS.platform/Developer/SDKs/WatchOS27.0.sdk/Developer/Library/Frameworks -c -j10 -enable-batch-mode -incremental -Xcc -ivfsstatcache -Xcc /Users/admin/builder/spi-builder-workspace/.derivedData/SDKStatCaches.noindex/watchos27.0-24R360-e829b21a6f8c9b70876ba0858053c044b9db9bc9c079ee3c7b5f3373b13d10bc.sdkstatcache -output-file-map /Users/admin/builder/spi-builder-workspace/.derivedData/Build/Intermediates.noindex/CoderPadKit.build/Debug-watchos/CoderPadKit-t.build/Objects-normal/arm64/CoderPadKit-OutputFileMap.json -save-temps -no-color-diagnostics -explicit-module-build -module-cache-path /Users/admin/builder/spi-builder-workspace/.derivedData/Build/Intermediates.noindex/SwiftExplicitPrecompiledModules -clang-scanner-module-cache-path /Users/admin/builder/spi-builder-workspace/.derivedData/ModuleCache.noindex -sdk-module-cache-path /Users/admin/builder/spi-builder-workspace/.derivedData/SDKExplicitPrecompiledModules -emit-dependencies -emit-module -emit-module-path /Users/admin/builder/spi-builder-workspace/.derivedData/Build/Intermediates.noindex/CoderPadKit.build/Debug-watchos/CoderPadKit-t.build/Objects-normal/arm64/CoderPadKit.swiftmodule -serialize-diagnostics -dependency-scan-serialize-diagnostics-path /Users/admin/builder/spi-builder-workspace/.derivedData/Build/Intermediates.noindex/CoderPadKit.build/Debug-watchos/CoderPadKit-t.build/Objects-normal/arm64/CoderPadKit-dependency-scan.dia -validate-clang-modules-once -clang-build-session-file /Users/admin/builder/spi-builder-workspace/.derivedData/ModuleCache.noindex/Session.modulevalidation -Xcc -fmodules-prune-interval\=86400 -Xcc -fmodules-prune-after\=345600 -package-name spi_builder_workspace -emit-const-values -const-gather-protocols-list /Users/admin/builder/spi-builder-workspace/.derivedData/Build/Intermediates.noindex/CoderPadKit.build/Debug-watchos/CoderPadKit-t.build/Objects-normal/arm64/CoderPadKit_const_extract_protocols.json -Xcc -I/Users/admin/builder/spi-builder-workspace/.derivedData/Build/Products/Debug-watchos/include -Xcc -I/Users/admin/builder/spi-builder-workspace/.derivedData/Build/Intermediates.noindex/CoderPadKit.build/Debug-watchos/CoderPadKit-t.build/DerivedSources-normal/arm64 -Xcc -I/Users/admin/builder/spi-builder-workspace/.derivedData/Build/Intermediates.noindex/CoderPadKit.build/Debug-watchos/CoderPadKit-t.build/DerivedSources/arm64 -Xcc -I/Users/admin/builder/spi-builder-workspace/.derivedData/Build/Intermediates.noindex/CoderPadKit.build/Debug-watchos/CoderPadKit-t.build/DerivedSources -Xcc -DSWIFT_PACKAGE -Xcc -DDEBUG\=1 -emit-objc-header -emit-objc-header-path /Users/admin/builder/spi-builder-workspace/.derivedData/Build/Intermediates.noindex/CoderPadKit.build/Debug-watchos/CoderPadKit-t.build/Objects-normal/arm64/CoderPadKit-Swift.h -working-directory /Users/admin/builder/spi-builder-workspace/.swiftpm/xcode -experimental-emit-module-separately -disable-cmo
SwiftDriver CoderPadKit normal arm64_32 com.apple.xcode.tools.swift.compiler (in target 'CoderPadKit' from project 'CoderPadKit')
cd /Users/admin/builder/spi-builder-workspace/.swiftpm/xcode
builtin-SwiftDriver -- /Applications/Xcode-27.0.0.app/Contents/Developer/Toolchains/XcodeDefault.xctoolchain/usr/bin/swiftc -parse-as-library -module-name CoderPadKit -Onone @/Users/admin/builder/spi-builder-workspace/.derivedData/Build/Intermediates.noindex/CoderPadKit.build/Debug-watchos/CoderPadKit-t.build/Objects-normal/arm64_32/CoderPadKit.SwiftFileList -DSWIFT_PACKAGE -DDEBUG -DSWIFT_MODULE_RESOURCE_BUNDLE_UNAVAILABLE -DXcode -default-isolation MainActor -enable-upcoming-feature NonisolatedNonsendingByDefault -enable-upcoming-feature InferIsolatedConformances -plugin-path /Applications/Xcode-27.0.0.app/Contents/Developer/Toolchains/XcodeDefault.xctoolchain/usr/lib/swift/host/plugins/testing -enable-experimental-feature DebugDescriptionMacro -sdk /Applications/Xcode-27.0.0.app/Contents/Developer/Platforms/WatchOS.platform/Developer/SDKs/WatchOS27.0.sdk -target arm64_32-apple-watchos11.0 -g -module-cache-path /Users/admin/builder/spi-builder-workspace/.derivedData/ModuleCache.noindex -Xfrontend -serialize-debugging-options -profile-coverage-mapping -profile-generate -enable-testing -index-store-path /Users/admin/builder/spi-builder-workspace/.derivedData/Index.noindex/DataStore -Xcc -D_LIBCPP_HARDENING_MODE\=_LIBCPP_HARDENING_MODE_DEBUG -swift-version 6 -I /Users/admin/builder/spi-builder-workspace/.derivedData/Build/Products/Debug-watchos -Isystem /Applications/Xcode-27.0.0.app/Contents/Developer/Platforms/WatchOS.platform/Developer/usr/lib -F /Users/admin/builder/spi-builder-workspace/.derivedData/Build/Products/Debug-watchos/PackageFrameworks -F /Users/admin/builder/spi-builder-workspace/.derivedData/Build/Products/Debug-watchos -F /Applications/Xcode-27.0.0.app/Contents/Developer/Platforms/WatchOS.platform/Developer/Library/Frameworks -F /Applications/Xcode-27.0.0.app/Contents/Developer/Platforms/WatchOS.platform/Developer/SDKs/WatchOS27.0.sdk/Developer/Library/Frameworks -c -j10 -enable-batch-mode -incremental -Xcc -ivfsstatcache -Xcc /Users/admin/builder/spi-builder-workspace/.derivedData/SDKStatCaches.noindex/watchos27.0-24R360-e829b21a6f8c9b70876ba0858053c044b9db9bc9c079ee3c7b5f3373b13d10bc.sdkstatcache -output-file-map /Users/admin/builder/spi-builder-workspace/.derivedData/Build/Intermediates.noindex/CoderPadKit.build/Debug-watchos/CoderPadKit-t.build/Objects-normal/arm64_32/CoderPadKit-OutputFileMap.json -save-temps -no-color-diagnostics -explicit-module-build -module-cache-path /Users/admin/builder/spi-builder-workspace/.derivedData/Build/Intermediates.noindex/SwiftExplicitPrecompiledModules -clang-scanner-module-cache-path /Users/admin/builder/spi-builder-workspace/.derivedData/ModuleCache.noindex -sdk-module-cache-path /Users/admin/builder/spi-builder-workspace/.derivedData/SDKExplicitPrecompiledModules -emit-dependencies -emit-module -emit-module-path /Users/admin/builder/spi-builder-workspace/.derivedData/Build/Intermediates.noindex/CoderPadKit.build/Debug-watchos/CoderPadKit-t.build/Objects-normal/arm64_32/CoderPadKit.swiftmodule -serialize-diagnostics -dependency-scan-serialize-diagnostics-path /Users/admin/builder/spi-builder-workspace/.derivedData/Build/Intermediates.noindex/CoderPadKit.build/Debug-watchos/CoderPadKit-t.build/Objects-normal/arm64_32/CoderPadKit-dependency-scan.dia -validate-clang-modules-once -clang-build-session-file /Users/admin/builder/spi-builder-workspace/.derivedData/ModuleCache.noindex/Session.modulevalidation -Xcc -fmodules-prune-interval\=86400 -Xcc -fmodules-prune-after\=345600 -package-name spi_builder_workspace -emit-const-values -const-gather-protocols-list /Users/admin/builder/spi-builder-workspace/.derivedData/Build/Intermediates.noindex/CoderPadKit.build/Debug-watchos/CoderPadKit-t.build/Objects-normal/arm64_32/CoderPadKit_const_extract_protocols.json -Xcc -I/Users/admin/builder/spi-builder-workspace/.derivedData/Build/Products/Debug-watchos/include -Xcc -I/Users/admin/builder/spi-builder-workspace/.derivedData/Build/Intermediates.noindex/CoderPadKit.build/Debug-watchos/CoderPadKit-t.build/DerivedSources-normal/arm64_32 -Xcc -I/Users/admin/builder/spi-builder-workspace/.derivedData/Build/Intermediates.noindex/CoderPadKit.build/Debug-watchos/CoderPadKit-t.build/DerivedSources/arm64_32 -Xcc -I/Users/admin/builder/spi-builder-workspace/.derivedData/Build/Intermediates.noindex/CoderPadKit.build/Debug-watchos/CoderPadKit-t.build/DerivedSources -Xcc -DSWIFT_PACKAGE -Xcc -DDEBUG\=1 -emit-objc-header -emit-objc-header-path /Users/admin/builder/spi-builder-workspace/.derivedData/Build/Intermediates.noindex/CoderPadKit.build/Debug-watchos/CoderPadKit-t.build/Objects-normal/arm64_32/CoderPadKit-Swift.h -working-directory /Users/admin/builder/spi-builder-workspace/.swiftpm/xcode -experimental-emit-module-separately -disable-cmo
ExtractAppIntentsMetadata (in target 'PaginatedRESTClient' from project 'PaginatedRESTClient')
cd /Users/admin/builder/spi-builder-workspace/.dependencies/checkouts/PaginatedRESTClient
/Applications/Xcode-27.0.0.app/Contents/Developer/Toolchains/XcodeDefault.xctoolchain/usr/bin/appintentsmetadataprocessor --toolchain-dir /var/run/com.apple.security.cryptexd/mnt/com.apple.MobileAsset.MetalToolchain-v27.1.266.1.5QJV56/Metal.xctoolchain --module-name PaginatedRESTClient --sdk-root /Applications/Xcode-27.0.0.app/Contents/Developer/Platforms/WatchOS.platform/Developer/SDKs/WatchOS27.0.sdk --xcode-version 27A266a --platform-family watchOS --deployment-target 11.0 --bundle-identifier paginatedrestclient.PaginatedRESTClient --output /Users/admin/builder/spi-builder-workspace/.derivedData/Build/Products/Debug-watchos/PaginatedRESTClient.appintents --target-triple arm64-apple-watchos11.0 --target-triple arm64_32-apple-watchos11.0 --binary-file /Users/admin/builder/spi-builder-workspace/.derivedData/Build/Products/Debug-watchos/PaginatedRESTClient.o --dependency-file /Users/admin/builder/spi-builder-workspace/.derivedData/Build/Intermediates.noindex/PaginatedRESTClient.build/Debug-watchos/PaginatedRESTClient-t.build/Objects-normal/arm64/PaginatedRESTClient_dependency_info.dat --dependency-file /Users/admin/builder/spi-builder-workspace/.derivedData/Build/Intermediates.noindex/PaginatedRESTClient.build/Debug-watchos/PaginatedRESTClient-t.build/Objects-normal/arm64_32/PaginatedRESTClient_dependency_info.dat --stringsdata-file /Users/admin/builder/spi-builder-workspace/.derivedData/Build/Intermediates.noindex/PaginatedRESTClient.build/Debug-watchos/PaginatedRESTClient-t.build/Objects-normal/arm64/ExtractedAppShortcutsMetadata.stringsdata --stringsdata-file /Users/admin/builder/spi-builder-workspace/.derivedData/Build/Intermediates.noindex/PaginatedRESTClient.build/Debug-watchos/PaginatedRESTClient-t.build/Objects-normal/arm64_32/ExtractedAppShortcutsMetadata.stringsdata --source-file-list /Users/admin/builder/spi-builder-workspace/.derivedData/Build/Intermediates.noindex/PaginatedRESTClient.build/Debug-watchos/PaginatedRESTClient-t.build/Objects-normal/arm64/PaginatedRESTClient.SwiftFileList --source-file-list /Users/admin/builder/spi-builder-workspace/.derivedData/Build/Intermediates.noindex/PaginatedRESTClient.build/Debug-watchos/PaginatedRESTClient-t.build/Objects-normal/arm64_32/PaginatedRESTClient.SwiftFileList --metadata-file-list /Users/admin/builder/spi-builder-workspace/.derivedData/Build/Intermediates.noindex/PaginatedRESTClient.build/Debug-watchos/PaginatedRESTClient-t.build/PaginatedRESTClient.DependencyMetadataFileList --static-metadata-file-list /Users/admin/builder/spi-builder-workspace/.derivedData/Build/Intermediates.noindex/PaginatedRESTClient.build/Debug-watchos/PaginatedRESTClient-t.build/PaginatedRESTClient.DependencyStaticMetadataFileList --swift-const-vals-list /Users/admin/builder/spi-builder-workspace/.derivedData/Build/Intermediates.noindex/PaginatedRESTClient.build/Debug-watchos/PaginatedRESTClient-t.build/Objects-normal/arm64/PaginatedRESTClient.SwiftConstValuesFileList --swift-const-vals-list /Users/admin/builder/spi-builder-workspace/.derivedData/Build/Intermediates.noindex/PaginatedRESTClient.build/Debug-watchos/PaginatedRESTClient-t.build/Objects-normal/arm64_32/PaginatedRESTClient.SwiftConstValuesFileList --force --compile-time-extraction --deployment-aware-processing --no-app-shortcuts-localization
2026-10-09 17:51:44.894 appintentsmetadataprocessor[938:5440] Starting appintentsmetadataprocessor export
2026-10-09 17:51:44.955 appintentsmetadataprocessor[938:5440] Extracted no relevant App Intents symbols, skipping writing output
SwiftEmitModule normal arm64_32 Emitting\ module\ for\ CoderPadKit (in target 'CoderPadKit' from project 'CoderPadKit')
/Users/admin/builder/spi-builder-workspace/Sources/CoderPadKit/CoderPadClient+BaseURL.swift:27:5: warning: 'public' modifier is redundant for static method declared in a public extension
25 |
26 | /// Validates a response-body ceiling for callers that prefer an error over clamping (#206).
27 | public nonisolated static func validatedResponseBodyLimit(_ bytes: Int) throws -> Int {
| `- warning: 'public' modifier is redundant for static method declared in a public extension
28 | try validateNonNegativeResponseBodyLimit(bytes)
29 | }
/Users/admin/builder/spi-builder-workspace/Sources/CoderPadKit/ScreenAPI+Dates.swift:36:5: warning: 'public' modifier is redundant for property declared in a public extension
34 |
35 | public extension ScreenTestSession {
36 | public var sendDate: Date? {
| `- warning: 'public' modifier is redundant for property declared in a public extension
37 | ScreenEpochMilliseconds.date(from: sendTime)
38 | }
/Users/admin/builder/spi-builder-workspace/Sources/CoderPadKit/ScreenAPI+Dates.swift:40:5: warning: 'public' modifier is redundant for property declared in a public extension
38 | }
39 |
40 | public var startDate: Date? {
| `- warning: 'public' modifier is redundant for property declared in a public extension
41 | ScreenEpochMilliseconds.date(from: startTime)
42 | }
/Users/admin/builder/spi-builder-workspace/Sources/CoderPadKit/ScreenAPI+Dates.swift:44:5: warning: 'public' modifier is redundant for property declared in a public extension
42 | }
43 |
44 | public var endDate: Date? {
| `- warning: 'public' modifier is redundant for property declared in a public extension
45 | ScreenEpochMilliseconds.date(from: endTime)
46 | }
/Users/admin/builder/spi-builder-workspace/Sources/CoderPadKit/ScreenAPI+Dates.swift:48:5: warning: 'public' modifier is redundant for property declared in a public extension
46 | }
47 |
48 | public var lastActivityDate: Date? {
| `- warning: 'public' modifier is redundant for property declared in a public extension
49 | ScreenEpochMilliseconds.date(from: lastActivityTime)
50 | }
/Users/admin/builder/spi-builder-workspace/Sources/CoderPadKit/ScreenAPI+Dates.swift:54:5: warning: 'public' modifier is redundant for property declared in a public extension
52 | /// Recruiter dashboard URL when the API value is absolute HTTPS without
53 | /// credentials (#167).
54 | public var openableURL: URL? {
| `- warning: 'public' modifier is redundant for property declared in a public extension
55 | OpenableHTTPSURL.parse(url)
56 | }
/Users/admin/builder/spi-builder-workspace/Sources/CoderPadKit/ScreenAPI+Dates.swift:60:5: warning: 'public' modifier is redundant for property declared in a public extension
58 | /// Candidate test URL when the API value is absolute HTTPS without
59 | /// credentials (#167).
60 | public var openableTestURL: URL? {
| `- warning: 'public' modifier is redundant for property declared in a public extension
61 | OpenableHTTPSURL.parse(testURL)
62 | }
/Users/admin/builder/spi-builder-workspace/Sources/CoderPadKit/ScreenAPI+Dates.swift:68:5: warning: 'public' modifier is redundant for property declared in a public extension
66 | /// Candidate invitation URL when the API value is absolute HTTPS without
67 | /// credentials (#167).
68 | public var openableTestURL: URL? {
| `- warning: 'public' modifier is redundant for property declared in a public extension
69 | OpenableHTTPSURL.parse(testURL)
70 | }
/Users/admin/builder/spi-builder-workspace/Sources/CoderPadKit/ScreenAPI.swift:315:5: warning: 'public' modifier conflicts with extension's default access of 'private'
313 |
314 | private extension KeyedDecodingContainer {
315 | public nonisolated func decodeLenientScreenDictionary<Value: Decodable>(
| `- warning: 'public' modifier conflicts with extension's default access of 'private'
316 | of _: Value.Type,
317 | forKey key: Key
/Users/admin/builder/spi-builder-workspace/Sources/CoderPadKit/ScreenClient+BaseURL.swift:14:5: warning: 'public' modifier is redundant for static method declared in a public extension
12 | /// mock host is intentionally excluded so a live session cannot send a real API key
13 | /// to `screen.mock.coderpad.io` (#202).
14 | public nonisolated static func isAllowedProductionBaseURL(_ url: URL) -> Bool {
| `- warning: 'public' modifier is redundant for static method declared in a public extension
15 | isAllowedOrigin(url, hosts: [defaultBaseURL.host, euBaseURL.host])
16 | }
/Users/admin/builder/spi-builder-workspace/Sources/CoderPadKit/ScreenClient+BaseURL.swift:20:5: warning: 'public' modifier is redundant for static method declared in a public extension
18 | /// Origins accepted for any Screen request, including the in-process mock transport.
19 | /// Prefer ``isAllowedProductionBaseURL(_:)`` when constructing a live client.
20 | public nonisolated static func isAllowedBaseURL(_ url: URL) -> Bool {
| `- warning: 'public' modifier is redundant for static method declared in a public extension
21 | isAllowedProductionBaseURL(url)
22 | || isAllowedOrigin(url, hosts: [mockBaseURL.host])
/Users/admin/builder/spi-builder-workspace/Sources/CoderPadKit/ScreenClient+Webhook.swift:25:5: warning: 'public' modifier is redundant for instance method declared in a public extension
23 | /// as successful "no URL" outcomes; those map to `nil` rather than an HTTP or decode
24 | /// error so the optional return type matches the endpoint contract (#213, #214).
25 | public nonisolated func webhookURL() async throws -> String? {
| `- warning: 'public' modifier is redundant for instance method declared in a public extension
26 | let request = try authorizedRequest(path: "/webhook", method: "GET")
27 | let data: Data
/Users/admin/builder/spi-builder-workspace/Sources/CoderPadKit/ScreenClient+Webhook.swift:50:5: warning: 'public' modifier is redundant for instance method declared in a public extension
48 | /// Sets (replacing any existing) the webhook callback URL. `POST /webhook`.
49 | /// The request body is the URL as a bare JSON string, per the API contract.
50 | public nonisolated func setWebhookURL(_ url: String) async throws {
| `- warning: 'public' modifier is redundant for instance method declared in a public extension
51 | guard let url = Self.normalizedWebhookURL(url) else {
52 | throw CoderPadError.decode("Screen webhook callback must be a public HTTPS URL.")
/Users/admin/builder/spi-builder-workspace/Sources/CoderPadKit/ScreenClient+Webhook.swift:59:5: warning: 'public' modifier is redundant for instance method declared in a public extension
57 |
58 | /// Removes the configured webhook. `DELETE /webhook`.
59 | public nonisolated func deleteWebhook() async throws {
| `- warning: 'public' modifier is redundant for instance method declared in a public extension
60 | try await sendNoContent(method: "DELETE", path: "/webhook")
61 | }
/Users/admin/builder/spi-builder-workspace/Sources/CoderPadKit/ScreenClient+Webhook.swift:65:5: warning: 'public' modifier is redundant for static method declared in a public extension
63 | private nonisolated struct WebhookConfig: Decodable { let url: String? }
64 |
65 | public nonisolated static func normalizedWebhookURL(_ raw: String) -> String? {
| `- warning: 'public' modifier is redundant for static method declared in a public extension
66 | let trimmed = raw.trimmingCharacters(in: .whitespacesAndNewlines)
67 | return webhookPolicy.allows(trimmed) ? trimmed : nil
/Users/admin/builder/spi-builder-workspace/Sources/CoderPadKit/ScreenClient+Webhook.swift:70:5: warning: 'public' modifier is redundant for static method declared in a public extension
68 | }
69 |
70 | public nonisolated static func validatedWebhookURL(_ raw: String?) throws -> String? {
| `- warning: 'public' modifier is redundant for static method declared in a public extension
71 | guard let raw else { return nil }
72 | guard let normalized = normalizedWebhookURL(raw) else {
/Users/admin/builder/spi-builder-workspace/Sources/CoderPadKit/ScreenClient.swift:324:5: warning: 'public' modifier conflicts with extension's default access of 'private'
322 |
323 | private extension ScreenClient {
324 | public nonisolated static func validateTimeRange(from: Int?, until: Int?) throws {
| `- warning: 'public' modifier conflicts with extension's default access of 'private'
325 | if let from {
326 | guard (ScreenEpochMilliseconds.earliest ... ScreenEpochMilliseconds.latest).contains(from) else {
/Users/admin/builder/spi-builder-workspace/Sources/CoderPadKit/ScreenClient.swift:344:5: warning: 'public' modifier conflicts with extension's default access of 'private'
342 | }
343 |
344 | public nonisolated static func requirePositiveID(_ id: Int, kind: String) throws {
| `- warning: 'public' modifier conflicts with extension's default access of 'private'
345 | guard (1 ... maximumScreenID).contains(id) else {
346 | throw CoderPadError.decode("Screen \(kind) ID must be a positive int32.")
/Users/admin/builder/spi-builder-workspace/Sources/CoderPadKit/ScreenClient.swift:350:5: warning: 'public' modifier conflicts with extension's default access of 'private'
348 | }
349 |
350 | public nonisolated static func requirePaginationStart(_ start: Int) throws {
| `- warning: 'public' modifier conflicts with extension's default access of 'private'
351 | guard start >= 0 else {
352 | throw CoderPadError.decode("Screen pagination start must not be negative.")
/Users/admin/builder/spi-builder-workspace/Sources/CoderPadKit/ScreenClient.swift:360:5: warning: 'public' modifier conflicts with extension's default access of 'private'
358 | }
359 |
360 | public nonisolated static func normalizedFilter(
| `- warning: 'public' modifier conflicts with extension's default access of 'private'
361 | _ raw: String?,
362 | name: String,
/Users/admin/builder/spi-builder-workspace/Sources/CoderPadKit/ScreenClient.swift:380:5: warning: 'public' modifier conflicts with extension's default access of 'private'
378 | }
379 |
380 | public nonisolated static func normalizedListFilters(product: String?, candidateEmail: String?) throws
| `- warning: 'public' modifier conflicts with extension's default access of 'private'
381 | -> (product: String?, candidateEmail: String?) {
382 | let product = try normalizedProductFilter(product)
/Users/admin/builder/spi-builder-workspace/Sources/CoderPadKit/ScreenClient.swift:394:5: warning: 'public' modifier conflicts with extension's default access of 'private'
392 | /// Trims and lowercases a product filter, then requires one of the documented
393 | /// wire values (`screen`, `map`). `nil` means "no product filter" (#104).
394 | public nonisolated static func normalizedProductFilter(_ raw: String?) throws -> String? {
| `- warning: 'public' modifier conflicts with extension's default access of 'private'
395 | guard let product = try normalizedFilter(
396 | raw, name: "product", maximumLength: maximumProductFilterLength
/Users/admin/builder/spi-builder-workspace/Sources/CoderPadKit/ScreenClient.swift:412:5: warning: 'public' modifier conflicts with extension's default access of 'private'
410 | /// Normalizes invitation emails, enforces the candidate-name length limit, and
411 | /// rejects contradictory delivery options before transport (#105, #108, #197).
412 | public nonisolated static func validatedInvitation(_ invitation: ScreenInvitation) throws -> ScreenInvitation {
| `- warning: 'public' modifier conflicts with extension's default access of 'private'
413 | var invitation = invitation
414 | invitation.candidateEmail = try validatedInvitationEmail(
/Users/admin/builder/spi-builder-workspace/Sources/CoderPadKit/ScreenAPI+Dates.swift:9:34: error: integer literal '946684800000' overflows when stored into 'Int'
7 |
8 | public nonisolated enum ScreenEpochMilliseconds {
9 | public static let earliest = 946_684_800_000 // 2000-01-01T00:00:00Z
| `- error: integer literal '946684800000' overflows when stored into 'Int'
10 | public static let latest = 4_102_444_800_000 // 2100-01-01T00:00:00Z
11 |
/Users/admin/builder/spi-builder-workspace/Sources/CoderPadKit/ScreenAPI+Dates.swift:10:32: error: integer literal '4102444800000' overflows when stored into 'Int'
8 | public nonisolated enum ScreenEpochMilliseconds {
9 | public static let earliest = 946_684_800_000 // 2000-01-01T00:00:00Z
10 | public static let latest = 4_102_444_800_000 // 2100-01-01T00:00:00Z
| `- error: integer literal '4102444800000' overflows when stored into 'Int'
11 |
12 | public static func decode<Key: CodingKey>(
Failed frontend command:
SwiftCompile normal arm64_32 (in target 'CoderPadKit' from project 'CoderPadKit')
cd /Users/admin/builder/spi-builder-workspace/.swiftpm/xcode
/Applications/Xcode-27.0.0.app/Contents/Developer/Toolchains/XcodeDefault.xctoolchain/usr/bin/swift-frontend -frontend -emit-module -experimental-skip-non-inlinable-function-bodies-without-types /Users/admin/builder/spi-builder-workspace/Sources/CoderPadKit/APIKeyNormalization.swift /Users/admin/builder/spi-builder-workspace/Sources/CoderPadKit/AccountIntrospection.swift /Users/admin/builder/spi-builder-workspace/Sources/CoderPadKit/CoderPadClient+BaseURL.swift /Users/admin/builder/spi-builder-workspace/Sources/CoderPadKit/CoderPadClient+Identity.swift /Users/admin/builder/spi-builder-workspace/Sources/CoderPadKit/CoderPadClient+Multipart.swift /Users/admin/builder/spi-builder-workspace/Sources/CoderPadKit/CoderPadClient+Organization.swift /Users/admin/builder/spi-builder-workspace/Sources/CoderPadKit/CoderPadClient+PadHistory.swift /Users/admin/builder/spi-builder-workspace/Sources/CoderPadKit/CoderPadClient+QuestionVariants.swift /Users/admin/builder/spi-builder-workspace/Sources/CoderPadKit/CoderPadClient.swift /Users/admin/builder/spi-builder-workspace/Sources/CoderPadKit/CoderPadError.swift /Users/admin/builder/spi-builder-workspace/Sources/CoderPadKit/CoderPadMutationRefreshError.swift /Users/admin/builder/spi-builder-workspace/Sources/CoderPadKit/CoderPadRetryPolicy.swift /Users/admin/builder/spi-builder-workspace/Sources/CoderPadKit/EmailValidation.swift /Users/admin/builder/spi-builder-workspace/Sources/CoderPadKit/InterviewLanguage.swift /Users/admin/builder/spi-builder-workspace/Sources/CoderPadKit/LifecycleConsistency.swift /Users/admin/builder/spi-builder-workspace/Sources/CoderPadKit/Logging.swift /Users/admin/builder/spi-builder-workspace/Sources/CoderPadKit/MultipartFormData.swift /Users/admin/builder/spi-builder-workspace/Sources/CoderPadKit/OpenableHTTPSURL.swift /Users/admin/builder/spi-builder-workspace/Sources/CoderPadKit/OptimisticEdit.swift /Users/admin/builder/spi-builder-workspace/Sources/CoderPadKit/Organization.swift /Users/admin/builder/spi-builder-workspace/Sources/CoderPadKit/Pad.swift /Users/admin/builder/spi-builder-workspace/Sources/CoderPadKit/PadAnalytics.swift /Users/admin/builder/spi-builder-workspace/Sources/CoderPadKit/PadEnvironment.swift /Users/admin/builder/spi-builder-workspace/Sources/CoderPadKit/PadHistoryURLPolicy.swift /Users/admin/builder/spi-builder-workspace/Sources/CoderPadKit/Question.swift /Users/admin/builder/spi-builder-workspace/Sources/CoderPadKit/QuestionArrayEncoding.swift /Users/admin/builder/spi-builder-workspace/Sources/CoderPadKit/QuestionFilters.swift /Users/admin/builder/spi-builder-workspace/Sources/CoderPadKit/QuestionProjectMetadata.swift /Users/admin/builder/spi-builder-workspace/Sources/CoderPadKit/QuestionVariant.swift /Users/admin/builder/spi-builder-workspace/Sources/CoderPadKit/QuestionZIPUpload.swift /Users/admin/builder/spi-builder-workspace/Sources/CoderPadKit/RawAPI.swift /Users/admin/builder/spi-builder-workspace/Sources/CoderPadKit/RequestValidation.swift /Users/admin/builder/spi-builder-workspace/Sources/CoderPadKit/Requests.swift /Users/admin/builder/spi-builder-workspace/Sources/CoderPadKit/ScreenAIConversation.swift /Users/admin/builder/spi-builder-workspace/Sources/CoderPadKit/ScreenAPI+Dates.swift /Users/admin/builder/spi-builder-workspace/Sources/CoderPadKit/ScreenAPI+Identity.swift /Users/admin/builder/spi-builder-workspace/Sources/CoderPadKit/ScreenAPI+Invitation.swift /Users/admin/builder/spi-builder-workspace/Sources/CoderPadKit/ScreenAPI+Metrics.swift /Users/admin/builder/spi-builder-workspace/Sources/CoderPadKit/ScreenAPI+Pagination.swift /Users/admin/builder/spi-builder-workspace/Sources/CoderPadKit/ScreenAPI+ReportBounds.swift /Users/admin/builder/spi-builder-workspace/Sources/CoderPadKit/ScreenAPI.swift /Users/admin/builder/spi-builder-workspace/Sources/CoderPadKit/ScreenCampaignCreation.swift /Users/admin/builder/spi-builder-workspace/Sources/CoderPadKit/ScreenCampaignSettings.swift /Users/admin/builder/spi-builder-workspace/Sources/CoderPadKit/ScreenClient+BaseURL.swift /Users/admin/builder/spi-builder-workspace/Sources/CoderPadKit/ScreenClient+Pagination.swift /Users/admin/builder/spi-builder-workspace/Sources/CoderPadKit/ScreenClient+ProjectArchive.swift /Users/admin/builder/spi-builder-workspace/Sources/CoderPadKit/ScreenClient+QuestionBank.swift /Users/admin/builder/spi-builder-workspace/Sources/CoderPadKit/ScreenClient+QuestionInsights.swift /Users/admin/builder/spi-builder-workspace/Sources/CoderPadKit/ScreenClient+ReportDownload.swift /Users/admin/builder/spi-builder-workspace/Sources/CoderPadKit/ScreenClient+ResponseData.swift /Users/admin/builder/spi-builder-workspace/Sources/CoderPadKit/ScreenClient+TemporaryFiles.swift /Users/admin/builder/spi-builder-workspace/Sources/CoderPadKit/ScreenClient+Webhook.swift /Users/admin/builder/spi-builder-workspace/Sources/CoderPadKit/ScreenClient.swift /Users/admin/builder/spi-builder-workspace/Sources/CoderPadKit/ScreenDetailedQuestion.swift /Users/admin/builder/spi-builder-workspace/Sources/CoderPadKit/ScreenDictionaryKey.swift /Users/admin/builder/spi-builder-workspace/Sources/CoderPadKit/ScreenQuestionContentInputs.swift /Users/admin/builder/spi-builder-workspace/Sources/CoderPadKit/ScreenQuestionEvaluationInputs.swift /Users/admin/builder/spi-builder-workspace/Sources/CoderPadKit/ScreenQuestionFilters+Query.swift /Users/admin/builder/spi-builder-workspace/Sources/CoderPadKit/ScreenQuestionInsights.swift /Users/admin/builder/spi-builder-workspace/Sources/CoderPadKit/ScreenQuestionPagination.swift /Users/admin/builder/spi-builder-workspace/Sources/CoderPadKit/ScreenQuestionResponses.swift /Users/admin/builder/spi-builder-workspace/Sources/CoderPadKit/ScreenRedirectDelegate.swift /Users/admin/builder/spi-builder-workspace/Sources/CoderPadKit/ScreenReportFiles.swift /Users/admin/builder/spi-builder-workspace/Sources/CoderPadKit/ScreenReportOperationLimiter.swift /Users/admin/builder/spi-builder-workspace/Sources/CoderPadKit/ScreenSessionQuestion.swift /Users/admin/builder/spi-builder-workspace/Sources/CoderPadKit/TolerantJSON.swift -target arm64_32-apple-watchos11.0 -module-can-import-version CoreGraphics 2049 2049.0.0 -module-can-import-version OSLog 10 1966.4.1 -disable-cross-import-overlay-search -load-resolved-plugin /Applications/Xcode-27.0.0.app/Contents/Developer/Platforms/WatchOS.platform/Developer/usr/lib/swift/host/plugins/libFoundationMacros.dylib\#/Applications/Xcode-27.0.0.app/Contents/Developer/Platforms/WatchOS.platform/Developer/usr/bin/swift-plugin-server\#FoundationMacros -load-resolved-plugin /Applications/Xcode-27.0.0.app/Contents/Developer/Platforms/WatchOS.platform/Developer/usr/lib/swift/host/plugins/libObservationMacros.dylib\#/Applications/Xcode-27.0.0.app/Contents/Developer/Platforms/WatchOS.platform/Developer/usr/bin/swift-plugin-server\#ObservationMacros -load-resolved-plugin /Applications/Xcode-27.0.0.app/Contents/Developer/Platforms/WatchOS.platform/Developer/usr/lib/swift/host/plugins/libSwiftMacros.dylib\#/Applications/Xcode-27.0.0.app/Contents/Developer/Platforms/WatchOS.platform/Developer/usr/bin/swift-plugin-server\#SwiftMacros -disable-implicit-swift-modules -Xcc -fno-implicit-modules -Xcc -fno-implicit-module-maps -explicit-swift-module-map-file /Users/admin/builder/spi-builder-workspace/.derivedData/Build/Intermediates.noindex/CoderPadKit.build/Debug-watchos/CoderPadKit-t.build/Objects-normal/arm64_32/CoderPadKit-dependencies-1.json -enable-objc-interop -sdk /Applications/Xcode-27.0.0.app/Contents/Developer/Platforms/WatchOS.platform/Developer/SDKs/WatchOS27.0.sdk -I /Users/admin/builder/spi-builder-workspace/.derivedData/Build/Products/Debug-watchos -Isystem /Applications/Xcode-27.0.0.app/Contents/Developer/Platforms/WatchOS.platform/Developer/usr/lib -F /Users/admin/builder/spi-builder-workspace/.derivedData/Build/Products/Debug-watchos/PackageFrameworks -F /Users/admin/builder/spi-builder-workspace/.derivedData/Build/Products/Debug-watchos -F /Applications/Xcode-27.0.0.app/Contents/Developer/Platforms/WatchOS.platform/Developer/Library/Frameworks -F /Applications/Xcode-27.0.0.app/Contents/Developer/Platforms/WatchOS.platform/Developer/SDKs/WatchOS27.0.sdk/Developer/Library/Frameworks -module-cache-path /Users/admin/builder/spi-builder-workspace/.derivedData/Build/Intermediates.noindex/SwiftExplicitPrecompiledModules -no-color-diagnostics -Xcc -fno-color-diagnostics -enable-testing -g -debug-info-format\=dwarf -dwarf-version\=5 -profile-generate -profile-coverage-mapping -swift-version 6 -Onone -D SWIFT_PACKAGE -D DEBUG -D SWIFT_MODULE_RESOURCE_BUNDLE_UNAVAILABLE -D Xcode -serialize-debugging-options -enable-upcoming-feature NonisolatedNonsendingByDefault -enable-upcoming-feature InferIsolatedConformances -enable-experimental-feature DebugDescriptionMacro -default-isolation MainActor -empty-abi-descriptor -validate-clang-modules-once -clang-build-session-file /Users/admin/builder/spi-builder-workspace/.derivedData/ModuleCache.noindex/Session.modulevalidation -Xcc -working-directory -Xcc /Users/admin/builder/spi-builder-workspace/.swiftpm/xcode -enable-anonymous-context-mangled-names -file-compilation-dir /Users/admin/builder/spi-builder-workspace/.swiftpm/xcode -Xcc -D_LIBCPP_HARDENING_MODE\=_LIBCPP_HARDENING_MODE_DEBUG -Xcc -ivfsstatcache -Xcc /Users/admin/builder/spi-builder-workspace/.derivedData/SDKStatCaches.noindex/watchos27.0-24R360-e829b21a6f8c9b70876ba0858053c044b9db9bc9c079ee3c7b5f3373b13d10bc.sdkstatcache -Xcc -fmodules-prune-interval\=86400 -Xcc -fmodules-prune-after\=345600 -Xcc -I/Users/admin/builder/spi-builder-workspace/.derivedData/Build/Products/Debug-watchos/include -Xcc -I/Users/admin/builder/spi-builder-workspace/.derivedData/Build/Intermediates.noindex/CoderPadKit.build/Debug-watchos/CoderPadKit-t.build/DerivedSources-normal/arm64_32 -Xcc -I/Users/admin/builder/spi-builder-workspace/.derivedData/Build/Intermediates.noindex/CoderPadKit.build/Debug-watchos/CoderPadKit-t.build/DerivedSources/arm64_32 -Xcc -I/Users/admin/builder/spi-builder-workspace/.derivedData/Build/Intermediates.noindex/CoderPadKit.build/Debug-watchos/CoderPadKit-t.build/DerivedSources -Xcc -DSWIFT_PACKAGE -Xcc -DDEBUG\=1 -no-auto-bridging-header-chaining -module-name CoderPadKit -package-name spi_builder_workspace -const-gather-protocols-file /Users/admin/builder/spi-builder-workspace/.derivedData/Build/Intermediates.noindex/CoderPadKit.build/Debug-watchos/CoderPadKit-t.build/Objects-normal/arm64_32/CoderPadKit_const_extract_protocols.json -disable-clang-spi -clang-target arm64_32-apple-watchos27.0 -target-sdk-version 27.0 -target-sdk-name watchos27.0 -in-process-plugin-server-path /Applications/Xcode-27.0.0.app/Contents/Developer/Toolchains/XcodeDefault.xctoolchain/usr/lib/swift/host/libSwiftInProcPluginServer.dylib -emit-module-doc-path /Users/admin/builder/spi-builder-workspace/.derivedData/Build/Intermediates.noindex/CoderPadKit.build/Debug-watchos/CoderPadKit-t.build/Objects-normal/arm64_32/CoderPadKit.swiftdoc -emit-module-source-info-path /Users/admin/builder/spi-builder-workspace/.derivedData/Build/Intermediates.noindex/CoderPadKit.build/Debug-watchos/CoderPadKit-t.build/Objects-normal/arm64_32/CoderPadKit.swiftsourceinfo -emit-objc-header-path /Users/admin/builder/spi-builder-workspace/.derivedData/Build/Intermediates.noindex/CoderPadKit.build/Debug-watchos/CoderPadKit-t.build/Objects-normal/arm64_32/CoderPadKit-Swift.h -serialize-diagnostics-path /Users/admin/builder/spi-builder-workspace/.derivedData/Build/Intermediates.noindex/CoderPadKit.build/Debug-watchos/CoderPadKit-t.build/Objects-normal/arm64_32/CoderPadKit-primary-emit-module.dia -emit-dependencies-path /Users/admin/builder/spi-builder-workspace/.derivedData/Build/Intermediates.noindex/CoderPadKit.build/Debug-watchos/CoderPadKit-t.build/Objects-normal/arm64_32/CoderPadKit-primary-emit-module.d -parse-as-library -o /Users/admin/builder/spi-builder-workspace/.derivedData/Build/Intermediates.noindex/CoderPadKit.build/Debug-watchos/CoderPadKit-t.build/Objects-normal/arm64_32/CoderPadKit.swiftmodule -emit-abi-descriptor-path /Users/admin/builder/spi-builder-workspace/.derivedData/Build/Intermediates.noindex/CoderPadKit.build/Debug-watchos/CoderPadKit-t.build/Objects-normal/arm64_32/CoderPadKit.abi.json
SwiftCompile normal arm64_32 Compiling\ LifecycleConsistency.swift,\ Logging.swift,\ MultipartFormData.swift,\ OpenableHTTPSURL.swift,\ OptimisticEdit.swift,\ Organization.swift,\ Pad.swift /Users/admin/builder/spi-builder-workspace/Sources/CoderPadKit/LifecycleConsistency.swift /Users/admin/builder/spi-builder-workspace/Sources/CoderPadKit/Logging.swift /Users/admin/builder/spi-builder-workspace/Sources/CoderPadKit/MultipartFormData.swift /Users/admin/builder/spi-builder-workspace/Sources/CoderPadKit/OpenableHTTPSURL.swift /Users/admin/builder/spi-builder-workspace/Sources/CoderPadKit/OptimisticEdit.swift /Users/admin/builder/spi-builder-workspace/Sources/CoderPadKit/Organization.swift /Users/admin/builder/spi-builder-workspace/Sources/CoderPadKit/Pad.swift (in target 'CoderPadKit' from project 'CoderPadKit')
SwiftCompile normal arm64_32 /Users/admin/builder/spi-builder-workspace/Sources/CoderPadKit/LifecycleConsistency.swift (in target 'CoderPadKit' from project 'CoderPadKit')
cd /Users/admin/builder/spi-builder-workspace/.swiftpm/xcode
builtin-SwiftPerFileCompile LifecycleConsistency.swift
SwiftCompile normal arm64_32 /Users/admin/builder/spi-builder-workspace/Sources/CoderPadKit/Logging.swift (in target 'CoderPadKit' from project 'CoderPadKit')
cd /Users/admin/builder/spi-builder-workspace/.swiftpm/xcode
builtin-SwiftPerFileCompile Logging.swift
SwiftCompile normal arm64_32 /Users/admin/builder/spi-builder-workspace/Sources/CoderPadKit/MultipartFormData.swift (in target 'CoderPadKit' from project 'CoderPadKit')
cd /Users/admin/builder/spi-builder-workspace/.swiftpm/xcode
builtin-SwiftPerFileCompile MultipartFormData.swift
SwiftCompile normal arm64_32 /Users/admin/builder/spi-builder-workspace/Sources/CoderPadKit/OpenableHTTPSURL.swift (in target 'CoderPadKit' from project 'CoderPadKit')
cd /Users/admin/builder/spi-builder-workspace/.swiftpm/xcode
builtin-SwiftPerFileCompile OpenableHTTPSURL.swift
SwiftCompile normal arm64_32 /Users/admin/builder/spi-builder-workspace/Sources/CoderPadKit/OptimisticEdit.swift (in target 'CoderPadKit' from project 'CoderPadKit')
cd /Users/admin/builder/spi-builder-workspace/.swiftpm/xcode
builtin-SwiftPerFileCompile OptimisticEdit.swift
SwiftCompile normal arm64_32 /Users/admin/builder/spi-builder-workspace/Sources/CoderPadKit/Organization.swift (in target 'CoderPadKit' from project 'CoderPadKit')
cd /Users/admin/builder/spi-builder-workspace/.swiftpm/xcode
builtin-SwiftPerFileCompile Organization.swift
SwiftCompile normal arm64_32 /Users/admin/builder/spi-builder-workspace/Sources/CoderPadKit/Pad.swift (in target 'CoderPadKit' from project 'CoderPadKit')
cd /Users/admin/builder/spi-builder-workspace/.swiftpm/xcode
builtin-SwiftPerFileCompile Pad.swift
SwiftCompile normal arm64_32 Compiling\ ScreenAPI+Identity.swift,\ ScreenAPI+Invitation.swift,\ ScreenAPI+Metrics.swift,\ ScreenAPI+Pagination.swift,\ ScreenAPI+ReportBounds.swift,\ ScreenAPI.swift,\ ScreenCampaignCreation.swift /Users/admin/builder/spi-builder-workspace/Sources/CoderPadKit/ScreenAPI+Identity.swift /Users/admin/builder/spi-builder-workspace/Sources/CoderPadKit/ScreenAPI+Invitation.swift /Users/admin/builder/spi-builder-workspace/Sources/CoderPadKit/ScreenAPI+Metrics.swift /Users/admin/builder/spi-builder-workspace/Sources/CoderPadKit/ScreenAPI+Pagination.swift /Users/admin/builder/spi-builder-workspace/Sources/CoderPadKit/ScreenAPI+ReportBounds.swift /Users/admin/builder/spi-builder-workspace/Sources/CoderPadKit/ScreenAPI.swift /Users/admin/builder/spi-builder-workspace/Sources/CoderPadKit/ScreenCampaignCreation.swift (in target 'CoderPadKit' from project 'CoderPadKit')
/Users/admin/builder/spi-builder-workspace/Sources/CoderPadKit/ScreenAPI.swift:315:5: warning: 'public' modifier conflicts with extension's default access of 'private'
313 |
314 | private extension KeyedDecodingContainer {
315 | public nonisolated func decodeLenientScreenDictionary<Value: Decodable>(
| `- warning: 'public' modifier conflicts with extension's default access of 'private'
316 | of _: Value.Type,
317 | forKey key: Key
SwiftCompile normal arm64_32 /Users/admin/builder/spi-builder-workspace/Sources/CoderPadKit/ScreenAPI+Identity.swift (in target 'CoderPadKit' from project 'CoderPadKit')
cd /Users/admin/builder/spi-builder-workspace/.swiftpm/xcode
builtin-SwiftPerFileCompile ScreenAPI+Identity.swift
SwiftCompile normal arm64_32 /Users/admin/builder/spi-builder-workspace/Sources/CoderPadKit/ScreenAPI+Invitation.swift (in target 'CoderPadKit' from project 'CoderPadKit')
cd /Users/admin/builder/spi-builder-workspace/.swiftpm/xcode
builtin-SwiftPerFileCompile ScreenAPI+Invitation.swift
SwiftCompile normal arm64_32 /Users/admin/builder/spi-builder-workspace/Sources/CoderPadKit/ScreenAPI+Metrics.swift (in target 'CoderPadKit' from project 'CoderPadKit')
cd /Users/admin/builder/spi-builder-workspace/.swiftpm/xcode
builtin-SwiftPerFileCompile ScreenAPI+Metrics.swift
SwiftCompile normal arm64_32 /Users/admin/builder/spi-builder-workspace/Sources/CoderPadKit/ScreenAPI+Pagination.swift (in target 'CoderPadKit' from project 'CoderPadKit')
cd /Users/admin/builder/spi-builder-workspace/.swiftpm/xcode
builtin-SwiftPerFileCompile ScreenAPI+Pagination.swift
SwiftCompile normal arm64_32 /Users/admin/builder/spi-builder-workspace/Sources/CoderPadKit/ScreenAPI+ReportBounds.swift (in target 'CoderPadKit' from project 'CoderPadKit')
cd /Users/admin/builder/spi-builder-workspace/.swiftpm/xcode
builtin-SwiftPerFileCompile ScreenAPI+ReportBounds.swift
SwiftCompile normal arm64_32 /Users/admin/builder/spi-builder-workspace/Sources/CoderPadKit/ScreenAPI.swift (in target 'CoderPadKit' from project 'CoderPadKit')
cd /Users/admin/builder/spi-builder-workspace/.swiftpm/xcode
builtin-SwiftPerFileCompile ScreenAPI.swift
SwiftCompile normal arm64_32 /Users/admin/builder/spi-builder-workspace/Sources/CoderPadKit/ScreenCampaignCreation.swift (in target 'CoderPadKit' from project 'CoderPadKit')
cd /Users/admin/builder/spi-builder-workspace/.swiftpm/xcode
builtin-SwiftPerFileCompile ScreenCampaignCreation.swift
SwiftCompile normal arm64_32 Compiling\ PadAnalytics.swift,\ PadEnvironment.swift,\ PadHistoryURLPolicy.swift,\ Question.swift,\ QuestionArrayEncoding.swift,\ QuestionFilters.swift,\ QuestionProjectMetadata.swift /Users/admin/builder/spi-builder-workspace/Sources/CoderPadKit/PadAnalytics.swift /Users/admin/builder/spi-builder-workspace/Sources/CoderPadKit/PadEnvironment.swift /Users/admin/builder/spi-builder-workspace/Sources/CoderPadKit/PadHistoryURLPolicy.swift /Users/admin/builder/spi-builder-workspace/Sources/CoderPadKit/Question.swift /Users/admin/builder/spi-builder-workspace/Sources/CoderPadKit/QuestionArrayEncoding.swift /Users/admin/builder/spi-builder-workspace/Sources/CoderPadKit/QuestionFilters.swift /Users/admin/builder/spi-builder-workspace/Sources/CoderPadKit/QuestionProjectMetadata.swift (in target 'CoderPadKit' from project 'CoderPadKit')
SwiftCompile normal arm64_32 /Users/admin/builder/spi-builder-workspace/Sources/CoderPadKit/PadAnalytics.swift (in target 'CoderPadKit' from project 'CoderPadKit')
cd /Users/admin/builder/spi-builder-workspace/.swiftpm/xcode
builtin-SwiftPerFileCompile PadAnalytics.swift
SwiftCompile normal arm64_32 /Users/admin/builder/spi-builder-workspace/Sources/CoderPadKit/PadEnvironment.swift (in target 'CoderPadKit' from project 'CoderPadKit')
cd /Users/admin/builder/spi-builder-workspace/.swiftpm/xcode
builtin-SwiftPerFileCompile PadEnvironment.swift
SwiftCompile normal arm64_32 /Users/admin/builder/spi-builder-workspace/Sources/CoderPadKit/PadHistoryURLPolicy.swift (in target 'CoderPadKit' from project 'CoderPadKit')
cd /Users/admin/builder/spi-builder-workspace/.swiftpm/xcode
builtin-SwiftPerFileCompile PadHistoryURLPolicy.swift
SwiftCompile normal arm64_32 /Users/admin/builder/spi-builder-workspace/Sources/CoderPadKit/Question.swift (in target 'CoderPadKit' from project 'CoderPadKit')
cd /Users/admin/builder/spi-builder-workspace/.swiftpm/xcode
builtin-SwiftPerFileCompile Question.swift
SwiftCompile normal arm64_32 /Users/admin/builder/spi-builder-workspace/Sources/CoderPadKit/QuestionArrayEncoding.swift (in target 'CoderPadKit' from project 'CoderPadKit')
cd /Users/admin/builder/spi-builder-workspace/.swiftpm/xcode
builtin-SwiftPerFileCompile QuestionArrayEncoding.swift
SwiftCompile normal arm64_32 /Users/admin/builder/spi-builder-workspace/Sources/CoderPadKit/QuestionFilters.swift (in target 'CoderPadKit' from project 'CoderPadKit')
cd /Users/admin/builder/spi-builder-workspace/.swiftpm/xcode
builtin-SwiftPerFileCompile QuestionFilters.swift
SwiftCompile normal arm64_32 /Users/admin/builder/spi-builder-workspace/Sources/CoderPadKit/QuestionProjectMetadata.swift (in target 'CoderPadKit' from project 'CoderPadKit')
cd /Users/admin/builder/spi-builder-workspace/.swiftpm/xcode
builtin-SwiftPerFileCompile QuestionProjectMetadata.swift
SwiftCompile normal arm64_32 Compiling\ ScreenClient+ReportDownload.swift,\ ScreenClient+ResponseData.swift,\ ScreenClient+TemporaryFiles.swift,\ ScreenClient+Webhook.swift,\ ScreenClient.swift,\ ScreenDetailedQuestion.swift /Users/admin/builder/spi-builder-workspace/Sources/CoderPadKit/ScreenClient+ReportDownload.swift /Users/admin/builder/spi-builder-workspace/Sources/CoderPadKit/ScreenClient+ResponseData.swift /Users/admin/builder/spi-builder-workspace/Sources/CoderPadKit/ScreenClient+TemporaryFiles.swift /Users/admin/builder/spi-builder-workspace/Sources/CoderPadKit/ScreenClient+Webhook.swift /Users/admin/builder/spi-builder-workspace/Sources/CoderPadKit/ScreenClient.swift /Users/admin/builder/spi-builder-workspace/Sources/CoderPadKit/ScreenDetailedQuestion.swift (in target 'CoderPadKit' from project 'CoderPadKit')
/Users/admin/builder/spi-builder-workspace/Sources/CoderPadKit/ScreenClient+Webhook.swift:25:5: warning: 'public' modifier is redundant for instance method declared in a public extension
23 | /// as successful "no URL" outcomes; those map to `nil` rather than an HTTP or decode
24 | /// error so the optional return type matches the endpoint contract (#213, #214).
25 | public nonisolated func webhookURL() async throws -> String? {
| `- warning: 'public' modifier is redundant for instance method declared in a public extension
26 | let request = try authorizedRequest(path: "/webhook", method: "GET")
27 | let data: Data
/Users/admin/builder/spi-builder-workspace/Sources/CoderPadKit/ScreenClient+Webhook.swift:50:5: warning: 'public' modifier is redundant for instance method declared in a public extension
48 | /// Sets (replacing any existing) the webhook callback URL. `POST /webhook`.
49 | /// The request body is the URL as a bare JSON string, per the API contract.
50 | public nonisolated func setWebhookURL(_ url: String) async throws {
| `- warning: 'public' modifier is redundant for instance method declared in a public extension
51 | guard let url = Self.normalizedWebhookURL(url) else {
52 | throw CoderPadError.decode("Screen webhook callback must be a public HTTPS URL.")
/Users/admin/builder/spi-builder-workspace/Sources/CoderPadKit/ScreenClient+Webhook.swift:59:5: warning: 'public' modifier is redundant for instance method declared in a public extension
57 |
58 | /// Removes the configured webhook. `DELETE /webhook`.
59 | public nonisolated func deleteWebhook() async throws {
| `- warning: 'public' modifier is redundant for instance method declared in a public extension
60 | try await sendNoContent(method: "DELETE", path: "/webhook")
61 | }
/Users/admin/builder/spi-builder-workspace/Sources/CoderPadKit/ScreenClient+Webhook.swift:65:5: warning: 'public' modifier is redundant for static method declared in a public extension
63 | private nonisolated struct WebhookConfig: Decodable { let url: String? }
64 |
65 | public nonisolated static func normalizedWebhookURL(_ raw: String) -> String? {
| `- warning: 'public' modifier is redundant for static method declared in a public extension
66 | let trimmed = raw.trimmingCharacters(in: .whitespacesAndNewlines)
67 | return webhookPolicy.allows(trimmed) ? trimmed : nil
/Users/admin/builder/spi-builder-workspace/Sources/CoderPadKit/ScreenClient+Webhook.swift:70:5: warning: 'public' modifier is redundant for static method declared in a public extension
68 | }
69 |
70 | public nonisolated static func validatedWebhookURL(_ raw: String?) throws -> String? {
| `- warning: 'public' modifier is redundant for static method declared in a public extension
71 | guard let raw else { return nil }
72 | guard let normalized = normalizedWebhookURL(raw) else {
/Users/admin/builder/spi-builder-workspace/Sources/CoderPadKit/ScreenClient.swift:324:5: warning: 'public' modifier conflicts with extension's default access of 'private'
322 |
323 | private extension ScreenClient {
324 | public nonisolated static func validateTimeRange(from: Int?, until: Int?) throws {
| `- warning: 'public' modifier conflicts with extension's default access of 'private'
325 | if let from {
326 | guard (ScreenEpochMilliseconds.earliest ... ScreenEpochMilliseconds.latest).contains(from) else {
/Users/admin/builder/spi-builder-workspace/Sources/CoderPadKit/ScreenClient.swift:344:5: warning: 'public' modifier conflicts with extension's default access of 'private'
342 | }
343 |
344 | public nonisolated static func requirePositiveID(_ id: Int, kind: String) throws {
| `- warning: 'public' modifier conflicts with extension's default access of 'private'
345 | guard (1 ... maximumScreenID).contains(id) else {
346 | throw CoderPadError.decode("Screen \(kind) ID must be a positive int32.")
/Users/admin/builder/spi-builder-workspace/Sources/CoderPadKit/ScreenClient.swift:350:5: warning: 'public' modifier conflicts with extension's default access of 'private'
348 | }
349 |
350 | public nonisolated static func requirePaginationStart(_ start: Int) throws {
| `- warning: 'public' modifier conflicts with extension's default access of 'private'
351 | guard start >= 0 else {
352 | throw CoderPadError.decode("Screen pagination start must not be negative.")
/Users/admin/builder/spi-builder-workspace/Sources/CoderPadKit/ScreenClient.swift:360:5: warning: 'public' modifier conflicts with extension's default access of 'private'
358 | }
359 |
360 | public nonisolated static func normalizedFilter(
| `- warning: 'public' modifier conflicts with extension's default access of 'private'
361 | _ raw: String?,
362 | name: String,
/Users/admin/builder/spi-builder-workspace/Sources/CoderPadKit/ScreenClient.swift:380:5: warning: 'public' modifier conflicts with extension's default access of 'private'
378 | }
379 |
380 | public nonisolated static func normalizedListFilters(product: String?, candidateEmail: String?) throws
| `- warning: 'public' modifier conflicts with extension's default access of 'private'
381 | -> (product: String?, candidateEmail: String?) {
382 | let product = try normalizedProductFilter(product)
/Users/admin/builder/spi-builder-workspace/Sources/CoderPadKit/ScreenClient.swift:394:5: warning: 'public' modifier conflicts with extension's default access of 'private'
392 | /// Trims and lowercases a product filter, then requires one of the documented
393 | /// wire values (`screen`, `map`). `nil` means "no product filter" (#104).
394 | public nonisolated static func normalizedProductFilter(_ raw: String?) throws -> String? {
| `- warning: 'public' modifier conflicts with extension's default access of 'private'
395 | guard let product = try normalizedFilter(
396 | raw, name: "product", maximumLength: maximumProductFilterLength
SwiftCompile normal arm64_32 /Users/admin/builder/spi-builder-workspace/Sources/CoderPadKit/ScreenClient+ReportDownload.swift (in target 'CoderPadKit' from project 'CoderPadKit')
cd /Users/admin/builder/spi-builder-workspace/.swiftpm/xcode
builtin-SwiftPerFileCompile ScreenClient+ReportDownload.swift
SwiftCompile normal arm64_32 /Users/admin/builder/spi-builder-workspace/Sources/CoderPadKit/ScreenClient+ResponseData.swift (in target 'CoderPadKit' from project 'CoderPadKit')
cd /Users/admin/builder/spi-builder-workspace/.swiftpm/xcode
builtin-SwiftPerFileCompile ScreenClient+ResponseData.swift
SwiftCompile normal arm64_32 /Users/admin/builder/spi-builder-workspace/Sources/CoderPadKit/ScreenClient+TemporaryFiles.swift (in target 'CoderPadKit' from project 'CoderPadKit')
cd /Users/admin/builder/spi-builder-workspace/.swiftpm/xcode
builtin-SwiftPerFileCompile ScreenClient+TemporaryFiles.swift
SwiftCompile normal arm64_32 /Users/admin/builder/spi-builder-workspace/Sources/CoderPadKit/ScreenClient+Webhook.swift (in target 'CoderPadKit' from project 'CoderPadKit')
cd /Users/admin/builder/spi-builder-workspace/.swiftpm/xcode
builtin-SwiftPerFileCompile ScreenClient+Webhook.swift
SwiftCompile normal arm64_32 /Users/admin/builder/spi-builder-workspace/Sources/CoderPadKit/ScreenClient.swift (in target 'CoderPadKit' from project 'CoderPadKit')
cd /Users/admin/builder/spi-builder-workspace/.swiftpm/xcode
builtin-SwiftPerFileCompile ScreenClient.swift
SwiftCompile normal arm64_32 /Users/admin/builder/spi-builder-workspace/Sources/CoderPadKit/ScreenDetailedQuestion.swift (in target 'CoderPadKit' from project 'CoderPadKit')
cd /Users/admin/builder/spi-builder-workspace/.swiftpm/xcode
builtin-SwiftPerFileCompile ScreenDetailedQuestion.swift
SwiftCompile normal arm64_32 Compiling\ ScreenCampaignSettings.swift,\ ScreenClient+BaseURL.swift,\ ScreenClient+Pagination.swift,\ ScreenClient+ProjectArchive.swift,\ ScreenClient+QuestionBank.swift,\ ScreenClient+QuestionInsights.swift /Users/admin/builder/spi-builder-workspace/Sources/CoderPadKit/ScreenCampaignSettings.swift /Users/admin/builder/spi-builder-workspace/Sources/CoderPadKit/ScreenClient+BaseURL.swift /Users/admin/builder/spi-builder-workspace/Sources/CoderPadKit/ScreenClient+Pagination.swift /Users/admin/builder/spi-builder-workspace/Sources/CoderPadKit/ScreenClient+ProjectArchive.swift /Users/admin/builder/spi-builder-workspace/Sources/CoderPadKit/ScreenClient+QuestionBank.swift /Users/admin/builder/spi-builder-workspace/Sources/CoderPadKit/ScreenClient+QuestionInsights.swift (in target 'CoderPadKit' from project 'CoderPadKit')
/Users/admin/builder/spi-builder-workspace/Sources/CoderPadKit/ScreenClient+BaseURL.swift:14:5: warning: 'public' modifier is redundant for static method declared in a public extension
12 | /// mock host is intentionally excluded so a live session cannot send a real API key
13 | /// to `screen.mock.coderpad.io` (#202).
14 | public nonisolated static func isAllowedProductionBaseURL(_ url: URL) -> Bool {
| `- warning: 'public' modifier is redundant for static method declared in a public extension
15 | isAllowedOrigin(url, hosts: [defaultBaseURL.host, euBaseURL.host])
16 | }
/Users/admin/builder/spi-builder-workspace/Sources/CoderPadKit/ScreenClient+BaseURL.swift:20:5: warning: 'public' modifier is redundant for static method declared in a public extension
18 | /// Origins accepted for any Screen request, including the in-process mock transport.
19 | /// Prefer ``isAllowedProductionBaseURL(_:)`` when constructing a live client.
20 | public nonisolated static func isAllowedBaseURL(_ url: URL) -> Bool {
| `- warning: 'public' modifier is redundant for static method declared in a public extension
21 | isAllowedProductionBaseURL(url)
22 | || isAllowedOrigin(url, hosts: [mockBaseURL.host])
SwiftCompile normal arm64_32 /Users/admin/builder/spi-builder-workspace/Sources/CoderPadKit/ScreenCampaignSettings.swift (in target 'CoderPadKit' from project 'CoderPadKit')
cd /Users/admin/builder/spi-builder-workspace/.swiftpm/xcode
builtin-SwiftPerFileCompile ScreenCampaignSettings.swift
SwiftCompile normal arm64_32 /Users/admin/builder/spi-builder-workspace/Sources/CoderPadKit/ScreenClient+BaseURL.swift (in target 'CoderPadKit' from project 'CoderPadKit')
cd /Users/admin/builder/spi-builder-workspace/.swiftpm/xcode
builtin-SwiftPerFileCompile ScreenClient+BaseURL.swift
SwiftCompile normal arm64_32 /Users/admin/builder/spi-builder-workspace/Sources/CoderPadKit/ScreenClient+Pagination.swift (in target 'CoderPadKit' from project 'CoderPadKit')
cd /Users/admin/builder/spi-builder-workspace/.swiftpm/xcode
builtin-SwiftPerFileCompile ScreenClient+Pagination.swift
SwiftCompile normal arm64_32 /Users/admin/builder/spi-builder-workspace/Sources/CoderPadKit/ScreenClient+ProjectArchive.swift (in target 'CoderPadKit' from project 'CoderPadKit')
cd /Users/admin/builder/spi-builder-workspace/.swiftpm/xcode
builtin-SwiftPerFileCompile ScreenClient+ProjectArchive.swift
SwiftCompile normal arm64_32 /Users/admin/builder/spi-builder-workspace/Sources/CoderPadKit/ScreenClient+QuestionBank.swift (in target 'CoderPadKit' from project 'CoderPadKit')
cd /Users/admin/builder/spi-builder-workspace/.swiftpm/xcode
builtin-SwiftPerFileCompile ScreenClient+QuestionBank.swift
SwiftCompile normal arm64_32 /Users/admin/builder/spi-builder-workspace/Sources/CoderPadKit/ScreenClient+QuestionInsights.swift (in target 'CoderPadKit' from project 'CoderPadKit')
cd /Users/admin/builder/spi-builder-workspace/.swiftpm/xcode
builtin-SwiftPerFileCompile ScreenClient+QuestionInsights.swift
SwiftCompile normal arm64_32 Compiling\ CoderPadClient+QuestionVariants.swift,\ CoderPadClient.swift,\ CoderPadError.swift,\ CoderPadMutationRefreshError.swift,\ CoderPadRetryPolicy.swift,\ EmailValidation.swift,\ InterviewLanguage.swift /Users/admin/builder/spi-builder-workspace/Sources/CoderPadKit/CoderPadClient+QuestionVariants.swift /Users/admin/builder/spi-builder-workspace/Sources/CoderPadKit/CoderPadClient.swift /Users/admin/builder/spi-builder-workspace/Sources/CoderPadKit/CoderPadError.swift /Users/admin/builder/spi-builder-workspace/Sources/CoderPadKit/CoderPadMutationRefreshError.swift /Users/admin/builder/spi-builder-workspace/Sources/CoderPadKit/CoderPadRetryPolicy.swift /Users/admin/builder/spi-builder-workspace/Sources/CoderPadKit/EmailValidation.swift /Users/admin/builder/spi-builder-workspace/Sources/CoderPadKit/InterviewLanguage.swift (in target 'CoderPadKit' from project 'CoderPadKit')
SwiftCompile normal arm64_32 /Users/admin/builder/spi-builder-workspace/Sources/CoderPadKit/CoderPadClient+QuestionVariants.swift (in target 'CoderPadKit' from project 'CoderPadKit')
cd /Users/admin/builder/spi-builder-workspace/.swiftpm/xcode
builtin-SwiftPerFileCompile CoderPadClient+QuestionVariants.swift
SwiftCompile normal arm64_32 /Users/admin/builder/spi-builder-workspace/Sources/CoderPadKit/CoderPadClient.swift (in target 'CoderPadKit' from project 'CoderPadKit')
cd /Users/admin/builder/spi-builder-workspace/.swiftpm/xcode
builtin-SwiftPerFileCompile CoderPadClient.swift
SwiftCompile normal arm64_32 /Users/admin/builder/spi-builder-workspace/Sources/CoderPadKit/CoderPadError.swift (in target 'CoderPadKit' from project 'CoderPadKit')
cd /Users/admin/builder/spi-builder-workspace/.swiftpm/xcode
builtin-SwiftPerFileCompile CoderPadError.swift
SwiftCompile normal arm64_32 /Users/admin/builder/spi-builder-workspace/Sources/CoderPadKit/CoderPadMutationRefreshError.swift (in target 'CoderPadKit' from project 'CoderPadKit')
cd /Users/admin/builder/spi-builder-workspace/.swiftpm/xcode
builtin-SwiftPerFileCompile CoderPadMutationRefreshError.swift
SwiftCompile normal arm64_32 /Users/admin/builder/spi-builder-workspace/Sources/CoderPadKit/CoderPadRetryPolicy.swift (in target 'CoderPadKit' from project 'CoderPadKit')
cd /Users/admin/builder/spi-builder-workspace/.swiftpm/xcode
builtin-SwiftPerFileCompile CoderPadRetryPolicy.swift
SwiftCompile normal arm64_32 /Users/admin/builder/spi-builder-workspace/Sources/CoderPadKit/EmailValidation.swift (in target 'CoderPadKit' from project 'CoderPadKit')
cd /Users/admin/builder/spi-builder-workspace/.swiftpm/xcode
builtin-SwiftPerFileCompile EmailValidation.swift
SwiftCompile normal arm64_32 /Users/admin/builder/spi-builder-workspace/Sources/CoderPadKit/InterviewLanguage.swift (in target 'CoderPadKit' from project 'CoderPadKit')
cd /Users/admin/builder/spi-builder-workspace/.swiftpm/xcode
builtin-SwiftPerFileCompile InterviewLanguage.swift
SwiftCompile normal arm64_32 Compiling\ ScreenQuestionResponses.swift,\ ScreenRedirectDelegate.swift,\ ScreenReportFiles.swift,\ ScreenReportOperationLimiter.swift,\ ScreenSessionQuestion.swift,\ TolerantJSON.swift /Users/admin/builder/spi-builder-workspace/Sources/CoderPadKit/ScreenQuestionResponses.swift /Users/admin/builder/spi-builder-workspace/Sources/CoderPadKit/ScreenRedirectDelegate.swift /Users/admin/builder/spi-builder-workspace/Sources/CoderPadKit/ScreenReportFiles.swift /Users/admin/builder/spi-builder-workspace/Sources/CoderPadKit/ScreenReportOperationLimiter.swift /Users/admin/builder/spi-builder-workspace/Sources/CoderPadKit/ScreenSessionQuestion.swift /Users/admin/builder/spi-builder-workspace/Sources/CoderPadKit/TolerantJSON.swift (in target 'CoderPadKit' from project 'CoderPadKit')
SwiftCompile normal arm64_32 /Users/admin/builder/spi-builder-workspace/Sources/CoderPadKit/ScreenQuestionResponses.swift (in target 'CoderPadKit' from project 'CoderPadKit')
cd /Users/admin/builder/spi-builder-workspace/.swiftpm/xcode
builtin-SwiftPerFileCompile ScreenQuestionResponses.swift
SwiftCompile normal arm64_32 /Users/admin/builder/spi-builder-workspace/Sources/CoderPadKit/ScreenRedirectDelegate.swift (in target 'CoderPadKit' from project 'CoderPadKit')
cd /Users/admin/builder/spi-builder-workspace/.swiftpm/xcode
builtin-SwiftPerFileCompile ScreenRedirectDelegate.swift
SwiftCompile normal arm64_32 /Users/admin/builder/spi-builder-workspace/Sources/CoderPadKit/ScreenReportFiles.swift (in target 'CoderPadKit' from project 'CoderPadKit')
cd /Users/admin/builder/spi-builder-workspace/.swiftpm/xcode
builtin-SwiftPerFileCompile ScreenReportFiles.swift
SwiftCompile normal arm64_32 /Users/admin/builder/spi-builder-workspace/Sources/CoderPadKit/ScreenReportOperationLimiter.swift (in target 'CoderPadKit' from project 'CoderPadKit')
cd /Users/admin/builder/spi-builder-workspace/.swiftpm/xcode
builtin-SwiftPerFileCompile ScreenReportOperationLimiter.swift
SwiftCompile normal arm64_32 /Users/admin/builder/spi-builder-workspace/Sources/CoderPadKit/ScreenSessionQuestion.swift (in target 'CoderPadKit' from project 'CoderPadKit')
cd /Users/admin/builder/spi-builder-workspace/.swiftpm/xcode
builtin-SwiftPerFileCompile ScreenSessionQuestion.swift
SwiftCompile normal arm64_32 /Users/admin/builder/spi-builder-workspace/Sources/CoderPadKit/TolerantJSON.swift (in target 'CoderPadKit' from project 'CoderPadKit')
cd /Users/admin/builder/spi-builder-workspace/.swiftpm/xcode
builtin-SwiftPerFileCompile TolerantJSON.swift
SwiftCompile normal arm64_32 Compiling\ APIKeyNormalization.swift,\ AccountIntrospection.swift,\ CoderPadClient+BaseURL.swift,\ CoderPadClient+Identity.swift,\ CoderPadClient+Multipart.swift,\ CoderPadClient+Organization.swift,\ CoderPadClient+PadHistory.swift /Users/admin/builder/spi-builder-workspace/Sources/CoderPadKit/APIKeyNormalization.swift /Users/admin/builder/spi-builder-workspace/Sources/CoderPadKit/AccountIntrospection.swift /Users/admin/builder/spi-builder-workspace/Sources/CoderPadKit/CoderPadClient+BaseURL.swift /Users/admin/builder/spi-builder-workspace/Sources/CoderPadKit/CoderPadClient+Identity.swift /Users/admin/builder/spi-builder-workspace/Sources/CoderPadKit/CoderPadClient+Multipart.swift /Users/admin/builder/spi-builder-workspace/Sources/CoderPadKit/CoderPadClient+Organization.swift /Users/admin/builder/spi-builder-workspace/Sources/CoderPadKit/CoderPadClient+PadHistory.swift (in target 'CoderPadKit' from project 'CoderPadKit')
/Users/admin/builder/spi-builder-workspace/Sources/CoderPadKit/CoderPadClient+BaseURL.swift:27:5: warning: 'public' modifier is redundant for static method declared in a public extension
25 |
26 | /// Validates a response-body ceiling for callers that prefer an error over clamping (#206).
27 | public nonisolated static func validatedResponseBodyLimit(_ bytes: Int) throws -> Int {
| `- warning: 'public' modifier is redundant for static method declared in a public extension
28 | try validateNonNegativeResponseBodyLimit(bytes)
29 | }
SwiftCompile normal arm64_32 /Users/admin/builder/spi-builder-workspace/Sources/CoderPadKit/APIKeyNormalization.swift (in target 'CoderPadKit' from project 'CoderPadKit')
cd /Users/admin/builder/spi-builder-workspace/.swiftpm/xcode
builtin-SwiftPerFileCompile APIKeyNormalization.swift
SwiftCompile normal arm64_32 /Users/admin/builder/spi-builder-workspace/Sources/CoderPadKit/AccountIntrospection.swift (in target 'CoderPadKit' from project 'CoderPadKit')
cd /Users/admin/builder/spi-builder-workspace/.swiftpm/xcode
builtin-SwiftPerFileCompile AccountIntrospection.swift
SwiftCompile normal arm64_32 /Users/admin/builder/spi-builder-workspace/Sources/CoderPadKit/CoderPadClient+BaseURL.swift (in target 'CoderPadKit' from project 'CoderPadKit')
cd /Users/admin/builder/spi-builder-workspace/.swiftpm/xcode
builtin-SwiftPerFileCompile CoderPadClient+BaseURL.swift
SwiftCompile normal arm64_32 /Users/admin/builder/spi-builder-workspace/Sources/CoderPadKit/CoderPadClient+Identity.swift (in target 'CoderPadKit' from project 'CoderPadKit')
cd /Users/admin/builder/spi-builder-workspace/.swiftpm/xcode
builtin-SwiftPerFileCompile CoderPadClient+Identity.swift
SwiftCompile normal arm64_32 /Users/admin/builder/spi-builder-workspace/Sources/CoderPadKit/CoderPadClient+Multipart.swift (in target 'CoderPadKit' from project 'CoderPadKit')
cd /Users/admin/builder/spi-builder-workspace/.swiftpm/xcode
builtin-SwiftPerFileCompile CoderPadClient+Multipart.swift
SwiftCompile normal arm64_32 /Users/admin/builder/spi-builder-workspace/Sources/CoderPadKit/CoderPadClient+Organization.swift (in target 'CoderPadKit' from project 'CoderPadKit')
cd /Users/admin/builder/spi-builder-workspace/.swiftpm/xcode
builtin-SwiftPerFileCompile CoderPadClient+Organization.swift
SwiftCompile normal arm64_32 /Users/admin/builder/spi-builder-workspace/Sources/CoderPadKit/CoderPadClient+PadHistory.swift (in target 'CoderPadKit' from project 'CoderPadKit')
cd /Users/admin/builder/spi-builder-workspace/.swiftpm/xcode
builtin-SwiftPerFileCompile CoderPadClient+PadHistory.swift
SwiftCompile normal arm64_32 Compiling\ ScreenDictionaryKey.swift,\ ScreenQuestionContentInputs.swift,\ ScreenQuestionEvaluationInputs.swift,\ ScreenQuestionFilters+Query.swift,\ ScreenQuestionInsights.swift,\ ScreenQuestionPagination.swift /Users/admin/builder/spi-builder-workspace/Sources/CoderPadKit/ScreenDictionaryKey.swift /Users/admin/builder/spi-builder-workspace/Sources/CoderPadKit/ScreenQuestionContentInputs.swift /Users/admin/builder/spi-builder-workspace/Sources/CoderPadKit/ScreenQuestionEvaluationInputs.swift /Users/admin/builder/spi-builder-workspace/Sources/CoderPadKit/ScreenQuestionFilters+Query.swift /Users/admin/builder/spi-builder-workspace/Sources/CoderPadKit/ScreenQuestionInsights.swift /Users/admin/builder/spi-builder-workspace/Sources/CoderPadKit/ScreenQuestionPagination.swift (in target 'CoderPadKit' from project 'CoderPadKit')
SwiftCompile normal arm64_32 /Users/admin/builder/spi-builder-workspace/Sources/CoderPadKit/ScreenDictionaryKey.swift (in target 'CoderPadKit' from project 'CoderPadKit')
cd /Users/admin/builder/spi-builder-workspace/.swiftpm/xcode
builtin-SwiftPerFileCompile ScreenDictionaryKey.swift
SwiftCompile normal arm64_32 /Users/admin/builder/spi-builder-workspace/Sources/CoderPadKit/ScreenQuestionContentInputs.swift (in target 'CoderPadKit' from project 'CoderPadKit')
cd /Users/admin/builder/spi-builder-workspace/.swiftpm/xcode
builtin-SwiftPerFileCompile ScreenQuestionContentInputs.swift
SwiftCompile normal arm64_32 /Users/admin/builder/spi-builder-workspace/Sources/CoderPadKit/ScreenQuestionEvaluationInputs.swift (in target 'CoderPadKit' from project 'CoderPadKit')
cd /Users/admin/builder/spi-builder-workspace/.swiftpm/xcode
builtin-SwiftPerFileCompile ScreenQuestionEvaluationInputs.swift
SwiftCompile normal arm64_32 /Users/admin/builder/spi-builder-workspace/Sources/CoderPadKit/ScreenQuestionFilters+Query.swift (in target 'CoderPadKit' from project 'CoderPadKit')
cd /Users/admin/builder/spi-builder-workspace/.swiftpm/xcode
builtin-SwiftPerFileCompile ScreenQuestionFilters+Query.swift
SwiftCompile normal arm64_32 /Users/admin/builder/spi-builder-workspace/Sources/CoderPadKit/ScreenQuestionInsights.swift (in target 'CoderPadKit' from project 'CoderPadKit')
cd /Users/admin/builder/spi-builder-workspace/.swiftpm/xcode
builtin-SwiftPerFileCompile ScreenQuestionInsights.swift
SwiftCompile normal arm64_32 /Users/admin/builder/spi-builder-workspace/Sources/CoderPadKit/ScreenQuestionPagination.swift (in target 'CoderPadKit' from project 'CoderPadKit')
cd /Users/admin/builder/spi-builder-workspace/.swiftpm/xcode
builtin-SwiftPerFileCompile ScreenQuestionPagination.swift
SwiftEmitModule normal arm64 Emitting\ module\ for\ CoderPadKit (in target 'CoderPadKit' from project 'CoderPadKit')
/Users/admin/builder/spi-builder-workspace/Sources/CoderPadKit/CoderPadClient+BaseURL.swift:27:5: warning: 'public' modifier is redundant for static method declared in a public extension
25 |
26 | /// Validates a response-body ceiling for callers that prefer an error over clamping (#206).
27 | public nonisolated static func validatedResponseBodyLimit(_ bytes: Int) throws -> Int {
| `- warning: 'public' modifier is redundant for static method declared in a public extension
28 | try validateNonNegativeResponseBodyLimit(bytes)
29 | }
/Users/admin/builder/spi-builder-workspace/Sources/CoderPadKit/ScreenAPI+Dates.swift:36:5: warning: 'public' modifier is redundant for property declared in a public extension
34 |
35 | public extension ScreenTestSession {
36 | public var sendDate: Date? {
| `- warning: 'public' modifier is redundant for property declared in a public extension
37 | ScreenEpochMilliseconds.date(from: sendTime)
38 | }
/Users/admin/builder/spi-builder-workspace/Sources/CoderPadKit/ScreenAPI+Dates.swift:40:5: warning: 'public' modifier is redundant for property declared in a public extension
38 | }
39 |
40 | public var startDate: Date? {
| `- warning: 'public' modifier is redundant for property declared in a public extension
41 | ScreenEpochMilliseconds.date(from: startTime)
42 | }
/Users/admin/builder/spi-builder-workspace/Sources/CoderPadKit/ScreenAPI+Dates.swift:44:5: warning: 'public' modifier is redundant for property declared in a public extension
42 | }
43 |
44 | public var endDate: Date? {
| `- warning: 'public' modifier is redundant for property declared in a public extension
45 | ScreenEpochMilliseconds.date(from: endTime)
46 | }
/Users/admin/builder/spi-builder-workspace/Sources/CoderPadKit/ScreenAPI+Dates.swift:48:5: warning: 'public' modifier is redundant for property declared in a public extension
46 | }
47 |
48 | public var lastActivityDate: Date? {
| `- warning: 'public' modifier is redundant for property declared in a public extension
49 | ScreenEpochMilliseconds.date(from: lastActivityTime)
50 | }
/Users/admin/builder/spi-builder-workspace/Sources/CoderPadKit/ScreenAPI+Dates.swift:54:5: warning: 'public' modifier is redundant for property declared in a public extension
52 | /// Recruiter dashboard URL when the API value is absolute HTTPS without
53 | /// credentials (#167).
54 | public var openableURL: URL? {
| `- warning: 'public' modifier is redundant for property declared in a public extension
55 | OpenableHTTPSURL.parse(url)
56 | }
/Users/admin/builder/spi-builder-workspace/Sources/CoderPadKit/ScreenAPI+Dates.swift:60:5: warning: 'public' modifier is redundant for property declared in a public extension
58 | /// Candidate test URL when the API value is absolute HTTPS without
59 | /// credentials (#167).
60 | public var openableTestURL: URL? {
| `- warning: 'public' modifier is redundant for property declared in a public extension
61 | OpenableHTTPSURL.parse(testURL)
62 | }
/Users/admin/builder/spi-builder-workspace/Sources/CoderPadKit/ScreenAPI+Dates.swift:68:5: warning: 'public' modifier is redundant for property declared in a public extension
66 | /// Candidate invitation URL when the API value is absolute HTTPS without
67 | /// credentials (#167).
68 | public var openableTestURL: URL? {
| `- warning: 'public' modifier is redundant for property declared in a public extension
69 | OpenableHTTPSURL.parse(testURL)
70 | }
/Users/admin/builder/spi-builder-workspace/Sources/CoderPadKit/ScreenAPI.swift:315:5: warning: 'public' modifier conflicts with extension's default access of 'private'
313 |
314 | private extension KeyedDecodingContainer {
315 | public nonisolated func decodeLenientScreenDictionary<Value: Decodable>(
| `- warning: 'public' modifier conflicts with extension's default access of 'private'
316 | of _: Value.Type,
317 | forKey key: Key
/Users/admin/builder/spi-builder-workspace/Sources/CoderPadKit/ScreenClient+BaseURL.swift:14:5: warning: 'public' modifier is redundant for static method declared in a public extension
12 | /// mock host is intentionally excluded so a live session cannot send a real API key
13 | /// to `screen.mock.coderpad.io` (#202).
14 | public nonisolated static func isAllowedProductionBaseURL(_ url: URL) -> Bool {
| `- warning: 'public' modifier is redundant for static method declared in a public extension
15 | isAllowedOrigin(url, hosts: [defaultBaseURL.host, euBaseURL.host])
16 | }
/Users/admin/builder/spi-builder-workspace/Sources/CoderPadKit/ScreenClient+BaseURL.swift:20:5: warning: 'public' modifier is redundant for static method declared in a public extension
18 | /// Origins accepted for any Screen request, including the in-process mock transport.
19 | /// Prefer ``isAllowedProductionBaseURL(_:)`` when constructing a live client.
20 | public nonisolated static func isAllowedBaseURL(_ url: URL) -> Bool {
| `- warning: 'public' modifier is redundant for static method declared in a public extension
21 | isAllowedProductionBaseURL(url)
22 | || isAllowedOrigin(url, hosts: [mockBaseURL.host])
/Users/admin/builder/spi-builder-workspace/Sources/CoderPadKit/ScreenClient+Webhook.swift:25:5: warning: 'public' modifier is redundant for instance method declared in a public extension
23 | /// as successful "no URL" outcomes; those map to `nil` rather than an HTTP or decode
24 | /// error so the optional return type matches the endpoint contract (#213, #214).
25 | public nonisolated func webhookURL() async throws -> String? {
| `- warning: 'public' modifier is redundant for instance method declared in a public extension
26 | let request = try authorizedRequest(path: "/webhook", method: "GET")
27 | let data: Data
/Users/admin/builder/spi-builder-workspace/Sources/CoderPadKit/ScreenClient+Webhook.swift:50:5: warning: 'public' modifier is redundant for instance method declared in a public extension
48 | /// Sets (replacing any existing) the webhook callback URL. `POST /webhook`.
49 | /// The request body is the URL as a bare JSON string, per the API contract.
50 | public nonisolated func setWebhookURL(_ url: String) async throws {
| `- warning: 'public' modifier is redundant for instance method declared in a public extension
51 | guard let url = Self.normalizedWebhookURL(url) else {
52 | throw CoderPadError.decode("Screen webhook callback must be a public HTTPS URL.")
/Users/admin/builder/spi-builder-workspace/Sources/CoderPadKit/ScreenClient+Webhook.swift:59:5: warning: 'public' modifier is redundant for instance method declared in a public extension
57 |
58 | /// Removes the configured webhook. `DELETE /webhook`.
59 | public nonisolated func deleteWebhook() async throws {
| `- warning: 'public' modifier is redundant for instance method declared in a public extension
60 | try await sendNoContent(method: "DELETE", path: "/webhook")
61 | }
/Users/admin/builder/spi-builder-workspace/Sources/CoderPadKit/ScreenClient+Webhook.swift:65:5: warning: 'public' modifier is redundant for static method declared in a public extension
63 | private nonisolated struct WebhookConfig: Decodable { let url: String? }
64 |
65 | public nonisolated static func normalizedWebhookURL(_ raw: String) -> String? {
| `- warning: 'public' modifier is redundant for static method declared in a public extension
66 | let trimmed = raw.trimmingCharacters(in: .whitespacesAndNewlines)
67 | return webhookPolicy.allows(trimmed) ? trimmed : nil
/Users/admin/builder/spi-builder-workspace/Sources/CoderPadKit/ScreenClient+Webhook.swift:70:5: warning: 'public' modifier is redundant for static method declared in a public extension
68 | }
69 |
70 | public nonisolated static func validatedWebhookURL(_ raw: String?) throws -> String? {
| `- warning: 'public' modifier is redundant for static method declared in a public extension
71 | guard let raw else { return nil }
72 | guard let normalized = normalizedWebhookURL(raw) else {
/Users/admin/builder/spi-builder-workspace/Sources/CoderPadKit/ScreenClient.swift:324:5: warning: 'public' modifier conflicts with extension's default access of 'private'
322 |
323 | private extension ScreenClient {
324 | public nonisolated static func validateTimeRange(from: Int?, until: Int?) throws {
| `- warning: 'public' modifier conflicts with extension's default access of 'private'
325 | if let from {
326 | guard (ScreenEpochMilliseconds.earliest ... ScreenEpochMilliseconds.latest).contains(from) else {
/Users/admin/builder/spi-builder-workspace/Sources/CoderPadKit/ScreenClient.swift:344:5: warning: 'public' modifier conflicts with extension's default access of 'private'
342 | }
343 |
344 | public nonisolated static func requirePositiveID(_ id: Int, kind: String) throws {
| `- warning: 'public' modifier conflicts with extension's default access of 'private'
345 | guard (1 ... maximumScreenID).contains(id) else {
346 | throw CoderPadError.decode("Screen \(kind) ID must be a positive int32.")
/Users/admin/builder/spi-builder-workspace/Sources/CoderPadKit/ScreenClient.swift:350:5: warning: 'public' modifier conflicts with extension's default access of 'private'
348 | }
349 |
350 | public nonisolated static func requirePaginationStart(_ start: Int) throws {
| `- warning: 'public' modifier conflicts with extension's default access of 'private'
351 | guard start >= 0 else {
352 | throw CoderPadError.decode("Screen pagination start must not be negative.")
/Users/admin/builder/spi-builder-workspace/Sources/CoderPadKit/ScreenClient.swift:360:5: warning: 'public' modifier conflicts with extension's default access of 'private'
358 | }
359 |
360 | public nonisolated static func normalizedFilter(
| `- warning: 'public' modifier conflicts with extension's default access of 'private'
361 | _ raw: String?,
362 | name: String,
/Users/admin/builder/spi-builder-workspace/Sources/CoderPadKit/ScreenClient.swift:380:5: warning: 'public' modifier conflicts with extension's default access of 'private'
378 | }
379 |
380 | public nonisolated static func normalizedListFilters(product: String?, candidateEmail: String?) throws
| `- warning: 'public' modifier conflicts with extension's default access of 'private'
381 | -> (product: String?, candidateEmail: String?) {
382 | let product = try normalizedProductFilter(product)
/Users/admin/builder/spi-builder-workspace/Sources/CoderPadKit/ScreenClient.swift:394:5: warning: 'public' modifier conflicts with extension's default access of 'private'
392 | /// Trims and lowercases a product filter, then requires one of the documented
393 | /// wire values (`screen`, `map`). `nil` means "no product filter" (#104).
394 | public nonisolated static func normalizedProductFilter(_ raw: String?) throws -> String? {
| `- warning: 'public' modifier conflicts with extension's default access of 'private'
395 | guard let product = try normalizedFilter(
396 | raw, name: "product", maximumLength: maximumProductFilterLength
SwiftCompile normal arm64 (in target 'CoderPadKit' from project 'CoderPadKit')
cd /Users/admin/builder/spi-builder-workspace/.swiftpm/xcode
SwiftDriverJobDiscovery normal arm64_32 Compiling APIKeyNormalization.swift, AccountIntrospection.swift, CoderPadClient+BaseURL.swift, CoderPadClient+Identity.swift, CoderPadClient+Multipart.swift, CoderPadClient+Organization.swift, CoderPadClient+PadHistory.swift (in target 'CoderPadKit' from project 'CoderPadKit')
SwiftCompile normal arm64 Compiling\ ScreenClient+ProjectArchive.swift,\ ScreenClient+QuestionBank.swift,\ ScreenClient+QuestionInsights.swift /Users/admin/builder/spi-builder-workspace/Sources/CoderPadKit/ScreenClient+ProjectArchive.swift /Users/admin/builder/spi-builder-workspace/Sources/CoderPadKit/ScreenClient+QuestionBank.swift /Users/admin/builder/spi-builder-workspace/Sources/CoderPadKit/ScreenClient+QuestionInsights.swift (in target 'CoderPadKit' from project 'CoderPadKit')
SwiftCompile normal arm64 /Users/admin/builder/spi-builder-workspace/Sources/CoderPadKit/ScreenClient+ProjectArchive.swift (in target 'CoderPadKit' from project 'CoderPadKit')
cd /Users/admin/builder/spi-builder-workspace/.swiftpm/xcode
builtin-SwiftPerFileCompile ScreenClient+ProjectArchive.swift
SwiftCompile normal arm64 /Users/admin/builder/spi-builder-workspace/Sources/CoderPadKit/ScreenClient+QuestionBank.swift (in target 'CoderPadKit' from project 'CoderPadKit')
cd /Users/admin/builder/spi-builder-workspace/.swiftpm/xcode
builtin-SwiftPerFileCompile ScreenClient+QuestionBank.swift
SwiftCompile normal arm64 /Users/admin/builder/spi-builder-workspace/Sources/CoderPadKit/ScreenClient+QuestionInsights.swift (in target 'CoderPadKit' from project 'CoderPadKit')
cd /Users/admin/builder/spi-builder-workspace/.swiftpm/xcode
builtin-SwiftPerFileCompile ScreenClient+QuestionInsights.swift
SwiftDriverJobDiscovery normal arm64_32 Compiling ScreenCampaignSettings.swift, ScreenClient+BaseURL.swift, ScreenClient+Pagination.swift, ScreenClient+ProjectArchive.swift, ScreenClient+QuestionBank.swift, ScreenClient+QuestionInsights.swift (in target 'CoderPadKit' from project 'CoderPadKit')
SwiftCompile normal arm64 Compiling\ ScreenAPI+ReportBounds.swift,\ ScreenAPI.swift,\ ScreenCampaignCreation.swift /Users/admin/builder/spi-builder-workspace/Sources/CoderPadKit/ScreenAPI+ReportBounds.swift /Users/admin/builder/spi-builder-workspace/Sources/CoderPadKit/ScreenAPI.swift /Users/admin/builder/spi-builder-workspace/Sources/CoderPadKit/ScreenCampaignCreation.swift (in target 'CoderPadKit' from project 'CoderPadKit')
SwiftCompile normal arm64 /Users/admin/builder/spi-builder-workspace/Sources/CoderPadKit/ScreenAPI+ReportBounds.swift (in target 'CoderPadKit' from project 'CoderPadKit')
cd /Users/admin/builder/spi-builder-workspace/.swiftpm/xcode
builtin-SwiftPerFileCompile ScreenAPI+ReportBounds.swift
SwiftCompile normal arm64 /Users/admin/builder/spi-builder-workspace/Sources/CoderPadKit/ScreenAPI.swift (in target 'CoderPadKit' from project 'CoderPadKit')
cd /Users/admin/builder/spi-builder-workspace/.swiftpm/xcode
builtin-SwiftPerFileCompile ScreenAPI.swift
SwiftCompile normal arm64 /Users/admin/builder/spi-builder-workspace/Sources/CoderPadKit/ScreenCampaignCreation.swift (in target 'CoderPadKit' from project 'CoderPadKit')
cd /Users/admin/builder/spi-builder-workspace/.swiftpm/xcode
builtin-SwiftPerFileCompile ScreenCampaignCreation.swift
SwiftDriverJobDiscovery normal arm64_32 Compiling CoderPadClient+QuestionVariants.swift, CoderPadClient.swift, CoderPadError.swift, CoderPadMutationRefreshError.swift, CoderPadRetryPolicy.swift, EmailValidation.swift, InterviewLanguage.swift (in target 'CoderPadKit' from project 'CoderPadKit')
SwiftCompile normal arm64 Compiling\ ScreenClient+Webhook.swift,\ ScreenClient.swift,\ ScreenDetailedQuestion.swift /Users/admin/builder/spi-builder-workspace/Sources/CoderPadKit/ScreenClient+Webhook.swift /Users/admin/builder/spi-builder-workspace/Sources/CoderPadKit/ScreenClient.swift /Users/admin/builder/spi-builder-workspace/Sources/CoderPadKit/ScreenDetailedQuestion.swift (in target 'CoderPadKit' from project 'CoderPadKit')
/Users/admin/builder/spi-builder-workspace/Sources/CoderPadKit/ScreenClient+Webhook.swift:25:5: warning: 'public' modifier is redundant for instance method declared in a public extension
23 | /// as successful "no URL" outcomes; those map to `nil` rather than an HTTP or decode
24 | /// error so the optional return type matches the endpoint contract (#213, #214).
25 | public nonisolated func webhookURL() async throws -> String? {
| `- warning: 'public' modifier is redundant for instance method declared in a public extension
26 | let request = try authorizedRequest(path: "/webhook", method: "GET")
27 | let data: Data
/Users/admin/builder/spi-builder-workspace/Sources/CoderPadKit/ScreenClient+Webhook.swift:50:5: warning: 'public' modifier is redundant for instance method declared in a public extension
48 | /// Sets (replacing any existing) the webhook callback URL. `POST /webhook`.
49 | /// The request body is the URL as a bare JSON string, per the API contract.
50 | public nonisolated func setWebhookURL(_ url: String) async throws {
| `- warning: 'public' modifier is redundant for instance method declared in a public extension
51 | guard let url = Self.normalizedWebhookURL(url) else {
52 | throw CoderPadError.decode("Screen webhook callback must be a public HTTPS URL.")
/Users/admin/builder/spi-builder-workspace/Sources/CoderPadKit/ScreenClient+Webhook.swift:59:5: warning: 'public' modifier is redundant for instance method declared in a public extension
57 |
58 | /// Removes the configured webhook. `DELETE /webhook`.
59 | public nonisolated func deleteWebhook() async throws {
| `- warning: 'public' modifier is redundant for instance method declared in a public extension
60 | try await sendNoContent(method: "DELETE", path: "/webhook")
61 | }
/Users/admin/builder/spi-builder-workspace/Sources/CoderPadKit/ScreenClient+Webhook.swift:65:5: warning: 'public' modifier is redundant for static method declared in a public extension
63 | private nonisolated struct WebhookConfig: Decodable { let url: String? }
64 |
65 | public nonisolated static func normalizedWebhookURL(_ raw: String) -> String? {
| `- warning: 'public' modifier is redundant for static method declared in a public extension
66 | let trimmed = raw.trimmingCharacters(in: .whitespacesAndNewlines)
67 | return webhookPolicy.allows(trimmed) ? trimmed : nil
/Users/admin/builder/spi-builder-workspace/Sources/CoderPadKit/ScreenClient+Webhook.swift:70:5: warning: 'public' modifier is redundant for static method declared in a public extension
68 | }
69 |
70 | public nonisolated static func validatedWebhookURL(_ raw: String?) throws -> String? {
| `- warning: 'public' modifier is redundant for static method declared in a public extension
71 | guard let raw else { return nil }
72 | guard let normalized = normalizedWebhookURL(raw) else {
/Users/admin/builder/spi-builder-workspace/Sources/CoderPadKit/ScreenClient.swift:324:5: warning: 'public' modifier conflicts with extension's default access of 'private'
322 |
323 | private extension ScreenClient {
324 | public nonisolated static func validateTimeRange(from: Int?, until: Int?) throws {
| `- warning: 'public' modifier conflicts with extension's default access of 'private'
325 | if let from {
326 | guard (ScreenEpochMilliseconds.earliest ... ScreenEpochMilliseconds.latest).contains(from) else {
/Users/admin/builder/spi-builder-workspace/Sources/CoderPadKit/ScreenClient.swift:344:5: warning: 'public' modifier conflicts with extension's default access of 'private'
342 | }
343 |
344 | public nonisolated static func requirePositiveID(_ id: Int, kind: String) throws {
| `- warning: 'public' modifier conflicts with extension's default access of 'private'
345 | guard (1 ... maximumScreenID).contains(id) else {
346 | throw CoderPadError.decode("Screen \(kind) ID must be a positive int32.")
/Users/admin/builder/spi-builder-workspace/Sources/CoderPadKit/ScreenClient.swift:350:5: warning: 'public' modifier conflicts with extension's default access of 'private'
348 | }
349 |
350 | public nonisolated static func requirePaginationStart(_ start: Int) throws {
| `- warning: 'public' modifier conflicts with extension's default access of 'private'
351 | guard start >= 0 else {
352 | throw CoderPadError.decode("Screen pagination start must not be negative.")
/Users/admin/builder/spi-builder-workspace/Sources/CoderPadKit/ScreenClient.swift:360:5: warning: 'public' modifier conflicts with extension's default access of 'private'
358 | }
359 |
360 | public nonisolated static func normalizedFilter(
| `- warning: 'public' modifier conflicts with extension's default access of 'private'
361 | _ raw: String?,
362 | name: String,
/Users/admin/builder/spi-builder-workspace/Sources/CoderPadKit/ScreenClient.swift:380:5: warning: 'public' modifier conflicts with extension's default access of 'private'
378 | }
379 |
380 | public nonisolated static func normalizedListFilters(product: String?, candidateEmail: String?) throws
| `- warning: 'public' modifier conflicts with extension's default access of 'private'
381 | -> (product: String?, candidateEmail: String?) {
382 | let product = try normalizedProductFilter(product)
/Users/admin/builder/spi-builder-workspace/Sources/CoderPadKit/ScreenClient.swift:394:5: warning: 'public' modifier conflicts with extension's default access of 'private'
392 | /// Trims and lowercases a product filter, then requires one of the documented
393 | /// wire values (`screen`, `map`). `nil` means "no product filter" (#104).
394 | public nonisolated static func normalizedProductFilter(_ raw: String?) throws -> String? {
| `- warning: 'public' modifier conflicts with extension's default access of 'private'
395 | guard let product = try normalizedFilter(
396 | raw, name: "product", maximumLength: maximumProductFilterLength
SwiftCompile normal arm64 /Users/admin/builder/spi-builder-workspace/Sources/CoderPadKit/ScreenClient+Webhook.swift (in target 'CoderPadKit' from project 'CoderPadKit')
cd /Users/admin/builder/spi-builder-workspace/.swiftpm/xcode
builtin-SwiftPerFileCompile ScreenClient+Webhook.swift
SwiftCompile normal arm64 /Users/admin/builder/spi-builder-workspace/Sources/CoderPadKit/ScreenClient.swift (in target 'CoderPadKit' from project 'CoderPadKit')
cd /Users/admin/builder/spi-builder-workspace/.swiftpm/xcode
builtin-SwiftPerFileCompile ScreenClient.swift
SwiftCompile normal arm64 /Users/admin/builder/spi-builder-workspace/Sources/CoderPadKit/ScreenDetailedQuestion.swift (in target 'CoderPadKit' from project 'CoderPadKit')
cd /Users/admin/builder/spi-builder-workspace/.swiftpm/xcode
builtin-SwiftPerFileCompile ScreenDetailedQuestion.swift
SwiftDriverJobDiscovery normal arm64 Compiling ScreenClient+ProjectArchive.swift, ScreenClient+QuestionBank.swift, ScreenClient+QuestionInsights.swift (in target 'CoderPadKit' from project 'CoderPadKit')
SwiftCompile normal arm64 Compiling\ ScreenCampaignSettings.swift,\ ScreenClient+BaseURL.swift,\ ScreenClient+Pagination.swift /Users/admin/builder/spi-builder-workspace/Sources/CoderPadKit/ScreenCampaignSettings.swift /Users/admin/builder/spi-builder-workspace/Sources/CoderPadKit/ScreenClient+BaseURL.swift /Users/admin/builder/spi-builder-workspace/Sources/CoderPadKit/ScreenClient+Pagination.swift (in target 'CoderPadKit' from project 'CoderPadKit')
SwiftCompile normal arm64 /Users/admin/builder/spi-builder-workspace/Sources/CoderPadKit/ScreenCampaignSettings.swift (in target 'CoderPadKit' from project 'CoderPadKit')
cd /Users/admin/builder/spi-builder-workspace/.swiftpm/xcode
builtin-SwiftPerFileCompile ScreenCampaignSettings.swift
SwiftCompile normal arm64 /Users/admin/builder/spi-builder-workspace/Sources/CoderPadKit/ScreenClient+BaseURL.swift (in target 'CoderPadKit' from project 'CoderPadKit')
cd /Users/admin/builder/spi-builder-workspace/.swiftpm/xcode
builtin-SwiftPerFileCompile ScreenClient+BaseURL.swift
SwiftCompile normal arm64 /Users/admin/builder/spi-builder-workspace/Sources/CoderPadKit/ScreenClient+Pagination.swift (in target 'CoderPadKit' from project 'CoderPadKit')
cd /Users/admin/builder/spi-builder-workspace/.swiftpm/xcode
builtin-SwiftPerFileCompile ScreenClient+Pagination.swift
PruneExplicitPrecompiledModules /Users/admin/builder/spi-builder-workspace/.derivedData/Build/Intermediates.noindex/ExplicitPrecompiledModules
PruneExplicitPrecompiledModules /Users/admin/builder/spi-builder-workspace/.derivedData/SDKExplicitPrecompiledModules
PruneExplicitPrecompiledModules /Users/admin/builder/spi-builder-workspace/.derivedData/Build/Intermediates.noindex/SwiftExplicitPrecompiledModules
2026-10-09 17:51:44.031 xcodebuild[935:5398] [MT] IDERunDestination: Supported platforms for the buildables in the current scheme is empty.
** BUILD FAILED **
The following build commands failed:
SwiftCompile normal arm64_32 (in target 'CoderPadKit' from project 'CoderPadKit')
SwiftEmitModule normal arm64_32 Emitting\ module\ for\ CoderPadKit (in target 'CoderPadKit' from project 'CoderPadKit')
Building workspace CoderPadKit with scheme CoderPadKit-Package
(3 failures)
BUILD FAILURE 6.4 watchOS