Build Information
Failed to build PPMGobbler, reference 1.3.0 (101a22), with Swift 6.1 for Wasm on 3 Sep 2026 08:44:57 UTC.
Build Command
bash -c docker run --pull=always --rm -v "checkouts-53886770-0":/host -w "$PWD" -e JAVA_HOME="/root/.sdkman/candidates/java/current" -e SPI_BUILD="1" -e SPI_PROCESSING="1" registry.gitlab.com/saguaro1/spi-images:wasm-6.1-latest swift build --swift-sdk wasm32-unknown-wasi 2>&1Build Log
========================================
RunAll
========================================
Builder version: 5.0.2
Interrupt handler set up.
========================================
Checkout
========================================
Clone URL: https://github.com/dvkch/PPMGobbler.git
Reference: 1.3.0
Initialized empty Git repository in /host/spi-builder-workspace/.git/
hint: Using 'master' as the name for the initial branch. This default branch name
hint: is subject to change. To configure the initial branch name to use in all
hint: of your new repositories, which will suppress this warning, call:
hint:
hint: git config --global init.defaultBranch <name>
hint:
hint: Names commonly chosen instead of 'master' are 'main', 'trunk' and
hint: 'development'. The just-created branch can be renamed via this command:
hint:
hint: git branch -m <name>
From https://github.com/dvkch/PPMGobbler
* tag 1.3.0 -> FETCH_HEAD
HEAD is now at 101a225 Change license to MPL-2.0
Cloned https://github.com/dvkch/PPMGobbler.git
Revision (git rev-parse @):
101a225630c89128574e3aff6562462a316d24fb
SUCCESS checkout https://github.com/dvkch/PPMGobbler.git at 1.3.0
========================================
Build
========================================
Selected platform: wasm
Swift version: 6.1
Building package at path: $PWD
https://github.com/dvkch/PPMGobbler.git
https://github.com/dvkch/PPMGobbler.git
WARNING: environment variable SUPPRESS_SWIFT_6_FLAGS is not set
Running build ...
bash -c docker run --pull=always --rm -v "checkouts-53886770-0":/host -w "$PWD" -e JAVA_HOME="/root/.sdkman/candidates/java/current" -e SPI_BUILD="1" -e SPI_PROCESSING="1" registry.gitlab.com/saguaro1/spi-images:wasm-6.1-latest swift build --swift-sdk wasm32-unknown-wasi -Xswiftc -Xfrontend -Xswiftc -stats-output-dir -Xswiftc -Xfrontend -Xswiftc .stats -Xswiftc -strict-concurrency=complete -Xswiftc -enable-upcoming-feature -Xswiftc StrictConcurrency -Xswiftc -enable-upcoming-feature -Xswiftc DisableOutwardActorInference -Xswiftc -enable-upcoming-feature -Xswiftc GlobalActorIsolatedTypesUsability -Xswiftc -enable-upcoming-feature -Xswiftc InferSendableFromCaptures 2>&1
wasm-6.1-latest: Pulling from saguaro1/spi-images
Digest: sha256:290f441d1f5b7bf0dbbe61e8b7514208804cdcb507d57b3c762463ad036298f7
Status: Image is up to date for registry.gitlab.com/saguaro1/spi-images:wasm-6.1-latest
Building for debugging...
[0/2] Write sources
[1/2] Write swift-version-24593BA9C3E375BF.txt
[3/15] Compiling PPMGobbler PPMImage+UIImage.swift
<unknown>:0: warning: upcoming feature 'InferSendableFromCaptures' is already enabled as of Swift version 6
<unknown>:0: warning: upcoming feature 'GlobalActorIsolatedTypesUsability' is already enabled as of Swift version 6
<unknown>:0: warning: upcoming feature 'DisableOutwardActorInference' is already enabled as of Swift version 6
/host/spi-builder-workspace/Sources/PPMGobbler/Extensions.swift:9:8: error: no such module 'simd'
7 |
8 | import Foundation
9 | import simd
| `- error: no such module 'simd'
10 |
11 | internal extension RandomAccessCollection where Index == Int {
[4/15] Compiling PPMGobbler PPMImage.swift
<unknown>:0: warning: upcoming feature 'InferSendableFromCaptures' is already enabled as of Swift version 6
<unknown>:0: warning: upcoming feature 'GlobalActorIsolatedTypesUsability' is already enabled as of Swift version 6
<unknown>:0: warning: upcoming feature 'DisableOutwardActorInference' is already enabled as of Swift version 6
/host/spi-builder-workspace/Sources/PPMGobbler/Extensions.swift:9:8: error: no such module 'simd'
7 |
8 | import Foundation
9 | import simd
| `- error: no such module 'simd'
10 |
11 | internal extension RandomAccessCollection where Index == Int {
[5/16] Compiling PPMGobbler PPMGobbler.swift
<unknown>:0: warning: upcoming feature 'InferSendableFromCaptures' is already enabled as of Swift version 6
<unknown>:0: warning: upcoming feature 'GlobalActorIsolatedTypesUsability' is already enabled as of Swift version 6
<unknown>:0: warning: upcoming feature 'DisableOutwardActorInference' is already enabled as of Swift version 6
/host/spi-builder-workspace/Sources/PPMGobbler/Extensions.swift:9:8: error: no such module 'simd'
7 |
8 | import Foundation
9 | import simd
| `- error: no such module 'simd'
10 |
11 | internal extension RandomAccessCollection where Index == Int {
[6/16] Compiling PPMGobbler PPMImage+CGImage.swift
<unknown>:0: warning: upcoming feature 'InferSendableFromCaptures' is already enabled as of Swift version 6
<unknown>:0: warning: upcoming feature 'GlobalActorIsolatedTypesUsability' is already enabled as of Swift version 6
<unknown>:0: warning: upcoming feature 'DisableOutwardActorInference' is already enabled as of Swift version 6
/host/spi-builder-workspace/Sources/PPMGobbler/Extensions.swift:9:8: error: no such module 'simd'
7 |
8 | import Foundation
9 | import simd
| `- error: no such module 'simd'
10 |
11 | internal extension RandomAccessCollection where Index == Int {
[7/16] Compiling PPMGobbler PPMImage+Dithering.swift
<unknown>:0: warning: upcoming feature 'InferSendableFromCaptures' is already enabled as of Swift version 6
<unknown>:0: warning: upcoming feature 'GlobalActorIsolatedTypesUsability' is already enabled as of Swift version 6
<unknown>:0: warning: upcoming feature 'DisableOutwardActorInference' is already enabled as of Swift version 6
/host/spi-builder-workspace/Sources/PPMGobbler/Extensions.swift:9:8: error: no such module 'simd'
7 |
8 | import Foundation
9 | import simd
| `- error: no such module 'simd'
10 |
11 | internal extension RandomAccessCollection where Index == Int {
[8/16] Compiling PPMGobbler PPMImage+NSImage.swift
<unknown>:0: warning: upcoming feature 'InferSendableFromCaptures' is already enabled as of Swift version 6
<unknown>:0: warning: upcoming feature 'GlobalActorIsolatedTypesUsability' is already enabled as of Swift version 6
<unknown>:0: warning: upcoming feature 'DisableOutwardActorInference' is already enabled as of Swift version 6
/host/spi-builder-workspace/Sources/PPMGobbler/Extensions.swift:9:8: error: no such module 'simd'
7 |
8 | import Foundation
9 | import simd
| `- error: no such module 'simd'
10 |
11 | internal extension RandomAccessCollection where Index == Int {
error: emit-module command failed with exit code 1 (use -v to see invocation)
[9/16] Emitting module PPMGobbler
<unknown>:0: warning: upcoming feature 'InferSendableFromCaptures' is already enabled as of Swift version 6
<unknown>:0: warning: upcoming feature 'GlobalActorIsolatedTypesUsability' is already enabled as of Swift version 6
<unknown>:0: warning: upcoming feature 'DisableOutwardActorInference' is already enabled as of Swift version 6
/host/spi-builder-workspace/Sources/PPMGobbler/Extensions.swift:9:8: error: no such module 'simd'
7 |
8 | import Foundation
9 | import simd
| `- error: no such module 'simd'
10 |
11 | internal extension RandomAccessCollection where Index == Int {
[10/16] Compiling PPMGobbler L64X128PRNG.swift
<unknown>:0: warning: upcoming feature 'InferSendableFromCaptures' is already enabled as of Swift version 6
<unknown>:0: warning: upcoming feature 'GlobalActorIsolatedTypesUsability' is already enabled as of Swift version 6
<unknown>:0: warning: upcoming feature 'DisableOutwardActorInference' is already enabled as of Swift version 6
/host/spi-builder-workspace/Sources/PPMGobbler/Extensions.swift:9:8: error: no such module 'simd'
7 |
8 | import Foundation
9 | import simd
| `- error: no such module 'simd'
10 |
11 | internal extension RandomAccessCollection where Index == Int {
[11/16] Compiling PPMGobbler PPMError.swift
<unknown>:0: warning: upcoming feature 'InferSendableFromCaptures' is already enabled as of Swift version 6
<unknown>:0: warning: upcoming feature 'GlobalActorIsolatedTypesUsability' is already enabled as of Swift version 6
<unknown>:0: warning: upcoming feature 'DisableOutwardActorInference' is already enabled as of Swift version 6
/host/spi-builder-workspace/Sources/PPMGobbler/Extensions.swift:9:8: error: no such module 'simd'
7 |
8 | import Foundation
9 | import simd
| `- error: no such module 'simd'
10 |
11 | internal extension RandomAccessCollection where Index == Int {
[12/16] Compiling PPMGobbler DataReader.swift
<unknown>:0: warning: upcoming feature 'InferSendableFromCaptures' is already enabled as of Swift version 6
<unknown>:0: warning: upcoming feature 'GlobalActorIsolatedTypesUsability' is already enabled as of Swift version 6
<unknown>:0: warning: upcoming feature 'DisableOutwardActorInference' is already enabled as of Swift version 6
/host/spi-builder-workspace/Sources/PPMGobbler/Extensions.swift:9:8: error: no such module 'simd'
7 |
8 | import Foundation
9 | import simd
| `- error: no such module 'simd'
10 |
11 | internal extension RandomAccessCollection where Index == Int {
[13/16] Compiling PPMGobbler Extensions.swift
<unknown>:0: warning: upcoming feature 'InferSendableFromCaptures' is already enabled as of Swift version 6
<unknown>:0: warning: upcoming feature 'GlobalActorIsolatedTypesUsability' is already enabled as of Swift version 6
<unknown>:0: warning: upcoming feature 'DisableOutwardActorInference' is already enabled as of Swift version 6
/host/spi-builder-workspace/Sources/PPMGobbler/Extensions.swift:9:8: error: no such module 'simd'
7 |
8 | import Foundation
9 | import simd
| `- error: no such module 'simd'
10 |
11 | internal extension RandomAccessCollection where Index == Int {
[14/16] Compiling PPMGobbler PPMFile.swift
<unknown>:0: warning: upcoming feature 'InferSendableFromCaptures' is already enabled as of Swift version 6
<unknown>:0: warning: upcoming feature 'GlobalActorIsolatedTypesUsability' is already enabled as of Swift version 6
<unknown>:0: warning: upcoming feature 'DisableOutwardActorInference' is already enabled as of Swift version 6
/host/spi-builder-workspace/Sources/PPMGobbler/Extensions.swift:9:8: error: no such module 'simd'
7 |
8 | import Foundation
9 | import simd
| `- error: no such module 'simd'
10 |
11 | internal extension RandomAccessCollection where Index == Int {
[15/16] Compiling PPMGobbler PPMFormat.swift
<unknown>:0: warning: upcoming feature 'InferSendableFromCaptures' is already enabled as of Swift version 6
<unknown>:0: warning: upcoming feature 'GlobalActorIsolatedTypesUsability' is already enabled as of Swift version 6
<unknown>:0: warning: upcoming feature 'DisableOutwardActorInference' is already enabled as of Swift version 6
/host/spi-builder-workspace/Sources/PPMGobbler/Extensions.swift:9:8: error: no such module 'simd'
7 |
8 | import Foundation
9 | import simd
| `- error: no such module 'simd'
10 |
11 | internal extension RandomAccessCollection where Index == Int {
[16/16] Compiling PPMGobbler PPMPixel.swift
<unknown>:0: warning: upcoming feature 'InferSendableFromCaptures' is already enabled as of Swift version 6
<unknown>:0: warning: upcoming feature 'GlobalActorIsolatedTypesUsability' is already enabled as of Swift version 6
<unknown>:0: warning: upcoming feature 'DisableOutwardActorInference' is already enabled as of Swift version 6
/host/spi-builder-workspace/Sources/PPMGobbler/Extensions.swift:9:8: error: no such module 'simd'
7 |
8 | import Foundation
9 | import simd
| `- error: no such module 'simd'
10 |
11 | internal extension RandomAccessCollection where Index == Int {
Running build ...
bash -c docker run --pull=always --rm -v "checkouts-53886770-0":/host -w "$PWD" -e JAVA_HOME="/root/.sdkman/candidates/java/current" -e SPI_BUILD="1" -e SPI_PROCESSING="1" registry.gitlab.com/saguaro1/spi-images:wasm-6.1-latest swift build --swift-sdk wasm32-unknown-wasi 2>&1
wasm-6.1-latest: Pulling from saguaro1/spi-images
Digest: sha256:290f441d1f5b7bf0dbbe61e8b7514208804cdcb507d57b3c762463ad036298f7
Status: Image is up to date for registry.gitlab.com/saguaro1/spi-images:wasm-6.1-latest
[0/1] Planning build
Building for debugging...
[0/1] Write swift-version-24593BA9C3E375BF.txt
[2/14] Compiling PPMGobbler PPMGobbler.swift
/host/spi-builder-workspace/Sources/PPMGobbler/Extensions.swift:9:8: error: no such module 'simd'
7 |
8 | import Foundation
9 | import simd
| `- error: no such module 'simd'
10 |
11 | internal extension RandomAccessCollection where Index == Int {
[3/14] Compiling PPMGobbler PPMImage+CGImage.swift
/host/spi-builder-workspace/Sources/PPMGobbler/Extensions.swift:9:8: error: no such module 'simd'
7 |
8 | import Foundation
9 | import simd
| `- error: no such module 'simd'
10 |
11 | internal extension RandomAccessCollection where Index == Int {
[4/14] Compiling PPMGobbler PPMImage+Dithering.swift
/host/spi-builder-workspace/Sources/PPMGobbler/Extensions.swift:9:8: error: no such module 'simd'
7 |
8 | import Foundation
9 | import simd
| `- error: no such module 'simd'
10 |
11 | internal extension RandomAccessCollection where Index == Int {
[5/14] Compiling PPMGobbler PPMImage+NSImage.swift
/host/spi-builder-workspace/Sources/PPMGobbler/Extensions.swift:9:8: error: no such module 'simd'
7 |
8 | import Foundation
9 | import simd
| `- error: no such module 'simd'
10 |
11 | internal extension RandomAccessCollection where Index == Int {
error: emit-module command failed with exit code 1 (use -v to see invocation)
[6/15] Emitting module PPMGobbler
/host/spi-builder-workspace/Sources/PPMGobbler/Extensions.swift:9:8: error: no such module 'simd'
7 |
8 | import Foundation
9 | import simd
| `- error: no such module 'simd'
10 |
11 | internal extension RandomAccessCollection where Index == Int {
[7/15] Compiling PPMGobbler PPMImage.swift
/host/spi-builder-workspace/Sources/PPMGobbler/Extensions.swift:9:8: error: no such module 'simd'
7 |
8 | import Foundation
9 | import simd
| `- error: no such module 'simd'
10 |
11 | internal extension RandomAccessCollection where Index == Int {
[8/15] Compiling PPMGobbler PPMImage+UIImage.swift
/host/spi-builder-workspace/Sources/PPMGobbler/Extensions.swift:9:8: error: no such module 'simd'
7 |
8 | import Foundation
9 | import simd
| `- error: no such module 'simd'
10 |
11 | internal extension RandomAccessCollection where Index == Int {
[9/15] Compiling PPMGobbler L64X128PRNG.swift
/host/spi-builder-workspace/Sources/PPMGobbler/Extensions.swift:9:8: error: no such module 'simd'
7 |
8 | import Foundation
9 | import simd
| `- error: no such module 'simd'
10 |
11 | internal extension RandomAccessCollection where Index == Int {
[10/15] Compiling PPMGobbler PPMError.swift
/host/spi-builder-workspace/Sources/PPMGobbler/Extensions.swift:9:8: error: no such module 'simd'
7 |
8 | import Foundation
9 | import simd
| `- error: no such module 'simd'
10 |
11 | internal extension RandomAccessCollection where Index == Int {
[11/15] Compiling PPMGobbler PPMFile.swift
/host/spi-builder-workspace/Sources/PPMGobbler/Extensions.swift:9:8: error: no such module 'simd'
7 |
8 | import Foundation
9 | import simd
| `- error: no such module 'simd'
10 |
11 | internal extension RandomAccessCollection where Index == Int {
[12/15] Compiling PPMGobbler PPMFormat.swift
/host/spi-builder-workspace/Sources/PPMGobbler/Extensions.swift:9:8: error: no such module 'simd'
7 |
8 | import Foundation
9 | import simd
| `- error: no such module 'simd'
10 |
11 | internal extension RandomAccessCollection where Index == Int {
[13/15] Compiling PPMGobbler DataReader.swift
/host/spi-builder-workspace/Sources/PPMGobbler/Extensions.swift:9:8: error: no such module 'simd'
7 |
8 | import Foundation
9 | import simd
| `- error: no such module 'simd'
10 |
11 | internal extension RandomAccessCollection where Index == Int {
[14/15] Compiling PPMGobbler Extensions.swift
/host/spi-builder-workspace/Sources/PPMGobbler/Extensions.swift:9:8: error: no such module 'simd'
7 |
8 | import Foundation
9 | import simd
| `- error: no such module 'simd'
10 |
11 | internal extension RandomAccessCollection where Index == Int {
[15/15] Compiling PPMGobbler PPMPixel.swift
/host/spi-builder-workspace/Sources/PPMGobbler/Extensions.swift:9:8: error: no such module 'simd'
7 |
8 | import Foundation
9 | import simd
| `- error: no such module 'simd'
10 |
11 | internal extension RandomAccessCollection where Index == Int {
BUILD FAILURE 6.1 wasm