Build Information
Failed to build Feddy, reference main (294ba8), with Swift 6.4 for tvOS using Xcode 27.0 on 13 Oct 2026 14:11:20 UTC.
Build Command
env DEVELOPER_DIR=/Applications/Xcode-27.0.0.app xcrun xcodebuild -IDEClonedSourcePackagesDirPathOverride=$PWD/.dependencies -skipMacroValidation -skipPackagePluginValidation -derivedDataPath $PWD/.derivedData build -scheme Feddy -destination generic/platform=tvOSBuild Log
========================================
RunAll
========================================
Builder version: 5.1.2
Interrupt handler set up.
========================================
Checkout
========================================
Clone URL: https://github.com/FeddyLab/feddy-ios.git
Reference: main
Initialized empty Git repository in /Users/admin/builder/spi-builder-workspace/.git/
From https://github.com/FeddyLab/feddy-ios
* branch main -> FETCH_HEAD
* [new branch] main -> origin/main
HEAD is now at 294ba8d docs: install 0.8.2
Cloned https://github.com/FeddyLab/feddy-ios.git
Revision (git rev-parse @):
294ba8dd08840c647790ae3c271eaa8dfbfc9a3b
SUCCESS checkout https://github.com/FeddyLab/feddy-ios.git at main
========================================
Build
========================================
Selected platform: tvOS
Swift version: 6.4
Building package at path: $PWD
https://github.com/FeddyLab/feddy-ios.git
Command line invocation:
/Applications/Xcode-27.0.0.app/Contents/Developer/usr/bin/xcodebuild -IDEClonedSourcePackagesDirPathOverride=/Users/admin/builder/spi-builder-workspace/.dependencies -resolvePackageDependencies
Resolve Package Graph
Resolve Package Graph
Resolved source packages:
Feddy: /Users/admin/builder/spi-builder-workspace
resolved source packages: Feddy
2026-10-13 10:10:35.528 xcodebuild[532:3122] [MT] IDERunDestination: Supported platforms for the buildables in the current scheme is empty.
{
"default_localization" : "en",
"dependencies" : [
],
"manifest_display_name" : "Feddy",
"name" : "Feddy",
"path" : "/Users/admin/builder/spi-builder-workspace",
"platforms" : [
{
"name" : "ios",
"version" : "15.0"
},
{
"name" : "macos",
"version" : "12.0"
}
],
"products" : [
{
"name" : "Feddy",
"targets" : [
"Feddy"
],
"type" : {
"library" : [
"automatic"
]
}
}
],
"targets" : [
{
"c99name" : "FeddyTests",
"module_type" : "SwiftTarget",
"name" : "FeddyTests",
"path" : "Tests/FeddyTests",
"sources" : [
"IdentityQueueTests.swift",
"ModelsTests.swift"
],
"target_dependencies" : [
"Feddy"
],
"type" : "test"
},
{
"c99name" : "Feddy",
"module_type" : "SwiftTarget",
"name" : "Feddy",
"path" : "Sources/Feddy",
"product_memberships" : [
"Feddy"
],
"resources" : [
{
"path" : "/Users/admin/builder/spi-builder-workspace/Sources/Feddy/PrivacyInfo.xcprivacy",
"rule" : {
"copy" : {
}
}
},
{
"path" : "/Users/admin/builder/spi-builder-workspace/Sources/Feddy/Resources/de.lproj/Localizable.strings",
"rule" : {
"process" : {
"localization" : "de"
}
}
},
{
"path" : "/Users/admin/builder/spi-builder-workspace/Sources/Feddy/Resources/en.lproj/Localizable.strings",
"rule" : {
"process" : {
"localization" : "en"
}
}
},
{
"path" : "/Users/admin/builder/spi-builder-workspace/Sources/Feddy/Resources/es.lproj/Localizable.strings",
"rule" : {
"process" : {
"localization" : "es"
}
}
},
{
"path" : "/Users/admin/builder/spi-builder-workspace/Sources/Feddy/Resources/fr.lproj/Localizable.strings",
"rule" : {
"process" : {
"localization" : "fr"
}
}
},
{
"path" : "/Users/admin/builder/spi-builder-workspace/Sources/Feddy/Resources/ja.lproj/Localizable.strings",
"rule" : {
"process" : {
"localization" : "ja"
}
}
},
{
"path" : "/Users/admin/builder/spi-builder-workspace/Sources/Feddy/Resources/ko.lproj/Localizable.strings",
"rule" : {
"process" : {
"localization" : "ko"
}
}
},
{
"path" : "/Users/admin/builder/spi-builder-workspace/Sources/Feddy/Resources/pt-BR.lproj/Localizable.strings",
"rule" : {
"process" : {
"localization" : "pt-br"
}
}
},
{
"path" : "/Users/admin/builder/spi-builder-workspace/Sources/Feddy/Resources/ru.lproj/Localizable.strings",
"rule" : {
"process" : {
"localization" : "ru"
}
}
},
{
"path" : "/Users/admin/builder/spi-builder-workspace/Sources/Feddy/Resources/zh-Hans.lproj/Localizable.strings",
"rule" : {
"process" : {
"localization" : "zh-hans"
}
}
},
{
"path" : "/Users/admin/builder/spi-builder-workspace/Sources/Feddy/Resources/zh-Hant.lproj/Localizable.strings",
"rule" : {
"process" : {
"localization" : "zh-hant"
}
}
}
],
"sources" : [
"Core/APIClient.swift",
"Core/AnonIdStore.swift",
"Core/AttachmentUpload.swift",
"Core/BrandColor.swift",
"Core/DeviceContext.swift",
"Core/EmailValidation.swift",
"Core/FeddyCore.swift",
"Core/FeddyUnread.swift",
"Core/IdentityQueue.swift",
"Core/Models.swift",
"Feddy.swift",
"UI/AttachmentImage.swift",
"UI/AttachmentTray.swift",
"UI/ConversationDetailView.swift",
"UI/ConversationRow.swift",
"UI/EmailCapture.swift",
"UI/FeddyRootView.swift",
"UI/HomeView.swift",
"UI/NewConversationView.swift",
"UI/PoweredByFeddy.swift",
"UI/Presenter.swift",
"UI/Strings.swift",
"UI/Theme.swift",
"UI/UnreadBadge.swift",
"UI/UnreadDot.swift",
"UI/ViewModels.swift"
],
"type" : "library"
}
],
"tools_version" : "5.9"
}
{
"workspace" : {
"name" : "Feddy",
"schemes" : [
"Feddy"
]
}
}
2026-10-13 10:11:07.623 xcodebuild[656:4176] [MT] IDERunDestination: Supported platforms for the buildables in the current scheme is empty.
Running build ...
env DEVELOPER_DIR=/Applications/Xcode-27.0.0.app xcrun xcodebuild -IDEClonedSourcePackagesDirPathOverride=$PWD/.dependencies -skipMacroValidation -skipPackagePluginValidation -derivedDataPath $PWD/.derivedData build -scheme Feddy -destination generic/platform=tvOS
Command line invocation:
/Applications/Xcode-27.0.0.app/Contents/Developer/usr/bin/xcodebuild -IDEClonedSourcePackagesDirPathOverride=/Users/admin/builder/spi-builder-workspace/.dependencies -skipMacroValidation -skipPackagePluginValidation -derivedDataPath /Users/admin/builder/spi-builder-workspace/.derivedData build -scheme Feddy -destination generic/platform=tvOS
Resolve Package Graph
Resolved source packages:
Feddy: /Users/admin/builder/spi-builder-workspace
ComputePackagePrebuildTargetDependencyGraph
Prepare packages
CreateBuildRequest
SendProjectDescription
CreateBuildOperation
ComputeTargetDependencyGraph
note: Building targets in dependency order
note: Target dependency graph (3 targets)
Target 'Feddy-product' in project 'Feddy'
➜ Explicit dependency on target 'Feddy' in project 'Feddy'
➜ Explicit dependency on target 'Feddy_Feddy' in project 'Feddy'
Target 'Feddy' in project 'Feddy'
➜ Explicit dependency on target 'Feddy_Feddy' in project 'Feddy'
Target 'Feddy_Feddy' in project 'Feddy' (no dependencies)
GatherProvisioningInputs
CreateBuildDescription
ExecuteExternalTool /Applications/Xcode-27.0.0.app/Contents/Developer/Toolchains/XcodeDefault.xctoolchain/usr/bin/clang -v -E -dM -isysroot /Applications/Xcode-27.0.0.app/Contents/Developer/Platforms/AppleTVOS.platform/Developer/SDKs/AppleTVOS27.0.sdk -x c -c /dev/null
ExecuteExternalTool /Applications/Xcode-27.0.0.app/Contents/Developer/Toolchains/XcodeDefault.xctoolchain/usr/bin/swiftc --version
ExecuteExternalTool /Applications/Xcode-27.0.0.app/Contents/Developer/Toolchains/XcodeDefault.xctoolchain/usr/bin/ld -version_details
Build description signature: 877ccc092e322be515e120decea0fda5
Build description path: /Users/admin/builder/spi-builder-workspace/.derivedData/Build/Intermediates.noindex/XCBuildData/877ccc092e322be515e120decea0fda5.xcbuilddata
CreateBuildDirectory /Users/admin/builder/spi-builder-workspace/.derivedData/CompilationCache.noindex
cd /Users/admin/builder/spi-builder-workspace/.swiftpm/xcode
builtin-create-build-directory /Users/admin/builder/spi-builder-workspace/.derivedData/CompilationCache.noindex
CreateBuildDirectory /Users/admin/builder/spi-builder-workspace/.derivedData/SDKExplicitPrecompiledModules
cd /Users/admin/builder/spi-builder-workspace/.swiftpm/xcode
builtin-create-build-directory /Users/admin/builder/spi-builder-workspace/.derivedData/SDKExplicitPrecompiledModules
CreateBuildDirectory /Users/admin/builder/spi-builder-workspace/.derivedData/ModuleCache.noindex
cd /Users/admin/builder/spi-builder-workspace/.swiftpm/xcode
builtin-create-build-directory /Users/admin/builder/spi-builder-workspace/.derivedData/ModuleCache.noindex
ClangStatCache /Applications/Xcode-27.0.0.app/Contents/Developer/Toolchains/XcodeDefault.xctoolchain/usr/bin/clang-stat-cache /Applications/Xcode-27.0.0.app/Contents/Developer/Platforms/AppleTVOS.platform/Developer/SDKs/AppleTVOS27.0.sdk /Users/admin/builder/spi-builder-workspace/.derivedData/SDKStatCaches.noindex/appletvos27.0-24J360-e829b21a6f8c9b70876ba0858053c044509235ffd515576fb835ffc8f67461e5.sdkstatcache
cd /Users/admin/builder/spi-builder-workspace/.swiftpm/xcode
/Applications/Xcode-27.0.0.app/Contents/Developer/Toolchains/XcodeDefault.xctoolchain/usr/bin/clang-stat-cache /Applications/Xcode-27.0.0.app/Contents/Developer/Platforms/AppleTVOS.platform/Developer/SDKs/AppleTVOS27.0.sdk -o /Users/admin/builder/spi-builder-workspace/.derivedData/SDKStatCaches.noindex/appletvos27.0-24J360-e829b21a6f8c9b70876ba0858053c044509235ffd515576fb835ffc8f67461e5.sdkstatcache
CreateBuildDirectory /Users/admin/builder/spi-builder-workspace/.derivedData/Build/Products
cd /Users/admin/builder/spi-builder-workspace/.swiftpm/xcode
builtin-create-build-directory /Users/admin/builder/spi-builder-workspace/.derivedData/Build/Products
CreateBuildDirectory /Users/admin/builder/spi-builder-workspace/.derivedData/Build/Intermediates.noindex
cd /Users/admin/builder/spi-builder-workspace/.swiftpm/xcode
builtin-create-build-directory /Users/admin/builder/spi-builder-workspace/.derivedData/Build/Intermediates.noindex
CreateBuildDirectory /Users/admin/builder/spi-builder-workspace/.derivedData/Build/Intermediates.noindex/PrecompiledHeaders
cd /Users/admin/builder/spi-builder-workspace/.swiftpm/xcode
builtin-create-build-directory /Users/admin/builder/spi-builder-workspace/.derivedData/Build/Intermediates.noindex/PrecompiledHeaders
CreateBuildDirectory /Users/admin/builder/spi-builder-workspace/.derivedData/Build/Intermediates.noindex/SwiftExplicitPrecompiledModules
cd /Users/admin/builder/spi-builder-workspace/.swiftpm/xcode
builtin-create-build-directory /Users/admin/builder/spi-builder-workspace/.derivedData/Build/Intermediates.noindex/SwiftExplicitPrecompiledModules
CreateBuildDirectory /Users/admin/builder/spi-builder-workspace/.derivedData/Build/Intermediates.noindex/ExplicitPrecompiledModules
cd /Users/admin/builder/spi-builder-workspace/.swiftpm/xcode
builtin-create-build-directory /Users/admin/builder/spi-builder-workspace/.derivedData/Build/Intermediates.noindex/ExplicitPrecompiledModules
CreateBuildDirectory /Users/admin/builder/spi-builder-workspace/.derivedData/Build/Intermediates.noindex/EagerLinkingTBDs/Debug-appletvos
cd /Users/admin/builder/spi-builder-workspace/.swiftpm/xcode
builtin-create-build-directory /Users/admin/builder/spi-builder-workspace/.derivedData/Build/Intermediates.noindex/EagerLinkingTBDs/Debug-appletvos
CreateBuildDirectory /Users/admin/builder/spi-builder-workspace/.derivedData/Build/Products/Debug-appletvos
cd /Users/admin/builder/spi-builder-workspace/.swiftpm/xcode
builtin-create-build-directory /Users/admin/builder/spi-builder-workspace/.derivedData/Build/Products/Debug-appletvos
CreateBuildDirectory /Users/admin/builder/spi-builder-workspace/.derivedData/Build/Products/Debug-appletvos/PackageFrameworks
cd /Users/admin/builder/spi-builder-workspace/.swiftpm/xcode
builtin-create-build-directory /Users/admin/builder/spi-builder-workspace/.derivedData/Build/Products/Debug-appletvos/PackageFrameworks
MkDir /Users/admin/builder/spi-builder-workspace/.derivedData/Build/Products/Debug-appletvos/Feddy_Feddy.bundle (in target 'Feddy_Feddy' from project 'Feddy')
cd /Users/admin/builder/spi-builder-workspace
/bin/mkdir -p /Users/admin/builder/spi-builder-workspace/.derivedData/Build/Products/Debug-appletvos/Feddy_Feddy.bundle
WriteAuxiliaryFile /Users/admin/builder/spi-builder-workspace/.derivedData/Build/Intermediates.noindex/Feddy.build/Debug-appletvos/Feddy_Feddy-b.build/empty-Feddy_Feddy.plist (in target 'Feddy_Feddy' from project 'Feddy')
cd /Users/admin/builder/spi-builder-workspace
write-file /Users/admin/builder/spi-builder-workspace/.derivedData/Build/Intermediates.noindex/Feddy.build/Debug-appletvos/Feddy_Feddy-b.build/empty-Feddy_Feddy.plist
WriteAuxiliaryFile /Users/admin/builder/spi-builder-workspace/.derivedData/Build/Intermediates.noindex/Feddy.build/Debug-appletvos/Feddy_Feddy-b.build/Feddy_Feddy.DependencyMetadataFileList (in target 'Feddy_Feddy' from project 'Feddy')
cd /Users/admin/builder/spi-builder-workspace
write-file /Users/admin/builder/spi-builder-workspace/.derivedData/Build/Intermediates.noindex/Feddy.build/Debug-appletvos/Feddy_Feddy-b.build/Feddy_Feddy.DependencyMetadataFileList
WriteAuxiliaryFile /Users/admin/builder/spi-builder-workspace/.derivedData/Build/Intermediates.noindex/Feddy.build/Debug-appletvos/Feddy_Feddy-b.build/Feddy_Feddy.DependencyStaticMetadataFileList (in target 'Feddy_Feddy' from project 'Feddy')
cd /Users/admin/builder/spi-builder-workspace
write-file /Users/admin/builder/spi-builder-workspace/.derivedData/Build/Intermediates.noindex/Feddy.build/Debug-appletvos/Feddy_Feddy-b.build/Feddy_Feddy.DependencyStaticMetadataFileList
WriteAuxiliaryFile /Users/admin/builder/spi-builder-workspace/.derivedData/Build/Intermediates.noindex/Feddy.build/Debug-appletvos/Feddy-t.build/Objects-normal/arm64/Feddy_const_extract_protocols.json (in target 'Feddy' from project 'Feddy')
cd /Users/admin/builder/spi-builder-workspace
write-file /Users/admin/builder/spi-builder-workspace/.derivedData/Build/Intermediates.noindex/Feddy.build/Debug-appletvos/Feddy-t.build/Objects-normal/arm64/Feddy_const_extract_protocols.json
WriteAuxiliaryFile /Users/admin/builder/spi-builder-workspace/.derivedData/Build/Intermediates.noindex/Feddy.build/Debug-appletvos/Feddy-t.build/Objects-normal/arm64/Feddy.SwiftFileList (in target 'Feddy' from project 'Feddy')
cd /Users/admin/builder/spi-builder-workspace
write-file /Users/admin/builder/spi-builder-workspace/.derivedData/Build/Intermediates.noindex/Feddy.build/Debug-appletvos/Feddy-t.build/Objects-normal/arm64/Feddy.SwiftFileList
WriteAuxiliaryFile /Users/admin/builder/spi-builder-workspace/.derivedData/Build/Intermediates.noindex/Feddy.build/Debug-appletvos/Feddy-t.build/Objects-normal/arm64/Feddy.SwiftConstValuesFileList (in target 'Feddy' from project 'Feddy')
cd /Users/admin/builder/spi-builder-workspace
write-file /Users/admin/builder/spi-builder-workspace/.derivedData/Build/Intermediates.noindex/Feddy.build/Debug-appletvos/Feddy-t.build/Objects-normal/arm64/Feddy.SwiftConstValuesFileList
WriteAuxiliaryFile /Users/admin/builder/spi-builder-workspace/.derivedData/Build/Intermediates.noindex/Feddy.build/Debug-appletvos/Feddy-t.build/Objects-normal/arm64/Feddy.LinkFileList (in target 'Feddy' from project 'Feddy')
cd /Users/admin/builder/spi-builder-workspace
write-file /Users/admin/builder/spi-builder-workspace/.derivedData/Build/Intermediates.noindex/Feddy.build/Debug-appletvos/Feddy-t.build/Objects-normal/arm64/Feddy.LinkFileList
WriteAuxiliaryFile /Users/admin/builder/spi-builder-workspace/.derivedData/Build/Intermediates.noindex/Feddy.build/Debug-appletvos/Feddy-t.build/Objects-normal/arm64/Feddy-OutputFileMap.json (in target 'Feddy' from project 'Feddy')
cd /Users/admin/builder/spi-builder-workspace
write-file /Users/admin/builder/spi-builder-workspace/.derivedData/Build/Intermediates.noindex/Feddy.build/Debug-appletvos/Feddy-t.build/Objects-normal/arm64/Feddy-OutputFileMap.json
WriteAuxiliaryFile /Users/admin/builder/spi-builder-workspace/.derivedData/Build/Intermediates.noindex/Feddy.build/Debug-appletvos/Feddy-t.build/Feddy.modulemap (in target 'Feddy' from project 'Feddy')
cd /Users/admin/builder/spi-builder-workspace
write-file /Users/admin/builder/spi-builder-workspace/.derivedData/Build/Intermediates.noindex/Feddy.build/Debug-appletvos/Feddy-t.build/Feddy.modulemap
WriteAuxiliaryFile /Users/admin/builder/spi-builder-workspace/.derivedData/Build/Intermediates.noindex/Feddy.build/Debug-appletvos/Feddy-t.build/Feddy.DependencyMetadataFileList (in target 'Feddy' from project 'Feddy')
cd /Users/admin/builder/spi-builder-workspace
write-file /Users/admin/builder/spi-builder-workspace/.derivedData/Build/Intermediates.noindex/Feddy.build/Debug-appletvos/Feddy-t.build/Feddy.DependencyMetadataFileList
WriteAuxiliaryFile /Users/admin/builder/spi-builder-workspace/.derivedData/Build/Intermediates.noindex/Feddy.build/Debug-appletvos/Feddy-t.build/Feddy.DependencyStaticMetadataFileList (in target 'Feddy' from project 'Feddy')
cd /Users/admin/builder/spi-builder-workspace
write-file /Users/admin/builder/spi-builder-workspace/.derivedData/Build/Intermediates.noindex/Feddy.build/Debug-appletvos/Feddy-t.build/Feddy.DependencyStaticMetadataFileList
WriteAuxiliaryFile /Users/admin/builder/spi-builder-workspace/.derivedData/Build/Intermediates.noindex/Feddy.build/Debug-appletvos/Feddy-t.build/DerivedSources/resource_bundle_accessor.swift (in target 'Feddy' from project 'Feddy')
cd /Users/admin/builder/spi-builder-workspace
write-file /Users/admin/builder/spi-builder-workspace/.derivedData/Build/Intermediates.noindex/Feddy.build/Debug-appletvos/Feddy-t.build/DerivedSources/resource_bundle_accessor.swift
Copy /Users/admin/builder/spi-builder-workspace/.derivedData/Build/Intermediates.noindex/GeneratedModuleMaps-appletvos/Feddy.modulemap /Users/admin/builder/spi-builder-workspace/.derivedData/Build/Intermediates.noindex/Feddy.build/Debug-appletvos/Feddy-t.build/Feddy.modulemap (in target 'Feddy' from project 'Feddy')
cd /Users/admin/builder/spi-builder-workspace
builtin-copy -exclude .DS_Store -exclude CVS -exclude .svn -exclude .git -exclude .hg -resolve-src-symlinks /Users/admin/builder/spi-builder-workspace/.derivedData/Build/Intermediates.noindex/Feddy.build/Debug-appletvos/Feddy-t.build/Feddy.modulemap /Users/admin/builder/spi-builder-workspace/.derivedData/Build/Intermediates.noindex/GeneratedModuleMaps-appletvos
ProcessInfoPlistFile /Users/admin/builder/spi-builder-workspace/.derivedData/Build/Products/Debug-appletvos/Feddy_Feddy.bundle/Info.plist /Users/admin/builder/spi-builder-workspace/.derivedData/Build/Intermediates.noindex/Feddy.build/Debug-appletvos/Feddy_Feddy-b.build/empty-Feddy_Feddy.plist (in target 'Feddy_Feddy' from project 'Feddy')
cd /Users/admin/builder/spi-builder-workspace
builtin-infoPlistUtility /Users/admin/builder/spi-builder-workspace/.derivedData/Build/Intermediates.noindex/Feddy.build/Debug-appletvos/Feddy_Feddy-b.build/empty-Feddy_Feddy.plist -producttype com.apple.product-type.bundle -expandbuildsettings -format binary -platform appletvos -o /Users/admin/builder/spi-builder-workspace/.derivedData/Build/Products/Debug-appletvos/Feddy_Feddy.bundle/Info.plist
CpResource /Users/admin/builder/spi-builder-workspace/.derivedData/Build/Products/Debug-appletvos/Feddy_Feddy.bundle/zh-Hant.lproj/Localizable.strings /Users/admin/builder/spi-builder-workspace/Sources/Feddy/Resources/zh-Hant.lproj/Localizable.strings (in target 'Feddy_Feddy' from project 'Feddy')
cd /Users/admin/builder/spi-builder-workspace
builtin-copy -exclude .DS_Store -exclude CVS -exclude .svn -exclude .git -exclude .hg -resolve-src-symlinks /Users/admin/builder/spi-builder-workspace/Sources/Feddy/Resources/zh-Hant.lproj/Localizable.strings /Users/admin/builder/spi-builder-workspace/.derivedData/Build/Products/Debug-appletvos/Feddy_Feddy.bundle/zh-Hant.lproj
CpResource /Users/admin/builder/spi-builder-workspace/.derivedData/Build/Products/Debug-appletvos/Feddy_Feddy.bundle/ru.lproj/Localizable.strings /Users/admin/builder/spi-builder-workspace/Sources/Feddy/Resources/ru.lproj/Localizable.strings (in target 'Feddy_Feddy' from project 'Feddy')
cd /Users/admin/builder/spi-builder-workspace
builtin-copy -exclude .DS_Store -exclude CVS -exclude .svn -exclude .git -exclude .hg -resolve-src-symlinks /Users/admin/builder/spi-builder-workspace/Sources/Feddy/Resources/ru.lproj/Localizable.strings /Users/admin/builder/spi-builder-workspace/.derivedData/Build/Products/Debug-appletvos/Feddy_Feddy.bundle/ru.lproj
CpResource /Users/admin/builder/spi-builder-workspace/.derivedData/Build/Products/Debug-appletvos/Feddy_Feddy.bundle/pt-BR.lproj/Localizable.strings /Users/admin/builder/spi-builder-workspace/Sources/Feddy/Resources/pt-BR.lproj/Localizable.strings (in target 'Feddy_Feddy' from project 'Feddy')
cd /Users/admin/builder/spi-builder-workspace
builtin-copy -exclude .DS_Store -exclude CVS -exclude .svn -exclude .git -exclude .hg -resolve-src-symlinks /Users/admin/builder/spi-builder-workspace/Sources/Feddy/Resources/pt-BR.lproj/Localizable.strings /Users/admin/builder/spi-builder-workspace/.derivedData/Build/Products/Debug-appletvos/Feddy_Feddy.bundle/pt-BR.lproj
CpResource /Users/admin/builder/spi-builder-workspace/.derivedData/Build/Products/Debug-appletvos/Feddy_Feddy.bundle/ja.lproj/Localizable.strings /Users/admin/builder/spi-builder-workspace/Sources/Feddy/Resources/ja.lproj/Localizable.strings (in target 'Feddy_Feddy' from project 'Feddy')
cd /Users/admin/builder/spi-builder-workspace
builtin-copy -exclude .DS_Store -exclude CVS -exclude .svn -exclude .git -exclude .hg -resolve-src-symlinks /Users/admin/builder/spi-builder-workspace/Sources/Feddy/Resources/ja.lproj/Localizable.strings /Users/admin/builder/spi-builder-workspace/.derivedData/Build/Products/Debug-appletvos/Feddy_Feddy.bundle/ja.lproj
CpResource /Users/admin/builder/spi-builder-workspace/.derivedData/Build/Products/Debug-appletvos/Feddy_Feddy.bundle/ko.lproj/Localizable.strings /Users/admin/builder/spi-builder-workspace/Sources/Feddy/Resources/ko.lproj/Localizable.strings (in target 'Feddy_Feddy' from project 'Feddy')
cd /Users/admin/builder/spi-builder-workspace
builtin-copy -exclude .DS_Store -exclude CVS -exclude .svn -exclude .git -exclude .hg -resolve-src-symlinks /Users/admin/builder/spi-builder-workspace/Sources/Feddy/Resources/ko.lproj/Localizable.strings /Users/admin/builder/spi-builder-workspace/.derivedData/Build/Products/Debug-appletvos/Feddy_Feddy.bundle/ko.lproj
CpResource /Users/admin/builder/spi-builder-workspace/.derivedData/Build/Products/Debug-appletvos/Feddy_Feddy.bundle/zh-Hans.lproj/Localizable.strings /Users/admin/builder/spi-builder-workspace/Sources/Feddy/Resources/zh-Hans.lproj/Localizable.strings (in target 'Feddy_Feddy' from project 'Feddy')
cd /Users/admin/builder/spi-builder-workspace
builtin-copy -exclude .DS_Store -exclude CVS -exclude .svn -exclude .git -exclude .hg -resolve-src-symlinks /Users/admin/builder/spi-builder-workspace/Sources/Feddy/Resources/zh-Hans.lproj/Localizable.strings /Users/admin/builder/spi-builder-workspace/.derivedData/Build/Products/Debug-appletvos/Feddy_Feddy.bundle/zh-Hans.lproj
CpResource /Users/admin/builder/spi-builder-workspace/.derivedData/Build/Products/Debug-appletvos/Feddy_Feddy.bundle/fr.lproj/Localizable.strings /Users/admin/builder/spi-builder-workspace/Sources/Feddy/Resources/fr.lproj/Localizable.strings (in target 'Feddy_Feddy' from project 'Feddy')
cd /Users/admin/builder/spi-builder-workspace
builtin-copy -exclude .DS_Store -exclude CVS -exclude .svn -exclude .git -exclude .hg -resolve-src-symlinks /Users/admin/builder/spi-builder-workspace/Sources/Feddy/Resources/fr.lproj/Localizable.strings /Users/admin/builder/spi-builder-workspace/.derivedData/Build/Products/Debug-appletvos/Feddy_Feddy.bundle/fr.lproj
CpResource /Users/admin/builder/spi-builder-workspace/.derivedData/Build/Products/Debug-appletvos/Feddy_Feddy.bundle/es.lproj/Localizable.strings /Users/admin/builder/spi-builder-workspace/Sources/Feddy/Resources/es.lproj/Localizable.strings (in target 'Feddy_Feddy' from project 'Feddy')
cd /Users/admin/builder/spi-builder-workspace
builtin-copy -exclude .DS_Store -exclude CVS -exclude .svn -exclude .git -exclude .hg -resolve-src-symlinks /Users/admin/builder/spi-builder-workspace/Sources/Feddy/Resources/es.lproj/Localizable.strings /Users/admin/builder/spi-builder-workspace/.derivedData/Build/Products/Debug-appletvos/Feddy_Feddy.bundle/es.lproj
CpResource /Users/admin/builder/spi-builder-workspace/.derivedData/Build/Products/Debug-appletvos/Feddy_Feddy.bundle/en.lproj/Localizable.strings /Users/admin/builder/spi-builder-workspace/Sources/Feddy/Resources/en.lproj/Localizable.strings (in target 'Feddy_Feddy' from project 'Feddy')
cd /Users/admin/builder/spi-builder-workspace
builtin-copy -exclude .DS_Store -exclude CVS -exclude .svn -exclude .git -exclude .hg -resolve-src-symlinks /Users/admin/builder/spi-builder-workspace/Sources/Feddy/Resources/en.lproj/Localizable.strings /Users/admin/builder/spi-builder-workspace/.derivedData/Build/Products/Debug-appletvos/Feddy_Feddy.bundle/en.lproj
CpResource /Users/admin/builder/spi-builder-workspace/.derivedData/Build/Products/Debug-appletvos/Feddy_Feddy.bundle/de.lproj/Localizable.strings /Users/admin/builder/spi-builder-workspace/Sources/Feddy/Resources/de.lproj/Localizable.strings (in target 'Feddy_Feddy' from project 'Feddy')
cd /Users/admin/builder/spi-builder-workspace
builtin-copy -exclude .DS_Store -exclude CVS -exclude .svn -exclude .git -exclude .hg -resolve-src-symlinks /Users/admin/builder/spi-builder-workspace/Sources/Feddy/Resources/de.lproj/Localizable.strings /Users/admin/builder/spi-builder-workspace/.derivedData/Build/Products/Debug-appletvos/Feddy_Feddy.bundle/de.lproj
CpResource /Users/admin/builder/spi-builder-workspace/.derivedData/Build/Products/Debug-appletvos/Feddy_Feddy.bundle/PrivacyInfo.xcprivacy /Users/admin/builder/spi-builder-workspace/Sources/Feddy/PrivacyInfo.xcprivacy (in target 'Feddy_Feddy' from project 'Feddy')
cd /Users/admin/builder/spi-builder-workspace
builtin-copy -exclude .DS_Store -exclude CVS -exclude .svn -exclude .git -exclude .hg -resolve-src-symlinks /Users/admin/builder/spi-builder-workspace/Sources/Feddy/PrivacyInfo.xcprivacy /Users/admin/builder/spi-builder-workspace/.derivedData/Build/Products/Debug-appletvos/Feddy_Feddy.bundle
RegisterExecutionPolicyException /Users/admin/builder/spi-builder-workspace/.derivedData/Build/Products/Debug-appletvos/Feddy_Feddy.bundle (in target 'Feddy_Feddy' from project 'Feddy')
cd /Users/admin/builder/spi-builder-workspace
builtin-RegisterExecutionPolicyException /Users/admin/builder/spi-builder-workspace/.derivedData/Build/Products/Debug-appletvos/Feddy_Feddy.bundle
Touch /Users/admin/builder/spi-builder-workspace/.derivedData/Build/Products/Debug-appletvos/Feddy_Feddy.bundle (in target 'Feddy_Feddy' from project 'Feddy')
cd /Users/admin/builder/spi-builder-workspace
/usr/bin/touch -c /Users/admin/builder/spi-builder-workspace/.derivedData/Build/Products/Debug-appletvos/Feddy_Feddy.bundle
SwiftDriver Feddy normal arm64 com.apple.xcode.tools.swift.compiler (in target 'Feddy' from project 'Feddy')
cd /Users/admin/builder/spi-builder-workspace/.swiftpm/xcode
builtin-SwiftDriver -- /Applications/Xcode-27.0.0.app/Contents/Developer/Toolchains/XcodeDefault.xctoolchain/usr/bin/swiftc -parse-as-library -module-name Feddy -Onone @/Users/admin/builder/spi-builder-workspace/.derivedData/Build/Intermediates.noindex/Feddy.build/Debug-appletvos/Feddy-t.build/Objects-normal/arm64/Feddy.SwiftFileList -DSWIFT_PACKAGE -DDEBUG -DSWIFT_MODULE_RESOURCE_BUNDLE_AVAILABLE -DXcode -plugin-path /Applications/Xcode-27.0.0.app/Contents/Developer/Toolchains/XcodeDefault.xctoolchain/usr/lib/swift/host/plugins/testing -enable-experimental-feature DebugDescriptionMacro -sdk /Applications/Xcode-27.0.0.app/Contents/Developer/Platforms/AppleTVOS.platform/Developer/SDKs/AppleTVOS27.0.sdk -target arm64-apple-tvos15.0 -g -module-cache-path /Users/admin/builder/spi-builder-workspace/.derivedData/ModuleCache.noindex -Xfrontend -serialize-debugging-options -profile-coverage-mapping -profile-generate -enable-testing -index-store-path /Users/admin/builder/spi-builder-workspace/.derivedData/Index.noindex/DataStore -Xcc -D_LIBCPP_HARDENING_MODE\=_LIBCPP_HARDENING_MODE_DEBUG -swift-version 5 -I /Users/admin/builder/spi-builder-workspace/.derivedData/Build/Products/Debug-appletvos -Isystem /Applications/Xcode-27.0.0.app/Contents/Developer/Platforms/AppleTVOS.platform/Developer/usr/lib -F /Users/admin/builder/spi-builder-workspace/.derivedData/Build/Products/Debug-appletvos -F /Applications/Xcode-27.0.0.app/Contents/Developer/Platforms/AppleTVOS.platform/Developer/Library/Frameworks -F /Applications/Xcode-27.0.0.app/Contents/Developer/Platforms/AppleTVOS.platform/Developer/SDKs/AppleTVOS27.0.sdk/Developer/Library/Frameworks -emit-localized-strings -emit-localized-strings-path /Users/admin/builder/spi-builder-workspace/.derivedData/Build/Intermediates.noindex/Feddy.build/Debug-appletvos/Feddy-t.build/Objects-normal/arm64 -c -j10 -enable-batch-mode -incremental -Xcc -ivfsstatcache -Xcc /Users/admin/builder/spi-builder-workspace/.derivedData/SDKStatCaches.noindex/appletvos27.0-24J360-e829b21a6f8c9b70876ba0858053c044509235ffd515576fb835ffc8f67461e5.sdkstatcache -output-file-map /Users/admin/builder/spi-builder-workspace/.derivedData/Build/Intermediates.noindex/Feddy.build/Debug-appletvos/Feddy-t.build/Objects-normal/arm64/Feddy-OutputFileMap.json -save-temps -no-color-diagnostics -explicit-module-build -module-cache-path /Users/admin/builder/spi-builder-workspace/.derivedData/Build/Intermediates.noindex/SwiftExplicitPrecompiledModules -clang-scanner-module-cache-path /Users/admin/builder/spi-builder-workspace/.derivedData/ModuleCache.noindex -sdk-module-cache-path /Users/admin/builder/spi-builder-workspace/.derivedData/SDKExplicitPrecompiledModules -emit-dependencies -emit-module -emit-module-path /Users/admin/builder/spi-builder-workspace/.derivedData/Build/Intermediates.noindex/Feddy.build/Debug-appletvos/Feddy-t.build/Objects-normal/arm64/Feddy.swiftmodule -serialize-diagnostics -dependency-scan-serialize-diagnostics-path /Users/admin/builder/spi-builder-workspace/.derivedData/Build/Intermediates.noindex/Feddy.build/Debug-appletvos/Feddy-t.build/Objects-normal/arm64/Feddy-dependency-scan.dia -validate-clang-modules-once -clang-build-session-file /Users/admin/builder/spi-builder-workspace/.derivedData/ModuleCache.noindex/Session.modulevalidation -Xcc -fmodules-prune-interval\=86400 -Xcc -fmodules-prune-after\=345600 -package-name spi_builder_workspace -emit-const-values -const-gather-protocols-list /Users/admin/builder/spi-builder-workspace/.derivedData/Build/Intermediates.noindex/Feddy.build/Debug-appletvos/Feddy-t.build/Objects-normal/arm64/Feddy_const_extract_protocols.json -Xcc -I/Users/admin/builder/spi-builder-workspace/.derivedData/Build/Products/Debug-appletvos/include -Xcc -I/Users/admin/builder/spi-builder-workspace/.derivedData/Build/Intermediates.noindex/Feddy.build/Debug-appletvos/Feddy-t.build/DerivedSources-normal/arm64 -Xcc -I/Users/admin/builder/spi-builder-workspace/.derivedData/Build/Intermediates.noindex/Feddy.build/Debug-appletvos/Feddy-t.build/DerivedSources/arm64 -Xcc -I/Users/admin/builder/spi-builder-workspace/.derivedData/Build/Intermediates.noindex/Feddy.build/Debug-appletvos/Feddy-t.build/DerivedSources -Xcc -DSWIFT_PACKAGE -Xcc -DDEBUG\=1 -emit-objc-header -emit-objc-header-path /Users/admin/builder/spi-builder-workspace/.derivedData/Build/Intermediates.noindex/Feddy.build/Debug-appletvos/Feddy-t.build/Objects-normal/arm64/Feddy-Swift.h -working-directory /Users/admin/builder/spi-builder-workspace/.swiftpm/xcode -experimental-emit-module-separately -disable-cmo
SwiftExplicitDependencyGeneratePcm arm64 /Users/admin/builder/spi-builder-workspace/.derivedData/SDKExplicitPrecompiledModules/SwiftShims-3EWCS0OOJCV3KBOKT7IVY02SO.pcm
SwiftExplicitDependencyGeneratePcm arm64 /Users/admin/builder/spi-builder-workspace/.derivedData/SDKExplicitPrecompiledModules/_Builtin_stdarg-54EHR5UZISLM70A21NNXF7OO8.pcm
SwiftExplicitDependencyGeneratePcm arm64 /Users/admin/builder/spi-builder-workspace/.derivedData/SDKExplicitPrecompiledModules/_Builtin_stdbool-2B7K2VB0Y7UO1OYSQ5W4RR7OZ.pcm
SwiftExplicitDependencyGeneratePcm arm64 /Users/admin/builder/spi-builder-workspace/.derivedData/SDKExplicitPrecompiledModules/ptrauth-3COVWWFYYXUVF8TFNUVJSASC1.pcm
SwiftExplicitDependencyGeneratePcm arm64 /Users/admin/builder/spi-builder-workspace/.derivedData/SDKExplicitPrecompiledModules/_SwiftConcurrencyShims-7530Y65XAUR6H55OYT9TC129M.pcm
SwiftExplicitDependencyGeneratePcm arm64 /Users/admin/builder/spi-builder-workspace/.derivedData/SDKExplicitPrecompiledModules/_Builtin_stddef-AKKDHEE6S3GU8H2GTN67D0X5K.pcm
SwiftExplicitDependencyGeneratePcm arm64 /Users/admin/builder/spi-builder-workspace/.derivedData/SDKExplicitPrecompiledModules/DeveloperToolsSupport-4X5R7MVRJWMMEXQ6V7L3QV2CF.pcm
SwiftExplicitDependencyGeneratePcm arm64 /Users/admin/builder/spi-builder-workspace/.derivedData/SDKExplicitPrecompiledModules/_Builtin_float-BHJ0OCKXH4XIEHO07P6PQLHJ1.pcm
SwiftExplicitDependencyGeneratePcm arm64 /Users/admin/builder/spi-builder-workspace/.derivedData/SDKExplicitPrecompiledModules/ptrcheck-7SC1GPMW2IRVRYSEFKR4R5SKM.pcm
SwiftExplicitDependencyGeneratePcm arm64 /Users/admin/builder/spi-builder-workspace/.derivedData/SDKExplicitPrecompiledModules/_AvailabilityInternal-9CLQPTGQISATYUK5OVMUXK298.pcm
SwiftExplicitDependencyGeneratePcm arm64 /Users/admin/builder/spi-builder-workspace/.derivedData/SDKExplicitPrecompiledModules/_DarwinFoundation1-3U7OLR6EWC5D0QM3QUXGZVX9X.pcm
SwiftExplicitDependencyGeneratePcm arm64 /Users/admin/builder/spi-builder-workspace/.derivedData/SDKExplicitPrecompiledModules/ExtensionFoundation-8SP136HU2T0UD9B9ODEC0M67Q.pcm
SwiftExplicitDependencyGeneratePcm arm64 /Users/admin/builder/spi-builder-workspace/.derivedData/SDKExplicitPrecompiledModules/_DarwinFoundation2-DNBM23NV9OD9J7L4ZZT6G0GY9.pcm
SwiftExplicitDependencyGeneratePcm arm64 /Users/admin/builder/spi-builder-workspace/.derivedData/SDKExplicitPrecompiledModules/_Builtin_limits-DS1CW4P3UBHU7XKSC4LLVJ27U.pcm
SwiftExplicitDependencyGeneratePcm arm64 /Users/admin/builder/spi-builder-workspace/.derivedData/SDKExplicitPrecompiledModules/_Builtin_stdint-21WDIU1XVLTT6JWX7YVVOZ2UI.pcm
SwiftExplicitDependencyGeneratePcm arm64 /Users/admin/builder/spi-builder-workspace/.derivedData/SDKExplicitPrecompiledModules/sys_types-DEVNI4OBJZ7WDOEEGNFOKN13B.pcm
SwiftExplicitDependencyGeneratePcm arm64 /Users/admin/builder/spi-builder-workspace/.derivedData/SDKExplicitPrecompiledModules/_Builtin_tgmath-2JDLLERTKTFUI42MQXLIAA17L.pcm
SwiftExplicitDependencyGeneratePcm arm64 /Users/admin/builder/spi-builder-workspace/.derivedData/SDKExplicitPrecompiledModules/string_h-B2ZRSF1U2AHAFM06EHANBLW5P.pcm
SwiftExplicitDependencyGeneratePcm arm64 /Users/admin/builder/spi-builder-workspace/.derivedData/SDKExplicitPrecompiledModules/_Builtin_intrinsics-ENEBYNKXJNOF5ZQV2NNE2Q4AE.pcm
SwiftExplicitDependencyGeneratePcm arm64 /Users/admin/builder/spi-builder-workspace/.derivedData/SDKExplicitPrecompiledModules/_Builtin_stdatomic-1U4BZGAIUE5G5BGQFXHYHGETW.pcm
SwiftExplicitDependencyGeneratePcm arm64 /Users/admin/builder/spi-builder-workspace/.derivedData/SDKExplicitPrecompiledModules/_DarwinFoundation3-VK382K4KRQ8MP85EVNHVLJX0.pcm
SwiftExplicitDependencyGeneratePcm arm64 /Users/admin/builder/spi-builder-workspace/.derivedData/SDKExplicitPrecompiledModules/_Builtin_inttypes-AT6AM3TGD8GLVJJL4HK5Z1QKT.pcm
SwiftExplicitDependencyGeneratePcm arm64 /Users/admin/builder/spi-builder-workspace/.derivedData/SDKExplicitPrecompiledModules/Darwin-DJG7WYACCDPEV5IQO58TEJ7HA.pcm
SwiftExplicitDependencyGeneratePcm arm64 /Users/admin/builder/spi-builder-workspace/.derivedData/SDKExplicitPrecompiledModules/simd-BECX3NS06KUTY29O0G4A5C2PO.pcm
SwiftExplicitDependencyGeneratePcm arm64 /Users/admin/builder/spi-builder-workspace/.derivedData/SDKExplicitPrecompiledModules/ObjectiveC-3UB62IUQ7HT6EQXHDOKSJL44A.pcm
SwiftExplicitDependencyGeneratePcm arm64 /Users/admin/builder/spi-builder-workspace/.derivedData/SDKExplicitPrecompiledModules/MachO-8NNZDQ7KJ4BTV4YQIJF37N7L0.pcm
SwiftExplicitDependencyGeneratePcm arm64 /Users/admin/builder/spi-builder-workspace/.derivedData/SDKExplicitPrecompiledModules/os_object-3M3GAMWGVC4EPFNAGRLDUT5UP.pcm
SwiftExplicitDependencyGeneratePcm arm64 /Users/admin/builder/spi-builder-workspace/.derivedData/SDKExplicitPrecompiledModules/os_workgroup-50RTDZGIJ1544F6U05Q78829E.pcm
SwiftExplicitDependencyGeneratePcm arm64 /Users/admin/builder/spi-builder-workspace/.derivedData/SDKExplicitPrecompiledModules/Spatial-7EI271C0S5YTVPVNXYDH1DM6G.pcm
SwiftExplicitDependencyGeneratePcm arm64 /Users/admin/builder/spi-builder-workspace/.derivedData/SDKExplicitPrecompiledModules/Dispatch-1VA7CAHLCT1MOAC2HIIITYFZL.pcm
SwiftExplicitDependencyGeneratePcm arm64 /Users/admin/builder/spi-builder-workspace/.derivedData/SDKExplicitPrecompiledModules/XPC-8VHJMC89OTSFBZEW4733Z0WGC.pcm
SwiftExplicitDependencyGeneratePcm arm64 /Users/admin/builder/spi-builder-workspace/.derivedData/SDKExplicitPrecompiledModules/CoreFoundation-5I3UDEF87IHKRG4FUGMFVTNHC.pcm
SwiftExplicitDependencyGeneratePcm arm64 /Users/admin/builder/spi-builder-workspace/.derivedData/SDKExplicitPrecompiledModules/dnssd-AGQW4S8R197SMZULRFM9BTPZK.pcm
SwiftExplicitDependencyGeneratePcm arm64 /Users/admin/builder/spi-builder-workspace/.derivedData/SDKExplicitPrecompiledModules/os-EKUWUA2XSEFJBP9M8I599YOJB.pcm
SwiftExplicitDependencyGeneratePcm arm64 /Users/admin/builder/spi-builder-workspace/.derivedData/SDKExplicitPrecompiledModules/CFNetwork-2NS7VO7D0YRA4802ARQSTO7IP.pcm
SwiftExplicitDependencyGeneratePcm arm64 /Users/admin/builder/spi-builder-workspace/.derivedData/SDKExplicitPrecompiledModules/Security-6U0CR0A4W0W6MUC2S1TECBBL4.pcm
SwiftExplicitDependencyGeneratePcm arm64 /Users/admin/builder/spi-builder-workspace/.derivedData/SDKExplicitPrecompiledModules/CoreAudioTypes-EPLCE6NTWZGXCALTX7Y23TZ4.pcm
SwiftExplicitDependencyGeneratePcm arm64 /Users/admin/builder/spi-builder-workspace/.derivedData/SDKExplicitPrecompiledModules/CoreGraphics-VGJ80UPU5PJJ5UE4ZW8LX9OQ.pcm
SwiftExplicitDependencyGeneratePcm arm64 /Users/admin/builder/spi-builder-workspace/.derivedData/SDKExplicitPrecompiledModules/CoreAudio-BL5XEV2EOD77BD4UY59JI5R3A.pcm
SwiftExplicitDependencyGeneratePcm arm64 /Users/admin/builder/spi-builder-workspace/.derivedData/SDKExplicitPrecompiledModules/Foundation-DWUJ3CV9774RECD6FJ6BFV0A1.pcm
SwiftExplicitDependencyGeneratePcm arm64 /Users/admin/builder/spi-builder-workspace/.derivedData/SDKExplicitPrecompiledModules/ImageIO-3OOECJX926HEGQKF2OFPFOC9V.pcm
SwiftExplicitDependencyGeneratePcm arm64 /Users/admin/builder/spi-builder-workspace/.derivedData/SDKExplicitPrecompiledModules/CoreText-D366SYLRTRLVRHXMVGMQREA7J.pcm
SwiftExplicitDependencyGeneratePcm arm64 /Users/admin/builder/spi-builder-workspace/.derivedData/SDKExplicitPrecompiledModules/CoreTransferable-6A9N5K2Y0FX1Z1J329BZMH7W4.pcm
SwiftExplicitDependencyGeneratePcm arm64 /Users/admin/builder/spi-builder-workspace/.derivedData/SDKExplicitPrecompiledModules/UniformTypeIdentifiers-3NFRVEVCOLUQTK1A5UYHOS0UU.pcm
SwiftExplicitDependencyGeneratePcm arm64 /Users/admin/builder/spi-builder-workspace/.derivedData/SDKExplicitPrecompiledModules/IOSurface-5V1I28H76XAC054QSU4O93IZE.pcm
SwiftExplicitDependencyGeneratePcm arm64 /Users/admin/builder/spi-builder-workspace/.derivedData/SDKExplicitPrecompiledModules/UIUtilities-2T9PJFXSYDY06ZI8KZK614ATD.pcm
SwiftExplicitDependencyGeneratePcm arm64 /Users/admin/builder/spi-builder-workspace/.derivedData/SDKExplicitPrecompiledModules/UserNotifications-9NZ46EJ2J9Q44CDBWOAAG3ET2.pcm
SwiftExplicitDependencyGeneratePcm arm64 /Users/admin/builder/spi-builder-workspace/.derivedData/SDKExplicitPrecompiledModules/CoreData-RNXCUGLIXORA4SD85NXXWN2M.pcm
SwiftExplicitDependencyGeneratePcm arm64 /Users/admin/builder/spi-builder-workspace/.derivedData/SDKExplicitPrecompiledModules/Network-73NI9FLGTWBFUQOEK2NBU3NR0.pcm
SwiftExplicitDependencyGeneratePcm arm64 /Users/admin/builder/spi-builder-workspace/.derivedData/SDKExplicitPrecompiledModules/_LocationEssentials-4EPB2D5X61LSM8NZYWMDHGP3E.pcm
SwiftExplicitDependencyGeneratePcm arm64 /Users/admin/builder/spi-builder-workspace/.derivedData/SDKExplicitPrecompiledModules/Symbols-27I5ZWBUFBKRVMBZ63C75L89E.pcm
SwiftExplicitDependencyGeneratePcm arm64 /Users/admin/builder/spi-builder-workspace/.derivedData/SDKExplicitPrecompiledModules/OSLog-ASBCVE6SZ0L7ST82LJR941PC3.pcm
SwiftExplicitDependencyGeneratePcm arm64 /Users/admin/builder/spi-builder-workspace/.derivedData/SDKExplicitPrecompiledModules/AVRouting-7AN1ZQIPN8Z1SIBD5ITG54P4E.pcm
SwiftExplicitDependencyGeneratePcm arm64 /Users/admin/builder/spi-builder-workspace/.derivedData/SDKExplicitPrecompiledModules/Accessibility-MQD5RQ8LXE4KYI6FJ12D1DSX.pcm
SwiftExplicitDependencyGeneratePcm arm64 /Users/admin/builder/spi-builder-workspace/.derivedData/SDKExplicitPrecompiledModules/CoreMIDI-44E61N7AX2RKSN8IQP82MFPOU.pcm
SwiftExplicitDependencyGeneratePcm arm64 /Users/admin/builder/spi-builder-workspace/.derivedData/SDKExplicitPrecompiledModules/CoreLocation-EFPJH3GSKR6DZQDZ2GULOHZI4.pcm
SwiftExplicitDependencyGeneratePcm arm64 /Users/admin/builder/spi-builder-workspace/.derivedData/SDKExplicitPrecompiledModules/DataDetection-1ST9SK1XMBO9YEE62Q5Z5CL1G.pcm
SwiftExplicitDependencyGeneratePcm arm64 /Users/admin/builder/spi-builder-workspace/.derivedData/SDKExplicitPrecompiledModules/Metal-9XR8FV53XJM0BJI8G5HD3R9TG.pcm
SwiftExplicitDependencyGeneratePcm arm64 /Users/admin/builder/spi-builder-workspace/.derivedData/SDKExplicitPrecompiledModules/OpenGLES-D5BPILJ4LAJ1XZK3INJ51WNXH.pcm
SwiftExplicitDependencyGeneratePcm arm64 /Users/admin/builder/spi-builder-workspace/.derivedData/SDKExplicitPrecompiledModules/CloudKit-DS7OL639L7C0YIWV6F93AIJUR.pcm
SwiftExplicitDependencyGeneratePcm arm64 /Users/admin/builder/spi-builder-workspace/.derivedData/SDKExplicitPrecompiledModules/AudioToolbox-E306MWZZXM7Q979D7LTNCLLL8.pcm
SwiftExplicitDependencyGeneratePcm arm64 /Users/admin/builder/spi-builder-workspace/.derivedData/SDKExplicitPrecompiledModules/CoreVideo-63ZTF5YBZ5HNDNA0IMXOQ3S4N.pcm
SwiftExplicitDependencyGeneratePcm arm64 /Users/admin/builder/spi-builder-workspace/.derivedData/SDKExplicitPrecompiledModules/CoreMedia-7HT56BL7MCQ3IEFZJPOLH3CS2.pcm
SwiftExplicitDependencyGeneratePcm arm64 /Users/admin/builder/spi-builder-workspace/.derivedData/SDKExplicitPrecompiledModules/QuartzCore-E67SEPNHRC3S59HB6DFRUFBRI.pcm
SwiftExplicitDependencyGeneratePcm arm64 /Users/admin/builder/spi-builder-workspace/.derivedData/SDKExplicitPrecompiledModules/CoreImage-2RVAJ8543YO49OG2THKBHGPAM.pcm
SwiftExplicitDependencyGeneratePcm arm64 /Users/admin/builder/spi-builder-workspace/.derivedData/SDKExplicitPrecompiledModules/SwiftUICore-A5BCVTMW89W9HUMG3OOF07YDB.pcm
SwiftExplicitDependencyGeneratePcm arm64 /Users/admin/builder/spi-builder-workspace/.derivedData/SDKExplicitPrecompiledModules/UIKit-7QVNRR7BYEYEQJSWUUMLK0DKA.pcm
SwiftExplicitDependencyGeneratePcm arm64 /Users/admin/builder/spi-builder-workspace/.derivedData/SDKExplicitPrecompiledModules/MediaToolbox-EDQQXARYWZ5F11K3I0RTXRD6I.pcm
SwiftExplicitDependencyGeneratePcm arm64 /Users/admin/builder/spi-builder-workspace/.derivedData/SDKExplicitPrecompiledModules/AVFAudio-A2LH75ZSQ665TCZ5MK4Y8K4DI.pcm
SwiftExplicitDependencyGeneratePcm arm64 /Users/admin/builder/spi-builder-workspace/.derivedData/SDKExplicitPrecompiledModules/VideoToolbox-D8QH7HCDRGQ1B12FGXLN9GQSR.pcm
SwiftExplicitDependencyGeneratePcm arm64 /Users/admin/builder/spi-builder-workspace/.derivedData/SDKExplicitPrecompiledModules/AVFoundation-6TAK1TS85SBPA7G5QMTD1BONS.pcm
SwiftExplicitDependencyGeneratePcm arm64 /Users/admin/builder/spi-builder-workspace/.derivedData/SDKExplicitPrecompiledModules/Photos-CA1W5SSVEMEX4FPG873Q5BH92.pcm
SwiftExplicitDependencyGeneratePcm arm64 /Users/admin/builder/spi-builder-workspace/.derivedData/SDKExplicitPrecompiledModules/PhotosUI-76VLQPGB57S24NBR0TRGIK6W1.pcm
SwiftExplicitDependencyGeneratePcm arm64 /Users/admin/builder/spi-builder-workspace/.derivedData/SDKExplicitPrecompiledModules/SwiftUI-CSXSV6KOU70QSOH5ACYBERGJT.pcm
SwiftEmitModule normal arm64 Emitting\ module\ for\ Feddy (in target 'Feddy' from project 'Feddy')
macro expansion @State:8:28: error: cannot find type 'PhotosPickerItem' in scope
`- /Users/admin/builder/spi-builder-workspace/Sources/Feddy/UI/AttachmentTray.swift:194:58: note: expanded code originates here
192 | var disabled: Bool
193 | @ViewBuilder var label: () -> Label
194 | @State private var selection: [PhotosPickerItem] = []
| `- note: in expansion of macro 'State' on property 'selection' here
+--- macro expansion @State ----------------------------------------
| 6 | @SwiftUICore._StatePropertyWrapperStorage(initialValue: "JHM1RmVkZHkxNkF0dGFjaG1lbnRQaWNrZXJWOXNlbGVjdGlvbjMzXzM0RUNBMTk0QUIwNDE1MzVCMkQwNEZGNzlEODZEMkIxTEw1U3RhdGVmTXBfMjBfaW5pdGlhbFN0b3JlZFZhbHVlX2ZNdV8=")
| 7 | private var _selection: SwiftUICore.State<_>! = SwiftUICore._stateNil(of: {
| 8 | SwiftUICore.State<[PhotosPickerItem]>(initialValue: [])
| | `- error: cannot find type 'PhotosPickerItem' in scope
| 9 | })
|10 |
+-------------------------------------------------------------------
195 |
196 | var body: some View {
macro expansion @State:7:43: error: could not infer type for placeholder
`- /Users/admin/builder/spi-builder-workspace/Sources/Feddy/UI/AttachmentTray.swift:194:58: note: expanded code originates here
192 | var disabled: Bool
193 | @ViewBuilder var label: () -> Label
194 | @State private var selection: [PhotosPickerItem] = []
| `- note: in expansion of macro 'State' on property 'selection' here
+--- macro expansion @State ----------------------------------------
| 5 |
| 6 | @SwiftUICore._StatePropertyWrapperStorage(initialValue: "JHM1RmVkZHkxNkF0dGFjaG1lbnRQaWNrZXJWOXNlbGVjdGlvbjMzXzM0RUNBMTk0QUIwNDE1MzVCMkQwNEZGNzlEODZEMkIxTEw1U3RhdGVmTXBfMjBfaW5pdGlhbFN0b3JlZFZhbHVlX2ZNdV8=")
| 7 | private var _selection: SwiftUICore.State<_>! = SwiftUICore._stateNil(of: {
| | `- error: could not infer type for placeholder
| 8 | SwiftUICore.State<[PhotosPickerItem]>(initialValue: [])
| 9 | })
+-------------------------------------------------------------------
195 |
196 | var body: some View {
/Users/admin/builder/spi-builder-workspace/Sources/Feddy/UI/AttachmentTray.swift:194:36: error: cannot find type 'PhotosPickerItem' in scope
192 | var disabled: Bool
193 | @ViewBuilder var label: () -> Label
194 | @State private var selection: [PhotosPickerItem] = []
| `- error: cannot find type 'PhotosPickerItem' in scope
195 |
196 | var body: some View {
macro expansion @State:2:25: error: cannot find type 'PhotosPickerItem' in scope
`- /Users/admin/builder/spi-builder-workspace/Sources/Feddy/UI/AttachmentTray.swift:194:58: note: expanded code originates here
192 | var disabled: Bool
193 | @ViewBuilder var label: () -> Label
194 | @State private var selection: [PhotosPickerItem] = []
| `- note: in expansion of macro 'State' on property 'selection' here
+--- macro expansion @State ----------------------------------------
| 1 | private var __selection = SwiftUICore.State._makeStorage(({
| 2 | let value: [PhotosPickerItem] = []
| | `- error: cannot find type 'PhotosPickerItem' in scope
| 3 | return value
| 4 | }))
+-------------------------------------------------------------------
195 |
196 | var body: some View {
macro expansion @State:12:45: error: cannot find type 'PhotosPickerItem' in scope
`- /Users/admin/builder/spi-builder-workspace/Sources/Feddy/UI/AttachmentTray.swift:194:58: note: expanded code originates here
192 | var disabled: Bool
193 | @ViewBuilder var label: () -> Label
194 | @State private var selection: [PhotosPickerItem] = []
| `- note: in expansion of macro 'State' on property 'selection' here
+--- macro expansion @State ----------------------------------------
|10 |
|11 | @SwiftUICore._StateProjectedValue
|12 | private var $selection = SwiftUICore.State<[PhotosPickerItem]>(initialValue: []).projectedValue
| | `- error: cannot find type 'PhotosPickerItem' in scope
|13 |
|14 | @SwiftUICore._StateInitialStoredValue("U3dpZnRVSUNvcmUuU3RhdGUuX21ha2VTdG9yYWdlKCh7IGxldCB2YWx1ZTogW1Bob3Rvc1BpY2tlckl0ZW1dID0gW10KcmV0dXJuIHZhbHVlIH0pKQ==")
+-------------------------------------------------------------------
195 |
196 | var body: some View {
macro expansion @State:16:21: error: cannot find type 'PhotosPickerItem' in scope
`- /Users/admin/builder/spi-builder-workspace/Sources/Feddy/UI/AttachmentTray.swift:194:58: note: expanded code originates here
192 | var disabled: Bool
193 | @ViewBuilder var label: () -> Label
194 | @State private var selection: [PhotosPickerItem] = []
| `- note: in expansion of macro 'State' on property 'selection' here
+--- macro expansion @State ----------------------------------------
|14 | @SwiftUICore._StateInitialStoredValue("U3dpZnRVSUNvcmUuU3RhdGUuX21ha2VTdG9yYWdlKCh7IGxldCB2YWx1ZTogW1Bob3Rvc1BpY2tlckl0ZW1dID0gW10KcmV0dXJuIHZhbHVlIH0pKQ==")
|15 | private static var $s5Feddy16AttachmentPickerV9selection33_34ECA194AB041535B2D04FF79D86D2B1LL5StatefMp_20_initialStoredValue_fMu_ = (SwiftUICore.State._makeStorage(initialValue: {
|16 | let x: [PhotosPickerItem] = []
| | `- error: cannot find type 'PhotosPickerItem' in scope
|17 | return x
|18 | }()))
+-------------------------------------------------------------------
195 |
196 | var body: some View {
/Users/admin/builder/spi-builder-workspace/Sources/Feddy/UI/Theme.swift:14:30: error: 'systemBackground' is unavailable in tvOS
12 | /// which reads as a purple tint at full-screen size — one more reason
13 | /// the surfaces above are fills rather than greys.
14 | static let page = Color(.systemBackground)
| `- error: 'systemBackground' is unavailable in tvOS
15 |
16 | /// Raised surfaces: inputs, chips, and the teammate's bubbles. Apple
/Applications/Xcode-27.0.0.app/Contents/Developer/Platforms/AppleTVOS.platform/Developer/SDKs/AppleTVOS27.0.sdk/System/Library/Frameworks/UIKit.framework/Headers/UIInterface.h:208:49: note: 'systemBackground' has been explicitly marked unavailable here
206 | * primary background in light mode.
207 | */
208 | @property (class, nonatomic, readonly) UIColor *systemBackgroundColor API_AVAILABLE(ios(13.0)) API_UNAVAILABLE(tvos, watchos);
| `- note: 'systemBackground' has been explicitly marked unavailable here
209 | @property (class, nonatomic, readonly) UIColor *secondarySystemBackgroundColor API_AVAILABLE(ios(13.0)) API_UNAVAILABLE(tvos, watchos);
210 | @property (class, nonatomic, readonly) UIColor *tertiarySystemBackgroundColor API_AVAILABLE(ios(13.0)) API_UNAVAILABLE(tvos, watchos);
/Users/admin/builder/spi-builder-workspace/Sources/Feddy/UI/Theme.swift:22:33: error: 'tertiarySystemFill' is unavailable in tvOS
20 | /// renders in — which is where the grey *background* colours collapse
21 | /// into the page and every surface loses its edge.
22 | static let surface = Color(.tertiarySystemFill)
| `- error: 'tertiarySystemFill' is unavailable in tvOS
23 |
24 | /// Rules that separate regions — never an outline around a control.
/Applications/Xcode-27.0.0.app/Contents/Developer/Platforms/AppleTVOS.platform/Developer/SDKs/AppleTVOS27.0.sdk/System/Library/Frameworks/UIKit.framework/Headers/UIInterface.h:239:49: note: 'tertiarySystemFill' has been explicitly marked unavailable here
237 | * Examples: Input fields, search bars, buttons.
238 | */
239 | @property (class, nonatomic, readonly) UIColor *tertiarySystemFillColor API_AVAILABLE(ios(13.0)) API_UNAVAILABLE(tvos, watchos);
| `- note: 'tertiarySystemFill' has been explicitly marked unavailable here
240 |
241 | /* quaternarySystemFillColor is appropriate for filling large areas containing complex content.
/Users/admin/builder/spi-builder-workspace/Sources/Feddy/UI/Theme.swift:48:35: error: 'secondarySystemFill' is unavailable in tvOS
46 | /// Deliberately not the brand colour — the panel sits inside someone
47 | /// else's app, and a large tinted surface reads as a claim about it.
48 | static let ownBubble = Color(.secondarySystemFill)
| `- error: 'secondarySystemFill' is unavailable in tvOS
49 |
50 | /// The configured hex when there is one, otherwise whatever the host
/Applications/Xcode-27.0.0.app/Contents/Developer/Platforms/AppleTVOS.platform/Developer/SDKs/AppleTVOS27.0.sdk/System/Library/Frameworks/UIKit.framework/Headers/UIInterface.h:234:49: note: 'secondarySystemFill' has been explicitly marked unavailable here
232 | * Example: The background of a switch.
233 | */
234 | @property (class, nonatomic, readonly) UIColor *secondarySystemFillColor API_AVAILABLE(ios(13.0)) API_UNAVAILABLE(tvos, watchos);
| `- note: 'secondarySystemFill' has been explicitly marked unavailable here
235 |
236 | /* tertiarySystemFillColor is appropriate for filling large shapes.
Failed frontend command:
SwiftCompile normal arm64 (in target 'Feddy' from project 'Feddy')
cd /Users/admin/builder/spi-builder-workspace/.swiftpm/xcode
/Applications/Xcode-27.0.0.app/Contents/Developer/Toolchains/XcodeDefault.xctoolchain/usr/bin/swift-frontend -frontend -emit-module -experimental-skip-non-inlinable-function-bodies-without-types /Users/admin/builder/spi-builder-workspace/.derivedData/Build/Intermediates.noindex/Feddy.build/Debug-appletvos/Feddy-t.build/DerivedSources/resource_bundle_accessor.swift /Users/admin/builder/spi-builder-workspace/Sources/Feddy/Core/APIClient.swift /Users/admin/builder/spi-builder-workspace/Sources/Feddy/Core/AnonIdStore.swift /Users/admin/builder/spi-builder-workspace/Sources/Feddy/Core/AttachmentUpload.swift /Users/admin/builder/spi-builder-workspace/Sources/Feddy/Core/BrandColor.swift /Users/admin/builder/spi-builder-workspace/Sources/Feddy/Core/DeviceContext.swift /Users/admin/builder/spi-builder-workspace/Sources/Feddy/Core/EmailValidation.swift /Users/admin/builder/spi-builder-workspace/Sources/Feddy/Core/FeddyCore.swift /Users/admin/builder/spi-builder-workspace/Sources/Feddy/Core/FeddyUnread.swift /Users/admin/builder/spi-builder-workspace/Sources/Feddy/Core/IdentityQueue.swift /Users/admin/builder/spi-builder-workspace/Sources/Feddy/Core/Models.swift /Users/admin/builder/spi-builder-workspace/Sources/Feddy/Feddy.swift /Users/admin/builder/spi-builder-workspace/Sources/Feddy/UI/AttachmentImage.swift /Users/admin/builder/spi-builder-workspace/Sources/Feddy/UI/AttachmentTray.swift /Users/admin/builder/spi-builder-workspace/Sources/Feddy/UI/ConversationDetailView.swift /Users/admin/builder/spi-builder-workspace/Sources/Feddy/UI/ConversationRow.swift /Users/admin/builder/spi-builder-workspace/Sources/Feddy/UI/EmailCapture.swift /Users/admin/builder/spi-builder-workspace/Sources/Feddy/UI/FeddyRootView.swift /Users/admin/builder/spi-builder-workspace/Sources/Feddy/UI/HomeView.swift /Users/admin/builder/spi-builder-workspace/Sources/Feddy/UI/NewConversationView.swift /Users/admin/builder/spi-builder-workspace/Sources/Feddy/UI/PoweredByFeddy.swift /Users/admin/builder/spi-builder-workspace/Sources/Feddy/UI/Presenter.swift /Users/admin/builder/spi-builder-workspace/Sources/Feddy/UI/Strings.swift /Users/admin/builder/spi-builder-workspace/Sources/Feddy/UI/Theme.swift /Users/admin/builder/spi-builder-workspace/Sources/Feddy/UI/UnreadBadge.swift /Users/admin/builder/spi-builder-workspace/Sources/Feddy/UI/UnreadDot.swift /Users/admin/builder/spi-builder-workspace/Sources/Feddy/UI/ViewModels.swift -target arm64-apple-tvos15.0 -module-can-import-version UIKit 9127.0.84.1 9127.0.84 -disable-cross-import-overlay-search -load-resolved-plugin /Applications/Xcode-27.0.0.app/Contents/Developer/Platforms/AppleTVOS.platform/Developer/usr/lib/swift/host/plugins/libFoundationMacros.dylib\#/Applications/Xcode-27.0.0.app/Contents/Developer/Platforms/AppleTVOS.platform/Developer/usr/bin/swift-plugin-server\#FoundationMacros -load-resolved-plugin /Applications/Xcode-27.0.0.app/Contents/Developer/Platforms/AppleTVOS.platform/Developer/usr/lib/swift/host/plugins/libObservationMacros.dylib\#/Applications/Xcode-27.0.0.app/Contents/Developer/Platforms/AppleTVOS.platform/Developer/usr/bin/swift-plugin-server\#ObservationMacros -load-resolved-plugin /Applications/Xcode-27.0.0.app/Contents/Developer/Platforms/AppleTVOS.platform/Developer/usr/lib/swift/host/plugins/libPreviewsMacros.dylib\#/Applications/Xcode-27.0.0.app/Contents/Developer/Platforms/AppleTVOS.platform/Developer/usr/bin/swift-plugin-server\#PreviewsMacros -load-resolved-plugin /Applications/Xcode-27.0.0.app/Contents/Developer/Platforms/AppleTVOS.platform/Developer/usr/lib/swift/host/plugins/libSwiftMacros.dylib\#/Applications/Xcode-27.0.0.app/Contents/Developer/Platforms/AppleTVOS.platform/Developer/usr/bin/swift-plugin-server\#SwiftMacros -load-resolved-plugin /Applications/Xcode-27.0.0.app/Contents/Developer/Platforms/AppleTVOS.platform/Developer/usr/lib/swift/host/plugins/libSwiftUIMacros.dylib\#/Applications/Xcode-27.0.0.app/Contents/Developer/Platforms/AppleTVOS.platform/Developer/usr/bin/swift-plugin-server\#SwiftUIMacros -disable-implicit-swift-modules -Xcc -fno-implicit-modules -Xcc -fno-implicit-module-maps -explicit-swift-module-map-file /Users/admin/builder/spi-builder-workspace/.derivedData/Build/Intermediates.noindex/Feddy.build/Debug-appletvos/Feddy-t.build/Objects-normal/arm64/Feddy-dependencies-1.json -Xllvm -aarch64-use-tbi -enable-objc-interop -stack-check -sdk /Applications/Xcode-27.0.0.app/Contents/Developer/Platforms/AppleTVOS.platform/Developer/SDKs/AppleTVOS27.0.sdk -I /Users/admin/builder/spi-builder-workspace/.derivedData/Build/Products/Debug-appletvos -Isystem /Applications/Xcode-27.0.0.app/Contents/Developer/Platforms/AppleTVOS.platform/Developer/usr/lib -F /Users/admin/builder/spi-builder-workspace/.derivedData/Build/Products/Debug-appletvos -F /Applications/Xcode-27.0.0.app/Contents/Developer/Platforms/AppleTVOS.platform/Developer/Library/Frameworks -F /Applications/Xcode-27.0.0.app/Contents/Developer/Platforms/AppleTVOS.platform/Developer/SDKs/AppleTVOS27.0.sdk/Developer/Library/Frameworks -module-cache-path /Users/admin/builder/spi-builder-workspace/.derivedData/Build/Intermediates.noindex/SwiftExplicitPrecompiledModules -no-color-diagnostics -Xcc -fno-color-diagnostics -enable-testing -g -debug-info-format\=dwarf -dwarf-version\=4 -profile-generate -profile-coverage-mapping -swift-version 5 -Onone -D SWIFT_PACKAGE -D DEBUG -D SWIFT_MODULE_RESOURCE_BUNDLE_AVAILABLE -D Xcode -serialize-debugging-options -enable-experimental-feature DebugDescriptionMacro -empty-abi-descriptor -validate-clang-modules-once -clang-build-session-file /Users/admin/builder/spi-builder-workspace/.derivedData/ModuleCache.noindex/Session.modulevalidation -Xcc -working-directory -Xcc /Users/admin/builder/spi-builder-workspace/.swiftpm/xcode -enable-anonymous-context-mangled-names -file-compilation-dir /Users/admin/builder/spi-builder-workspace/.swiftpm/xcode -Xcc -D_LIBCPP_HARDENING_MODE\=_LIBCPP_HARDENING_MODE_DEBUG -Xcc -ivfsstatcache -Xcc /Users/admin/builder/spi-builder-workspace/.derivedData/SDKStatCaches.noindex/appletvos27.0-24J360-e829b21a6f8c9b70876ba0858053c044509235ffd515576fb835ffc8f67461e5.sdkstatcache -Xcc -fmodules-prune-interval\=86400 -Xcc -fmodules-prune-after\=345600 -Xcc -I/Users/admin/builder/spi-builder-workspace/.derivedData/Build/Products/Debug-appletvos/include -Xcc -I/Users/admin/builder/spi-builder-workspace/.derivedData/Build/Intermediates.noindex/Feddy.build/Debug-appletvos/Feddy-t.build/DerivedSources-normal/arm64 -Xcc -I/Users/admin/builder/spi-builder-workspace/.derivedData/Build/Intermediates.noindex/Feddy.build/Debug-appletvos/Feddy-t.build/DerivedSources/arm64 -Xcc -I/Users/admin/builder/spi-builder-workspace/.derivedData/Build/Intermediates.noindex/Feddy.build/Debug-appletvos/Feddy-t.build/DerivedSources -Xcc -DSWIFT_PACKAGE -Xcc -DDEBUG\=1 -no-auto-bridging-header-chaining -module-name Feddy -package-name spi_builder_workspace -const-gather-protocols-file /Users/admin/builder/spi-builder-workspace/.derivedData/Build/Intermediates.noindex/Feddy.build/Debug-appletvos/Feddy-t.build/Objects-normal/arm64/Feddy_const_extract_protocols.json -disable-clang-spi -clang-target arm64-apple-tvos27.0 -target-sdk-version 27.0 -target-sdk-name appletvos27.0 -in-process-plugin-server-path /Applications/Xcode-27.0.0.app/Contents/Developer/Toolchains/XcodeDefault.xctoolchain/usr/lib/swift/host/libSwiftInProcPluginServer.dylib -emit-module-doc-path /Users/admin/builder/spi-builder-workspace/.derivedData/Build/Intermediates.noindex/Feddy.build/Debug-appletvos/Feddy-t.build/Objects-normal/arm64/Feddy.swiftdoc -emit-module-source-info-path /Users/admin/builder/spi-builder-workspace/.derivedData/Build/Intermediates.noindex/Feddy.build/Debug-appletvos/Feddy-t.build/Objects-normal/arm64/Feddy.swiftsourceinfo -emit-objc-header-path /Users/admin/builder/spi-builder-workspace/.derivedData/Build/Intermediates.noindex/Feddy.build/Debug-appletvos/Feddy-t.build/Objects-normal/arm64/Feddy-Swift.h -serialize-diagnostics-path /Users/admin/builder/spi-builder-workspace/.derivedData/Build/Intermediates.noindex/Feddy.build/Debug-appletvos/Feddy-t.build/Objects-normal/arm64/Feddy-primary-emit-module.dia -emit-dependencies-path /Users/admin/builder/spi-builder-workspace/.derivedData/Build/Intermediates.noindex/Feddy.build/Debug-appletvos/Feddy-t.build/Objects-normal/arm64/Feddy-primary-emit-module.d -parse-as-library -o /Users/admin/builder/spi-builder-workspace/.derivedData/Build/Intermediates.noindex/Feddy.build/Debug-appletvos/Feddy-t.build/Objects-normal/arm64/Feddy.swiftmodule -emit-abi-descriptor-path /Users/admin/builder/spi-builder-workspace/.derivedData/Build/Intermediates.noindex/Feddy.build/Debug-appletvos/Feddy-t.build/Objects-normal/arm64/Feddy.abi.json
SwiftCompile normal arm64 Compiling\ ConversationRow.swift,\ EmailCapture.swift,\ FeddyRootView.swift /Users/admin/builder/spi-builder-workspace/Sources/Feddy/UI/ConversationRow.swift /Users/admin/builder/spi-builder-workspace/Sources/Feddy/UI/EmailCapture.swift /Users/admin/builder/spi-builder-workspace/Sources/Feddy/UI/FeddyRootView.swift (in target 'Feddy' from project 'Feddy')
SwiftCompile normal arm64 /Users/admin/builder/spi-builder-workspace/Sources/Feddy/UI/ConversationRow.swift (in target 'Feddy' from project 'Feddy')
cd /Users/admin/builder/spi-builder-workspace/.swiftpm/xcode
builtin-SwiftPerFileCompile ConversationRow.swift
SwiftCompile normal arm64 /Users/admin/builder/spi-builder-workspace/Sources/Feddy/UI/EmailCapture.swift (in target 'Feddy' from project 'Feddy')
cd /Users/admin/builder/spi-builder-workspace/.swiftpm/xcode
builtin-SwiftPerFileCompile EmailCapture.swift
SwiftCompile normal arm64 /Users/admin/builder/spi-builder-workspace/Sources/Feddy/UI/FeddyRootView.swift (in target 'Feddy' from project 'Feddy')
cd /Users/admin/builder/spi-builder-workspace/.swiftpm/xcode
builtin-SwiftPerFileCompile FeddyRootView.swift
/Users/admin/builder/spi-builder-workspace/Sources/Feddy/UI/Theme.swift:22:33: error: 'tertiarySystemFill' is unavailable in tvOS
20 | /// renders in — which is where the grey *background* colours collapse
21 | /// into the page and every surface loses its edge.
22 | static let surface = Color(.tertiarySystemFill)
| `- error: 'tertiarySystemFill' is unavailable in tvOS
23 |
24 | /// Rules that separate regions — never an outline around a control.
/Applications/Xcode-27.0.0.app/Contents/Developer/Platforms/AppleTVOS.platform/Developer/SDKs/AppleTVOS27.0.sdk/System/Library/Frameworks/UIKit.framework/Headers/UIInterface.h:239:49: note: 'tertiarySystemFill' has been explicitly marked unavailable here
237 | * Examples: Input fields, search bars, buttons.
238 | */
239 | @property (class, nonatomic, readonly) UIColor *tertiarySystemFillColor API_AVAILABLE(ios(13.0)) API_UNAVAILABLE(tvos, watchos);
| `- note: 'tertiarySystemFill' has been explicitly marked unavailable here
240 |
241 | /* quaternarySystemFillColor is appropriate for filling large areas containing complex content.
/Users/admin/builder/spi-builder-workspace/Sources/Feddy/UI/Theme.swift:14:30: error: 'systemBackground' is unavailable in tvOS
12 | /// which reads as a purple tint at full-screen size — one more reason
13 | /// the surfaces above are fills rather than greys.
14 | static let page = Color(.systemBackground)
| `- error: 'systemBackground' is unavailable in tvOS
15 |
16 | /// Raised surfaces: inputs, chips, and the teammate's bubbles. Apple
/Applications/Xcode-27.0.0.app/Contents/Developer/Platforms/AppleTVOS.platform/Developer/SDKs/AppleTVOS27.0.sdk/System/Library/Frameworks/UIKit.framework/Headers/UIInterface.h:208:49: note: 'systemBackground' has been explicitly marked unavailable here
206 | * primary background in light mode.
207 | */
208 | @property (class, nonatomic, readonly) UIColor *systemBackgroundColor API_AVAILABLE(ios(13.0)) API_UNAVAILABLE(tvos, watchos);
| `- note: 'systemBackground' has been explicitly marked unavailable here
209 | @property (class, nonatomic, readonly) UIColor *secondarySystemBackgroundColor API_AVAILABLE(ios(13.0)) API_UNAVAILABLE(tvos, watchos);
210 | @property (class, nonatomic, readonly) UIColor *tertiarySystemBackgroundColor API_AVAILABLE(ios(13.0)) API_UNAVAILABLE(tvos, watchos);
/Users/admin/builder/spi-builder-workspace/Sources/Feddy/UI/EmailCapture.swift:64:14: error: 'navigationBarTitleDisplayMode' is unavailable in tvOS
62 | .frame(maxWidth: .infinity, maxHeight: .infinity)
63 | .background(Theme.page)
64 | .navigationBarTitleDisplayMode(.inline)
| `- error: 'navigationBarTitleDisplayMode' is unavailable in tvOS
65 | .toolbar {
66 | ToolbarItem(placement: .navigationBarLeading) {
SwiftUI.View.navigationBarTitleDisplayMode:2:25: note: 'navigationBarTitleDisplayMode' has been explicitly marked unavailable here
1 | protocol View {
2 | nonisolated public func navigationBarTitleDisplayMode(_ displayMode: NavigationBarItem.TitleDisplayMode) -> some View
| `- note: 'navigationBarTitleDisplayMode' has been explicitly marked unavailable here
3 | }
4 |
SwiftCompile normal arm64 Compiling\ HomeView.swift,\ NewConversationView.swift,\ PoweredByFeddy.swift /Users/admin/builder/spi-builder-workspace/Sources/Feddy/UI/HomeView.swift /Users/admin/builder/spi-builder-workspace/Sources/Feddy/UI/NewConversationView.swift /Users/admin/builder/spi-builder-workspace/Sources/Feddy/UI/PoweredByFeddy.swift (in target 'Feddy' from project 'Feddy')
SwiftCompile normal arm64 /Users/admin/builder/spi-builder-workspace/Sources/Feddy/UI/HomeView.swift (in target 'Feddy' from project 'Feddy')
cd /Users/admin/builder/spi-builder-workspace/.swiftpm/xcode
builtin-SwiftPerFileCompile HomeView.swift
SwiftCompile normal arm64 /Users/admin/builder/spi-builder-workspace/Sources/Feddy/UI/NewConversationView.swift (in target 'Feddy' from project 'Feddy')
cd /Users/admin/builder/spi-builder-workspace/.swiftpm/xcode
builtin-SwiftPerFileCompile NewConversationView.swift
SwiftCompile normal arm64 /Users/admin/builder/spi-builder-workspace/Sources/Feddy/UI/PoweredByFeddy.swift (in target 'Feddy' from project 'Feddy')
cd /Users/admin/builder/spi-builder-workspace/.swiftpm/xcode
builtin-SwiftPerFileCompile PoweredByFeddy.swift
/Users/admin/builder/spi-builder-workspace/Sources/Feddy/UI/Theme.swift:14:30: error: 'systemBackground' is unavailable in tvOS
12 | /// which reads as a purple tint at full-screen size — one more reason
13 | /// the surfaces above are fills rather than greys.
14 | static let page = Color(.systemBackground)
| `- error: 'systemBackground' is unavailable in tvOS
15 |
16 | /// Raised surfaces: inputs, chips, and the teammate's bubbles. Apple
/Applications/Xcode-27.0.0.app/Contents/Developer/Platforms/AppleTVOS.platform/Developer/SDKs/AppleTVOS27.0.sdk/System/Library/Frameworks/UIKit.framework/Headers/UIInterface.h:208:49: note: 'systemBackground' has been explicitly marked unavailable here
206 | * primary background in light mode.
207 | */
208 | @property (class, nonatomic, readonly) UIColor *systemBackgroundColor API_AVAILABLE(ios(13.0)) API_UNAVAILABLE(tvos, watchos);
| `- note: 'systemBackground' has been explicitly marked unavailable here
209 | @property (class, nonatomic, readonly) UIColor *secondarySystemBackgroundColor API_AVAILABLE(ios(13.0)) API_UNAVAILABLE(tvos, watchos);
210 | @property (class, nonatomic, readonly) UIColor *tertiarySystemBackgroundColor API_AVAILABLE(ios(13.0)) API_UNAVAILABLE(tvos, watchos);
/Users/admin/builder/spi-builder-workspace/Sources/Feddy/UI/Theme.swift:48:35: error: 'secondarySystemFill' is unavailable in tvOS
46 | /// Deliberately not the brand colour — the panel sits inside someone
47 | /// else's app, and a large tinted surface reads as a claim about it.
48 | static let ownBubble = Color(.secondarySystemFill)
| `- error: 'secondarySystemFill' is unavailable in tvOS
49 |
50 | /// The configured hex when there is one, otherwise whatever the host
/Applications/Xcode-27.0.0.app/Contents/Developer/Platforms/AppleTVOS.platform/Developer/SDKs/AppleTVOS27.0.sdk/System/Library/Frameworks/UIKit.framework/Headers/UIInterface.h:234:49: note: 'secondarySystemFill' has been explicitly marked unavailable here
232 | * Example: The background of a switch.
233 | */
234 | @property (class, nonatomic, readonly) UIColor *secondarySystemFillColor API_AVAILABLE(ios(13.0)) API_UNAVAILABLE(tvos, watchos);
| `- note: 'secondarySystemFill' has been explicitly marked unavailable here
235 |
236 | /* tertiarySystemFillColor is appropriate for filling large shapes.
/Users/admin/builder/spi-builder-workspace/Sources/Feddy/UI/HomeView.swift:172:10: error: 'navigationBarTitleDisplayMode' is unavailable in tvOS
170 | .refreshable { await model.load() }
171 | .navigationTitle(Strings.yourMessages)
172 | .navigationBarTitleDisplayMode(.inline)
| `- error: 'navigationBarTitleDisplayMode' is unavailable in tvOS
173 | .onChange(of: selectedConversationId) { id in
174 | if let id {
SwiftUI.View.navigationBarTitleDisplayMode:2:25: note: 'navigationBarTitleDisplayMode' has been explicitly marked unavailable here
1 | protocol View {
2 | nonisolated public func navigationBarTitleDisplayMode(_ displayMode: NavigationBarItem.TitleDisplayMode) -> some View
| `- note: 'navigationBarTitleDisplayMode' has been explicitly marked unavailable here
3 | }
4 |
/Users/admin/builder/spi-builder-workspace/Sources/Feddy/UI/HomeView.swift:190:13: error: 'scrollBounceBehavior(_:axes:)' is only available in tvOS 16.4 or newer
181 | }
182 |
183 | private extension View {
| `- note: add '@available' attribute to enclosing extension
184 | /// The home screen fits on one screen almost always; it scrolls only
185 | /// for large text or a small phone, and should not rubber-band as a
186 | /// whole otherwise. iOS 15 has no way to say so and keeps the bounce.
187 | @ViewBuilder
188 | func bounceOnlyWhenScrollable() -> some View {
| `- note: add '@available' attribute to enclosing instance method
189 | if #available(iOS 16.4, *) {
190 | scrollBounceBehavior(.basedOnSize)
| |- error: 'scrollBounceBehavior(_:axes:)' is only available in tvOS 16.4 or newer
| `- note: add 'if #available' version check
191 | } else {
192 | self
/Users/admin/builder/spi-builder-workspace/Sources/Feddy/UI/NewConversationView.swift:52:14: error: 'navigationBarTitleDisplayMode' is unavailable in tvOS
50 | }
51 | .navigationTitle(Strings.newMessage)
52 | .navigationBarTitleDisplayMode(.inline)
| `- error: 'navigationBarTitleDisplayMode' is unavailable in tvOS
53 | .toolbar {
54 | ToolbarItem(placement: .navigationBarLeading) {
SwiftUI.View.navigationBarTitleDisplayMode:2:25: note: 'navigationBarTitleDisplayMode' has been explicitly marked unavailable here
1 | protocol View {
2 | nonisolated public func navigationBarTitleDisplayMode(_ displayMode: NavigationBarItem.TitleDisplayMode) -> some View
| `- note: 'navigationBarTitleDisplayMode' has been explicitly marked unavailable here
3 | }
4 |
/Users/admin/builder/spi-builder-workspace/Sources/Feddy/UI/NewConversationView.swift:63:46: error: 'keyboard' is unavailable in tvOS
61 | .accessibilityLabel(Strings.cancel)
62 | }
63 | ToolbarItemGroup(placement: .keyboard) {
| `- error: 'keyboard' is unavailable in tvOS
64 | Spacer()
65 | Button(Strings.done) { editorFocused = false }
SwiftUI.ToolbarItemPlacement.keyboard:6:21: note: 'keyboard' has been explicitly marked unavailable here
4 | @available(watchOS, unavailable)
5 | @available(visionOS, unavailable)
6 | public static let keyboard: ToolbarItemPlacement}
| `- note: 'keyboard' has been explicitly marked unavailable here
7 |
/Users/admin/builder/spi-builder-workspace/Sources/Feddy/UI/NewConversationView.swift:105:18: error: 'onTapGesture(count:perform:)' is only available in tvOS 16.0 or newer
4 | /// Compose form (body + optional category), followed by the post-submit
5 | /// optional email ask. Email is never a required field before submitting.
6 | struct NewConversationView: View {
| `- note: add '@available' attribute to enclosing struct
7 | let onOpenConversation: (String) -> Void
8 |
:
70 | }
71 |
72 | private var composeForm: some View {
| `- note: add '@available' attribute to enclosing property
73 | VStack(alignment: .leading, spacing: 12) {
74 | if !categories.isEmpty {
:
103 | .background(
104 | Theme.page
105 | .onTapGesture { editorFocused = false }
| |- error: 'onTapGesture(count:perform:)' is only available in tvOS 16.0 or newer
| `- note: add 'if #available' version check
106 | )
107 | .safeAreaInset(edge: .bottom, spacing: 0) { sendBar }
/Users/admin/builder/spi-builder-workspace/Sources/Feddy/UI/Theme.swift:22:33: error: 'tertiarySystemFill' is unavailable in tvOS
20 | /// renders in — which is where the grey *background* colours collapse
21 | /// into the page and every surface loses its edge.
22 | static let surface = Color(.tertiarySystemFill)
| `- error: 'tertiarySystemFill' is unavailable in tvOS
23 |
24 | /// Rules that separate regions — never an outline around a control.
/Applications/Xcode-27.0.0.app/Contents/Developer/Platforms/AppleTVOS.platform/Developer/SDKs/AppleTVOS27.0.sdk/System/Library/Frameworks/UIKit.framework/Headers/UIInterface.h:239:49: note: 'tertiarySystemFill' has been explicitly marked unavailable here
237 | * Examples: Input fields, search bars, buttons.
238 | */
239 | @property (class, nonatomic, readonly) UIColor *tertiarySystemFillColor API_AVAILABLE(ios(13.0)) API_UNAVAILABLE(tvos, watchos);
| `- note: 'tertiarySystemFill' has been explicitly marked unavailable here
240 |
241 | /* quaternarySystemFillColor is appropriate for filling large areas containing complex content.
/Users/admin/builder/spi-builder-workspace/Sources/Feddy/UI/NewConversationView.swift:142:13: error: 'TextEditor' is unavailable in tvOS
140 | private var editor: some View {
141 | ZStack(alignment: .topLeading) {
142 | TextEditor(text: $model.text)
| `- error: 'TextEditor' is unavailable in tvOS
143 | .focused($editorFocused)
144 | .transparentScrollBackground()
SwiftUI.TextEditor:4:27: note: 'TextEditor' has been explicitly marked unavailable here
2 | @available(tvOS, unavailable)
3 | @available(watchOS, unavailable)
4 | nonisolated public struct TextEditor : View, ~Sendable {
| `- note: 'TextEditor' has been explicitly marked unavailable here
5 | nonisolated public init(text: Binding<String>)
6 | @available(iOS 18.0, macOS 15.0, visionOS 2.0, *)
SwiftCompile normal arm64 Compiling\ IdentityQueue.swift,\ Models.swift,\ Feddy.swift /Users/admin/builder/spi-builder-workspace/Sources/Feddy/Core/IdentityQueue.swift /Users/admin/builder/spi-builder-workspace/Sources/Feddy/Core/Models.swift /Users/admin/builder/spi-builder-workspace/Sources/Feddy/Feddy.swift (in target 'Feddy' from project 'Feddy')
SwiftCompile normal arm64 /Users/admin/builder/spi-builder-workspace/Sources/Feddy/Core/IdentityQueue.swift (in target 'Feddy' from project 'Feddy')
cd /Users/admin/builder/spi-builder-workspace/.swiftpm/xcode
builtin-SwiftPerFileCompile IdentityQueue.swift
SwiftCompile normal arm64 /Users/admin/builder/spi-builder-workspace/Sources/Feddy/Core/Models.swift (in target 'Feddy' from project 'Feddy')
cd /Users/admin/builder/spi-builder-workspace/.swiftpm/xcode
builtin-SwiftPerFileCompile Models.swift
SwiftCompile normal arm64 /Users/admin/builder/spi-builder-workspace/Sources/Feddy/Feddy.swift (in target 'Feddy' from project 'Feddy')
cd /Users/admin/builder/spi-builder-workspace/.swiftpm/xcode
builtin-SwiftPerFileCompile Feddy.swift
SwiftCompile normal arm64 Compiling\ AttachmentUpload.swift,\ BrandColor.swift,\ DeviceContext.swift /Users/admin/builder/spi-builder-workspace/Sources/Feddy/Core/AttachmentUpload.swift /Users/admin/builder/spi-builder-workspace/Sources/Feddy/Core/BrandColor.swift /Users/admin/builder/spi-builder-workspace/Sources/Feddy/Core/DeviceContext.swift (in target 'Feddy' from project 'Feddy')
SwiftCompile normal arm64 /Users/admin/builder/spi-builder-workspace/Sources/Feddy/Core/AttachmentUpload.swift (in target 'Feddy' from project 'Feddy')
cd /Users/admin/builder/spi-builder-workspace/.swiftpm/xcode
builtin-SwiftPerFileCompile AttachmentUpload.swift
SwiftCompile normal arm64 /Users/admin/builder/spi-builder-workspace/Sources/Feddy/Core/BrandColor.swift (in target 'Feddy' from project 'Feddy')
cd /Users/admin/builder/spi-builder-workspace/.swiftpm/xcode
builtin-SwiftPerFileCompile BrandColor.swift
SwiftCompile normal arm64 /Users/admin/builder/spi-builder-workspace/Sources/Feddy/Core/DeviceContext.swift (in target 'Feddy' from project 'Feddy')
cd /Users/admin/builder/spi-builder-workspace/.swiftpm/xcode
builtin-SwiftPerFileCompile DeviceContext.swift
SwiftCompile normal arm64 Compiling\ UnreadDot.swift,\ ViewModels.swift /Users/admin/builder/spi-builder-workspace/Sources/Feddy/UI/UnreadDot.swift /Users/admin/builder/spi-builder-workspace/Sources/Feddy/UI/ViewModels.swift (in target 'Feddy' from project 'Feddy')
SwiftCompile normal arm64 /Users/admin/builder/spi-builder-workspace/Sources/Feddy/UI/UnreadDot.swift (in target 'Feddy' from project 'Feddy')
cd /Users/admin/builder/spi-builder-workspace/.swiftpm/xcode
builtin-SwiftPerFileCompile UnreadDot.swift
SwiftCompile normal arm64 /Users/admin/builder/spi-builder-workspace/Sources/Feddy/UI/ViewModels.swift (in target 'Feddy' from project 'Feddy')
cd /Users/admin/builder/spi-builder-workspace/.swiftpm/xcode
builtin-SwiftPerFileCompile ViewModels.swift
SwiftCompile normal arm64 Compiling\ EmailValidation.swift,\ FeddyCore.swift,\ FeddyUnread.swift /Users/admin/builder/spi-builder-workspace/Sources/Feddy/Core/EmailValidation.swift /Users/admin/builder/spi-builder-workspace/Sources/Feddy/Core/FeddyCore.swift /Users/admin/builder/spi-builder-workspace/Sources/Feddy/Core/FeddyUnread.swift (in target 'Feddy' from project 'Feddy')
SwiftCompile normal arm64 /Users/admin/builder/spi-builder-workspace/Sources/Feddy/Core/EmailValidation.swift (in target 'Feddy' from project 'Feddy')
cd /Users/admin/builder/spi-builder-workspace/.swiftpm/xcode
builtin-SwiftPerFileCompile EmailValidation.swift
SwiftCompile normal arm64 /Users/admin/builder/spi-builder-workspace/Sources/Feddy/Core/FeddyCore.swift (in target 'Feddy' from project 'Feddy')
cd /Users/admin/builder/spi-builder-workspace/.swiftpm/xcode
builtin-SwiftPerFileCompile FeddyCore.swift
SwiftCompile normal arm64 /Users/admin/builder/spi-builder-workspace/Sources/Feddy/Core/FeddyUnread.swift (in target 'Feddy' from project 'Feddy')
cd /Users/admin/builder/spi-builder-workspace/.swiftpm/xcode
builtin-SwiftPerFileCompile FeddyUnread.swift
SwiftCompile normal arm64 Compiling\ Presenter.swift,\ Strings.swift /Users/admin/builder/spi-builder-workspace/Sources/Feddy/UI/Presenter.swift /Users/admin/builder/spi-builder-workspace/Sources/Feddy/UI/Strings.swift (in target 'Feddy' from project 'Feddy')
SwiftCompile normal arm64 /Users/admin/builder/spi-builder-workspace/Sources/Feddy/UI/Presenter.swift (in target 'Feddy' from project 'Feddy')
cd /Users/admin/builder/spi-builder-workspace/.swiftpm/xcode
builtin-SwiftPerFileCompile Presenter.swift
SwiftCompile normal arm64 /Users/admin/builder/spi-builder-workspace/Sources/Feddy/UI/Strings.swift (in target 'Feddy' from project 'Feddy')
cd /Users/admin/builder/spi-builder-workspace/.swiftpm/xcode
builtin-SwiftPerFileCompile Strings.swift
SwiftCompile normal arm64 Compiling\ Theme.swift,\ UnreadBadge.swift /Users/admin/builder/spi-builder-workspace/Sources/Feddy/UI/Theme.swift /Users/admin/builder/spi-builder-workspace/Sources/Feddy/UI/UnreadBadge.swift (in target 'Feddy' from project 'Feddy')
/Users/admin/builder/spi-builder-workspace/Sources/Feddy/UI/Theme.swift:14:30: error: 'systemBackground' is unavailable in tvOS
12 | /// which reads as a purple tint at full-screen size — one more reason
13 | /// the surfaces above are fills rather than greys.
14 | static let page = Color(.systemBackground)
| `- error: 'systemBackground' is unavailable in tvOS
15 |
16 | /// Raised surfaces: inputs, chips, and the teammate's bubbles. Apple
/Applications/Xcode-27.0.0.app/Contents/Developer/Platforms/AppleTVOS.platform/Developer/SDKs/AppleTVOS27.0.sdk/System/Library/Frameworks/UIKit.framework/Headers/UIInterface.h:208:49: note: 'systemBackground' has been explicitly marked unavailable here
206 | * primary background in light mode.
207 | */
208 | @property (class, nonatomic, readonly) UIColor *systemBackgroundColor API_AVAILABLE(ios(13.0)) API_UNAVAILABLE(tvos, watchos);
| `- note: 'systemBackground' has been explicitly marked unavailable here
209 | @property (class, nonatomic, readonly) UIColor *secondarySystemBackgroundColor API_AVAILABLE(ios(13.0)) API_UNAVAILABLE(tvos, watchos);
210 | @property (class, nonatomic, readonly) UIColor *tertiarySystemBackgroundColor API_AVAILABLE(ios(13.0)) API_UNAVAILABLE(tvos, watchos);
/Users/admin/builder/spi-builder-workspace/Sources/Feddy/UI/Theme.swift:22:33: error: 'tertiarySystemFill' is unavailable in tvOS
20 | /// renders in — which is where the grey *background* colours collapse
21 | /// into the page and every surface loses its edge.
22 | static let surface = Color(.tertiarySystemFill)
| `- error: 'tertiarySystemFill' is unavailable in tvOS
23 |
24 | /// Rules that separate regions — never an outline around a control.
/Applications/Xcode-27.0.0.app/Contents/Developer/Platforms/AppleTVOS.platform/Developer/SDKs/AppleTVOS27.0.sdk/System/Library/Frameworks/UIKit.framework/Headers/UIInterface.h:239:49: note: 'tertiarySystemFill' has been explicitly marked unavailable here
237 | * Examples: Input fields, search bars, buttons.
238 | */
239 | @property (class, nonatomic, readonly) UIColor *tertiarySystemFillColor API_AVAILABLE(ios(13.0)) API_UNAVAILABLE(tvos, watchos);
| `- note: 'tertiarySystemFill' has been explicitly marked unavailable here
240 |
241 | /* quaternarySystemFillColor is appropriate for filling large areas containing complex content.
/Users/admin/builder/spi-builder-workspace/Sources/Feddy/UI/Theme.swift:48:35: error: 'secondarySystemFill' is unavailable in tvOS
46 | /// Deliberately not the brand colour — the panel sits inside someone
47 | /// else's app, and a large tinted surface reads as a claim about it.
48 | static let ownBubble = Color(.secondarySystemFill)
| `- error: 'secondarySystemFill' is unavailable in tvOS
49 |
50 | /// The configured hex when there is one, otherwise whatever the host
/Applications/Xcode-27.0.0.app/Contents/Developer/Platforms/AppleTVOS.platform/Developer/SDKs/AppleTVOS27.0.sdk/System/Library/Frameworks/UIKit.framework/Headers/UIInterface.h:234:49: note: 'secondarySystemFill' has been explicitly marked unavailable here
232 | * Example: The background of a switch.
233 | */
234 | @property (class, nonatomic, readonly) UIColor *secondarySystemFillColor API_AVAILABLE(ios(13.0)) API_UNAVAILABLE(tvos, watchos);
| `- note: 'secondarySystemFill' has been explicitly marked unavailable here
235 |
236 | /* tertiarySystemFillColor is appropriate for filling large shapes.
SwiftCompile normal arm64 /Users/admin/builder/spi-builder-workspace/Sources/Feddy/UI/Theme.swift (in target 'Feddy' from project 'Feddy')
cd /Users/admin/builder/spi-builder-workspace/.swiftpm/xcode
builtin-SwiftPerFileCompile Theme.swift
SwiftCompile normal arm64 /Users/admin/builder/spi-builder-workspace/Sources/Feddy/UI/UnreadBadge.swift (in target 'Feddy' from project 'Feddy')
cd /Users/admin/builder/spi-builder-workspace/.swiftpm/xcode
builtin-SwiftPerFileCompile UnreadBadge.swift
SwiftCompile normal arm64 Compiling\ AttachmentImage.swift,\ AttachmentTray.swift,\ ConversationDetailView.swift /Users/admin/builder/spi-builder-workspace/Sources/Feddy/UI/AttachmentImage.swift /Users/admin/builder/spi-builder-workspace/Sources/Feddy/UI/AttachmentTray.swift /Users/admin/builder/spi-builder-workspace/Sources/Feddy/UI/ConversationDetailView.swift (in target 'Feddy' from project 'Feddy')
macro expansion @State:8:28: error: cannot find type 'PhotosPickerItem' in scope
`- /Users/admin/builder/spi-builder-workspace/Sources/Feddy/UI/AttachmentTray.swift:194:58: note: expanded code originates here
192 | var disabled: Bool
193 | @ViewBuilder var label: () -> Label
194 | @State private var selection: [PhotosPickerItem] = []
| `- note: in expansion of macro 'State' on property 'selection' here
+--- macro expansion @State ----------------------------------------
| 6 | @SwiftUICore._StatePropertyWrapperStorage(initialValue: "JHM1RmVkZHkxNkF0dGFjaG1lbnRQaWNrZXJWOXNlbGVjdGlvbjMzXzM0RUNBMTk0QUIwNDE1MzVCMkQwNEZGNzlEODZEMkIxTEw1U3RhdGVmTXBfMjBfaW5pdGlhbFN0b3JlZFZhbHVlX2ZNdV8=")
| 7 | private var _selection: SwiftUICore.State<_>! = SwiftUICore._stateNil(of: {
| 8 | SwiftUICore.State<[PhotosPickerItem]>(initialValue: [])
| | `- error: cannot find type 'PhotosPickerItem' in scope
| 9 | })
|10 |
+-------------------------------------------------------------------
195 |
196 | var body: some View {
macro expansion @State:7:43: error: could not infer type for placeholder
`- /Users/admin/builder/spi-builder-workspace/Sources/Feddy/UI/AttachmentTray.swift:194:58: note: expanded code originates here
192 | var disabled: Bool
193 | @ViewBuilder var label: () -> Label
194 | @State private var selection: [PhotosPickerItem] = []
| `- note: in expansion of macro 'State' on property 'selection' here
+--- macro expansion @State ----------------------------------------
| 5 |
| 6 | @SwiftUICore._StatePropertyWrapperStorage(initialValue: "JHM1RmVkZHkxNkF0dGFjaG1lbnRQaWNrZXJWOXNlbGVjdGlvbjMzXzM0RUNBMTk0QUIwNDE1MzVCMkQwNEZGNzlEODZEMkIxTEw1U3RhdGVmTXBfMjBfaW5pdGlhbFN0b3JlZFZhbHVlX2ZNdV8=")
| 7 | private var _selection: SwiftUICore.State<_>! = SwiftUICore._stateNil(of: {
| | `- error: could not infer type for placeholder
| 8 | SwiftUICore.State<[PhotosPickerItem]>(initialValue: [])
| 9 | })
+-------------------------------------------------------------------
195 |
196 | var body: some View {
/Users/admin/builder/spi-builder-workspace/Sources/Feddy/UI/AttachmentTray.swift:194:36: error: cannot find type 'PhotosPickerItem' in scope
192 | var disabled: Bool
193 | @ViewBuilder var label: () -> Label
194 | @State private var selection: [PhotosPickerItem] = []
| `- error: cannot find type 'PhotosPickerItem' in scope
195 |
196 | var body: some View {
macro expansion @State:2:25: error: cannot find type 'PhotosPickerItem' in scope
`- /Users/admin/builder/spi-builder-workspace/Sources/Feddy/UI/AttachmentTray.swift:194:58: note: expanded code originates here
192 | var disabled: Bool
193 | @ViewBuilder var label: () -> Label
194 | @State private var selection: [PhotosPickerItem] = []
| `- note: in expansion of macro 'State' on property 'selection' here
+--- macro expansion @State ----------------------------------------
| 1 | private var __selection = SwiftUICore.State._makeStorage(({
| 2 | let value: [PhotosPickerItem] = []
| | `- error: cannot find type 'PhotosPickerItem' in scope
| 3 | return value
| 4 | }))
+-------------------------------------------------------------------
195 |
196 | var body: some View {
macro expansion @State:12:45: error: cannot find type 'PhotosPickerItem' in scope
`- /Users/admin/builder/spi-builder-workspace/Sources/Feddy/UI/AttachmentTray.swift:194:58: note: expanded code originates here
192 | var disabled: Bool
193 | @ViewBuilder var label: () -> Label
194 | @State private var selection: [PhotosPickerItem] = []
| `- note: in expansion of macro 'State' on property 'selection' here
+--- macro expansion @State ----------------------------------------
|10 |
|11 | @SwiftUICore._StateProjectedValue
|12 | private var $selection = SwiftUICore.State<[PhotosPickerItem]>(initialValue: []).projectedValue
| | `- error: cannot find type 'PhotosPickerItem' in scope
|13 |
|14 | @SwiftUICore._StateInitialStoredValue("U3dpZnRVSUNvcmUuU3RhdGUuX21ha2VTdG9yYWdlKCh7IGxldCB2YWx1ZTogW1Bob3Rvc1BpY2tlckl0ZW1dID0gW10KcmV0dXJuIHZhbHVlIH0pKQ==")
+-------------------------------------------------------------------
195 |
196 | var body: some View {
macro expansion @State:16:21: error: cannot find type 'PhotosPickerItem' in scope
`- /Users/admin/builder/spi-builder-workspace/Sources/Feddy/UI/AttachmentTray.swift:194:58: note: expanded code originates here
192 | var disabled: Bool
193 | @ViewBuilder var label: () -> Label
194 | @State private var selection: [PhotosPickerItem] = []
| `- note: in expansion of macro 'State' on property 'selection' here
+--- macro expansion @State ----------------------------------------
|14 | @SwiftUICore._StateInitialStoredValue("U3dpZnRVSUNvcmUuU3RhdGUuX21ha2VTdG9yYWdlKCh7IGxldCB2YWx1ZTogW1Bob3Rvc1BpY2tlckl0ZW1dID0gW10KcmV0dXJuIHZhbHVlIH0pKQ==")
|15 | private static var $s5Feddy16AttachmentPickerV9selection33_34ECA194AB041535B2D04FF79D86D2B1LL5StatefMp_20_initialStoredValue_fMu_ = (SwiftUICore.State._makeStorage(initialValue: {
|16 | let x: [PhotosPickerItem] = []
| | `- error: cannot find type 'PhotosPickerItem' in scope
|17 | return x
|18 | }()))
+-------------------------------------------------------------------
195 |
196 | var body: some View {
macro expansion @_StateInitialStoredValue:4:33: error: cannot find type 'PhotosPickerItem' in scope
`- /Users/admin/builder/spi-builder-workspace/Sources/Feddy/UI/AttachmentTray.swift:194:58: note: expanded code originates here
192 | var disabled: Bool
193 | @ViewBuilder var label: () -> Label
194 | @State private var selection: [PhotosPickerItem] = []
| `- note: in expansion of macro 'State' on property 'selection' here
+--- macro expansion @State ----------------------------------------
|12 | private var $selection = SwiftUICore.State<[PhotosPickerItem]>(initialValue: []).projectedValue
|13 |
|14 | @SwiftUICore._StateInitialStoredValue("U3dpZnRVSUNvcmUuU3RhdGUuX21ha2VTdG9yYWdlKCh7IGxldCB2YWx1ZTogW1Bob3Rvc1BpY2tlckl0ZW1dID0gW10KcmV0dXJuIHZhbHVlIH0pKQ==")
| | `- note: in expansion of macro '_StateInitialStoredValue' on static property '$s5Feddy16AttachmentPickerV9selection33_34ECA194AB041535B2D04FF79D86D2B1LL5StatefMp_20_initialStoredValue_fMu_' here
|15 | private static var $s5Feddy16AttachmentPickerV9selection33_34ECA194AB041535B2D04FF79D86D2B1LL5StatefMp_20_initialStoredValue_fMu_ = (SwiftUICore.State._makeStorage(initialValue: {
|16 | let x: [PhotosPickerItem] = []
|17 | return x
|18 | }()))
| +--- macro expansion @_StateInitialStoredValue -----------------
| |2 | get {
| |3 | SwiftUICore.State._makeStorage(({
| |4 | let value: [PhotosPickerItem] = []
| | | `- error: cannot find type 'PhotosPickerItem' in scope
| |5 | return value
| |6 | }))
| +---------------------------------------------------------------
+-------------------------------------------------------------------
195 |
196 | var body: some View {
SwiftCompile normal arm64 /Users/admin/builder/spi-builder-workspace/Sources/Feddy/UI/AttachmentImage.swift (in target 'Feddy' from project 'Feddy')
cd /Users/admin/builder/spi-builder-workspace/.swiftpm/xcode
builtin-SwiftPerFileCompile AttachmentImage.swift
SwiftCompile normal arm64 /Users/admin/builder/spi-builder-workspace/Sources/Feddy/UI/AttachmentTray.swift (in target 'Feddy' from project 'Feddy')
cd /Users/admin/builder/spi-builder-workspace/.swiftpm/xcode
builtin-SwiftPerFileCompile AttachmentTray.swift
SwiftCompile normal arm64 /Users/admin/builder/spi-builder-workspace/Sources/Feddy/UI/ConversationDetailView.swift (in target 'Feddy' from project 'Feddy')
cd /Users/admin/builder/spi-builder-workspace/.swiftpm/xcode
builtin-SwiftPerFileCompile ConversationDetailView.swift
SwiftCompile normal arm64 Compiling\ resource_bundle_accessor.swift,\ APIClient.swift,\ AnonIdStore.swift /Users/admin/builder/spi-builder-workspace/.derivedData/Build/Intermediates.noindex/Feddy.build/Debug-appletvos/Feddy-t.build/DerivedSources/resource_bundle_accessor.swift /Users/admin/builder/spi-builder-workspace/Sources/Feddy/Core/APIClient.swift /Users/admin/builder/spi-builder-workspace/Sources/Feddy/Core/AnonIdStore.swift (in target 'Feddy' from project 'Feddy')
SwiftCompile normal arm64 /Users/admin/builder/spi-builder-workspace/.derivedData/Build/Intermediates.noindex/Feddy.build/Debug-appletvos/Feddy-t.build/DerivedSources/resource_bundle_accessor.swift (in target 'Feddy' from project 'Feddy')
cd /Users/admin/builder/spi-builder-workspace/.swiftpm/xcode
builtin-SwiftPerFileCompile resource_bundle_accessor.swift
SwiftCompile normal arm64 /Users/admin/builder/spi-builder-workspace/Sources/Feddy/Core/APIClient.swift (in target 'Feddy' from project 'Feddy')
cd /Users/admin/builder/spi-builder-workspace/.swiftpm/xcode
builtin-SwiftPerFileCompile APIClient.swift
SwiftCompile normal arm64 /Users/admin/builder/spi-builder-workspace/Sources/Feddy/Core/AnonIdStore.swift (in target 'Feddy' from project 'Feddy')
cd /Users/admin/builder/spi-builder-workspace/.swiftpm/xcode
builtin-SwiftPerFileCompile AnonIdStore.swift
PruneExplicitPrecompiledModules /Users/admin/builder/spi-builder-workspace/.derivedData/SDKExplicitPrecompiledModules
PruneExplicitPrecompiledModules /Users/admin/builder/spi-builder-workspace/.derivedData/Build/Intermediates.noindex/ExplicitPrecompiledModules
PruneExplicitPrecompiledModules /Users/admin/builder/spi-builder-workspace/.derivedData/Build/Intermediates.noindex/SwiftExplicitPrecompiledModules
2026-10-13 10:11:09.270 xcodebuild[657:4227] [MT] IDERunDestination: Supported platforms for the buildables in the current scheme is empty.
** BUILD FAILED **
The following build commands failed:
SwiftCompile normal arm64 (in target 'Feddy' from project 'Feddy')
SwiftEmitModule normal arm64 Emitting\ module\ for\ Feddy (in target 'Feddy' from project 'Feddy')
Building workspace Feddy with scheme Feddy
(3 failures)
Command line invocation:
/Applications/Xcode-27.0.0.app/Contents/Developer/usr/bin/xcodebuild -IDEClonedSourcePackagesDirPathOverride=/Users/admin/builder/spi-builder-workspace/.dependencies -resolvePackageDependencies
Resolve Package Graph
Resolved source packages:
Feddy: /Users/admin/builder/spi-builder-workspace
resolved source packages: Feddy
2026-10-13 10:11:16.263 xcodebuild[762:4637] [MT] IDERunDestination: Supported platforms for the buildables in the current scheme is empty.
{
"default_localization" : "en",
"dependencies" : [
],
"manifest_display_name" : "Feddy",
"name" : "Feddy",
"path" : "/Users/admin/builder/spi-builder-workspace",
"platforms" : [
{
"name" : "ios",
"version" : "15.0"
},
{
"name" : "macos",
"version" : "12.0"
}
],
"products" : [
{
"name" : "Feddy",
"targets" : [
"Feddy"
],
"type" : {
"library" : [
"automatic"
]
}
}
],
"targets" : [
{
"c99name" : "FeddyTests",
"module_type" : "SwiftTarget",
"name" : "FeddyTests",
"path" : "Tests/FeddyTests",
"sources" : [
"IdentityQueueTests.swift",
"ModelsTests.swift"
],
"target_dependencies" : [
"Feddy"
],
"type" : "test"
},
{
"c99name" : "Feddy",
"module_type" : "SwiftTarget",
"name" : "Feddy",
"path" : "Sources/Feddy",
"product_memberships" : [
"Feddy"
],
"resources" : [
{
"path" : "/Users/admin/builder/spi-builder-workspace/Sources/Feddy/PrivacyInfo.xcprivacy",
"rule" : {
"copy" : {
}
}
},
{
"path" : "/Users/admin/builder/spi-builder-workspace/Sources/Feddy/Resources/de.lproj/Localizable.strings",
"rule" : {
"process" : {
"localization" : "de"
}
}
},
{
"path" : "/Users/admin/builder/spi-builder-workspace/Sources/Feddy/Resources/en.lproj/Localizable.strings",
"rule" : {
"process" : {
"localization" : "en"
}
}
},
{
"path" : "/Users/admin/builder/spi-builder-workspace/Sources/Feddy/Resources/es.lproj/Localizable.strings",
"rule" : {
"process" : {
"localization" : "es"
}
}
},
{
"path" : "/Users/admin/builder/spi-builder-workspace/Sources/Feddy/Resources/fr.lproj/Localizable.strings",
"rule" : {
"process" : {
"localization" : "fr"
}
}
},
{
"path" : "/Users/admin/builder/spi-builder-workspace/Sources/Feddy/Resources/ja.lproj/Localizable.strings",
"rule" : {
"process" : {
"localization" : "ja"
}
}
},
{
"path" : "/Users/admin/builder/spi-builder-workspace/Sources/Feddy/Resources/ko.lproj/Localizable.strings",
"rule" : {
"process" : {
"localization" : "ko"
}
}
},
{
"path" : "/Users/admin/builder/spi-builder-workspace/Sources/Feddy/Resources/pt-BR.lproj/Localizable.strings",
"rule" : {
"process" : {
"localization" : "pt-br"
}
}
},
{
"path" : "/Users/admin/builder/spi-builder-workspace/Sources/Feddy/Resources/ru.lproj/Localizable.strings",
"rule" : {
"process" : {
"localization" : "ru"
}
}
},
{
"path" : "/Users/admin/builder/spi-builder-workspace/Sources/Feddy/Resources/zh-Hans.lproj/Localizable.strings",
"rule" : {
"process" : {
"localization" : "zh-hans"
}
}
},
{
"path" : "/Users/admin/builder/spi-builder-workspace/Sources/Feddy/Resources/zh-Hant.lproj/Localizable.strings",
"rule" : {
"process" : {
"localization" : "zh-hant"
}
}
}
],
"sources" : [
"Core/APIClient.swift",
"Core/AnonIdStore.swift",
"Core/AttachmentUpload.swift",
"Core/BrandColor.swift",
"Core/DeviceContext.swift",
"Core/EmailValidation.swift",
"Core/FeddyCore.swift",
"Core/FeddyUnread.swift",
"Core/IdentityQueue.swift",
"Core/Models.swift",
"Feddy.swift",
"UI/AttachmentImage.swift",
"UI/AttachmentTray.swift",
"UI/ConversationDetailView.swift",
"UI/ConversationRow.swift",
"UI/EmailCapture.swift",
"UI/FeddyRootView.swift",
"UI/HomeView.swift",
"UI/NewConversationView.swift",
"UI/PoweredByFeddy.swift",
"UI/Presenter.swift",
"UI/Strings.swift",
"UI/Theme.swift",
"UI/UnreadBadge.swift",
"UI/UnreadDot.swift",
"UI/ViewModels.swift"
],
"type" : "library"
}
],
"tools_version" : "5.9"
}
{
"workspace" : {
"name" : "Feddy",
"schemes" : [
"Feddy"
]
}
}
2026-10-13 10:11:17.533 xcodebuild[770:4712] [MT] IDERunDestination: Supported platforms for the buildables in the current scheme is empty.
Running build ...
env DEVELOPER_DIR=/Applications/Xcode-27.0.0.app xcrun xcodebuild -IDEClonedSourcePackagesDirPathOverride=$PWD/.dependencies -skipMacroValidation -skipPackagePluginValidation -derivedDataPath $PWD/.derivedData build -scheme Feddy -destination generic/platform=tvOS
Command line invocation:
/Applications/Xcode-27.0.0.app/Contents/Developer/usr/bin/xcodebuild -IDEClonedSourcePackagesDirPathOverride=/Users/admin/builder/spi-builder-workspace/.dependencies -skipMacroValidation -skipPackagePluginValidation -derivedDataPath /Users/admin/builder/spi-builder-workspace/.derivedData build -scheme Feddy -destination generic/platform=tvOS
Resolve Package Graph
Resolved source packages:
Feddy: /Users/admin/builder/spi-builder-workspace
ComputePackagePrebuildTargetDependencyGraph
Prepare packages
CreateBuildRequest
SendProjectDescription
CreateBuildOperation
ComputeTargetDependencyGraph
note: Building targets in dependency order
note: Target dependency graph (3 targets)
Target 'Feddy-product' in project 'Feddy'
➜ Explicit dependency on target 'Feddy' in project 'Feddy'
➜ Explicit dependency on target 'Feddy_Feddy' in project 'Feddy'
Target 'Feddy' in project 'Feddy'
➜ Explicit dependency on target 'Feddy_Feddy' in project 'Feddy'
Target 'Feddy_Feddy' in project 'Feddy' (no dependencies)
GatherProvisioningInputs
CreateBuildDescription
ClangStatCache /Applications/Xcode-27.0.0.app/Contents/Developer/Toolchains/XcodeDefault.xctoolchain/usr/bin/clang-stat-cache /Applications/Xcode-27.0.0.app/Contents/Developer/Platforms/AppleTVOS.platform/Developer/SDKs/AppleTVOS27.0.sdk /Users/admin/builder/spi-builder-workspace/.derivedData/SDKStatCaches.noindex/appletvos27.0-24J360-e829b21a6f8c9b70876ba0858053c044509235ffd515576fb835ffc8f67461e5.sdkstatcache
cd /Users/admin/builder/spi-builder-workspace/.swiftpm/xcode
/Applications/Xcode-27.0.0.app/Contents/Developer/Toolchains/XcodeDefault.xctoolchain/usr/bin/clang-stat-cache /Applications/Xcode-27.0.0.app/Contents/Developer/Platforms/AppleTVOS.platform/Developer/SDKs/AppleTVOS27.0.sdk -o /Users/admin/builder/spi-builder-workspace/.derivedData/SDKStatCaches.noindex/appletvos27.0-24J360-e829b21a6f8c9b70876ba0858053c044509235ffd515576fb835ffc8f67461e5.sdkstatcache
SwiftDriver Feddy normal arm64 com.apple.xcode.tools.swift.compiler (in target 'Feddy' from project 'Feddy')
cd /Users/admin/builder/spi-builder-workspace/.swiftpm/xcode
builtin-SwiftDriver -- /Applications/Xcode-27.0.0.app/Contents/Developer/Toolchains/XcodeDefault.xctoolchain/usr/bin/swiftc -parse-as-library -module-name Feddy -Onone @/Users/admin/builder/spi-builder-workspace/.derivedData/Build/Intermediates.noindex/Feddy.build/Debug-appletvos/Feddy-t.build/Objects-normal/arm64/Feddy.SwiftFileList -DSWIFT_PACKAGE -DDEBUG -DSWIFT_MODULE_RESOURCE_BUNDLE_AVAILABLE -DXcode -plugin-path /Applications/Xcode-27.0.0.app/Contents/Developer/Toolchains/XcodeDefault.xctoolchain/usr/lib/swift/host/plugins/testing -enable-experimental-feature DebugDescriptionMacro -sdk /Applications/Xcode-27.0.0.app/Contents/Developer/Platforms/AppleTVOS.platform/Developer/SDKs/AppleTVOS27.0.sdk -target arm64-apple-tvos15.0 -g -module-cache-path /Users/admin/builder/spi-builder-workspace/.derivedData/ModuleCache.noindex -Xfrontend -serialize-debugging-options -profile-coverage-mapping -profile-generate -enable-testing -index-store-path /Users/admin/builder/spi-builder-workspace/.derivedData/Index.noindex/DataStore -Xcc -D_LIBCPP_HARDENING_MODE\=_LIBCPP_HARDENING_MODE_DEBUG -swift-version 5 -I /Users/admin/builder/spi-builder-workspace/.derivedData/Build/Products/Debug-appletvos -Isystem /Applications/Xcode-27.0.0.app/Contents/Developer/Platforms/AppleTVOS.platform/Developer/usr/lib -F /Users/admin/builder/spi-builder-workspace/.derivedData/Build/Products/Debug-appletvos -F /Applications/Xcode-27.0.0.app/Contents/Developer/Platforms/AppleTVOS.platform/Developer/Library/Frameworks -F /Applications/Xcode-27.0.0.app/Contents/Developer/Platforms/AppleTVOS.platform/Developer/SDKs/AppleTVOS27.0.sdk/Developer/Library/Frameworks -emit-localized-strings -emit-localized-strings-path /Users/admin/builder/spi-builder-workspace/.derivedData/Build/Intermediates.noindex/Feddy.build/Debug-appletvos/Feddy-t.build/Objects-normal/arm64 -c -j10 -enable-batch-mode -incremental -Xcc -ivfsstatcache -Xcc /Users/admin/builder/spi-builder-workspace/.derivedData/SDKStatCaches.noindex/appletvos27.0-24J360-e829b21a6f8c9b70876ba0858053c044509235ffd515576fb835ffc8f67461e5.sdkstatcache -output-file-map /Users/admin/builder/spi-builder-workspace/.derivedData/Build/Intermediates.noindex/Feddy.build/Debug-appletvos/Feddy-t.build/Objects-normal/arm64/Feddy-OutputFileMap.json -save-temps -no-color-diagnostics -explicit-module-build -module-cache-path /Users/admin/builder/spi-builder-workspace/.derivedData/Build/Intermediates.noindex/SwiftExplicitPrecompiledModules -clang-scanner-module-cache-path /Users/admin/builder/spi-builder-workspace/.derivedData/ModuleCache.noindex -sdk-module-cache-path /Users/admin/builder/spi-builder-workspace/.derivedData/SDKExplicitPrecompiledModules -emit-dependencies -emit-module -emit-module-path /Users/admin/builder/spi-builder-workspace/.derivedData/Build/Intermediates.noindex/Feddy.build/Debug-appletvos/Feddy-t.build/Objects-normal/arm64/Feddy.swiftmodule -serialize-diagnostics -dependency-scan-serialize-diagnostics-path /Users/admin/builder/spi-builder-workspace/.derivedData/Build/Intermediates.noindex/Feddy.build/Debug-appletvos/Feddy-t.build/Objects-normal/arm64/Feddy-dependency-scan.dia -validate-clang-modules-once -clang-build-session-file /Users/admin/builder/spi-builder-workspace/.derivedData/ModuleCache.noindex/Session.modulevalidation -Xcc -fmodules-prune-interval\=86400 -Xcc -fmodules-prune-after\=345600 -package-name spi_builder_workspace -emit-const-values -const-gather-protocols-list /Users/admin/builder/spi-builder-workspace/.derivedData/Build/Intermediates.noindex/Feddy.build/Debug-appletvos/Feddy-t.build/Objects-normal/arm64/Feddy_const_extract_protocols.json -Xcc -I/Users/admin/builder/spi-builder-workspace/.derivedData/Build/Products/Debug-appletvos/include -Xcc -I/Users/admin/builder/spi-builder-workspace/.derivedData/Build/Intermediates.noindex/Feddy.build/Debug-appletvos/Feddy-t.build/DerivedSources-normal/arm64 -Xcc -I/Users/admin/builder/spi-builder-workspace/.derivedData/Build/Intermediates.noindex/Feddy.build/Debug-appletvos/Feddy-t.build/DerivedSources/arm64 -Xcc -I/Users/admin/builder/spi-builder-workspace/.derivedData/Build/Intermediates.noindex/Feddy.build/Debug-appletvos/Feddy-t.build/DerivedSources -Xcc -DSWIFT_PACKAGE -Xcc -DDEBUG\=1 -emit-objc-header -emit-objc-header-path /Users/admin/builder/spi-builder-workspace/.derivedData/Build/Intermediates.noindex/Feddy.build/Debug-appletvos/Feddy-t.build/Objects-normal/arm64/Feddy-Swift.h -working-directory /Users/admin/builder/spi-builder-workspace/.swiftpm/xcode -experimental-emit-module-separately -disable-cmo
SwiftCompile normal arm64 Compiling\ IdentityQueue.swift,\ Models.swift,\ Feddy.swift /Users/admin/builder/spi-builder-workspace/Sources/Feddy/Core/IdentityQueue.swift /Users/admin/builder/spi-builder-workspace/Sources/Feddy/Core/Models.swift /Users/admin/builder/spi-builder-workspace/Sources/Feddy/Feddy.swift (in target 'Feddy' from project 'Feddy')
SwiftCompile normal arm64 /Users/admin/builder/spi-builder-workspace/Sources/Feddy/Core/IdentityQueue.swift (in target 'Feddy' from project 'Feddy')
cd /Users/admin/builder/spi-builder-workspace/.swiftpm/xcode
builtin-SwiftPerFileCompile IdentityQueue.swift
SwiftCompile normal arm64 /Users/admin/builder/spi-builder-workspace/Sources/Feddy/Core/Models.swift (in target 'Feddy' from project 'Feddy')
cd /Users/admin/builder/spi-builder-workspace/.swiftpm/xcode
builtin-SwiftPerFileCompile Models.swift
SwiftCompile normal arm64 /Users/admin/builder/spi-builder-workspace/Sources/Feddy/Feddy.swift (in target 'Feddy' from project 'Feddy')
cd /Users/admin/builder/spi-builder-workspace/.swiftpm/xcode
builtin-SwiftPerFileCompile Feddy.swift
SwiftCompile normal arm64 Compiling\ Theme.swift,\ UnreadBadge.swift /Users/admin/builder/spi-builder-workspace/Sources/Feddy/UI/Theme.swift /Users/admin/builder/spi-builder-workspace/Sources/Feddy/UI/UnreadBadge.swift (in target 'Feddy' from project 'Feddy')
SwiftCompile normal arm64 /Users/admin/builder/spi-builder-workspace/Sources/Feddy/UI/Theme.swift (in target 'Feddy' from project 'Feddy')
cd /Users/admin/builder/spi-builder-workspace/.swiftpm/xcode
builtin-SwiftPerFileCompile Theme.swift
SwiftCompile normal arm64 /Users/admin/builder/spi-builder-workspace/Sources/Feddy/UI/UnreadBadge.swift (in target 'Feddy' from project 'Feddy')
cd /Users/admin/builder/spi-builder-workspace/.swiftpm/xcode
builtin-SwiftPerFileCompile UnreadBadge.swift
/Users/admin/builder/spi-builder-workspace/Sources/Feddy/UI/Theme.swift:14:30: error: 'systemBackground' is unavailable in tvOS
12 | /// which reads as a purple tint at full-screen size — one more reason
13 | /// the surfaces above are fills rather than greys.
14 | static let page = Color(.systemBackground)
| `- error: 'systemBackground' is unavailable in tvOS
15 |
16 | /// Raised surfaces: inputs, chips, and the teammate's bubbles. Apple
/Applications/Xcode-27.0.0.app/Contents/Developer/Platforms/AppleTVOS.platform/Developer/SDKs/AppleTVOS27.0.sdk/System/Library/Frameworks/UIKit.framework/Headers/UIInterface.h:208:49: note: 'systemBackground' has been explicitly marked unavailable here
206 | * primary background in light mode.
207 | */
208 | @property (class, nonatomic, readonly) UIColor *systemBackgroundColor API_AVAILABLE(ios(13.0)) API_UNAVAILABLE(tvos, watchos);
| `- note: 'systemBackground' has been explicitly marked unavailable here
209 | @property (class, nonatomic, readonly) UIColor *secondarySystemBackgroundColor API_AVAILABLE(ios(13.0)) API_UNAVAILABLE(tvos, watchos);
210 | @property (class, nonatomic, readonly) UIColor *tertiarySystemBackgroundColor API_AVAILABLE(ios(13.0)) API_UNAVAILABLE(tvos, watchos);
/Users/admin/builder/spi-builder-workspace/Sources/Feddy/UI/Theme.swift:22:33: error: 'tertiarySystemFill' is unavailable in tvOS
20 | /// renders in — which is where the grey *background* colours collapse
21 | /// into the page and every surface loses its edge.
22 | static let surface = Color(.tertiarySystemFill)
| `- error: 'tertiarySystemFill' is unavailable in tvOS
23 |
24 | /// Rules that separate regions — never an outline around a control.
/Applications/Xcode-27.0.0.app/Contents/Developer/Platforms/AppleTVOS.platform/Developer/SDKs/AppleTVOS27.0.sdk/System/Library/Frameworks/UIKit.framework/Headers/UIInterface.h:239:49: note: 'tertiarySystemFill' has been explicitly marked unavailable here
237 | * Examples: Input fields, search bars, buttons.
238 | */
239 | @property (class, nonatomic, readonly) UIColor *tertiarySystemFillColor API_AVAILABLE(ios(13.0)) API_UNAVAILABLE(tvos, watchos);
| `- note: 'tertiarySystemFill' has been explicitly marked unavailable here
240 |
241 | /* quaternarySystemFillColor is appropriate for filling large areas containing complex content.
/Users/admin/builder/spi-builder-workspace/Sources/Feddy/UI/Theme.swift:48:35: error: 'secondarySystemFill' is unavailable in tvOS
46 | /// Deliberately not the brand colour — the panel sits inside someone
47 | /// else's app, and a large tinted surface reads as a claim about it.
48 | static let ownBubble = Color(.secondarySystemFill)
| `- error: 'secondarySystemFill' is unavailable in tvOS
49 |
50 | /// The configured hex when there is one, otherwise whatever the host
/Applications/Xcode-27.0.0.app/Contents/Developer/Platforms/AppleTVOS.platform/Developer/SDKs/AppleTVOS27.0.sdk/System/Library/Frameworks/UIKit.framework/Headers/UIInterface.h:234:49: note: 'secondarySystemFill' has been explicitly marked unavailable here
232 | * Example: The background of a switch.
233 | */
234 | @property (class, nonatomic, readonly) UIColor *secondarySystemFillColor API_AVAILABLE(ios(13.0)) API_UNAVAILABLE(tvos, watchos);
| `- note: 'secondarySystemFill' has been explicitly marked unavailable here
235 |
236 | /* tertiarySystemFillColor is appropriate for filling large shapes.
SwiftCompile normal arm64 Compiling\ AttachmentImage.swift,\ AttachmentTray.swift,\ ConversationDetailView.swift /Users/admin/builder/spi-builder-workspace/Sources/Feddy/UI/AttachmentImage.swift /Users/admin/builder/spi-builder-workspace/Sources/Feddy/UI/AttachmentTray.swift /Users/admin/builder/spi-builder-workspace/Sources/Feddy/UI/ConversationDetailView.swift (in target 'Feddy' from project 'Feddy')
macro expansion @State:8:28: error: cannot find type 'PhotosPickerItem' in scope
`- /Users/admin/builder/spi-builder-workspace/Sources/Feddy/UI/AttachmentTray.swift:194:58: note: expanded code originates here
192 | var disabled: Bool
193 | @ViewBuilder var label: () -> Label
194 | @State private var selection: [PhotosPickerItem] = []
| `- note: in expansion of macro 'State' on property 'selection' here
+--- macro expansion @State ----------------------------------------
| 6 | @SwiftUICore._StatePropertyWrapperStorage(initialValue: "JHM1RmVkZHkxNkF0dGFjaG1lbnRQaWNrZXJWOXNlbGVjdGlvbjMzXzM0RUNBMTk0QUIwNDE1MzVCMkQwNEZGNzlEODZEMkIxTEw1U3RhdGVmTXBfMjBfaW5pdGlhbFN0b3JlZFZhbHVlX2ZNdV8=")
| 7 | private var _selection: SwiftUICore.State<_>! = SwiftUICore._stateNil(of: {
| 8 | SwiftUICore.State<[PhotosPickerItem]>(initialValue: [])
| | `- error: cannot find type 'PhotosPickerItem' in scope
| 9 | })
|10 |
+-------------------------------------------------------------------
195 |
196 | var body: some View {
macro expansion @State:7:43: error: could not infer type for placeholder
`- /Users/admin/builder/spi-builder-workspace/Sources/Feddy/UI/AttachmentTray.swift:194:58: note: expanded code originates here
192 | var disabled: Bool
193 | @ViewBuilder var label: () -> Label
194 | @State private var selection: [PhotosPickerItem] = []
| `- note: in expansion of macro 'State' on property 'selection' here
+--- macro expansion @State ----------------------------------------
| 5 |
| 6 | @SwiftUICore._StatePropertyWrapperStorage(initialValue: "JHM1RmVkZHkxNkF0dGFjaG1lbnRQaWNrZXJWOXNlbGVjdGlvbjMzXzM0RUNBMTk0QUIwNDE1MzVCMkQwNEZGNzlEODZEMkIxTEw1U3RhdGVmTXBfMjBfaW5pdGlhbFN0b3JlZFZhbHVlX2ZNdV8=")
| 7 | private var _selection: SwiftUICore.State<_>! = SwiftUICore._stateNil(of: {
| | `- error: could not infer type for placeholder
| 8 | SwiftUICore.State<[PhotosPickerItem]>(initialValue: [])
| 9 | })
+-------------------------------------------------------------------
195 |
196 | var body: some View {
/Users/admin/builder/spi-builder-workspace/Sources/Feddy/UI/AttachmentTray.swift:194:36: error: cannot find type 'PhotosPickerItem' in scope
192 | var disabled: Bool
193 | @ViewBuilder var label: () -> Label
194 | @State private var selection: [PhotosPickerItem] = []
| `- error: cannot find type 'PhotosPickerItem' in scope
195 |
196 | var body: some View {
macro expansion @State:2:25: error: cannot find type 'PhotosPickerItem' in scope
`- /Users/admin/builder/spi-builder-workspace/Sources/Feddy/UI/AttachmentTray.swift:194:58: note: expanded code originates here
192 | var disabled: Bool
193 | @ViewBuilder var label: () -> Label
194 | @State private var selection: [PhotosPickerItem] = []
| `- note: in expansion of macro 'State' on property 'selection' here
+--- macro expansion @State ----------------------------------------
| 1 | private var __selection = SwiftUICore.State._makeStorage(({
| 2 | let value: [PhotosPickerItem] = []
| | `- error: cannot find type 'PhotosPickerItem' in scope
| 3 | return value
| 4 | }))
+-------------------------------------------------------------------
195 |
196 | var body: some View {
macro expansion @State:12:45: error: cannot find type 'PhotosPickerItem' in scope
`- /Users/admin/builder/spi-builder-workspace/Sources/Feddy/UI/AttachmentTray.swift:194:58: note: expanded code originates here
192 | var disabled: Bool
193 | @ViewBuilder var label: () -> Label
194 | @State private var selection: [PhotosPickerItem] = []
| `- note: in expansion of macro 'State' on property 'selection' here
+--- macro expansion @State ----------------------------------------
|10 |
|11 | @SwiftUICore._StateProjectedValue
|12 | private var $selection = SwiftUICore.State<[PhotosPickerItem]>(initialValue: []).projectedValue
| | `- error: cannot find type 'PhotosPickerItem' in scope
|13 |
|14 | @SwiftUICore._StateInitialStoredValue("U3dpZnRVSUNvcmUuU3RhdGUuX21ha2VTdG9yYWdlKCh7IGxldCB2YWx1ZTogW1Bob3Rvc1BpY2tlckl0ZW1dID0gW10KcmV0dXJuIHZhbHVlIH0pKQ==")
+-------------------------------------------------------------------
195 |
196 | var body: some View {
macro expansion @State:16:21: error: cannot find type 'PhotosPickerItem' in scope
`- /Users/admin/builder/spi-builder-workspace/Sources/Feddy/UI/AttachmentTray.swift:194:58: note: expanded code originates here
192 | var disabled: Bool
193 | @ViewBuilder var label: () -> Label
194 | @State private var selection: [PhotosPickerItem] = []
| `- note: in expansion of macro 'State' on property 'selection' here
+--- macro expansion @State ----------------------------------------
|14 | @SwiftUICore._StateInitialStoredValue("U3dpZnRVSUNvcmUuU3RhdGUuX21ha2VTdG9yYWdlKCh7IGxldCB2YWx1ZTogW1Bob3Rvc1BpY2tlckl0ZW1dID0gW10KcmV0dXJuIHZhbHVlIH0pKQ==")
|15 | private static var $s5Feddy16AttachmentPickerV9selection33_34ECA194AB041535B2D04FF79D86D2B1LL5StatefMp_20_initialStoredValue_fMu_ = (SwiftUICore.State._makeStorage(initialValue: {
|16 | let x: [PhotosPickerItem] = []
| | `- error: cannot find type 'PhotosPickerItem' in scope
|17 | return x
|18 | }()))
+-------------------------------------------------------------------
195 |
196 | var body: some View {
macro expansion @_StateInitialStoredValue:4:33: error: cannot find type 'PhotosPickerItem' in scope
`- /Users/admin/builder/spi-builder-workspace/Sources/Feddy/UI/AttachmentTray.swift:194:58: note: expanded code originates here
192 | var disabled: Bool
193 | @ViewBuilder var label: () -> Label
194 | @State private var selection: [PhotosPickerItem] = []
| `- note: in expansion of macro 'State' on property 'selection' here
+--- macro expansion @State ----------------------------------------
|12 | private var $selection = SwiftUICore.State<[PhotosPickerItem]>(initialValue: []).projectedValue
|13 |
|14 | @SwiftUICore._StateInitialStoredValue("U3dpZnRVSUNvcmUuU3RhdGUuX21ha2VTdG9yYWdlKCh7IGxldCB2YWx1ZTogW1Bob3Rvc1BpY2tlckl0ZW1dID0gW10KcmV0dXJuIHZhbHVlIH0pKQ==")
| | `- note: in expansion of macro '_StateInitialStoredValue' on static property '$s5Feddy16AttachmentPickerV9selection33_34ECA194AB041535B2D04FF79D86D2B1LL5StatefMp_20_initialStoredValue_fMu_' here
|15 | private static var $s5Feddy16AttachmentPickerV9selection33_34ECA194AB041535B2D04FF79D86D2B1LL5StatefMp_20_initialStoredValue_fMu_ = (SwiftUICore.State._makeStorage(initialValue: {
|16 | let x: [PhotosPickerItem] = []
|17 | return x
|18 | }()))
| +--- macro expansion @_StateInitialStoredValue -----------------
| |2 | get {
| |3 | SwiftUICore.State._makeStorage(({
| |4 | let value: [PhotosPickerItem] = []
| | | `- error: cannot find type 'PhotosPickerItem' in scope
| |5 | return value
| |6 | }))
| +---------------------------------------------------------------
+-------------------------------------------------------------------
195 |
196 | var body: some View {
/Users/admin/builder/spi-builder-workspace/Sources/Feddy/UI/AttachmentTray.swift:197:9: error: cannot find 'PhotosPicker' in scope
195 |
196 | var body: some View {
197 | PhotosPicker(
| `- error: cannot find 'PhotosPicker' in scope
198 | // What is left, not the ceiling. Offering five when three are
199 | // already in the tray let someone pick five, then silently
/Users/admin/builder/spi-builder-workspace/Sources/Feddy/UI/ConversationDetailView.swift:26:14: error: 'navigationBarTitleDisplayMode' is unavailable in tvOS
24 | .safeAreaInset(edge: .bottom, spacing: 0) { bottomBar }
25 | .navigationTitle(FeddyCore.shared.config?.brand.name ?? Strings.messages)
26 | .navigationBarTitleDisplayMode(.inline)
| `- error: 'navigationBarTitleDisplayMode' is unavailable in tvOS
27 | .toolbar {
28 | // Stays for as long as we have no email, whether the ask
SwiftUI.View.navigationBarTitleDisplayMode:2:25: note: 'navigationBarTitleDisplayMode' has been explicitly marked unavailable here
1 | protocol View {
2 | nonisolated public func navigationBarTitleDisplayMode(_ displayMode: NavigationBarItem.TitleDisplayMode) -> some View
| `- note: 'navigationBarTitleDisplayMode' has been explicitly marked unavailable here
3 | }
4 |
/Users/admin/builder/spi-builder-workspace/Sources/Feddy/UI/ConversationDetailView.swift:42:46: error: 'keyboard' is unavailable in tvOS
40 | }
41 | }
42 | ToolbarItemGroup(placement: .keyboard) {
| `- error: 'keyboard' is unavailable in tvOS
43 | Spacer()
44 | Button(Strings.done) { replyFocused = false }
SwiftUI.ToolbarItemPlacement.keyboard:6:21: note: 'keyboard' has been explicitly marked unavailable here
4 | @available(watchOS, unavailable)
5 | @available(visionOS, unavailable)
6 | public static let keyboard: ToolbarItemPlacement}
| `- note: 'keyboard' has been explicitly marked unavailable here
7 |
SwiftCompile normal arm64 /Users/admin/builder/spi-builder-workspace/Sources/Feddy/UI/AttachmentImage.swift (in target 'Feddy' from project 'Feddy')
cd /Users/admin/builder/spi-builder-workspace/.swiftpm/xcode
builtin-SwiftPerFileCompile AttachmentImage.swift
SwiftCompile normal arm64 /Users/admin/builder/spi-builder-workspace/Sources/Feddy/UI/AttachmentTray.swift (in target 'Feddy' from project 'Feddy')
cd /Users/admin/builder/spi-builder-workspace/.swiftpm/xcode
builtin-SwiftPerFileCompile AttachmentTray.swift
SwiftCompile normal arm64 /Users/admin/builder/spi-builder-workspace/Sources/Feddy/UI/ConversationDetailView.swift (in target 'Feddy' from project 'Feddy')
cd /Users/admin/builder/spi-builder-workspace/.swiftpm/xcode
builtin-SwiftPerFileCompile ConversationDetailView.swift
SwiftCompile normal arm64 Compiling\ ConversationRow.swift,\ EmailCapture.swift,\ FeddyRootView.swift /Users/admin/builder/spi-builder-workspace/Sources/Feddy/UI/ConversationRow.swift /Users/admin/builder/spi-builder-workspace/Sources/Feddy/UI/EmailCapture.swift /Users/admin/builder/spi-builder-workspace/Sources/Feddy/UI/FeddyRootView.swift (in target 'Feddy' from project 'Feddy')
/Users/admin/builder/spi-builder-workspace/Sources/Feddy/UI/Theme.swift:22:33: error: 'tertiarySystemFill' is unavailable in tvOS
20 | /// renders in — which is where the grey *background* colours collapse
21 | /// into the page and every surface loses its edge.
22 | static let surface = Color(.tertiarySystemFill)
| `- error: 'tertiarySystemFill' is unavailable in tvOS
23 |
24 | /// Rules that separate regions — never an outline around a control.
/Applications/Xcode-27.0.0.app/Contents/Developer/Platforms/AppleTVOS.platform/Developer/SDKs/AppleTVOS27.0.sdk/System/Library/Frameworks/UIKit.framework/Headers/UIInterface.h:239:49: note: 'tertiarySystemFill' has been explicitly marked unavailable here
237 | * Examples: Input fields, search bars, buttons.
238 | */
239 | @property (class, nonatomic, readonly) UIColor *tertiarySystemFillColor API_AVAILABLE(ios(13.0)) API_UNAVAILABLE(tvos, watchos);
| `- note: 'tertiarySystemFill' has been explicitly marked unavailable here
240 |
241 | /* quaternarySystemFillColor is appropriate for filling large areas containing complex content.
/Users/admin/builder/spi-builder-workspace/Sources/Feddy/UI/Theme.swift:14:30: error: 'systemBackground' is unavailable in tvOS
12 | /// which reads as a purple tint at full-screen size — one more reason
13 | /// the surfaces above are fills rather than greys.
14 | static let page = Color(.systemBackground)
| `- error: 'systemBackground' is unavailable in tvOS
15 |
16 | /// Raised surfaces: inputs, chips, and the teammate's bubbles. Apple
/Applications/Xcode-27.0.0.app/Contents/Developer/Platforms/AppleTVOS.platform/Developer/SDKs/AppleTVOS27.0.sdk/System/Library/Frameworks/UIKit.framework/Headers/UIInterface.h:208:49: note: 'systemBackground' has been explicitly marked unavailable here
206 | * primary background in light mode.
207 | */
208 | @property (class, nonatomic, readonly) UIColor *systemBackgroundColor API_AVAILABLE(ios(13.0)) API_UNAVAILABLE(tvos, watchos);
| `- note: 'systemBackground' has been explicitly marked unavailable here
209 | @property (class, nonatomic, readonly) UIColor *secondarySystemBackgroundColor API_AVAILABLE(ios(13.0)) API_UNAVAILABLE(tvos, watchos);
210 | @property (class, nonatomic, readonly) UIColor *tertiarySystemBackgroundColor API_AVAILABLE(ios(13.0)) API_UNAVAILABLE(tvos, watchos);
/Users/admin/builder/spi-builder-workspace/Sources/Feddy/UI/EmailCapture.swift:64:14: error: 'navigationBarTitleDisplayMode' is unavailable in tvOS
62 | .frame(maxWidth: .infinity, maxHeight: .infinity)
63 | .background(Theme.page)
64 | .navigationBarTitleDisplayMode(.inline)
| `- error: 'navigationBarTitleDisplayMode' is unavailable in tvOS
65 | .toolbar {
66 | ToolbarItem(placement: .navigationBarLeading) {
SwiftUI.View.navigationBarTitleDisplayMode:2:25: note: 'navigationBarTitleDisplayMode' has been explicitly marked unavailable here
1 | protocol View {
2 | nonisolated public func navigationBarTitleDisplayMode(_ displayMode: NavigationBarItem.TitleDisplayMode) -> some View
| `- note: 'navigationBarTitleDisplayMode' has been explicitly marked unavailable here
3 | }
4 |
SwiftCompile normal arm64 /Users/admin/builder/spi-builder-workspace/Sources/Feddy/UI/ConversationRow.swift (in target 'Feddy' from project 'Feddy')
cd /Users/admin/builder/spi-builder-workspace/.swiftpm/xcode
builtin-SwiftPerFileCompile ConversationRow.swift
SwiftCompile normal arm64 /Users/admin/builder/spi-builder-workspace/Sources/Feddy/UI/EmailCapture.swift (in target 'Feddy' from project 'Feddy')
cd /Users/admin/builder/spi-builder-workspace/.swiftpm/xcode
builtin-SwiftPerFileCompile EmailCapture.swift
SwiftCompile normal arm64 /Users/admin/builder/spi-builder-workspace/Sources/Feddy/UI/FeddyRootView.swift (in target 'Feddy' from project 'Feddy')
cd /Users/admin/builder/spi-builder-workspace/.swiftpm/xcode
builtin-SwiftPerFileCompile FeddyRootView.swift
SwiftCompile normal arm64 Compiling\ AttachmentUpload.swift,\ BrandColor.swift,\ DeviceContext.swift /Users/admin/builder/spi-builder-workspace/Sources/Feddy/Core/AttachmentUpload.swift /Users/admin/builder/spi-builder-workspace/Sources/Feddy/Core/BrandColor.swift /Users/admin/builder/spi-builder-workspace/Sources/Feddy/Core/DeviceContext.swift (in target 'Feddy' from project 'Feddy')
SwiftCompile normal arm64 /Users/admin/builder/spi-builder-workspace/Sources/Feddy/Core/AttachmentUpload.swift (in target 'Feddy' from project 'Feddy')
cd /Users/admin/builder/spi-builder-workspace/.swiftpm/xcode
builtin-SwiftPerFileCompile AttachmentUpload.swift
SwiftCompile normal arm64 /Users/admin/builder/spi-builder-workspace/Sources/Feddy/Core/BrandColor.swift (in target 'Feddy' from project 'Feddy')
cd /Users/admin/builder/spi-builder-workspace/.swiftpm/xcode
builtin-SwiftPerFileCompile BrandColor.swift
SwiftCompile normal arm64 /Users/admin/builder/spi-builder-workspace/Sources/Feddy/Core/DeviceContext.swift (in target 'Feddy' from project 'Feddy')
cd /Users/admin/builder/spi-builder-workspace/.swiftpm/xcode
builtin-SwiftPerFileCompile DeviceContext.swift
SwiftCompile normal arm64 Compiling\ EmailValidation.swift,\ FeddyCore.swift,\ FeddyUnread.swift /Users/admin/builder/spi-builder-workspace/Sources/Feddy/Core/EmailValidation.swift /Users/admin/builder/spi-builder-workspace/Sources/Feddy/Core/FeddyCore.swift /Users/admin/builder/spi-builder-workspace/Sources/Feddy/Core/FeddyUnread.swift (in target 'Feddy' from project 'Feddy')
SwiftCompile normal arm64 /Users/admin/builder/spi-builder-workspace/Sources/Feddy/Core/EmailValidation.swift (in target 'Feddy' from project 'Feddy')
cd /Users/admin/builder/spi-builder-workspace/.swiftpm/xcode
builtin-SwiftPerFileCompile EmailValidation.swift
SwiftCompile normal arm64 /Users/admin/builder/spi-builder-workspace/Sources/Feddy/Core/FeddyCore.swift (in target 'Feddy' from project 'Feddy')
cd /Users/admin/builder/spi-builder-workspace/.swiftpm/xcode
builtin-SwiftPerFileCompile FeddyCore.swift
SwiftCompile normal arm64 /Users/admin/builder/spi-builder-workspace/Sources/Feddy/Core/FeddyUnread.swift (in target 'Feddy' from project 'Feddy')
cd /Users/admin/builder/spi-builder-workspace/.swiftpm/xcode
builtin-SwiftPerFileCompile FeddyUnread.swift
SwiftCompile normal arm64 Compiling\ Presenter.swift,\ Strings.swift /Users/admin/builder/spi-builder-workspace/Sources/Feddy/UI/Presenter.swift /Users/admin/builder/spi-builder-workspace/Sources/Feddy/UI/Strings.swift (in target 'Feddy' from project 'Feddy')
SwiftCompile normal arm64 /Users/admin/builder/spi-builder-workspace/Sources/Feddy/UI/Presenter.swift (in target 'Feddy' from project 'Feddy')
cd /Users/admin/builder/spi-builder-workspace/.swiftpm/xcode
builtin-SwiftPerFileCompile Presenter.swift
SwiftCompile normal arm64 /Users/admin/builder/spi-builder-workspace/Sources/Feddy/UI/Strings.swift (in target 'Feddy' from project 'Feddy')
cd /Users/admin/builder/spi-builder-workspace/.swiftpm/xcode
builtin-SwiftPerFileCompile Strings.swift
SwiftCompile normal arm64 Compiling\ UnreadDot.swift,\ ViewModels.swift /Users/admin/builder/spi-builder-workspace/Sources/Feddy/UI/UnreadDot.swift /Users/admin/builder/spi-builder-workspace/Sources/Feddy/UI/ViewModels.swift (in target 'Feddy' from project 'Feddy')
SwiftCompile normal arm64 /Users/admin/builder/spi-builder-workspace/Sources/Feddy/UI/UnreadDot.swift (in target 'Feddy' from project 'Feddy')
cd /Users/admin/builder/spi-builder-workspace/.swiftpm/xcode
builtin-SwiftPerFileCompile UnreadDot.swift
SwiftCompile normal arm64 /Users/admin/builder/spi-builder-workspace/Sources/Feddy/UI/ViewModels.swift (in target 'Feddy' from project 'Feddy')
cd /Users/admin/builder/spi-builder-workspace/.swiftpm/xcode
builtin-SwiftPerFileCompile ViewModels.swift
SwiftCompile normal arm64 Compiling\ HomeView.swift,\ NewConversationView.swift,\ PoweredByFeddy.swift /Users/admin/builder/spi-builder-workspace/Sources/Feddy/UI/HomeView.swift /Users/admin/builder/spi-builder-workspace/Sources/Feddy/UI/NewConversationView.swift /Users/admin/builder/spi-builder-workspace/Sources/Feddy/UI/PoweredByFeddy.swift (in target 'Feddy' from project 'Feddy')
/Users/admin/builder/spi-builder-workspace/Sources/Feddy/UI/Theme.swift:14:30: error: 'systemBackground' is unavailable in tvOS
12 | /// which reads as a purple tint at full-screen size — one more reason
13 | /// the surfaces above are fills rather than greys.
14 | static let page = Color(.systemBackground)
| `- error: 'systemBackground' is unavailable in tvOS
15 |
16 | /// Raised surfaces: inputs, chips, and the teammate's bubbles. Apple
/Applications/Xcode-27.0.0.app/Contents/Developer/Platforms/AppleTVOS.platform/Developer/SDKs/AppleTVOS27.0.sdk/System/Library/Frameworks/UIKit.framework/Headers/UIInterface.h:208:49: note: 'systemBackground' has been explicitly marked unavailable here
206 | * primary background in light mode.
207 | */
208 | @property (class, nonatomic, readonly) UIColor *systemBackgroundColor API_AVAILABLE(ios(13.0)) API_UNAVAILABLE(tvos, watchos);
| `- note: 'systemBackground' has been explicitly marked unavailable here
209 | @property (class, nonatomic, readonly) UIColor *secondarySystemBackgroundColor API_AVAILABLE(ios(13.0)) API_UNAVAILABLE(tvos, watchos);
210 | @property (class, nonatomic, readonly) UIColor *tertiarySystemBackgroundColor API_AVAILABLE(ios(13.0)) API_UNAVAILABLE(tvos, watchos);
/Users/admin/builder/spi-builder-workspace/Sources/Feddy/UI/Theme.swift:48:35: error: 'secondarySystemFill' is unavailable in tvOS
46 | /// Deliberately not the brand colour — the panel sits inside someone
47 | /// else's app, and a large tinted surface reads as a claim about it.
48 | static let ownBubble = Color(.secondarySystemFill)
| `- error: 'secondarySystemFill' is unavailable in tvOS
49 |
50 | /// The configured hex when there is one, otherwise whatever the host
/Applications/Xcode-27.0.0.app/Contents/Developer/Platforms/AppleTVOS.platform/Developer/SDKs/AppleTVOS27.0.sdk/System/Library/Frameworks/UIKit.framework/Headers/UIInterface.h:234:49: note: 'secondarySystemFill' has been explicitly marked unavailable here
232 | * Example: The background of a switch.
233 | */
234 | @property (class, nonatomic, readonly) UIColor *secondarySystemFillColor API_AVAILABLE(ios(13.0)) API_UNAVAILABLE(tvos, watchos);
| `- note: 'secondarySystemFill' has been explicitly marked unavailable here
235 |
236 | /* tertiarySystemFillColor is appropriate for filling large shapes.
/Users/admin/builder/spi-builder-workspace/Sources/Feddy/UI/HomeView.swift:172:10: error: 'navigationBarTitleDisplayMode' is unavailable in tvOS
170 | .refreshable { await model.load() }
171 | .navigationTitle(Strings.yourMessages)
172 | .navigationBarTitleDisplayMode(.inline)
| `- error: 'navigationBarTitleDisplayMode' is unavailable in tvOS
173 | .onChange(of: selectedConversationId) { id in
174 | if let id {
SwiftUI.View.navigationBarTitleDisplayMode:2:25: note: 'navigationBarTitleDisplayMode' has been explicitly marked unavailable here
1 | protocol View {
2 | nonisolated public func navigationBarTitleDisplayMode(_ displayMode: NavigationBarItem.TitleDisplayMode) -> some View
| `- note: 'navigationBarTitleDisplayMode' has been explicitly marked unavailable here
3 | }
4 |
/Users/admin/builder/spi-builder-workspace/Sources/Feddy/UI/HomeView.swift:190:13: error: 'scrollBounceBehavior(_:axes:)' is only available in tvOS 16.4 or newer
181 | }
182 |
183 | private extension View {
| `- note: add '@available' attribute to enclosing extension
184 | /// The home screen fits on one screen almost always; it scrolls only
185 | /// for large text or a small phone, and should not rubber-band as a
186 | /// whole otherwise. iOS 15 has no way to say so and keeps the bounce.
187 | @ViewBuilder
188 | func bounceOnlyWhenScrollable() -> some View {
| `- note: add '@available' attribute to enclosing instance method
189 | if #available(iOS 16.4, *) {
190 | scrollBounceBehavior(.basedOnSize)
| |- error: 'scrollBounceBehavior(_:axes:)' is only available in tvOS 16.4 or newer
| `- note: add 'if #available' version check
191 | } else {
192 | self
/Users/admin/builder/spi-builder-workspace/Sources/Feddy/UI/NewConversationView.swift:52:14: error: 'navigationBarTitleDisplayMode' is unavailable in tvOS
50 | }
51 | .navigationTitle(Strings.newMessage)
52 | .navigationBarTitleDisplayMode(.inline)
| `- error: 'navigationBarTitleDisplayMode' is unavailable in tvOS
53 | .toolbar {
54 | ToolbarItem(placement: .navigationBarLeading) {
SwiftUI.View.navigationBarTitleDisplayMode:2:25: note: 'navigationBarTitleDisplayMode' has been explicitly marked unavailable here
1 | protocol View {
2 | nonisolated public func navigationBarTitleDisplayMode(_ displayMode: NavigationBarItem.TitleDisplayMode) -> some View
| `- note: 'navigationBarTitleDisplayMode' has been explicitly marked unavailable here
3 | }
4 |
/Users/admin/builder/spi-builder-workspace/Sources/Feddy/UI/NewConversationView.swift:63:46: error: 'keyboard' is unavailable in tvOS
61 | .accessibilityLabel(Strings.cancel)
62 | }
63 | ToolbarItemGroup(placement: .keyboard) {
| `- error: 'keyboard' is unavailable in tvOS
64 | Spacer()
65 | Button(Strings.done) { editorFocused = false }
SwiftUI.ToolbarItemPlacement.keyboard:6:21: note: 'keyboard' has been explicitly marked unavailable here
4 | @available(watchOS, unavailable)
5 | @available(visionOS, unavailable)
6 | public static let keyboard: ToolbarItemPlacement}
| `- note: 'keyboard' has been explicitly marked unavailable here
7 |
/Users/admin/builder/spi-builder-workspace/Sources/Feddy/UI/NewConversationView.swift:105:18: error: 'onTapGesture(count:perform:)' is only available in tvOS 16.0 or newer
4 | /// Compose form (body + optional category), followed by the post-submit
5 | /// optional email ask. Email is never a required field before submitting.
6 | struct NewConversationView: View {
| `- note: add '@available' attribute to enclosing struct
7 | let onOpenConversation: (String) -> Void
8 |
:
70 | }
71 |
72 | private var composeForm: some View {
| `- note: add '@available' attribute to enclosing property
73 | VStack(alignment: .leading, spacing: 12) {
74 | if !categories.isEmpty {
:
103 | .background(
104 | Theme.page
105 | .onTapGesture { editorFocused = false }
| |- error: 'onTapGesture(count:perform:)' is only available in tvOS 16.0 or newer
| `- note: add 'if #available' version check
106 | )
107 | .safeAreaInset(edge: .bottom, spacing: 0) { sendBar }
/Users/admin/builder/spi-builder-workspace/Sources/Feddy/UI/Theme.swift:22:33: error: 'tertiarySystemFill' is unavailable in tvOS
20 | /// renders in — which is where the grey *background* colours collapse
21 | /// into the page and every surface loses its edge.
22 | static let surface = Color(.tertiarySystemFill)
| `- error: 'tertiarySystemFill' is unavailable in tvOS
23 |
24 | /// Rules that separate regions — never an outline around a control.
/Applications/Xcode-27.0.0.app/Contents/Developer/Platforms/AppleTVOS.platform/Developer/SDKs/AppleTVOS27.0.sdk/System/Library/Frameworks/UIKit.framework/Headers/UIInterface.h:239:49: note: 'tertiarySystemFill' has been explicitly marked unavailable here
237 | * Examples: Input fields, search bars, buttons.
238 | */
239 | @property (class, nonatomic, readonly) UIColor *tertiarySystemFillColor API_AVAILABLE(ios(13.0)) API_UNAVAILABLE(tvos, watchos);
| `- note: 'tertiarySystemFill' has been explicitly marked unavailable here
240 |
241 | /* quaternarySystemFillColor is appropriate for filling large areas containing complex content.
/Users/admin/builder/spi-builder-workspace/Sources/Feddy/UI/NewConversationView.swift:142:13: error: 'TextEditor' is unavailable in tvOS
140 | private var editor: some View {
141 | ZStack(alignment: .topLeading) {
142 | TextEditor(text: $model.text)
| `- error: 'TextEditor' is unavailable in tvOS
143 | .focused($editorFocused)
144 | .transparentScrollBackground()
SwiftUI.TextEditor:4:27: note: 'TextEditor' has been explicitly marked unavailable here
2 | @available(tvOS, unavailable)
3 | @available(watchOS, unavailable)
4 | nonisolated public struct TextEditor : View, ~Sendable {
| `- note: 'TextEditor' has been explicitly marked unavailable here
5 | nonisolated public init(text: Binding<String>)
6 | @available(iOS 18.0, macOS 15.0, visionOS 2.0, *)
SwiftCompile normal arm64 /Users/admin/builder/spi-builder-workspace/Sources/Feddy/UI/HomeView.swift (in target 'Feddy' from project 'Feddy')
cd /Users/admin/builder/spi-builder-workspace/.swiftpm/xcode
builtin-SwiftPerFileCompile HomeView.swift
SwiftCompile normal arm64 /Users/admin/builder/spi-builder-workspace/Sources/Feddy/UI/NewConversationView.swift (in target 'Feddy' from project 'Feddy')
cd /Users/admin/builder/spi-builder-workspace/.swiftpm/xcode
builtin-SwiftPerFileCompile NewConversationView.swift
SwiftCompile normal arm64 /Users/admin/builder/spi-builder-workspace/Sources/Feddy/UI/PoweredByFeddy.swift (in target 'Feddy' from project 'Feddy')
cd /Users/admin/builder/spi-builder-workspace/.swiftpm/xcode
builtin-SwiftPerFileCompile PoweredByFeddy.swift
SwiftEmitModule normal arm64 Emitting\ module\ for\ Feddy (in target 'Feddy' from project 'Feddy')
macro expansion @State:8:28: error: cannot find type 'PhotosPickerItem' in scope
`- /Users/admin/builder/spi-builder-workspace/Sources/Feddy/UI/AttachmentTray.swift:194:58: note: expanded code originates here
192 | var disabled: Bool
193 | @ViewBuilder var label: () -> Label
194 | @State private var selection: [PhotosPickerItem] = []
| `- note: in expansion of macro 'State' on property 'selection' here
+--- macro expansion @State ----------------------------------------
| 6 | @SwiftUICore._StatePropertyWrapperStorage(initialValue: "JHM1RmVkZHkxNkF0dGFjaG1lbnRQaWNrZXJWOXNlbGVjdGlvbjMzXzM0RUNBMTk0QUIwNDE1MzVCMkQwNEZGNzlEODZEMkIxTEw1U3RhdGVmTXBfMjBfaW5pdGlhbFN0b3JlZFZhbHVlX2ZNdV8=")
| 7 | private var _selection: SwiftUICore.State<_>! = SwiftUICore._stateNil(of: {
| 8 | SwiftUICore.State<[PhotosPickerItem]>(initialValue: [])
| | `- error: cannot find type 'PhotosPickerItem' in scope
| 9 | })
|10 |
+-------------------------------------------------------------------
195 |
196 | var body: some View {
macro expansion @State:7:43: error: could not infer type for placeholder
`- /Users/admin/builder/spi-builder-workspace/Sources/Feddy/UI/AttachmentTray.swift:194:58: note: expanded code originates here
192 | var disabled: Bool
193 | @ViewBuilder var label: () -> Label
194 | @State private var selection: [PhotosPickerItem] = []
| `- note: in expansion of macro 'State' on property 'selection' here
+--- macro expansion @State ----------------------------------------
| 5 |
| 6 | @SwiftUICore._StatePropertyWrapperStorage(initialValue: "JHM1RmVkZHkxNkF0dGFjaG1lbnRQaWNrZXJWOXNlbGVjdGlvbjMzXzM0RUNBMTk0QUIwNDE1MzVCMkQwNEZGNzlEODZEMkIxTEw1U3RhdGVmTXBfMjBfaW5pdGlhbFN0b3JlZFZhbHVlX2ZNdV8=")
| 7 | private var _selection: SwiftUICore.State<_>! = SwiftUICore._stateNil(of: {
| | `- error: could not infer type for placeholder
| 8 | SwiftUICore.State<[PhotosPickerItem]>(initialValue: [])
| 9 | })
+-------------------------------------------------------------------
195 |
196 | var body: some View {
/Users/admin/builder/spi-builder-workspace/Sources/Feddy/UI/AttachmentTray.swift:194:36: error: cannot find type 'PhotosPickerItem' in scope
192 | var disabled: Bool
193 | @ViewBuilder var label: () -> Label
194 | @State private var selection: [PhotosPickerItem] = []
| `- error: cannot find type 'PhotosPickerItem' in scope
195 |
196 | var body: some View {
macro expansion @State:2:25: error: cannot find type 'PhotosPickerItem' in scope
`- /Users/admin/builder/spi-builder-workspace/Sources/Feddy/UI/AttachmentTray.swift:194:58: note: expanded code originates here
192 | var disabled: Bool
193 | @ViewBuilder var label: () -> Label
194 | @State private var selection: [PhotosPickerItem] = []
| `- note: in expansion of macro 'State' on property 'selection' here
+--- macro expansion @State ----------------------------------------
| 1 | private var __selection = SwiftUICore.State._makeStorage(({
| 2 | let value: [PhotosPickerItem] = []
| | `- error: cannot find type 'PhotosPickerItem' in scope
| 3 | return value
| 4 | }))
+-------------------------------------------------------------------
195 |
196 | var body: some View {
macro expansion @State:12:45: error: cannot find type 'PhotosPickerItem' in scope
`- /Users/admin/builder/spi-builder-workspace/Sources/Feddy/UI/AttachmentTray.swift:194:58: note: expanded code originates here
192 | var disabled: Bool
193 | @ViewBuilder var label: () -> Label
194 | @State private var selection: [PhotosPickerItem] = []
| `- note: in expansion of macro 'State' on property 'selection' here
+--- macro expansion @State ----------------------------------------
|10 |
|11 | @SwiftUICore._StateProjectedValue
|12 | private var $selection = SwiftUICore.State<[PhotosPickerItem]>(initialValue: []).projectedValue
| | `- error: cannot find type 'PhotosPickerItem' in scope
|13 |
|14 | @SwiftUICore._StateInitialStoredValue("U3dpZnRVSUNvcmUuU3RhdGUuX21ha2VTdG9yYWdlKCh7IGxldCB2YWx1ZTogW1Bob3Rvc1BpY2tlckl0ZW1dID0gW10KcmV0dXJuIHZhbHVlIH0pKQ==")
+-------------------------------------------------------------------
195 |
196 | var body: some View {
macro expansion @State:16:21: error: cannot find type 'PhotosPickerItem' in scope
`- /Users/admin/builder/spi-builder-workspace/Sources/Feddy/UI/AttachmentTray.swift:194:58: note: expanded code originates here
192 | var disabled: Bool
193 | @ViewBuilder var label: () -> Label
194 | @State private var selection: [PhotosPickerItem] = []
| `- note: in expansion of macro 'State' on property 'selection' here
+--- macro expansion @State ----------------------------------------
|14 | @SwiftUICore._StateInitialStoredValue("U3dpZnRVSUNvcmUuU3RhdGUuX21ha2VTdG9yYWdlKCh7IGxldCB2YWx1ZTogW1Bob3Rvc1BpY2tlckl0ZW1dID0gW10KcmV0dXJuIHZhbHVlIH0pKQ==")
|15 | private static var $s5Feddy16AttachmentPickerV9selection33_34ECA194AB041535B2D04FF79D86D2B1LL5StatefMp_20_initialStoredValue_fMu_ = (SwiftUICore.State._makeStorage(initialValue: {
|16 | let x: [PhotosPickerItem] = []
| | `- error: cannot find type 'PhotosPickerItem' in scope
|17 | return x
|18 | }()))
+-------------------------------------------------------------------
195 |
196 | var body: some View {
/Users/admin/builder/spi-builder-workspace/Sources/Feddy/UI/Theme.swift:14:30: error: 'systemBackground' is unavailable in tvOS
12 | /// which reads as a purple tint at full-screen size — one more reason
13 | /// the surfaces above are fills rather than greys.
14 | static let page = Color(.systemBackground)
| `- error: 'systemBackground' is unavailable in tvOS
15 |
16 | /// Raised surfaces: inputs, chips, and the teammate's bubbles. Apple
/Applications/Xcode-27.0.0.app/Contents/Developer/Platforms/AppleTVOS.platform/Developer/SDKs/AppleTVOS27.0.sdk/System/Library/Frameworks/UIKit.framework/Headers/UIInterface.h:208:49: note: 'systemBackground' has been explicitly marked unavailable here
206 | * primary background in light mode.
207 | */
208 | @property (class, nonatomic, readonly) UIColor *systemBackgroundColor API_AVAILABLE(ios(13.0)) API_UNAVAILABLE(tvos, watchos);
| `- note: 'systemBackground' has been explicitly marked unavailable here
209 | @property (class, nonatomic, readonly) UIColor *secondarySystemBackgroundColor API_AVAILABLE(ios(13.0)) API_UNAVAILABLE(tvos, watchos);
210 | @property (class, nonatomic, readonly) UIColor *tertiarySystemBackgroundColor API_AVAILABLE(ios(13.0)) API_UNAVAILABLE(tvos, watchos);
/Users/admin/builder/spi-builder-workspace/Sources/Feddy/UI/Theme.swift:22:33: error: 'tertiarySystemFill' is unavailable in tvOS
20 | /// renders in — which is where the grey *background* colours collapse
21 | /// into the page and every surface loses its edge.
22 | static let surface = Color(.tertiarySystemFill)
| `- error: 'tertiarySystemFill' is unavailable in tvOS
23 |
24 | /// Rules that separate regions — never an outline around a control.
/Applications/Xcode-27.0.0.app/Contents/Developer/Platforms/AppleTVOS.platform/Developer/SDKs/AppleTVOS27.0.sdk/System/Library/Frameworks/UIKit.framework/Headers/UIInterface.h:239:49: note: 'tertiarySystemFill' has been explicitly marked unavailable here
237 | * Examples: Input fields, search bars, buttons.
238 | */
239 | @property (class, nonatomic, readonly) UIColor *tertiarySystemFillColor API_AVAILABLE(ios(13.0)) API_UNAVAILABLE(tvos, watchos);
| `- note: 'tertiarySystemFill' has been explicitly marked unavailable here
240 |
241 | /* quaternarySystemFillColor is appropriate for filling large areas containing complex content.
/Users/admin/builder/spi-builder-workspace/Sources/Feddy/UI/Theme.swift:48:35: error: 'secondarySystemFill' is unavailable in tvOS
46 | /// Deliberately not the brand colour — the panel sits inside someone
47 | /// else's app, and a large tinted surface reads as a claim about it.
48 | static let ownBubble = Color(.secondarySystemFill)
| `- error: 'secondarySystemFill' is unavailable in tvOS
49 |
50 | /// The configured hex when there is one, otherwise whatever the host
/Applications/Xcode-27.0.0.app/Contents/Developer/Platforms/AppleTVOS.platform/Developer/SDKs/AppleTVOS27.0.sdk/System/Library/Frameworks/UIKit.framework/Headers/UIInterface.h:234:49: note: 'secondarySystemFill' has been explicitly marked unavailable here
232 | * Example: The background of a switch.
233 | */
234 | @property (class, nonatomic, readonly) UIColor *secondarySystemFillColor API_AVAILABLE(ios(13.0)) API_UNAVAILABLE(tvos, watchos);
| `- note: 'secondarySystemFill' has been explicitly marked unavailable here
235 |
236 | /* tertiarySystemFillColor is appropriate for filling large shapes.
Failed frontend command:
/Applications/Xcode-27.0.0.app/Contents/Developer/Toolchains/XcodeDefault.xctoolchain/usr/bin/swift-frontend -frontend -emit-module -experimental-skip-non-inlinable-function-bodies-without-types /Users/admin/builder/spi-builder-workspace/.derivedData/Build/Intermediates.noindex/Feddy.build/Debug-appletvos/Feddy-t.build/DerivedSources/resource_bundle_accessor.swift /Users/admin/builder/spi-builder-workspace/Sources/Feddy/Core/APIClient.swift /Users/admin/builder/spi-builder-workspace/Sources/Feddy/Core/AnonIdStore.swift /Users/admin/builder/spi-builder-workspace/Sources/Feddy/Core/AttachmentUpload.swift /Users/admin/builder/spi-builder-workspace/Sources/Feddy/Core/BrandColor.swift /Users/admin/builder/spi-builder-workspace/Sources/Feddy/Core/DeviceContext.swift /Users/admin/builder/spi-builder-workspace/Sources/Feddy/Core/EmailValidation.swift /Users/admin/builder/spi-builder-workspace/Sources/Feddy/Core/FeddyCore.swift /Users/admin/builder/spi-builder-workspace/Sources/Feddy/Core/FeddyUnread.swift /Users/admin/builder/spi-builder-workspace/Sources/Feddy/Core/IdentityQueue.swift /Users/admin/builder/spi-builder-workspace/Sources/Feddy/Core/Models.swift /Users/admin/builder/spi-builder-workspace/Sources/Feddy/Feddy.swift /Users/admin/builder/spi-builder-workspace/Sources/Feddy/UI/AttachmentImage.swift /Users/admin/builder/spi-builder-workspace/Sources/Feddy/UI/AttachmentTray.swift /Users/admin/builder/spi-builder-workspace/Sources/Feddy/UI/ConversationDetailView.swift /Users/admin/builder/spi-builder-workspace/Sources/Feddy/UI/ConversationRow.swift /Users/admin/builder/spi-builder-workspace/Sources/Feddy/UI/EmailCapture.swift /Users/admin/builder/spi-builder-workspace/Sources/Feddy/UI/FeddyRootView.swift /Users/admin/builder/spi-builder-workspace/Sources/Feddy/UI/HomeView.swift /Users/admin/builder/spi-builder-workspace/Sources/Feddy/UI/NewConversationView.swift /Users/admin/builder/spi-builder-workspace/Sources/Feddy/UI/PoweredByFeddy.swift /Users/admin/builder/spi-builder-workspace/Sources/Feddy/UI/Presenter.swift /Users/admin/builder/spi-builder-workspace/Sources/Feddy/UI/Strings.swift /Users/admin/builder/spi-builder-workspace/Sources/Feddy/UI/Theme.swift /Users/admin/builder/spi-builder-workspace/Sources/Feddy/UI/UnreadBadge.swift /Users/admin/builder/spi-builder-workspace/Sources/Feddy/UI/UnreadDot.swift /Users/admin/builder/spi-builder-workspace/Sources/Feddy/UI/ViewModels.swift -target arm64-apple-tvos15.0 -module-can-import-version UIKit 9127.0.84.1 9127.0.84 -disable-cross-import-overlay-search -load-resolved-plugin /Applications/Xcode-27.0.0.app/Contents/Developer/Platforms/AppleTVOS.platform/Developer/usr/lib/swift/host/plugins/libFoundationMacros.dylib\#/Applications/Xcode-27.0.0.app/Contents/Developer/Platforms/AppleTVOS.platform/Developer/usr/bin/swift-plugin-server\#FoundationMacros -load-resolved-plugin /Applications/Xcode-27.0.0.app/Contents/Developer/Platforms/AppleTVOS.platform/Developer/usr/lib/swift/host/plugins/libObservationMacros.dylib\#/Applications/Xcode-27.0.0.app/Contents/Developer/Platforms/AppleTVOS.platform/Developer/usr/bin/swift-plugin-server\#ObservationMacros -load-resolved-plugin /Applications/Xcode-27.0.0.app/Contents/Developer/Platforms/AppleTVOS.platform/Developer/usr/lib/swift/host/plugins/libPreviewsMacros.dylib\#/Applications/Xcode-27.0.0.app/Contents/Developer/Platforms/AppleTVOS.platform/Developer/usr/bin/swift-plugin-server\#PreviewsMacros -load-resolved-plugin /Applications/Xcode-27.0.0.app/Contents/Developer/Platforms/AppleTVOS.platform/Developer/usr/lib/swift/host/plugins/libSwiftMacros.dylib\#/Applications/Xcode-27.0.0.app/Contents/Developer/Platforms/AppleTVOS.platform/Developer/usr/bin/swift-plugin-server\#SwiftMacros -load-resolved-plugin /Applications/Xcode-27.0.0.app/Contents/Developer/Platforms/AppleTVOS.platform/Developer/usr/lib/swift/host/plugins/libSwiftUIMacros.dylib\#/Applications/Xcode-27.0.0.app/Contents/Developer/Platforms/AppleTVOS.platform/Developer/usr/bin/swift-plugin-server\#SwiftUIMacros -disable-implicit-swift-modules -Xcc -fno-implicit-modules -Xcc -fno-implicit-module-maps -explicit-swift-module-map-file /Users/admin/builder/spi-builder-workspace/.derivedData/Build/Intermediates.noindex/Feddy.build/Debug-appletvos/Feddy-t.build/Objects-normal/arm64/Feddy-dependencies-1.json -Xllvm -aarch64-use-tbi -enable-objc-interop -stack-check -sdk /Applications/Xcode-27.0.0.app/Contents/Developer/Platforms/AppleTVOS.platform/Developer/SDKs/AppleTVOS27.0.sdk -I /Users/admin/builder/spi-builder-workspace/.derivedData/Build/Products/Debug-appletvos -Isystem /Applications/Xcode-27.0.0.app/Contents/Developer/Platforms/AppleTVOS.platform/Developer/usr/lib -F /Users/admin/builder/spi-builder-workspace/.derivedData/Build/Products/Debug-appletvos -F /Applications/Xcode-27.0.0.app/Contents/Developer/Platforms/AppleTVOS.platform/Developer/Library/Frameworks -F /Applications/Xcode-27.0.0.app/Contents/Developer/Platforms/AppleTVOS.platform/Developer/SDKs/AppleTVOS27.0.sdk/Developer/Library/Frameworks -module-cache-path /Users/admin/builder/spi-builder-workspace/.derivedData/Build/Intermediates.noindex/SwiftExplicitPrecompiledModules -no-color-diagnostics -Xcc -fno-color-diagnostics -enable-testing -g -debug-info-format\=dwarf -dwarf-version\=4 -profile-generate -profile-coverage-mapping -swift-version 5 -Onone -D SWIFT_PACKAGE -D DEBUG -D SWIFT_MODULE_RESOURCE_BUNDLE_AVAILABLE -D Xcode -serialize-debugging-options -enable-experimental-feature DebugDescriptionMacro -empty-abi-descriptor -validate-clang-modules-once -clang-build-session-file /Users/admin/builder/spi-builder-workspace/.derivedData/ModuleCache.noindex/Session.modulevalidation -Xcc -working-directory -Xcc /Users/admin/builder/spi-builder-workspace/.swiftpm/xcode -enable-anonymous-context-mangled-names -file-compilation-dir /Users/admin/builder/spi-builder-workspace/.swiftpm/xcode -Xcc -D_LIBCPP_HARDENING_MODE\=_LIBCPP_HARDENING_MODE_DEBUG -Xcc -ivfsstatcache -Xcc /Users/admin/builder/spi-builder-workspace/.derivedData/SDKStatCaches.noindex/appletvos27.0-24J360-e829b21a6f8c9b70876ba0858053c044509235ffd515576fb835ffc8f67461e5.sdkstatcache -Xcc -fmodules-prune-interval\=86400 -Xcc -fmodules-prune-after\=345600 -Xcc -I/Users/admin/builder/spi-builder-workspace/.derivedData/Build/Products/Debug-appletvos/include -Xcc -I/Users/admin/builder/spi-builder-workspace/.derivedData/Build/Intermediates.noindex/Feddy.build/Debug-appletvos/Feddy-t.build/DerivedSources-normal/arm64 -Xcc -I/Users/admin/builder/spi-builder-workspace/.derivedData/Build/Intermediates.noindex/Feddy.build/Debug-appletvos/Feddy-t.build/DerivedSources/arm64 -Xcc -I/Users/admin/builder/spi-builder-workspace/.derivedData/Build/Intermediates.noindex/Feddy.build/Debug-appletvos/Feddy-t.build/DerivedSources -Xcc -DSWIFT_PACKAGE -Xcc -DDEBUG\=1 -no-auto-bridging-header-chaining -module-name Feddy -package-name spi_builder_workspace -const-gather-protocols-file /Users/admin/builder/spi-builder-workspace/.derivedData/Build/Intermediates.noindex/Feddy.build/Debug-appletvos/Feddy-t.build/Objects-normal/arm64/Feddy_const_extract_protocols.json -disable-clang-spi -clang-target arm64-apple-tvos27.0 -target-sdk-version 27.0 -target-sdk-name appletvos27.0 -in-process-plugin-server-path /Applications/Xcode-27.0.0.app/Contents/Developer/Toolchains/XcodeDefault.xctoolchain/usr/lib/swift/host/libSwiftInProcPluginServer.dylib -emit-module-doc-path /Users/admin/builder/spi-builder-workspace/.derivedData/Build/Intermediates.noindex/Feddy.build/Debug-appletvos/Feddy-t.build/Objects-normal/arm64/Feddy.swiftdoc -emit-module-source-info-path /Users/admin/builder/spi-builder-workspace/.derivedData/Build/Intermediates.noindex/Feddy.build/Debug-appletvos/Feddy-t.build/Objects-normal/arm64/Feddy.swiftsourceinfo -emit-objc-header-path /Users/admin/builder/spi-builder-workspace/.derivedData/Build/Intermediates.noindex/Feddy.build/Debug-appletvos/Feddy-t.build/Objects-normal/arm64/Feddy-Swift.h -serialize-diagnostics-path /Users/admin/builder/spi-builder-workspace/.derivedData/Build/Intermediates.noindex/Feddy.build/Debug-appletvos/Feddy-t.build/Objects-normal/arm64/Feddy-primary-emit-module.dia -emit-dependencies-path /Users/admin/builder/spi-builder-workspace/.derivedData/Build/Intermediates.noindex/Feddy.build/Debug-appletvos/Feddy-t.build/Objects-normal/arm64/Feddy-primary-emit-module.d -parse-as-library -o /Users/admin/builder/spi-builder-workspace/.derivedData/Build/Intermediates.noindex/Feddy.build/Debug-appletvos/Feddy-t.build/Objects-normal/arm64/Feddy.swiftmodule -emit-abi-descriptor-path /Users/admin/builder/spi-builder-workspace/.derivedData/Build/Intermediates.noindex/Feddy.build/Debug-appletvos/Feddy-t.build/Objects-normal/arm64/Feddy.abi.json
SwiftCompile normal arm64 (in target 'Feddy' from project 'Feddy')
cd /Users/admin/builder/spi-builder-workspace/.swiftpm/xcode
SwiftCompile normal arm64 Compiling\ resource_bundle_accessor.swift,\ APIClient.swift,\ AnonIdStore.swift /Users/admin/builder/spi-builder-workspace/.derivedData/Build/Intermediates.noindex/Feddy.build/Debug-appletvos/Feddy-t.build/DerivedSources/resource_bundle_accessor.swift /Users/admin/builder/spi-builder-workspace/Sources/Feddy/Core/APIClient.swift /Users/admin/builder/spi-builder-workspace/Sources/Feddy/Core/AnonIdStore.swift (in target 'Feddy' from project 'Feddy')
SwiftCompile normal arm64 /Users/admin/builder/spi-builder-workspace/.derivedData/Build/Intermediates.noindex/Feddy.build/Debug-appletvos/Feddy-t.build/DerivedSources/resource_bundle_accessor.swift (in target 'Feddy' from project 'Feddy')
cd /Users/admin/builder/spi-builder-workspace/.swiftpm/xcode
builtin-SwiftPerFileCompile resource_bundle_accessor.swift
SwiftCompile normal arm64 /Users/admin/builder/spi-builder-workspace/Sources/Feddy/Core/APIClient.swift (in target 'Feddy' from project 'Feddy')
cd /Users/admin/builder/spi-builder-workspace/.swiftpm/xcode
builtin-SwiftPerFileCompile APIClient.swift
SwiftCompile normal arm64 /Users/admin/builder/spi-builder-workspace/Sources/Feddy/Core/AnonIdStore.swift (in target 'Feddy' from project 'Feddy')
cd /Users/admin/builder/spi-builder-workspace/.swiftpm/xcode
builtin-SwiftPerFileCompile AnonIdStore.swift
PruneExplicitPrecompiledModules /Users/admin/builder/spi-builder-workspace/.derivedData/Build/Intermediates.noindex/SwiftExplicitPrecompiledModules
PruneExplicitPrecompiledModules /Users/admin/builder/spi-builder-workspace/.derivedData/SDKExplicitPrecompiledModules
PruneExplicitPrecompiledModules /Users/admin/builder/spi-builder-workspace/.derivedData/Build/Intermediates.noindex/ExplicitPrecompiledModules
2026-10-13 10:11:18.590 xcodebuild[771:4736] [MT] IDERunDestination: Supported platforms for the buildables in the current scheme is empty.
** BUILD FAILED **
The following build commands failed:
SwiftEmitModule normal arm64 Emitting\ module\ for\ Feddy (in target 'Feddy' from project 'Feddy')
SwiftCompile normal arm64 (in target 'Feddy' from project 'Feddy')
Building workspace Feddy with scheme Feddy
(3 failures)
BUILD FAILURE 6.4 tvOS