Build Information
Failed to build GoogleCloudCommerceConsumerProcurementV1, reference 0.5.0 (c7340c), with Swift 6.2 for Android on 11 Oct 2026 01:09:40 UTC.
Build Command
bash -c docker run --pull=always --rm -v "checkouts-54344845-0":/host -w "$PWD" -e JAVA_HOME="/root/.sdkman/candidates/java/current" -e SPI_BUILD="1" -e SPI_PROCESSING="1" registry.gitlab.com/saguaro1/spi-images:android-6.2-latest swift build --swift-sdk aarch64-unknown-linux-android28 2>&1Build Log
========================================
RunAll
========================================
Builder version: 5.1.1
Interrupt handler set up.
========================================
Checkout
========================================
Clone URL: https://github.com/googleapis/swift-google-cloud-commerce-consumer-procurement-v1.git
Reference: 0.5.0
Initialized empty Git repository in /host/spi-builder-workspace/.git/
hint: Using 'master' as the name for the initial branch. This default branch name
hint: is subject to change. To configure the initial branch name to use in all
hint: of your new repositories, which will suppress this warning, call:
hint:
hint: git config --global init.defaultBranch <name>
hint:
hint: Names commonly chosen instead of 'master' are 'main', 'trunk' and
hint: 'development'. The just-created branch can be renamed via this command:
hint:
hint: git branch -m <name>
From https://github.com/googleapis/swift-google-cloud-commerce-consumer-procurement-v1
* tag 0.5.0 -> FETCH_HEAD
HEAD is now at c7340c8 chore: release circa 2026-10-07 (#1382)
Cloned https://github.com/googleapis/swift-google-cloud-commerce-consumer-procurement-v1.git
Revision (git rev-parse @):
c7340c882a31a929167ad823c71fa400d83d1714
SPI manifest file found: $PWD/.spi.yml
SUCCESS checkout https://github.com/googleapis/swift-google-cloud-commerce-consumer-procurement-v1.git at 0.5.0
========================================
Build
========================================
Selected platform: android
Swift version: 6.2
Building package at path: $PWD
https://github.com/googleapis/swift-google-cloud-commerce-consumer-procurement-v1.git
Running build ...
bash -c docker run --pull=always --rm -v "checkouts-54344845-0":/host -w "$PWD" -e JAVA_HOME="/root/.sdkman/candidates/java/current" -e SPI_BUILD="1" -e SPI_PROCESSING="1" registry.gitlab.com/saguaro1/spi-images:android-6.2-latest swift build --swift-sdk aarch64-unknown-linux-android28 2>&1
android-6.2-latest: Pulling from saguaro1/spi-images
Digest: sha256:a839c9ce201f1dacc8eb056626ec7ab0a1c6d53d7b77c83feda395f4507c51be
Status: Image is up to date for registry.gitlab.com/saguaro1/spi-images:android-6.2-latest
Fetching https://github.com/googleapis/swift-google-longrunning
Fetching https://github.com/googleapis/swift-google-gax
Fetching https://github.com/googleapis/swift-google-auth
Fetching https://github.com/googleapis/swift-google-rpc
Fetching https://github.com/apple/swift-log
Fetching https://github.com/googleapis/swift-google-wkt
[1/619] Fetching swift-google-longrunning
[70/1642] Fetching swift-google-longrunning, swift-google-auth
[611/2665] Fetching swift-google-longrunning, swift-google-auth, swift-google-wkt
[1889/10922] Fetching swift-google-longrunning, swift-google-auth, swift-google-wkt, swift-log
[2146/11344] Fetching swift-google-longrunning, swift-google-auth, swift-google-wkt, swift-log, swift-google-rpc
[2295/13092] Fetching swift-google-longrunning, swift-google-auth, swift-google-wkt, swift-log, swift-google-rpc, swift-google-gax
Fetched https://github.com/googleapis/swift-google-wkt from cache (0.53s)
[2271/12069] Fetching swift-google-longrunning, swift-google-auth, swift-log, swift-google-rpc, swift-google-gax
Fetched https://github.com/googleapis/swift-google-rpc from cache (0.75s)
[5124/11647] Fetching swift-google-longrunning, swift-google-auth, swift-log, swift-google-gax
Fetched https://github.com/googleapis/swift-google-gax from cache (0.91s)
Fetched https://github.com/googleapis/swift-google-longrunning from cache (0.91s)
Fetched https://github.com/googleapis/swift-google-auth from cache (0.91s)
Fetched https://github.com/apple/swift-log from cache (0.91s)
Computing version for https://github.com/googleapis/swift-google-wkt
Computed https://github.com/googleapis/swift-google-wkt at 0.5.0 (1.06s)
Fetching https://github.com/swift-extras/swift-extras-base64
[1/954] Fetching swift-extras-base64
Fetched https://github.com/swift-extras/swift-extras-base64 from cache (0.43s)
Computing version for https://github.com/googleapis/swift-google-rpc
Computed https://github.com/googleapis/swift-google-rpc at 0.5.0 (0.60s)
Computing version for https://github.com/googleapis/swift-google-longrunning
Computed https://github.com/googleapis/swift-google-longrunning at 0.5.0 (0.16s)
Computing version for https://github.com/googleapis/swift-google-gax
Computed https://github.com/googleapis/swift-google-gax at 0.5.0 (0.16s)
Fetching https://github.com/swift-server/async-http-client.git
Fetching https://github.com/apple/swift-nio
[1/16464] Fetching async-http-client
[16465/102838] Fetching async-http-client, swift-nio
Fetched https://github.com/swift-server/async-http-client.git from cache (4.04s)
Fetched https://github.com/apple/swift-nio from cache (4.07s)
Computing version for https://github.com/googleapis/swift-google-auth
Computed https://github.com/googleapis/swift-google-auth at 0.5.0 (4.23s)
Fetching https://github.com/vapor/jwt-kit.git
Fetching https://github.com/apple/swift-system.git
[1/7241] Fetching swift-system
[146/17495] Fetching swift-system, jwt-kit
Fetched https://github.com/apple/swift-system.git from cache (0.89s)
Fetched https://github.com/vapor/jwt-kit.git from cache (0.89s)
Computing version for https://github.com/swift-extras/swift-extras-base64
Computed https://github.com/swift-extras/swift-extras-base64 at 1.2.0 (1.04s)
Computing version for https://github.com/swift-server/async-http-client.git
Computed https://github.com/swift-server/async-http-client.git at 1.36.2 (0.17s)
Fetching https://github.com/apple/swift-service-context.git
Fetching https://github.com/apple/swift-atomics.git
Fetching https://github.com/apple/swift-configuration.git
Fetching https://github.com/apple/swift-nio-extras.git
Fetching https://github.com/apple/swift-distributed-tracing.git
Fetching https://github.com/apple/swift-algorithms.git
[1/1500] Fetching swift-service-context
[76/5428] Fetching swift-service-context, swift-configuration
[116/7317] Fetching swift-service-context, swift-configuration, swift-atomics
[2062/14020] Fetching swift-service-context, swift-configuration, swift-atomics, swift-nio-extras
[7954/20571] Fetching swift-service-context, swift-configuration, swift-atomics, swift-nio-extras, swift-distributed-tracing
[15650/26735] Fetching swift-service-context, swift-configuration, swift-atomics, swift-nio-extras, swift-distributed-tracing, swift-algorithms
Fetched https://github.com/apple/swift-distributed-tracing.git from cache (0.58s)
[18333/20184] Fetching swift-service-context, swift-configuration, swift-atomics, swift-nio-extras, swift-algorithms
Fetching https://github.com/apple/swift-nio-transport-services.git
Fetched https://github.com/apple/swift-configuration.git from cache (0.61s)
Fetched https://github.com/apple/swift-nio-extras.git from cache (0.61s)
Fetched https://github.com/apple/swift-algorithms.git from cache (0.61s)
Fetching https://github.com/apple/swift-nio-http2.git
Fetching https://github.com/apple/swift-nio-ssl.git
[1591/3389] Fetching swift-service-context, swift-atomics
Fetched https://github.com/apple/swift-service-context.git from cache (0.65s)
[718/1889] Fetching swift-atomics
Fetched https://github.com/apple/swift-atomics.git from cache (0.77s)
[1/2867] Fetching swift-nio-transport-services
Fetched https://github.com/apple/swift-nio-transport-services.git from cache (0.48s)
[1/16861] Fetching swift-nio-ssl
[1182/29155] Fetching swift-nio-ssl, swift-nio-http2
Fetched https://github.com/apple/swift-nio-http2.git from cache (1.27s)
Fetched https://github.com/apple/swift-nio-ssl.git from cache (1.27s)
Computing version for https://github.com/apple/swift-service-context.git
Computed https://github.com/apple/swift-service-context.git at 1.3.0 (2.04s)
Computing version for https://github.com/apple/swift-algorithms.git
Computed https://github.com/apple/swift-algorithms.git at 1.2.1 (0.87s)
Fetching https://github.com/apple/swift-numerics.git
[1/6728] Fetching swift-numerics
Fetched https://github.com/apple/swift-numerics.git from cache (0.63s)
Computing version for https://github.com/apple/swift-log
Computed https://github.com/apple/swift-log at 1.16.1 (0.79s)
Computing version for https://github.com/apple/swift-distributed-tracing.git
Computed https://github.com/apple/swift-distributed-tracing.git at 1.5.0 (0.15s)
Computing version for https://github.com/apple/swift-atomics.git
Computed https://github.com/apple/swift-atomics.git at 1.3.1 (0.15s)
Computing version for https://github.com/apple/swift-numerics.git
Computed https://github.com/apple/swift-numerics.git at 1.1.1 (0.14s)
Computing version for https://github.com/apple/swift-nio
Computed https://github.com/apple/swift-nio at 2.104.0 (0.34s)
Fetching https://github.com/apple/swift-collections.git
[1/28703] Fetching swift-collections
Fetched https://github.com/apple/swift-collections.git from cache (1.13s)
Computing version for https://github.com/apple/swift-configuration.git
Computed https://github.com/apple/swift-configuration.git at 1.2.2 (1.93s)
Fetching https://github.com/swift-server/swift-service-lifecycle
[1/2867] Fetching swift-service-lifecycle
Fetched https://github.com/swift-server/swift-service-lifecycle from cache (0.49s)
Computing version for https://github.com/apple/swift-nio-transport-services.git
Computed https://github.com/apple/swift-nio-transport-services.git at 1.28.0 (0.65s)
Computing version for https://github.com/swift-server/swift-service-lifecycle
Computed https://github.com/swift-server/swift-service-lifecycle at 2.12.1 (0.14s)
Fetching https://github.com/apple/swift-async-algorithms.git
[1/6820] Fetching swift-async-algorithms
Fetched https://github.com/apple/swift-async-algorithms.git from cache (0.58s)
Computing version for https://github.com/apple/swift-async-algorithms.git
Computed https://github.com/apple/swift-async-algorithms.git at 1.1.7 (0.80s)
Computing version for https://github.com/apple/swift-collections.git
Computed https://github.com/apple/swift-collections.git at 1.7.2 (0.24s)
Computing version for https://github.com/apple/swift-nio-http2.git
Computed https://github.com/apple/swift-nio-http2.git at 1.46.0 (0.16s)
Computing version for https://github.com/vapor/jwt-kit.git
Computed https://github.com/vapor/jwt-kit.git at 5.7.1 (0.14s)
Fetching https://github.com/apple/swift-crypto.git
Fetching https://github.com/apple/swift-certificates.git
[1/18629] Fetching swift-crypto
[374/26238] Fetching swift-crypto, swift-certificates
Fetched https://github.com/apple/swift-certificates.git from cache (1.19s)
Fetched https://github.com/apple/swift-crypto.git from cache (1.20s)
Computing version for https://github.com/apple/swift-crypto.git
Computed https://github.com/apple/swift-crypto.git at 4.5.2 (1.82s)
Fetching https://github.com/apple/swift-asn1.git
[1/2009] Fetching swift-asn1
Fetched https://github.com/apple/swift-asn1.git from cache (0.46s)
Computing version for https://github.com/apple/swift-asn1.git
Computed https://github.com/apple/swift-asn1.git at 1.7.3 (0.65s)
Computing version for https://github.com/apple/swift-certificates.git
Computed https://github.com/apple/swift-certificates.git at 1.21.0 (0.21s)
Computing version for https://github.com/apple/swift-nio-ssl.git
Computed https://github.com/apple/swift-nio-ssl.git at 2.37.5 (0.19s)
Computing version for https://github.com/apple/swift-system.git
Computed https://github.com/apple/swift-system.git at 1.8.1 (0.18s)
Computing version for https://github.com/apple/swift-nio-extras.git
Computed https://github.com/apple/swift-nio-extras.git at 1.35.1 (0.27s)
Fetching https://github.com/apple/swift-http-structured-headers.git
Fetching https://github.com/apple/swift-http-types.git
[1/1939] Fetching swift-http-types
[1262/3192] Fetching swift-http-types, swift-http-structured-headers
Fetched https://github.com/apple/swift-http-structured-headers.git from cache (0.52s)
Fetched https://github.com/apple/swift-http-types.git from cache (0.52s)
Computing version for https://github.com/apple/swift-http-structured-headers.git
Computed https://github.com/apple/swift-http-structured-headers.git at 1.7.0 (0.68s)
Computing version for https://github.com/apple/swift-http-types.git
Computed https://github.com/apple/swift-http-types.git at 1.8.0 (0.17s)
Creating working copy for https://github.com/apple/swift-configuration.git
Working copy of https://github.com/apple/swift-configuration.git resolved at 1.2.2
Creating working copy for https://github.com/apple/swift-nio-ssl.git
Working copy of https://github.com/apple/swift-nio-ssl.git resolved at 2.37.5
Creating working copy for https://github.com/googleapis/swift-google-longrunning
Working copy of https://github.com/googleapis/swift-google-longrunning resolved at 0.5.0
Creating working copy for https://github.com/apple/swift-nio-extras.git
Working copy of https://github.com/apple/swift-nio-extras.git resolved at 1.35.1
Creating working copy for https://github.com/apple/swift-http-types.git
Working copy of https://github.com/apple/swift-http-types.git resolved at 1.8.0
Creating working copy for https://github.com/googleapis/swift-google-wkt
Working copy of https://github.com/googleapis/swift-google-wkt resolved at 0.5.0
Creating working copy for https://github.com/apple/swift-async-algorithms.git
Working copy of https://github.com/apple/swift-async-algorithms.git resolved at 1.1.7
Creating working copy for https://github.com/apple/swift-atomics.git
Working copy of https://github.com/apple/swift-atomics.git resolved at 1.3.1
Creating working copy for https://github.com/apple/swift-log
Working copy of https://github.com/apple/swift-log resolved at 1.16.1
Creating working copy for https://github.com/apple/swift-service-context.git
Working copy of https://github.com/apple/swift-service-context.git resolved at 1.3.0
Creating working copy for https://github.com/swift-server/async-http-client.git
Working copy of https://github.com/swift-server/async-http-client.git resolved at 1.36.2
Creating working copy for https://github.com/googleapis/swift-google-rpc
Working copy of https://github.com/googleapis/swift-google-rpc resolved at 0.5.0
Creating working copy for https://github.com/swift-server/swift-service-lifecycle
Working copy of https://github.com/swift-server/swift-service-lifecycle resolved at 2.12.1
Creating working copy for https://github.com/googleapis/swift-google-auth
Working copy of https://github.com/googleapis/swift-google-auth resolved at 0.5.0
Creating working copy for https://github.com/apple/swift-nio-transport-services.git
Working copy of https://github.com/apple/swift-nio-transport-services.git resolved at 1.28.0
Creating working copy for https://github.com/apple/swift-numerics.git
Working copy of https://github.com/apple/swift-numerics.git resolved at 1.1.1
Creating working copy for https://github.com/apple/swift-certificates.git
Working copy of https://github.com/apple/swift-certificates.git resolved at 1.21.0
Creating working copy for https://github.com/apple/swift-http-structured-headers.git
Working copy of https://github.com/apple/swift-http-structured-headers.git resolved at 1.7.0
Creating working copy for https://github.com/googleapis/swift-google-gax
Working copy of https://github.com/googleapis/swift-google-gax resolved at 0.5.0
Creating working copy for https://github.com/apple/swift-nio
Working copy of https://github.com/apple/swift-nio resolved at 2.104.0
Creating working copy for https://github.com/apple/swift-algorithms.git
Working copy of https://github.com/apple/swift-algorithms.git resolved at 1.2.1
Creating working copy for https://github.com/vapor/jwt-kit.git
Working copy of https://github.com/vapor/jwt-kit.git resolved at 5.7.1
Creating working copy for https://github.com/apple/swift-collections.git
Working copy of https://github.com/apple/swift-collections.git resolved at 1.7.2
Creating working copy for https://github.com/apple/swift-nio-http2.git
Working copy of https://github.com/apple/swift-nio-http2.git resolved at 1.46.0
Creating working copy for https://github.com/swift-extras/swift-extras-base64
Working copy of https://github.com/swift-extras/swift-extras-base64 resolved at 1.2.0
Creating working copy for https://github.com/apple/swift-crypto.git
Working copy of https://github.com/apple/swift-crypto.git resolved at 4.5.2
Creating working copy for https://github.com/apple/swift-distributed-tracing.git
Working copy of https://github.com/apple/swift-distributed-tracing.git resolved at 1.5.0
Creating working copy for https://github.com/apple/swift-asn1.git
Working copy of https://github.com/apple/swift-asn1.git resolved at 1.7.3
Creating working copy for https://github.com/apple/swift-system.git
Working copy of https://github.com/apple/swift-system.git resolved at 1.8.1
Building for debugging...
[0/936] Compiling mlkem.cc
[1/936] Compiling _NumericsShims _NumericsShims.c
[2/936] Write sources
[6/936] Compiling _AtomicsShims.c
[7/936] Write sources
[56/936] Compiling CXKCPShims shims.c
[57/936] Compiling SimpleFIPS202.c
[58/936] Compiling KeccakSponge.c
[59/936] Compiling rand.cc
[60/936] Compiling mldsa.cc
[61/936] Compiling KeccakHash.c
[62/936] Compiling mem.cc
[63/936] Compiling CNIOWindows shim.c
[64/936] Compiling CNIOWindows WSAStartup.c
[65/936] Compiling a_octet.cc
[66/936] Compiling CSystem shims.c
[67/936] Compiling CNIOWASI CNIOWASI.c
[68/936] Compiling CNIOPosix event_loop_id.c
[69/936] Compiling CNIOOpenBSD shim.c
[70/936] Compiling CNIOLinux liburing_shims.c
[71/936] Compiling CNIOLLHTTP c_nio_http.c
[72/936] Compiling CNIOFreeBSD shim.c
[73/936] Compiling CNIOLinux shim.c
[74/936] Compiling CNIOLLHTTP c_nio_api.c
[75/936] Compiling CNIOExtrasZlib zutil.c
[76/936] Compiling CNIOExtrasZlib inftrees.c
[77/936] Compiling CNIOExtrasZlib trees.c
[78/936] Compiling obj_xref.cc
[79/936] Compiling CNIOExtrasZlib inffast.c
[80/936] Compiling CNIOLLHTTP c_nio_llhttp.c
[81/936] Compiling CNIODarwin shim.c
[82/936] Compiling CNIOExtrasZlib inflate.c
[83/936] Compiling CNIOExtrasZlib adler32.c
[84/936] Compiling CNIOExtrasZlib crc32.c
[85/936] Compiling fiat_p256_adx_sqr.S
[86/936] Compiling fiat_p256_adx_mul.S
[87/936] Compiling obj.cc
[88/936] Compiling fiat_curve25519_adx_square.S
[89/936] Write swift-version--11D90AFD9DD3AB2.txt
[90/936] Compiling fiat_curve25519_adx_mul.S
[91/936] Compiling CNIOExtrasZlib deflate.c
[92/936] Compiling KeccakP-1600-opt64.c
[93/944] Compiling CNIOBoringSSLShims shims.c
[95/944] Emitting module _CertificateInternals
[95/981] Compiling tls_record.cc
[95/981] Compiling tls_method.cc
[97/1001] Compiling tls13_server.cc
[98/1001] Compiling tls13_enc.cc
[100/1023] Emitting module SystemPackage
[101/1028] Compiling _CertificateInternals _TinyArray.swift
[102/1028] Compiling Logging SwiftLogNoOpLogHandler.swift
[103/1028] Compiling Logging Locks.swift
[104/1029] Compiling RealModule RealFunctions.swift
[106/1030] Compiling SystemPackage SystemString.swift
[107/1030] Compiling SystemPackage Util+StringArray.swift
[108/1030] Compiling SystemPackage Util.swift
[109/1030] Compiling SystemPackage UtilConsumers.swift
[110/1030] Compiling SystemPackage WinSDK+Overlay.swift
[111/1030] Compiling RealModule Real.swift
[112/1030] Compiling RealModule Float16+Real.swift
[113/1030] Compiling RealModule Float80+Real.swift
[114/1030] Compiling RealModule RelaxedArithmetic.swift
[115/1030] Compiling Logging MultiplexLogHandler.swift
[116/1030] Compiling Logging StreamLogHandler.swift
[117/1032] Compiling SwiftASN1 TimeUtilities.swift
[118/1032] Compiling SwiftASN1 UTCTime.swift
[119/1032] Compiling Logging LoggingSystem.swift
[120/1033] Compiling Logging LogEvent.swift
[121/1033] Compiling Logging LogHandler.swift
[122/1033] Compiling SwiftASN1 ASN1Identifier.swift
[129/1042] Compiling InternalCollectionsUtilities FixedWidthInteger+roundUpToPowerOfTwo.swift
[130/1042] Compiling InternalCollectionsUtilities Integer rank.swift
[131/1056] Compiling _NIODataStructures _TinyArray.swift
[134/1061] Compiling InternalCollectionsUtilities BorrowingIteratorProtocol+Equality.swift
[135/1061] Compiling InternalCollectionsUtilities BorrowingIteratorProtocol+Extras.swift
[136/1061] Emitting module RealModule
[137/1062] Compiling ServiceContextModule ServiceContext.swift
[138/1062] Compiling ServiceContextModule ServiceContextKey.swift
[139/1062] Emitting module ServiceContextModule
[141/1063] Emitting module SwiftASN1
[143/1063] Compiling InternalCollectionsUtilities Iterable+CopyContents.swift
[144/1063] Compiling InternalCollectionsUtilities UInt+reversed.swift
[145/1063] Compiling InternalCollectionsUtilities Iterable+Equality.swift
[146/1063] Compiling InternalCollectionsUtilities LifetimeOverride.swift
[147/1063] Compiling InternalCollectionsUtilities MutableRef.swift
[150/1064] Compiling InternalCollectionsUtilities Debugging.swift
[151/1065] Compiling InternalCollectionsUtilities Descriptions.swift
[152/1066] Emitting module _NIODataStructures
[153/1066] Compiling InternalCollectionsUtilities MutableSpan+Extras.swift
[154/1066] Compiling InternalCollectionsUtilities OutputSpan+Extras.swift
[155/1066] Compiling InternalCollectionsUtilities RandomAccessCollection+Offsets.swift
[156/1066] Compiling InternalCollectionsUtilities Span+Extras.swift
[157/1066] Compiling InternalCollectionsUtilities _UnsafeBitSet+_Word.swift
[158/1066] Compiling _NIODataStructures PriorityQueue.swift
[159/1066] Compiling _NIODataStructures Heap.swift
[160/1067] Emitting module _NIOBase64
[161/1067] Compiling _NIOBase64 Base64.swift
[161/1071] Wrapping AST for _CertificateInternals for debugging
[165/1076] Compiling Logging Logger+Attributes.swift
[166/1079] Compiling Logging Logger+With.swift
[167/1079] Compiling Logging Logger.swift
[168/1079] Compiling InternalCollectionsUtilities UnsafeMutablePointer+Extras.swift
[169/1079] Compiling InternalCollectionsUtilities UnsafeMutableRawBufferPointer+Extras.swift
[170/1079] Compiling InternalCollectionsUtilities UnsafePointer+Extras.swift
[170/1079] Wrapping AST for ServiceContextModule for debugging
[171/1079] Wrapping AST for _NIODataStructures for debugging
[173/1079] Compiling InternalCollectionsUtilities UnsafeRawBufferPointer+Extras.swift
[174/1079] Compiling InternalCollectionsUtilities _SortedCollection.swift
[175/1079] Compiling InternalCollectionsUtilities _UniqueCollection.swift
[176/1079] Compiling Instrumentation NoOpInstrument.swift
[176/1079] Wrapping AST for _NIOBase64 for debugging
[184/1079] Compiling InternalCollectionsUtilities UInt+first and last set bit.swift
[185/1079] Wrapping AST for RealModule for debugging
[187/1079] Compiling Instrumentation MultiplexInstrument.swift
[188/1079] Compiling InternalCollectionsUtilities Strideable+LimitHelpers.swift
[189/1079] Compiling InternalCollectionsUtilities String+Padding.swift
[190/1079] Compiling InternalCollectionsUtilities TemporaryAllocation.swift
[191/1079] Compiling InternalCollectionsUtilities _UnsafeBitSet+Index.swift
[192/1079] Emitting module Instrumentation
[193/1079] Compiling Instrumentation Instrument.swift
[194/1079] Compiling Instrumentation InstrumentationSystem.swift
[201/1079] Emitting module InternalCollectionsUtilities
[203/1079] Compiling InternalCollectionsUtilities _UnsafeBitSet.swift
[204/1079] Compiling InternalCollectionsUtilities UnsafeBufferPointer+Extras.swift
[205/1079] Compiling InternalCollectionsUtilities UnsafeMutableBufferPointer+Extras.swift
[207/1080] Compiling ExtrasBase64 Base32.swift
[208/1080] Compiling ExtrasBase64 Base32+Span.swift
[211/1080] Compiling Instrumentation Locks.swift
[212/1081] Compiling Logging MetadataProvider.swift
[212/1081] Compiling tls13_both.cc
[219/1086] Emitting module Logging
[221/1086] Compiling tls13_client.cc
[222/1087] Wrapping AST for InternalCollectionsUtilities for debugging
[224/1087] Compiling SpanPreview OutputSpan+InputSpanHelpers.swift
[226/1087] Compiling SpanPreview MutableSpan+InputSpanHelpers.swift
[227/1087] Compiling SpanPreview InputSpan.swift
[228/1087] Emitting module SpanPreview
[233/1088] Compiling SystemPackage PlatformString.swift
[234/1088] Wrapping AST for Instrumentation for debugging
[236/1096] Wrapping AST for SwiftASN1 for debugging
[238/1096] Compiling SystemPackage Backcompat.swift
[239/1096] Compiling SystemPackage CInterop.swift
[240/1096] Compiling SystemPackage Constants.swift
[241/1096] Compiling SystemPackage Exports.swift
[242/1096] Compiling SystemPackage Mocking.swift
[242/1103] Wrapping AST for SpanPreview for debugging
[243/1138] Wrapping AST for Logging for debugging
[245/1138] Compiling DequeModule RigidDeque+Deprecations.swift
[246/1138] Compiling DequeModule Deque+Extras.swift
[247/1138] Compiling DequeModule Deque+Hashable.swift
[248/1138] Compiling DequeModule Deque+Testing.swift
[249/1138] Compiling DequeModule Deque._Storage.swift
[250/1138] Compiling DequeModule RigidDeque+Initializers.swift
[251/1138] Compiling DequeModule RigidDeque+Insertions.swift
[252/1138] Compiling DequeModule RigidDeque+Iterable.swift
[253/1138] Compiling DequeModule RigidDeque+Prepend.swift
[254/1138] Compiling DequeModule RigidDeque+Removals.swift
[255/1138] Compiling DequeModule _DequeBuffer.swift
[256/1138] Compiling DequeModule _DequeBufferHeader.swift
[257/1138] Compiling DequeModule RigidDeque+Append.swift
[258/1138] Compiling DequeModule RigidDeque+Consumption.swift
[259/1138] Compiling DequeModule RigidDeque+ContainerOperations.swift
[261/1139] Compiling Tracing TracingTime.swift
[261/1140] Wrapping AST for SystemPackage for debugging
[263/1140] Compiling DequeModule UniqueDeque+Initializers.swift
[264/1140] Compiling DequeModule UniqueDeque+Insertions.swift
[265/1140] Compiling DequeModule UniqueDeque+Iterable.swift
[266/1140] Compiling DequeModule UniqueDeque+Prepend.swift
[267/1140] Compiling DequeModule UniqueDeque+Removals.swift
[268/1145] Compiling Tracing WithTracer.swift
[269/1145] Compiling DequeModule UniqueDeque+Consumption.swift
[270/1145] Compiling DequeModule UniqueDeque+ContainerOperations.swift
[271/1145] Compiling DequeModule UniqueDeque+Deprecations.swift
[272/1145] Compiling DequeModule UniqueDeque+Descriptions.swift
[273/1145] Compiling DequeModule UniqueDeque+Equatable.swift
[274/1145] Compiling DequeModule UniqueDeque+Hashable.swift
[281/1145] Compiling Tracing TracerProtocol.swift
[282/1145] Compiling Tracing TracerProtocol+Legacy.swift
[283/1145] Compiling DequeModule RigidDeque+Descriptions.swift
[284/1145] Compiling DequeModule RigidDeque+Equatable.swift
[285/1145] Compiling DequeModule RigidDeque+Hashable.swift
[291/1145] Compiling DequeModule RigidDeque+Replacements.swift
[292/1145] Compiling DequeModule RigidDeque+Testing.swift
[293/1145] Compiling DequeModule RigidDeque.swift
[294/1145] Compiling DequeModule UniqueDeque+Append.swift
[294/1145] Compiling t1_enc.cc
[296/1145] Compiling Tracing SpanProtocol.swift
[297/1145] Compiling Tracing Tracer.swift
[298/1145] Compiling Tracing InstrumentationSystem+Tracing.swift
[299/1145] Emitting module Tracing
[300/1145] Compiling Tracing NoOpTracer.swift
[301/1146] Compiling ssl_versions.cc
[302/1146] Wrapping AST for Tracing for debugging
[304/1146] Compiling DequeModule Deque+Codable.swift
[305/1146] Compiling DequeModule Deque+Collection.swift
[306/1146] Compiling DequeModule Deque+CustomReflectable.swift
[307/1146] Compiling DequeModule Deque+Descriptions.swift
[308/1146] Compiling DequeModule Deque+Equatable.swift
[309/1146] Compiling DequeModule Deque+ExpressibleByArrayLiteral.swift
[314/1146] Compiling DequeModule Deque._UnsafeHandle.swift
[315/1146] Compiling DequeModule Deque.swift
[315/1146] Compiling ssl_transcript.cc
[316/1146] Compiling ssl_stat.cc
[317/1146] Compiling ssl_x509.cc
[318/1146] Compiling ssl_session.cc
[319/1146] Compiling ssl_privkey.cc
[321/1146] Compiling DequeModule UniqueDeque+Replacements.swift
[322/1146] Compiling DequeModule UniqueDeque.swift
[323/1146] Compiling DequeModule _DequeSlot.swift
[324/1146] Compiling DequeModule _UnsafeDequeHandle.swift
[325/1146] Compiling DequeModule _UnsafeDequeSegments.swift
[325/1146] Compiling ssl_lib.cc
[326/1146] Compiling ssl_file.cc
[327/1146] Compiling ssl_credential.cc
[328/1146] Compiling ssl_key_share.cc
[329/1146] Compiling ssl_cipher.cc
[331/1146] Emitting module DequeModule
[331/1147] Compiling ssl_cert.cc
[334/1147] Compiling ExtrasBase64 Base64+Span.swift
[335/1147] Compiling ExtrasBase64 Base64.swift
[336/1147] Emitting module ExtrasBase64
[336/1148] Compiling ssl_buffer.cc
[338/1191] Wrapping AST for DequeModule for debugging
[339/1191] Compiling s3_lib.cc
[340/1191] Compiling ssl_asn1.cc
[341/1191] Wrapping AST for ExtrasBase64 for debugging
[342/1222] Compiling s3_pkt.cc
[343/1222] Compiling ssl_aead_ctx.cc
[345/1222] Compiling Configuration JSONSnapshot.swift
[346/1222] Compiling Configuration PropertyListSnapshot.swift
[347/1222] Compiling Configuration ReloadingFileProvider.swift
[348/1222] Compiling Configuration ReloadingFileProviderMetrics.swift
[349/1222] Compiling Configuration YAMLSnapshot.swift
[350/1222] Compiling Configuration InMemoryProvider.swift
[350/1227] Compiling s3_both.cc
[352/1227] Emitting module Configuration
[353/1227] Emitting module GoogleWKT
[353/1231] Compiling handshake.cc
[354/1231] Compiling handshake_server.cc
[356/1231] Compiling GoogleWKT WKTFloatValue.swift
[357/1231] Compiling GoogleWKT WKTInt32Value.swift
[358/1231] Compiling GoogleWKT WKTInt64Value.swift
[359/1231] Compiling GoogleWKT WKTRecursive.swift
[360/1231] Compiling GoogleWKT WKTStringValue.swift
[361/1231] Compiling GoogleWKT WKTTimestamp.swift
[361/1231] Compiling handshake_client.cc
[363/1231] Compiling GoogleWKT WKTSourceContext.swift
[364/1231] Compiling GoogleWKT WKTSyntax.swift
[365/1231] Compiling GoogleWKT WKTType.swift
[366/1231] Compiling GoogleWKT PackageVersion.swift
[367/1231] Compiling GoogleWKT UnknownFields.swift
[368/1231] Compiling GoogleWKT WKTAny.swift
[369/1231] Compiling GoogleWKT WKTAnyError.swift
[370/1231] Compiling GoogleWKT WKTBoolValue.swift
[371/1231] Compiling GoogleWKT WKTBytesValue.swift
[372/1231] Compiling GoogleWKT WKTValue.swift
[373/1231] Compiling GoogleWKT WKTApi.swift
[374/1231] Compiling GoogleWKT WKTEnum.swift
[375/1231] Compiling GoogleWKT WKTEnumValue.swift
[376/1231] Compiling GoogleWKT WKTField.swift
[377/1231] Compiling GoogleWKT WKTMethod.swift
[378/1231] Compiling GoogleWKT WKTMixin.swift
[379/1231] Compiling GoogleWKT WKTOption.swift
[380/1231] Compiling GoogleWKT WKTDoubleValue.swift
[381/1231] Compiling GoogleWKT WKTDuration.swift
[382/1231] Compiling GoogleWKT WKTEmpty.swift
[383/1231] Compiling GoogleWKT WKTFieldMask.swift
[390/1231] Compiling GoogleWKT WKTUInt32Value.swift
[391/1231] Compiling GoogleWKT WKTUInt64Value.swift
[391/1231] Compiling encrypted_client_hello.cc
[393/1231] Compiling GoogleWKT AnyPackable.swift
[394/1231] Compiling GoogleWKT DecodeToDefault.swift
[395/1231] Compiling GoogleWKT DiscoveryBase64.swift
[396/1231] Compiling GoogleWKT ProtoJSONDecoder.swift
[397/1231] Compiling GoogleWKT ProtoJSONEncoder.swift
[397/1232] Compiling handoff.cc
[399/1232] Compiling dtls_record.cc
[400/1247] Compiling extensions.cc
[401/1247] Wrapping AST for GoogleWKT for debugging
[402/1247] Compiling dtls_method.cc
[403/1247] Compiling d1_srtp.cc
[404/1247] Compiling md5-x86_64-linux.S
[405/1247] Compiling md5-x86_64-apple.S
[406/1247] Compiling md5-586-linux.S
[407/1247] Compiling md5-586-apple.S
[409/1247] Compiling GoogleRpc LocalizedMessage.swift
[410/1247] Compiling GoogleRpc PackageVersion.swift
[410/1249] Compiling chacha20_poly1305_x86_64-linux.S
[412/1249] Compiling GoogleRpc RequestInfo.swift
[413/1249] Compiling GoogleRpc ResourceInfo.swift
[414/1249] Compiling GoogleRpc DebugInfo.swift
[415/1249] Compiling GoogleRpc ErrorInfo.swift
[415/1249] Compiling chacha20_poly1305_x86_64-apple.S
[416/1249] Compiling chacha20_poly1305_armv8-win.S
[418/1249] Compiling GoogleRpc HttpRequest.swift
[419/1249] Compiling GoogleRpc HttpResponse.swift
[422/1249] Compiling GoogleRpc PreconditionFailure.swift
[423/1249] Compiling GoogleRpc QuotaFailure.swift
[424/1249] Compiling Configuration CombineLatestManyStorage.swift
[425/1249] Compiling Configuration AsyncSequences.swift
[426/1249] Compiling Configuration FoundationExtensions.swift
[427/1249] Compiling Configuration Span.swift
[428/1249] Compiling Configuration ConfigBytesFromStringDecoder.swift
[431/1249] Compiling GoogleRpc Help.swift
[432/1249] Compiling GoogleRpc HttpHeader.swift
[432/1249] Compiling chacha20_poly1305_armv8-linux.S
[433/1249] Compiling chacha20_poly1305_armv8-apple.S
[435/1249] Compiling GoogleRpc BadRequest.swift
[436/1249] Compiling GoogleRpc Code.swift
[437/1249] Emitting module GoogleRpc
[448/1249] Compiling Configuration CommandLineArgumentsProvider.swift
[449/1249] Compiling Configuration EnvironmentFileParser.swift
[451/1249] Compiling chacha-x86_64-linux.S
[452/1249] Compiling d1_pkt.cc
[453/1249] Compiling chacha-x86_64-apple.S
[454/1249] Compiling chacha-x86-linux.S
[455/1249] Compiling err_data.cc
[456/1249] Compiling chacha-x86-apple.S
[458/1249] Compiling GoogleRpc RetryInfo.swift
[459/1249] Compiling GoogleRpc Status.swift
[459/1250] Compiling chacha-armv8-win.S
[460/1250] Compiling chacha-armv8-apple.S
[462/1250] Compiling chacha-armv8-linux.S
[463/1250] Compiling chacha-armv4-linux.S
[464/1250] Compiling aes128gcmsiv-x86_64-linux.S
[465/1250] Compiling aes128gcmsiv-x86_64-apple.S
[466/1250] Compiling x86_64-mont5-linux.S
[467/1250] Compiling x86_64-mont5-apple.S
[468/1250] Compiling bio_ssl.cc
[469/1250] Compiling d1_lib.cc
[470/1250] Wrapping AST for GoogleRpc for debugging
[471/1250] Compiling x86_64-mont-linux.S
[472/1250] Compiling x86_64-mont-apple.S
[473/1250] Compiling x86-mont-apple.S
[474/1250] Compiling vpaes-x86_64-linux.S
[475/1250] Compiling vpaes-x86_64-apple.S
[476/1250] Compiling x86-mont-linux.S
[477/1250] Compiling vpaes-x86-linux.S
[478/1250] Compiling vpaes-x86-apple.S
[479/1250] Compiling vpaes-armv8-win.S
[480/1250] Compiling vpaes-armv8-apple.S
[481/1250] Compiling vpaes-armv7-linux.S
[482/1250] Compiling vpaes-armv8-linux.S
[483/1250] Compiling sha512-x86_64-linux.S
[484/1250] Compiling sha512-x86_64-apple.S
[485/1250] Compiling sha512-armv8-win.S
[486/1250] Compiling sha512-armv8-apple.S
[487/1250] Compiling sha512-586-linux.S
[487/1250] Compiling sha512-armv4-linux.S
[489/1250] Compiling sha512-586-apple.S
[490/1250] Compiling sha512-armv8-linux.S
[491/1250] Compiling sha256-x86_64-linux.S
[492/1250] Compiling sha256-x86_64-apple.S
[493/1250] Compiling sha256-armv8-win.S
[494/1250] Compiling sha256-armv8-apple.S
[495/1250] Compiling sha256-586-linux.S
[496/1250] Compiling sha256-armv4-linux.S
[496/1250] Compiling sha256-armv8-linux.S
[498/1250] Compiling sha256-586-apple.S
[498/1250] Compiling sha1-x86_64-linux.S
[500/1250] Compiling sha1-armv8-win.S
[501/1250] Compiling sha1-x86_64-apple.S
[502/1250] Compiling sha1-armv8-apple.S
[503/1250] Compiling sha1-armv8-linux.S
[504/1250] Compiling sha1-armv4-large-linux.S
[505/1250] Compiling sha1-586-linux.S
[506/1250] Compiling sha1-586-apple.S
[507/1250] Compiling rsaz-avx2-linux.S
[508/1250] Compiling rsaz-avx2-apple.S
[509/1250] Compiling rdrand-x86_64-linux.S
[510/1250] Compiling d1_both.cc
[511/1250] Compiling rdrand-x86_64-apple.S
[512/1250] Compiling p256_beeu-x86_64-asm-linux.S
[513/1250] Compiling p256_beeu-x86_64-asm-apple.S
[514/1250] Compiling p256_beeu-armv8-asm-win.S
[515/1250] Compiling p256_beeu-armv8-asm-apple.S
[516/1250] Compiling p256_beeu-armv8-asm-linux.S
[517/1250] Compiling p256-x86_64-asm-linux.S
[518/1250] Compiling p256-armv8-asm-win.S
[519/1250] Compiling p256-x86_64-asm-apple.S
[520/1250] Compiling p256-armv8-asm-apple.S
[521/1250] Compiling p256-armv8-asm-linux.S
[522/1250] Compiling ghashv8-armv8-win.S
[523/1250] Compiling ghashv8-armv8-linux.S
[524/1250] Compiling ghashv8-armv8-apple.S
[525/1250] Compiling ghashv8-armv7-linux.S
[526/1250] Compiling ghash-x86_64-linux.S
[527/1250] Compiling ghash-x86_64-apple.S
[528/1250] Compiling ghash-x86-linux.S
[529/1250] Compiling ghash-x86-apple.S
[530/1250] Compiling ghash-ssse3-x86-linux.S
[530/1250] Compiling ghash-ssse3-x86_64-apple.S
[532/1250] Compiling ghash-ssse3-x86_64-linux.S
[533/1250] Compiling ghash-ssse3-x86-apple.S
[534/1250] Compiling ghash-neon-armv8-win.S
[535/1250] Compiling ghash-neon-armv8-linux.S
[536/1250] Compiling ghash-neon-armv8-apple.S
[537/1250] Compiling co-586-apple.S
[538/1250] Compiling co-586-linux.S
[538/1250] Compiling ghash-armv4-linux.S
[540/1250] Compiling bsaes-armv7-linux.S
[541/1250] Compiling bn-armv8-win.S
[542/1250] Compiling bn-armv8-linux.S
[543/1250] Compiling bn-586-linux.S
[544/1250] Compiling bn-armv8-apple.S
[545/1250] Compiling armv8-mont-win.S
[546/1250] Compiling bn-586-apple.S
[547/1250] Compiling armv8-mont-linux.S
[548/1250] Compiling armv8-mont-apple.S
[549/1250] Compiling armv4-mont-linux.S
[550/1250] Compiling aesv8-gcm-armv8-win.S
[551/1250] Compiling aesv8-gcm-armv8-apple.S
[552/1250] Compiling aesv8-gcm-armv8-linux.S
[553/1250] Compiling aesv8-armv8-win.S
[554/1250] Compiling aesv8-armv8-apple.S
[555/1250] Compiling aesv8-armv8-linux.S
[556/1250] Compiling aesv8-armv7-linux.S
[557/1250] Compiling aesni-x86_64-linux.S
[558/1250] Compiling aesni-x86_64-apple.S
[559/1250] Compiling aesni-gcm-x86_64-linux.S
[560/1250] Compiling aesni-x86-apple.S
[561/1250] Compiling aesni-x86-linux.S
[562/1250] Compiling aesni-gcm-x86_64-apple.S
[563/1250] Compiling aes-gcm-avx2-x86_64-linux.S
[564/1250] Compiling aes-gcm-avx2-x86_64-apple.S
[565/1250] Compiling aes-gcm-avx10-x86_64-linux.S
[566/1250] Compiling aes-gcm-avx10-x86_64-apple.S
[580/1251] Wrapping AST for Configuration for debugging
[581/1251] Compiling x_val.cc
[581/1251] Compiling x_sig.cc
[582/1251] Compiling x_x509.cc
[584/1251] Compiling x_x509a.cc
[585/1251] Compiling x_spki.cc
[586/1251] Compiling x_req.cc
[587/1251] Compiling x_pubkey.cc
[588/1251] Compiling x_name.cc
[589/1251] Compiling x_attrib.cc
[589/1251] Compiling x_exten.cc
[591/1251] Compiling x_algor.cc
[592/1251] Compiling x_crl.cc
[593/1251] Compiling x509spki.cc
[594/1251] Compiling x509rset.cc
[595/1251] Compiling x_all.cc
[596/1251] Compiling x509name.cc
[597/1251] Compiling x509_txt.cc
[598/1251] Compiling x509cset.cc
[599/1251] Compiling x509_v3.cc
[600/1251] Compiling x509_vpm.cc
[601/1251] Compiling x509_trs.cc
[602/1251] Compiling x509_set.cc
[603/1251] Compiling x509_vfy.cc
[604/1251] Compiling x509_req.cc
[605/1251] Compiling x509_obj.cc
[606/1251] Compiling x509_def.cc
[607/1251] Compiling x509_ext.cc
[608/1251] Compiling x509_lu.cc
[609/1251] Compiling x509_d2.cc
[610/1251] Compiling x509_cmp.cc
[611/1251] Compiling x509_att.cc
[612/1251] Compiling x509.cc
[613/1251] Compiling v3_skey.cc
[614/1251] Compiling v3_prn.cc
[615/1251] Compiling v3_pmaps.cc
[616/1251] Compiling v3_purp.cc
[617/1251] Compiling v3_utl.cc
[618/1251] Compiling v3_ocsp.cc
[618/1251] Compiling v3_pcons.cc
[620/1251] Compiling v3_ncons.cc
[621/1251] Compiling v3_int.cc
[622/1251] Compiling v3_lib.cc
[623/1251] Compiling v3_ia5.cc
[624/1251] Compiling v3_info.cc
[625/1251] Compiling v3_genn.cc
[626/1251] Compiling v3_enum.cc
[627/1251] Compiling v3_extku.cc
[628/1251] Compiling v3_crld.cc
[629/1251] Compiling v3_bitst.cc
[630/1251] Compiling v3_conf.cc
[631/1251] Compiling v3_cpols.cc
[632/1251] Compiling v3_bcons.cc
[633/1251] Compiling v3_alt.cc
[634/1251] Compiling v3_akeya.cc
[635/1251] Compiling v3_akey.cc
[636/1251] Compiling t_x509a.cc
[637/1251] Compiling i2d_pr.cc
[638/1251] Compiling t_crl.cc
[639/1251] Compiling t_req.cc
[640/1251] Compiling t_x509.cc
[641/1251] Compiling rsa_pss.cc
[642/1251] Compiling name_print.cc
[643/1251] Compiling policy.cc
[644/1251] Compiling by_file.cc
[645/1251] Compiling by_dir.cc
[646/1251] Compiling a_verify.cc
[647/1251] Compiling algorithm.cc
[647/1251] Compiling asn1_gen.cc
[649/1251] Compiling a_sign.cc
[650/1251] Compiling voprf.cc
[651/1251] Compiling a_digest.cc
[652/1251] Compiling trust_token.cc
[653/1251] Compiling thread_win.cc
[654/1251] Compiling thread_none.cc
[655/1251] Compiling thread.cc
[656/1251] Compiling thread_pthread.cc
[657/1251] Compiling stack.cc
[658/1251] Compiling pmbtoken.cc
[659/1251] Compiling slhdsa.cc
[660/1251] Compiling spake2plus.cc
[661/1251] Compiling sha256.cc
[662/1251] Compiling sha512.cc
[662/1251] Compiling sha1.cc
[664/1251] Compiling siphash.cc
[665/1251] Compiling rsa_print.cc
[666/1251] Compiling rsa_extra.cc
[667/1251] Compiling rsa_crypt.cc
[668/1251] Compiling rc4.cc
[669/1251] Compiling windows.cc
[670/1251] Compiling refcount.cc
[671/1251] Compiling urandom.cc
[672/1251] Compiling trusty.cc
[673/1251] Compiling rsa_asn1.cc
[674/1251] Compiling passive.cc
[675/1251] Compiling poly1305_arm_asm.S
[676/1251] Compiling ios.cc
[677/1251] Compiling getentropy.cc
[678/1251] Compiling deterministic.cc
[679/1251] Compiling forkunsafe.cc
[680/1251] Compiling fork_detect.cc
[681/1251] Compiling poly1305_vec.cc
[682/1251] Compiling poly1305_arm.cc
[683/1251] Compiling pool.cc
[684/1251] Compiling poly1305.cc
[685/1251] Compiling pkcs7.cc
[686/1251] Compiling p5_pbev2.cc
[687/1251] Compiling pkcs8_x509.cc
[688/1251] Compiling pkcs8.cc
[689/1251] Compiling pkcs7_x509.cc
[690/1251] Compiling pem_xaux.cc
[691/1251] Compiling pem_x509.cc
[692/1251] Compiling pem_pkey.cc
[693/1251] Compiling md5.cc
[694/1251] Compiling md4.cc
[695/1251] Compiling pem_pk8.cc
[696/1251] Compiling poly_rq_mul.S
[697/1251] Compiling pem_oth.cc
[698/1251] Compiling lhash.cc
[699/1251] Compiling fips_shared_support.cc
[700/1251] Compiling pem_info.cc
[701/1251] Compiling pem_lib.cc
[702/1251] Compiling pem_all.cc
[703/1251] Compiling ex_data.cc
[704/1251] Compiling sign.cc
[705/1251] Compiling scrypt.cc
[706/1251] Compiling kyber.cc
[707/1251] Compiling print.cc
[708/1251] Compiling hpke.cc
[709/1251] Compiling hrss.cc
[710/1251] Compiling pbkdf.cc
[711/1251] Compiling p_x25519.cc
[712/1251] Compiling p_x25519_asn1.cc
[713/1251] Compiling p_rsa_asn1.cc
[714/1251] Compiling p_rsa.cc
[715/1251] Compiling p_hkdf.cc
[716/1251] Compiling p_ed25519_asn1.cc
[717/1251] Compiling p_ed25519.cc
[718/1251] Compiling p_ec.cc
[719/1251] Compiling p_ec_asn1.cc
[720/1251] Compiling p_dh_asn1.cc
[721/1251] Compiling p_dh.cc
[722/1251] Compiling evp_ctx.cc
[723/1251] Compiling p_dsa_asn1.cc
[724/1251] Compiling err.cc
[725/1251] Compiling evp_asn1.cc
[726/1251] Compiling evp.cc
[727/1251] Compiling engine.cc
[728/1251] Compiling ecdh.cc
[729/1251] Compiling hash_to_curve.cc
[730/1251] Compiling ecdsa_asn1.cc
[731/1251] Compiling ec_derive.cc
[732/1251] Compiling dsa.cc
[733/1251] Compiling dsa_asn1.cc
[734/1251] Compiling ec_asn1.cc
[735/1251] Compiling bcm.cc
[736/1251] Compiling x25519-asm-arm.S
[737/1251] Compiling params.cc
[738/1251] Compiling digest_extra.cc
[739/1251] Compiling des.cc
[740/1251] Compiling dh_asn1.cc
[741/1251] Compiling curve25519_64_adx.cc
[742/1251] Compiling cpu_intel.cc
[743/1251] Compiling crypto.cc
[744/1251] Compiling spake25519.cc
[745/1251] Compiling curve25519.cc
[745/1251] Compiling cpu_arm_linux.cc
[747/1251] Compiling cpu_arm_freebsd.cc
[748/1251] Compiling cpu_aarch64_win.cc
[749/1251] Compiling cpu_aarch64_sysreg.cc
[750/1251] Compiling cpu_aarch64_openbsd.cc
[751/1251] Compiling cpu_aarch64_linux.cc
[752/1251] Compiling cpu_aarch64_fuchsia.cc
[753/1251] Compiling cpu_aarch64_apple.cc
[754/1251] Compiling conf.cc
[755/1251] Compiling tls_cbc.cc
[756/1251] Compiling get_cipher.cc
[757/1251] Compiling e_tls.cc
[758/1251] Compiling e_rc4.cc
[759/1251] Compiling e_rc2.cc
[760/1251] Compiling e_null.cc
[761/1251] Compiling e_des.cc
[762/1251] Compiling e_chacha20poly1305.cc
[763/1251] Compiling e_aesgcmsiv.cc
[764/1251] Compiling e_aesctrhmac.cc
[765/1251] Compiling derive_key.cc
[766/1251] Compiling chacha.cc
[767/1251] Compiling unicode.cc
[768/1251] Compiling buf.cc
[768/1251] Compiling cbs.cc
[770/1251] Compiling cbb.cc
[771/1251] Compiling ber.cc
[772/1251] Compiling asn1_compat.cc
[773/1251] Compiling bn_asn1.cc
[774/1251] Compiling convert.cc
[775/1251] Compiling blake2.cc
[776/1251] Compiling socket.cc
[777/1251] Compiling socket_helper.cc
[778/1251] Compiling printf.cc
[779/1251] Compiling hexdump.cc
[780/1251] Compiling pair.cc
[781/1251] Compiling file.cc
[782/1251] Compiling fd.cc
[783/1251] Compiling errno.cc
[784/1251] Compiling bio_mem.cc
[785/1251] Compiling connect.cc
[786/1251] Compiling base64.cc
[787/1251] Compiling bio.cc
[788/1251] Compiling tasn_fre.cc
[789/1251] Compiling tasn_utl.cc
[790/1251] Compiling tasn_typ.cc
[791/1251] Compiling tasn_enc.cc
[792/1251] Compiling tasn_new.cc
[793/1251] Compiling posix_time.cc
[794/1251] Compiling f_string.cc
[795/1251] Compiling tasn_dec.cc
[796/1251] Compiling f_int.cc
[797/1251] Compiling asn_pack.cc
[798/1251] Compiling asn1_par.cc
[799/1251] Compiling asn1_lib.cc
[799/1251] Compiling a_utctm.cc
[801/1251] Compiling a_type.cc
[802/1251] Compiling a_time.cc
[803/1251] Compiling a_octet.cc
[804/1251] Compiling a_strnid.cc
[805/1251] Compiling a_strex.cc
[806/1251] Compiling a_object.cc
[807/1251] Compiling a_i2d_fp.cc
[808/1251] Compiling a_dup.cc
[809/1251] Compiling a_mbstr.cc
[810/1251] Compiling a_d2i_fp.cc
[811/1251] Compiling a_int.cc
[812/1251] Compiling CGoogleGaxCRC32C CGoogleGaxCRC32C.c
[813/1251] Compiling a_gentm.cc
[814/1251] Compiling fiat_p256_adx_mul.S
[815/1251] Compiling fiat_p256_adx_sqr.S
[816/1251] Compiling fiat_curve25519_adx_square.S
[817/1251] Compiling a_bitstr.cc
[818/1251] Compiling fiat_curve25519_adx_mul.S
[819/1251] Compiling md5-x86_64-linux.S
[820/1251] Compiling md5-x86_64-apple.S
[821/1251] Compiling md5-586-linux.S
[822/1251] Compiling md5-586-apple.S
[823/1251] Compiling chacha20_poly1305_x86_64-linux.S
[824/1251] Compiling chacha20_poly1305_x86_64-apple.S
[825/1251] Compiling chacha20_poly1305_armv8-win.S
[826/1251] Compiling chacha20_poly1305_armv8-apple.S
[827/1251] Compiling a_bool.cc
[828/1251] Compiling chacha-x86_64-linux.S
[829/1251] Compiling chacha20_poly1305_armv8-linux.S
[830/1251] Compiling CCryptoBoringSSLShims shims.c
[831/1251] Compiling chacha-x86_64-apple.S
[832/1251] Compiling chacha-x86-linux.S
[833/1251] Compiling chacha-x86-apple.S
[834/1251] Compiling chacha-armv8-win.S
[835/1251] Compiling chacha-armv8-apple.S
[836/1251] Compiling chacha-armv4-linux.S
[837/1251] Compiling aes128gcmsiv-x86_64-apple.S
[838/1251] Compiling aes128gcmsiv-x86_64-linux.S
[839/1251] Compiling chacha-armv8-linux.S
[840/1251] Compiling x86_64-mont5-linux.S
[841/1251] Compiling x86_64-mont5-apple.S
[842/1251] Compiling x86_64-mont-apple.S
[842/1251] Compiling x86_64-mont-linux.S
[844/1251] Compiling x86-mont-apple.S
[845/1251] Compiling x86-mont-linux.S
[846/1251] Compiling vpaes-x86_64-linux.S
[847/1251] Compiling vpaes-x86_64-apple.S
[848/1251] Compiling vpaes-x86-linux.S
[849/1251] Compiling vpaes-x86-apple.S
[850/1251] Compiling vpaes-armv8-win.S
[851/1251] Compiling vpaes-armv8-apple.S
[852/1251] Compiling vpaes-armv8-linux.S
[853/1251] Compiling vpaes-armv7-linux.S
[854/1251] Compiling sha512-x86_64-linux.S
[855/1251] Compiling sha512-x86_64-apple.S
[856/1251] Compiling sha512-armv8-win.S
[857/1251] Compiling sha512-armv8-apple.S
[858/1251] Compiling sha512-armv4-linux.S
[859/1251] Compiling sha512-586-linux.S
[860/1251] Compiling err_data.cc
[861/1251] Compiling sha512-armv8-linux.S
[862/1251] Compiling sha512-586-apple.S
[863/1251] Compiling sha256-armv8-win.S
[864/1251] Compiling sha256-x86_64-linux.S
[865/1251] Compiling sha256-x86_64-apple.S
[866/1251] Compiling sha256-armv8-apple.S
[867/1251] Compiling sha256-armv4-linux.S
[868/1251] Compiling sha256-armv8-linux.S
[869/1251] Compiling sha256-586-apple.S
[869/1251] Compiling sha256-586-linux.S
[871/1251] Compiling sha1-x86_64-linux.S
[872/1251] Compiling sha1-armv8-win.S
[873/1251] Compiling sha1-x86_64-apple.S
[874/1251] Compiling sha1-armv4-large-linux.S
[875/1251] Compiling sha1-armv8-linux.S
[875/1251] Compiling sha1-armv8-apple.S
[876/1251] Compiling sha1-586-linux.S
[878/1251] Compiling sha1-586-apple.S
[879/1251] Compiling rsaz-avx2-linux.S
[880/1251] Compiling rsaz-avx2-apple.S
[881/1251] Compiling p256_beeu-x86_64-asm-linux.S
[881/1251] Compiling rdrand-x86_64-linux.S
[883/1251] Compiling rdrand-x86_64-apple.S
[884/1251] Compiling p256_beeu-x86_64-asm-apple.S
[884/1251] Compiling p256_beeu-armv8-asm-win.S
[886/1251] Compiling p256_beeu-armv8-asm-linux.S
[887/1251] Compiling p256_beeu-armv8-asm-apple.S
[888/1251] Compiling p256-x86_64-asm-linux.S
[889/1251] Compiling p256-armv8-asm-win.S
[890/1251] Compiling p256-x86_64-asm-apple.S
[890/1251] Compiling p256-armv8-asm-linux.S
[892/1251] Compiling p256-armv8-asm-apple.S
[893/1251] Compiling ghashv8-armv8-win.S
[894/1251] Compiling ghashv8-armv8-apple.S
[895/1251] Compiling ghashv8-armv7-linux.S
[895/1251] Compiling ghashv8-armv8-linux.S
[897/1251] Compiling ghash-x86_64-linux.S
[898/1251] Compiling ghash-x86_64-apple.S
[899/1251] Compiling ghash-x86-linux.S
[900/1251] Compiling ghash-x86-apple.S
[901/1251] Compiling ghash-ssse3-x86_64-linux.S
[902/1251] Compiling ghash-ssse3-x86_64-apple.S
[902/1251] Compiling ghash-ssse3-x86-linux.S
[904/1251] Compiling ghash-ssse3-x86-apple.S
[905/1251] Compiling ghash-neon-armv8-win.S
[906/1251] Compiling ghash-neon-armv8-linux.S
[907/1251] Compiling ghash-armv4-linux.S
[908/1251] Compiling co-586-linux.S
[909/1251] Compiling ghash-neon-armv8-apple.S
[910/1251] Compiling co-586-apple.S
[911/1251] Compiling bsaes-armv7-linux.S
[912/1251] Compiling bn-armv8-apple.S
[913/1251] Compiling bn-armv8-linux.S
[914/1251] Compiling bn-armv8-win.S
[915/1251] Compiling bn-586-linux.S
[916/1251] Compiling bn-586-apple.S
[917/1251] Compiling armv8-mont-win.S
[918/1251] Compiling aesv8-gcm-armv8-win.S
[919/1251] Compiling armv8-mont-apple.S
[920/1251] Compiling armv8-mont-linux.S
[921/1251] Compiling armv4-mont-linux.S
[922/1251] Compiling aesv8-gcm-armv8-linux.S
[923/1251] Compiling aesv8-gcm-armv8-apple.S
[924/1251] Compiling aesv8-armv8-win.S
[925/1251] Compiling aesv8-armv8-linux.S
[926/1251] Compiling aesv8-armv8-apple.S
[927/1251] Compiling aesv8-armv7-linux.S
[928/1251] Compiling aesni-x86_64-linux.S
[929/1251] Compiling aesni-x86_64-apple.S
[930/1251] Compiling aesni-x86-linux.S
[931/1251] Compiling aesni-x86-apple.S
[932/1251] Compiling aesni-gcm-x86_64-linux.S
[933/1251] Compiling aes-gcm-avx512-x86_64-linux.S
[934/1251] Compiling aesni-gcm-x86_64-apple.S
[935/1251] Compiling aes-gcm-avx2-x86_64-linux.S
[936/1251] Compiling aes-gcm-avx512-x86_64-apple.S
[937/1251] Compiling aes-gcm-avx2-x86_64-apple.S
[938/1251] Compiling xwing.cc
[939/1251] Compiling x_spki.cc
[940/1251] Compiling x_sig.cc
[941/1251] Compiling x_x509a.cc
[942/1251] Compiling x_req.cc
[943/1251] Compiling x_x509.cc
[944/1251] Compiling c-nioatomics.c
[945/1251] Compiling x_pubkey.cc
[946/1251] Compiling x_exten.cc
[947/1251] Compiling x_attrib.cc
[948/1251] Compiling x_name.cc
[949/1251] Compiling x_crl.cc
[950/1251] Compiling c-atomics.c
[951/1258] Compiling x_all.cc
[953/1258] Compiling NIOConcurrencyHelpers NIOLockedValueBox.swift
[953/1258] Compiling x_algor.cc
[955/1258] Emitting module NIOConcurrencyHelpers
[956/1258] Compiling NIOConcurrencyHelpers NIOLock.swift
[956/1258] Compiling x509cset.cc
[958/1258] Compiling NIOConcurrencyHelpers NIOAtomic.swift
[958/1258] Compiling x509rset.cc
[960/1258] Compiling NIOConcurrencyHelpers NIOThreadPoolWorkAvailable.swift
[961/1258] Compiling NIOConcurrencyHelpers atomics.swift
[962/1258] Compiling NIOConcurrencyHelpers lock.swift
[962/1258] Compiling x509spki.cc
[964/1259] Compiling x509_vpm.cc
[965/1259] Wrapping AST for NIOConcurrencyHelpers for debugging
[966/1259] Compiling x509name.cc
[967/1259] Compiling x509_vfy.cc
[968/1259] Compiling x509_txt.cc
[969/1259] Compiling x509_v3.cc
[970/1259] Compiling x509_trs.cc
[971/1259] Compiling x509_set.cc
[972/1259] Compiling x509_req.cc
[973/1259] Compiling x509_obj.cc
[974/1259] Compiling x509_lu.cc
[975/1259] Compiling x509_ext.cc
[976/1259] Compiling x509_def.cc
[977/1259] Compiling x509_d2.cc
[978/1259] Compiling x509_cmp.cc
[979/1259] Compiling x509_att.cc
[980/1259] Compiling x509.cc
[981/1259] Compiling v3_skey.cc
[982/1259] Compiling v3_utl.cc
[983/1259] Compiling v3_purp.cc
[984/1259] Compiling v3_prn.cc
[985/1259] Compiling v3_pmaps.cc
[986/1259] Compiling v3_pcons.cc
[987/1259] Compiling v3_ocsp.cc
[988/1259] Compiling v3_ncons.cc
[989/1259] Compiling v3_int.cc
[990/1259] Compiling v3_lib.cc
[991/1259] Compiling v3_ia5.cc
[992/1259] Compiling v3_info.cc
[993/1259] Compiling v3_genn.cc
[994/1259] Compiling v3_enum.cc
[995/1259] Compiling v3_extku.cc
[996/1259] Compiling v3_crld.cc
[997/1259] Compiling v3_cpols.cc
[998/1259] Compiling v3_conf.cc
[999/1259] Compiling v3_bitst.cc
[1000/1259] Compiling v3_bcons.cc
[1001/1259] Compiling v3_alt.cc
[1002/1259] Compiling v3_akey.cc
[1003/1259] Compiling v3_akeya.cc
[1004/1259] Compiling t_x509a.cc
[1005/1259] Compiling t_x509.cc
[1006/1259] Compiling t_req.cc
[1007/1259] Compiling i2d_pr.cc
[1008/1259] Compiling t_crl.cc
[1009/1259] Compiling rsa_pss.cc
[1010/1259] Compiling policy.cc
[1011/1259] Compiling name_print.cc
[1012/1259] Compiling by_file.cc
[1013/1259] Compiling by_dir.cc
[1014/1259] Compiling asn1_gen.cc
[1015/1259] Compiling algorithm.cc
[1016/1259] Compiling a_verify.cc
[1017/1259] Compiling a_sign.cc
[1018/1259] Compiling a_digest.cc
[1019/1259] Compiling voprf.cc
[1019/1259] Compiling thread_win.cc
[1021/1259] Compiling trust_token.cc
[1022/1259] Compiling thread_none.cc
[1023/1259] Compiling thread_pthread.cc
[1024/1259] Compiling pmbtoken.cc
[1025/1259] Compiling thread.cc
[1026/1259] Compiling stack.cc
[1027/1259] Compiling siphash.cc
[1028/1259] Compiling slhdsa.cc
[1029/1259] Compiling sha256.cc
[1030/1259] Compiling sha512.cc
[1031/1259] Compiling spake2plus.cc
[1032/1259] Compiling sha1.cc
[1033/1259] Compiling rsa_print.cc
[1034/1259] Compiling rsa_extra.cc
[1035/1259] Compiling rc4.cc
[1036/1259] Compiling rsa_crypt.cc
[1037/1259] Compiling refcount.cc
[1038/1259] Compiling windows.cc
[1039/1259] Compiling urandom.cc
[1040/1259] Compiling trusty.cc
[1041/1259] Compiling rand.cc
[1042/1259] Compiling ios.cc
[1043/1259] Compiling rsa_asn1.cc
[1044/1259] Compiling passive.cc
[1045/1259] Compiling getentropy.cc
[1046/1259] Compiling poly1305_arm_asm.S
[1047/1259] Compiling forkunsafe.cc
[1048/1259] Compiling deterministic.cc
[1049/1259] Compiling fork_detect.cc
[1050/1259] Compiling pool.cc
[1051/1259] Compiling poly1305_vec.cc
[1052/1259] Compiling poly1305_arm.cc
[1053/1259] Compiling poly1305.cc
[1054/1259] Compiling pkcs8_x509.cc
[1055/1259] Compiling pkcs8.cc
[1056/1259] Compiling p5_pbev2.cc
[1057/1259] Compiling pkcs7_x509.cc
[1058/1259] Compiling pkcs7.cc
[1059/1259] Compiling pem_xaux.cc
[1060/1259] Compiling pem_x509.cc
[1061/1259] Compiling pem_pkey.cc
[1062/1259] Compiling mlkem.cc
[1063/1259] Compiling pem_oth.cc
[1063/1259] Compiling pem_pk8.cc
[1065/1259] Compiling pem_lib.cc
[1066/1259] Compiling pem_info.cc
[1067/1259] Compiling obj_xref.cc
[1068/1259] Compiling pem_all.cc
[1069/1259] Compiling obj.cc
[1070/1259] Compiling poly_rq_mul.S
[1071/1259] Compiling mldsa.cc
[1072/1259] Compiling mem.cc
[1073/1259] Compiling fips_shared_support.cc
[1074/1259] Compiling lhash.cc
[1075/1259] Compiling md5.cc
[1076/1259] Compiling md4.cc
[1077/1259] Compiling kyber.cc
[1078/1259] Compiling fuzzer_mode.cc
[1079/1259] Compiling hrss.cc
[1080/1259] Compiling ex_data.cc
[1081/1259] Compiling hpke.cc
[1082/1259] Compiling scrypt.cc
[1083/1259] Compiling pbkdf.cc
[1084/1259] Compiling print.cc
[1085/1259] Compiling sign.cc
[1086/1259] Compiling p_x25519_asn1.cc
[1087/1259] Compiling p_x25519.cc
[1088/1259] Compiling p_rsa_asn1.cc
[1089/1259] Compiling p_rsa.cc
[1090/1259] Compiling p_hkdf.cc
[1091/1259] Compiling p_ed25519_asn1.cc
[1092/1259] Compiling p_ed25519.cc
[1093/1259] Compiling p_ec.cc
[1094/1259] Compiling p_ec_asn1.cc
[1095/1259] Compiling p_dsa_asn1.cc
[1096/1259] Compiling p_dh_asn1.cc
[1097/1259] Compiling p_dh.cc
[1098/1259] Compiling evp_ctx.cc
[1099/1259] Compiling evp_asn1.cc
[1100/1259] Compiling err.cc
[1101/1259] Compiling engine.cc
[1102/1259] Compiling ecdsa_p1363.cc
[1103/1259] Compiling evp.cc
[1104/1259] Compiling ecdh.cc
[1105/1259] Compiling ec_derive.cc
[1106/1259] Compiling ecdsa_asn1.cc
[1107/1259] Compiling hash_to_curve.cc
[1108/1259] Compiling dsa_asn1.cc
[1109/1259] Compiling dsa.cc
[1110/1259] Compiling ec_asn1.cc
[1111/1259] Compiling digest_extra.cc
[1112/1259] Compiling x25519-asm-arm.S
[1113/1259] Compiling params.cc
[1114/1259] Compiling des.cc
[1115/1259] Compiling curve25519_64_adx.cc
[1116/1259] Compiling spake25519.cc
[1117/1259] Compiling dh_asn1.cc
[1118/1259] Compiling curve25519.cc
[1119/1259] Compiling crypto.cc
[1120/1259] Compiling cpu_intel.cc
[1121/1259] Compiling cpu_arm_linux.cc
[1122/1259] Compiling cpu_aarch64_win.cc
[1123/1259] Compiling cpu_arm_freebsd.cc
[1124/1259] Compiling cpu_aarch64_sysreg.cc
[1125/1259] Compiling cpu_aarch64_openbsd.cc
[1126/1259] Compiling cpu_aarch64_linux.cc
[1127/1259] Compiling cpu_aarch64_fuchsia.cc
[1128/1259] Compiling cpu_aarch64_apple.cc
[1129/1259] Compiling conf.cc
[1130/1259] Compiling tls_cbc.cc
[1131/1259] Compiling get_cipher.cc
[1132/1259] Compiling e_null.cc
[1133/1259] Compiling cms.cc
[1134/1259] Compiling e_tls.cc
[1135/1259] Compiling e_rc4.cc
[1136/1259] Compiling e_rc2.cc
[1137/1259] Compiling e_des.cc
[1138/1259] Compiling e_aesgcmsiv.cc
[1139/1259] Compiling e_chacha20poly1305.cc
[1140/1259] Compiling derive_key.cc
[1141/1259] Compiling e_aesctrhmac.cc
[1142/1259] Compiling e_aeseax.cc
[1143/1259] Compiling chacha.cc
[1144/1259] Compiling unicode.cc
[1145/1259] Compiling sqrt.cc
[1146/1259] Compiling buf.cc
[1147/1259] Compiling cbs.cc
[1148/1259] Compiling cbb.cc
[1149/1259] Compiling ber.cc
[1150/1259] Compiling asn1_compat.cc
[1151/1259] Compiling exponentiation.cc
[1152/1259] Compiling div.cc
[1153/1259] Compiling printf.cc
[1154/1259] Compiling blake2.cc
[1155/1259] Compiling bn_asn1.cc
[1156/1259] Compiling pair.cc
[1157/1259] Compiling convert.cc
[1158/1259] Compiling hexdump.cc
[1159/1259] Compiling file.cc
[1160/1259] Compiling errno.cc
[1161/1259] Compiling fd.cc
[1162/1259] Compiling bio_mem.cc
[1163/1259] Compiling base64.cc
[1164/1259] Compiling bio.cc
[1165/1259] Compiling tasn_typ.cc
[1166/1259] Compiling tasn_fre.cc
[1167/1259] Compiling tasn_enc.cc
[1168/1259] Compiling tasn_utl.cc
[1169/1259] Compiling posix_time.cc
[1170/1259] Compiling tasn_new.cc
[1171/1259] Compiling f_string.cc
[1172/1259] Compiling tasn_dec.cc
[1173/1259] Compiling f_int.cc
[1174/1259] Compiling asn_pack.cc
[1175/1259] Compiling asn1_par.cc
[1176/1259] Compiling asn1_lib.cc
[1177/1259] Compiling a_utctm.cc
[1178/1259] Compiling bcm.cc
[1179/1259] Compiling a_time.cc
[1180/1259] Compiling a_type.cc
[1181/1259] Compiling a_strnid.cc
[1182/1259] Compiling a_object.cc
[1183/1259] Compiling a_strex.cc
[1184/1259] Compiling a_i2d_fp.cc
[1185/1259] Compiling a_dup.cc
[1186/1259] Compiling a_mbstr.cc
[1186/1259] Compiling CAsyncHTTPClient CAsyncHTTPClient.c
[1186/1259] Write sources
[1191/1259] Compiling a_int.cc
[1192/1302] Compiling a_d2i_fp.cc
[1193/1302] Compiling a_gentm.cc
[1194/1302] Compiling aes.cc
[1195/1302] Compiling a_bool.cc
[1197/1302] Compiling Atomics ManagedAtomic.swift
[1198/1302] Compiling Atomics ManagedAtomicLazyReference.swift
[1199/1302] Compiling Atomics AtomicStorage.swift
[1200/1302] Compiling Atomics AtomicValue.swift
[1201/1302] Compiling Atomics UnsafeAtomic.swift
[1202/1302] Compiling Atomics UnsafeAtomicLazyReference.swift
[1203/1304] Compiling Atomics AtomicMemoryOrderings.swift
[1204/1304] Compiling Atomics DoubleWord.swift
[1204/1304] Compiling a_bitstr.cc
[1206/1312] Compiling Atomics AtomicInteger.swift
[1207/1312] Compiling Atomics AtomicOptionalWrappable.swift
[1208/1312] Compiling Atomics AtomicReference.swift
[1209/1312] Compiling Atomics IntegerOperations.swift
[1210/1312] Compiling Atomics Unmanaged extensions.swift
[1212/1312] Compiling Algorithms Stride.swift
[1213/1312] Compiling Algorithms Suffix.swift
[1214/1315] Compiling Algorithms RandomSample.swift
[1215/1315] Compiling Algorithms Reductions.swift
[1216/1315] Compiling Algorithms Rotate.swift
[1223/1315] Compiling Algorithms Trim.swift
[1224/1315] Compiling Algorithms Unique.swift
[1225/1315] Compiling Algorithms Windows.swift
[1226/1315] Compiling CryptoBoringWrapper FiniteFieldArithmeticContext.swift
[1227/1315] Compiling CryptoBoringWrapper RandomBytes.swift
[1228/1315] Emitting module CryptoBoringWrapper
[1229/1315] Compiling CryptoBoringWrapper EllipticCurvePoint.swift
[1230/1315] Compiling CryptoBoringWrapper BoringSSLAEAD.swift
[1231/1315] Compiling Atomics PointerConformances.swift
[1232/1315] Compiling Atomics Primitives.native.swift
[1235/1315] Compiling Atomics OptionalRawRepresentable.swift
[1236/1315] Compiling Atomics RawRepresentable.swift
[1237/1315] Compiling Atomics AtomicBool.swift
[1238/1315] Compiling Atomics IntegerConformances.swift
[1239/1315] Emitting module Atomics
[1240/1315] Compiling CryptoBoringWrapper CryptoKitErrors_boring.swift
[1241/1315] Compiling CryptoBoringWrapper ArbitraryPrecisionInteger.swift
[1242/1315] Compiling CryptoBoringWrapper EllipticCurve.swift
[1250/1317] Wrapping AST for CryptoBoringWrapper for debugging
[1251/1318] Wrapping AST for Atomics for debugging
[1253/1465] Compiling NIOCore NIOAsyncWriter.swift
[1254/1465] Compiling NIOCore NIOThrowingAsyncSequenceProducer.swift
[1255/1465] Compiling NIOCore BSDSocketAPI.swift
[1256/1465] Compiling NIOCore ByteBuffer-aux.swift
[1257/1465] Emitting module Algorithms
[1258/1466] Wrapping AST for Algorithms for debugging
[1260/1466] Compiling NIOCore NIOCoreSendableMetatype.swift
[1261/1466] Compiling NIOCore NIODecodedAsyncSequence.swift
[1262/1466] Compiling NIOCore NIOLoopBound.swift
[1263/1466] Compiling NIOCore NIOPooledRecvBufferAllocator.swift
[1264/1466] Compiling NIOCore NIOScheduledCallback.swift
[1265/1466] Compiling NIOCore NIOSendable.swift
[1266/1466] Compiling NIOCore NIOSplitLinesMessageDecoder.swift
[1267/1466] Compiling NIOCore NIOTransportAccessibleChannelCore.swift
[1268/1466] Compiling NIOCore RecvByteBufferAllocator.swift
[1269/1474] Compiling Crypto HKDF.swift
[1270/1474] Compiling Crypto AESWrap.swift
[1271/1474] Compiling Crypto AESWrap_boring.swift
[1272/1474] Compiling Crypto Ed25519_boring.swift
[1273/1474] Compiling Crypto NISTCurvesKeys_boring.swift
[1274/1474] Compiling Crypto X25519Keys_boring.swift
[1275/1474] Compiling Crypto Curve25519.swift
[1276/1474] Compiling Crypto Ed25519Keys.swift
[1277/1474] Compiling Crypto NISTCurvesKeys.swift
[1278/1474] Compiling Crypto X25519Keys.swift
[1279/1474] Compiling Crypto SymmetricKeys.swift
[1280/1474] Compiling Crypto HMAC.swift
[1281/1485] Compiling NIOCore AddressedEnvelope.swift
[1282/1485] Compiling NIOCore AsyncAwaitSupport.swift
[1283/1485] Compiling NIOCore AsyncChannel.swift
[1284/1485] Compiling NIOCore AsyncChannelHandler.swift
[1285/1485] Compiling NIOCore AsyncChannelInboundStream.swift
[1286/1485] Compiling NIOCore AsyncChannelOutboundWriter.swift
[1287/1485] Compiling NIOCore NIOAsyncSequenceProducer.swift
[1288/1485] Compiling NIOCore NIOAsyncSequenceProducerStrategies.swift
[1293/1485] Emitting module Crypto
[1294/1485] Compiling NIOCore IPProtocol.swift
[1295/1485] Compiling NIOCore IntegerBitPacking.swift
[1296/1485] Compiling NIOCore IntegerTypes.swift
[1297/1485] Compiling NIOCore Interfaces.swift
[1298/1485] Compiling NIOCore Linux.swift
[1299/1485] Compiling NIOCore MarkedCircularBuffer.swift
[1300/1485] Compiling NIOCore MulticastChannel.swift
[1301/1485] Compiling NIOCore NIOAny.swift
[1302/1485] Compiling NIOCore NIOCloseOnErrorHandler.swift
[1303/1485] Compiling NIOCore ByteBuffer-binaryEncodedLengthPrefix.swift
[1304/1485] Compiling NIOCore ByteBuffer-conversions.swift
[1305/1485] Compiling NIOCore ByteBuffer-core.swift
[1306/1485] Compiling NIOCore ByteBuffer-hex.swift
[1307/1485] Compiling NIOCore ByteBuffer-int.swift
[1308/1485] Compiling NIOCore ByteBuffer-lengthPrefix.swift
[1309/1485] Compiling NIOCore ByteBuffer-multi-int.swift
[1310/1485] Compiling NIOCore ByteBuffer-quicBinaryEncodingStrategy.swift
[1311/1485] Compiling NIOCore ByteBuffer-views.swift
[1312/1485] Compiling NIOCore Channel.swift
[1313/1485] Compiling NIOCore ChannelHandler.swift
[1314/1485] Compiling NIOCore ChannelHandlers.swift
[1315/1485] Compiling NIOCore CircularBuffer.swift
[1316/1485] Compiling NIOCore Codec.swift
[1317/1485] Compiling NIOCore ConvenienceOptionSupport.swift
[1318/1485] Compiling NIOCore DeadChannel.swift
[1319/1485] Compiling NIOCore DispatchQueue+WithFuture.swift
[1320/1485] Compiling NIOCore EventLoop+Deprecated.swift
[1321/1485] Compiling NIOCore EventLoop+SerialExecutor.swift
[1322/1485] Compiling NIOCore EventLoop.swift
[1323/1485] Compiling NIOCore EventLoopFuture+AssumeIsolated.swift
[1342/1485] Compiling NIOCore SingleStepByteToMessageDecoder.swift
[1343/1485] Compiling NIOCore SocketAddresses.swift
[1344/1485] Compiling NIOCore SocketOptionProvider.swift
[1345/1485] Compiling NIOCore SystemCallHelpers.swift
[1346/1485] Compiling NIOCore TimeAmount+Duration.swift
[1347/1485] Compiling NIOCore TypeAssistedChannelHandler.swift
[1348/1485] Compiling NIOCore UniversalBootstrapSupport.swift
[1349/1485] Compiling NIOCore Utilities.swift
[1350/1485] Compiling NIOCore ChannelInvoker.swift
[1351/1485] Compiling NIOCore ChannelOption.swift
[1352/1485] Compiling NIOCore ChannelPipeline.swift
[1353/1485] Compiling NIOCore EventLoopFuture+Deprecated.swift
[1354/1485] Compiling NIOCore EventLoopFuture+WithEventLoop.swift
[1355/1485] Compiling NIOCore EventLoopFuture.swift
[1356/1485] Compiling NIOCore FileDescriptor.swift
[1357/1485] Compiling NIOCore FileHandle.swift
[1358/1485] Compiling NIOCore FileRegion.swift
[1359/1485] Compiling NIOCore GlobalSingletons.swift
[1360/1485] Compiling NIOCore IO.swift
[1361/1485] Compiling NIOCore IOData.swift
[1371/1485] Compiling Crypto Signature.swift
[1372/1485] Compiling Crypto CryptoKitErrors_boring.swift
[1373/1485] Compiling Crypto Optional+withUnsafeBytes_boring.swift
[1374/1485] Compiling Crypto RNG_boring.swift
[1375/1485] Compiling Crypto SafeCompare_boring.swift
[1376/1485] Compiling Crypto Zeroization_boring.swift
[1377/1485] Compiling Crypto _CryptoModuleAnchor.swift
[1378/1485] Compiling Crypto PrettyBytes.swift
[1379/1485] Compiling Crypto SafeCompare.swift
[1380/1485] Compiling Crypto SecureBytes.swift
[1381/1485] Compiling Crypto Zeroization.swift
[1400/1486] Wrapping AST for Crypto for debugging
[1410/1548] Compiling CryptoExtras AES_CBC.swift
[1411/1548] Compiling CryptoExtras AES_CFB.swift
[1412/1548] Compiling CryptoExtras AES_CTR.swift
[1413/1548] Compiling CryptoExtras AES_GCM_SIV.swift
[1414/1548] Compiling CryptoExtras Block Function.swift
[1415/1548] Compiling CryptoExtras AES_CBC_boring.swift
[1416/1548] Compiling CryptoExtras AES_CFB_boring.swift
[1417/1548] Compiling CryptoExtras AES_CTR_boring.swift
[1418/1548] Compiling CryptoExtras AES_GCM_SIV_boring.swift
[1419/1548] Compiling CryptoExtras PKCS8DERRepresentation.swift
[1420/1548] Compiling CryptoExtras PKCS8PrivateKey.swift
[1421/1548] Compiling CryptoExtras RFC8410AlgorithmIdentifier.swift
[1422/1548] Compiling CryptoExtras ECToolbox_boring.swift
[1423/1548] Compiling CryptoExtras ECToolbox.swift
[1424/1548] Compiling CryptoExtras HashToField.swift
[1425/1548] Compiling CryptoExtras KDF.swift
[1426/1548] Compiling CryptoExtras PBKDF2_boring.swift
[1427/1548] Compiling CryptoExtras PBKDF2_commoncrypto.swift
[1428/1556] Compiling CryptoExtras Data+Extensions.swift
[1429/1556] Compiling CryptoExtras DigestType.swift
[1430/1556] Compiling CryptoExtras Error.swift
[1431/1556] Compiling CryptoExtras I2OSP.swift
[1432/1556] Compiling CryptoExtras IntegerEncoding.swift
[1433/1556] Compiling CryptoExtras PEMDocument.swift
[1434/1556] Compiling CryptoExtras PrettyBytes.swift
[1435/1556] Compiling CryptoExtras SubjectPublicKeyInfo.swift
[1436/1556] Compiling CryptoExtras PBKDF2.swift
[1437/1556] Compiling CryptoExtras Scrypt_boring.swift
[1438/1556] Compiling CryptoExtras Scrypt.swift
[1439/1556] Compiling CryptoExtras OPRF.swift
[1440/1556] Compiling CryptoExtras OPRFClient.swift
[1441/1556] Compiling CryptoExtras OPRFServer.swift
[1442/1556] Compiling CryptoExtras VOPRF+API.swift
[1443/1556] Compiling CryptoExtras VOPRFClient.swift
[1444/1556] Compiling CryptoExtras VOPRFServer.swift
[1454/1556] Compiling CryptoExtras ThreadOps.swift
[1455/1556] Compiling CryptoExtras ThreadPosix.swift
[1456/1556] Compiling CryptoExtras ThreadSpecific.swift
[1457/1556] Compiling CryptoExtras ThreadWindows.swift
[1458/1556] Compiling CryptoExtras DLEQ.swift
[1459/1556] Compiling CryptoExtras Prover.swift
[1460/1556] Compiling CryptoExtras Verifier.swift
[1461/1556] Compiling CryptoExtras ZKPToolbox.swift
[1462/1556] Compiling CryptoExtras BoringSSLPassphraseCallbackManager.swift
[1463/1556] Compiling CryptoExtras RSA+BlindSigning.swift
[1464/1556] Compiling CryptoExtras RSA.swift
[1465/1556] Compiling CryptoExtras RSA_boring.swift
[1466/1556] Compiling CryptoExtras Reexport.swift
[1467/1556] Compiling CryptoExtras Zeroization_boring.swift
[1468/1556] Compiling CryptoExtras BoringSSLHelpers.swift
[1469/1556] Compiling CryptoExtras CryptoKitErrors_boring.swift
[1470/1556] Compiling CryptoExtras ARCServer.swift
[1471/1556] Compiling CryptoExtras ChaCha20CTR_boring.swift
[1472/1556] Compiling CryptoExtras ChaCha20CTR.swift
[1473/1556] Compiling CryptoExtras BoringSSLSHA512256Context.swift
[1474/1556] Compiling CryptoExtras BoringSSLSHA512256HashFunction.swift
[1475/1556] Compiling CryptoExtras SHA512256.swift
[1476/1556] Compiling CryptoExtras SHA512256Digest.swift
[1477/1556] Compiling CryptoExtras Curve25519+PEM.swift
[1478/1556] Compiling CryptoExtras ObjectIdentifier.swift
[1479/1556] Emitting module CryptoExtras
[1480/1556] Compiling CryptoExtras CMAC.swift
[1481/1556] Compiling CryptoExtras ARC+API.swift
[1482/1556] Compiling CryptoExtras ARC.swift
[1483/1556] Compiling CryptoExtras ARCCredential.swift
[1484/1556] Compiling CryptoExtras ARCEncoding.swift
[1485/1556] Compiling CryptoExtras ARCPrecredential.swift
[1486/1556] Compiling CryptoExtras ARCPresentation.swift
[1487/1556] Compiling CryptoExtras ARCRequest.swift
[1488/1556] Compiling CryptoExtras ARCResponse.swift
[1489/1557] Wrapping AST for CryptoExtras for debugging
[1491/1559] Compiling _CryptoExtras Exports.swift
[1492/1559] Emitting module _CryptoExtras
[1493/1560] Wrapping AST for _CryptoExtras for debugging
[1495/1655] Compiling X509 OrganizationalUnitName.swift
[1496/1655] Compiling X509 StateOrProvinceName.swift
[1497/1655] Compiling X509 StreetAddress.swift
[1498/1655] Compiling X509 Error.swift
[1499/1655] Compiling X509 AuthorityInformationAccess.swift
[1500/1655] Compiling X509 AuthorityKeyIdentifier.swift
[1501/1655] Compiling X509 BasicConstraints.swift
[1502/1655] Compiling X509 ExtendedKeyUsage.swift
[1503/1655] Compiling X509 ExtensionIdentifiers.swift
[1504/1655] Emitting module NIOCore
[1505/1663] Wrapping AST for NIOCore for debugging
[1507/1713] Compiling NIOFoundationEssentialsCompat Codable+ByteBuffer.swift
[1508/1713] Emitting module NIOEmbedded
[1509/1713] Emitting module NIOFoundationEssentialsCompat
[1510/1713] Compiling NIOFoundationEssentialsCompat ByteBuffer-foundation.swift
[1512/1714] Compiling NIOPosix BaseStreamSocketChannel.swift
[1513/1714] Compiling NIOPosix Bootstrap.swift
[1514/1714] Compiling NIOPosix ControlMessage.swift
[1515/1714] Compiling NIOPosix DatagramVectorReadManager.swift
[1516/1714] Compiling NIOPosix Errors+Any.swift
[1517/1714] Compiling NIOPosix FileDescriptor.swift
[1518/1714] Compiling NIOPosix GetaddrinfoResolver.swift
[1519/1714] Compiling NIOPosix MultiThreadedEventLoopGroup.swift
[1520/1714] Compiling NIOPosix NIOPosixSendableMetatype.swift
[1521/1714] Compiling NIOPosix NIORandomizedDNSResolver.swift
[1522/1714] Compiling NIOPosix NIOThreadPool.swift
[1523/1714] Compiling NIOPosix NonBlockingFileIO.swift
[1524/1714] Compiling NIOPosix PendingDatagramWritesManager.swift
[1525/1714] Compiling NIOPosix PendingWritesManager.swift
[1525/1714] Wrapping AST for NIOFoundationEssentialsCompat for debugging
[1527/1727] Compiling X509 OneOfPolicies.swift
[1528/1727] Compiling X509 PolicyBuilder.swift
[1529/1727] Compiling X509 BasicConstraintsPolicy.swift
[1530/1727] Compiling X509 DNSNames.swift
[1531/1727] Compiling X509 ExpiryPolicy.swift
[1532/1727] Compiling X509 IPConstraints.swift
[1533/1727] Compiling X509 NameConstraintsPolicy.swift
[1534/1727] Compiling X509 RFC5280Policy.swift
[1535/1727] Compiling X509 URIConstraints.swift
[1536/1727] Compiling X509 VersionPolicy.swift
[1537/1727] Compiling X509 ServerIdentityPolicy.swift
[1538/1727] Compiling X509 TrustRootLoading.swift
[1539/1727] Compiling X509 UnverifiedChain.swift
[1540/1727] Compiling X509 OCSPExtensionID.swift
[1541/1727] Compiling X509 OCSPNonce.swift
[1542/1727] Compiling X509 OCSPPolicy.swift
[1543/1727] Compiling X509 OCSPRequest.swift
[1544/1727] Compiling X509 OCSPResponse.swift
[1545/1727] Compiling X509 OCSPResponseBytes.swift
[1546/1727] Compiling X509 OCSPResponseData.swift
[1547/1727] Compiling X509 OCSPResponseStatus.swift
[1548/1727] Compiling X509 OCSPSignature.swift
[1549/1727] Compiling X509 OCSPSingleRequest.swift
[1550/1727] Compiling X509 OCSPSingleResponse.swift
[1551/1727] Compiling X509 OCSPTBSRequest.swift
[1552/1727] Compiling X509 OCSPVersion.swift
[1553/1727] Compiling NIOPosix PipeChannel.swift
[1554/1727] Compiling NIOPosix PipePair.swift
[1555/1727] Compiling NIOPosix Pool.swift
[1556/1727] Compiling NIOPosix PosixSingletons+ConcurrencyTakeOver.swift
[1557/1727] Compiling NIOPosix PosixSingletons.swift
[1558/1727] Compiling NIOPosix RawSocketBootstrap.swift
[1559/1727] Compiling NIOPosix Resolver.swift
[1560/1727] Compiling NIOPosix Selectable.swift
[1561/1727] Compiling NIOPosix SelectableChannel.swift
[1562/1727] Compiling NIOPosix SelectableEventLoop.swift
[1563/1727] Compiling NIOPosix SelectorEpoll.swift
[1564/1727] Compiling NIOPosix SelectorGeneric.swift
[1565/1727] Compiling NIOPosix SelectorKqueue.swift
[1566/1727] Compiling NIOEmbedded AsyncTestingEventLoop.swift
[1567/1727] Compiling NIOEmbedded AsyncTestingChannel.swift
[1568/1727] Compiling NIOEmbedded Embedded.swift
[1569/1727] Compiling X509 CSRAttribute.swift
[1570/1727] Compiling X509 CSRAttributes.swift
[1571/1727] Compiling X509 CSRVersion.swift
[1572/1727] Compiling X509 CertificateSigningRequest.swift
[1573/1727] Compiling X509 CertificationRequestInfo.swift
[1574/1727] Compiling X509 ExtensionRequest.swift
[1575/1727] Compiling X509 Certificate.swift
[1576/1727] Compiling X509 CertificatePrivateKey.swift
[1577/1727] Compiling X509 CertificatePublicKey.swift
[1578/1727] Compiling X509 CertificateSerialNumber.swift
[1579/1727] Compiling X509 CertificateVersion.swift
[1580/1727] Compiling X509 CMSAttribute.swift
[1581/1727] Compiling X509 CMSContentInfo.swift
[1582/1727] Compiling X509 CMSEncapsulatedContentInfo.swift
[1584/1728] Compiling NIOPosix HappyEyeballs.swift
[1585/1728] Compiling NIOPosix IO.swift
[1586/1728] Compiling NIOPosix IntegerBitPacking.swift
[1587/1728] Compiling NIOPosix IntegerTypes.swift
[1588/1728] Compiling NIOPosix Linux.swift
[1589/1728] Compiling NIOPosix LinuxCPUSet.swift
[1590/1728] Compiling NIOPosix LinuxUring.swift
[1590/1735] Wrapping AST for NIOEmbedded for debugging
[1592/1735] Compiling NIOPosix SelectorUring.swift
[1593/1735] Compiling NIOPosix SelectorWSAPoll.swift
[1594/1735] Compiling NIOPosix ServerSocket.swift
[1595/1735] Compiling NIOPosix Socket.swift
[1596/1735] Compiling NIOPosix SocketChannel.swift
[1597/1735] Compiling NIOPosix SocketProtocols.swift
[1598/1735] Compiling NIOPosix StructuredConcurrencyHelpers.swift
[1599/1735] Compiling NIOPosix System.swift
[1600/1735] Compiling NIOPosix Thread.swift
[1601/1735] Compiling NIOPosix ThreadPosix.swift
[1602/1735] Compiling NIOPosix ThreadWindows.swift
[1603/1735] Compiling NIOPosix Utilities.swift
[1604/1735] Compiling NIOPosix VsockAddress.swift
[1612/1735] Compiling NIOPosix BSDSocketAPICommon.swift
[1613/1735] Compiling NIOPosix BSDSocketAPIPosix.swift
[1614/1735] Compiling NIOPosix BSDSocketAPIWindows.swift
[1615/1735] Compiling NIOPosix BaseSocket.swift
[1616/1735] Compiling NIOPosix BaseSocketChannel+AccessibleTransport.swift
[1617/1735] Compiling NIOPosix BaseSocketChannel+SocketOptionProvider.swift
[1618/1735] Compiling NIOPosix BaseSocketChannel.swift
[1619/1735] Emitting module NIOPosix
[1625/1735] Compiling NIOPosix VsockChannelEvents.swift
[1626/1735] Compiling NIOPosix Windows.swift
[1662/1735] Emitting module X509
[1670/1736] Wrapping AST for NIOPosix for debugging
[1672/1738] Compiling X509 ValidatedCertificateChain.swift
[1673/1738] Compiling X509 VerificationDiagnostic.swift
[1674/1738] Compiling X509 Verifier.swift
[1675/1738] Compiling X509 VerifierPolicy.swift
[1676/1738] Compiling X509 AlgorithmIdentifier.swift
[1677/1738] Compiling X509 ECDSASignature.swift
[1678/1738] Compiling X509 RSAPKCS1PublicKey.swift
[1679/1738] Compiling X509 SubjectPublicKeyInfo.swift
[1680/1738] Compiling X509 TBSCertificate.swift
[1681/1738] Compiling X509 Time.swift
[1682/1738] Compiling X509 TimeCalculations.swift
[1683/1738] Compiling X509 Validity.swift
[1684/1738] Compiling X509 X509SendableMetatype.swift
[1685/1738] Emitting module NIO
[1686/1738] Compiling NIO Exports.swift
[1688/1741] Wrapping AST for NIO for debugging
[1689/1750] Wrapping AST for X509 for debugging
[1691/1846] Compiling NIOTLS TLSEvents.swift
[1692/1846] Compiling NIOSOCKS ClientStateMachine.swift
[1693/1847] Emitting module NIOTLS
[1694/1847] Emitting module NIOFoundationCompat
[1695/1847] Compiling NIOSOCKS SelectedAuthenticationMethod.swift
[1696/1847] Compiling NIOTLS NIOTypedApplicationProtocolNegotiationHandler.swift
[1697/1847] Compiling NIOSOCKS ServerStateMachine.swift
[1698/1847] Compiling NIOFoundationCompat JSONSerialization+ByteBuffer.swift
[1699/1847] Compiling NIOFoundationCompat Exports.swift
[1700/1847] Compiling NIOFoundationCompat WaitSpinningRunLoop.swift
[1701/1848] Compiling NIOTLS ApplicationProtocolNegotiationHandler.swift
[1702/1848] Compiling NIOTLS ProtocolNegotiationHandlerStateMachine.swift
[1703/1848] Compiling NIOTLS SNIHandler.swift
[1704/1849] Compiling JWTKit SubjectClaim.swift
[1705/1849] Compiling JWTKit TenantIDClaim.swift
[1706/1849] Emitting module NIOSOCKS
[1707/1849] Compiling JWTKit LocaleClaim.swift
[1708/1849] Compiling JWTKit NotBeforeClaim.swift
[1711/1849] Compiling JWTKit IDClaim.swift
[1712/1849] Compiling JWTKit IssuedAtClaim.swift
[1713/1851] Compiling JWTKit JWTSerializer.swift
[1714/1851] Compiling JWTKit JWTSigner.swift
[1715/1851] Compiling JWTKit JWTKeyCollection+MLDSA.swift
[1716/1851] Compiling JWTKit MLDSA.swift
[1717/1851] Compiling JWTKit MLDSA65+MLDSAKey.swift
[1718/1851] Compiling JWTKit MLDSA87+MLDSAKey.swift
[1719/1851] Compiling JWTKit MLDSAError.swift
[1720/1851] Compiling JWTKit MLDSAKey.swift
[1721/1851] Compiling JWTKit MLDSASigner.swift
[1721/1858] Wrapping AST for NIOFoundationCompat for debugging
[1722/1860] Wrapping AST for NIOTLS for debugging
[1724/1890] Compiling JWTKit MLDSAType.swift
[1725/1890] Compiling JWTKit JWTKeyCollection+UnsecuredNone.swift
[1726/1890] Compiling JWTKit UnsecuredNoneSigner.swift
[1727/1890] Compiling JWTKit JWTKeyCollection+RSA.swift
[1728/1890] Compiling JWTKit RSA.swift
[1729/1890] Compiling JWTKit RSAError.swift
[1730/1890] Compiling JWTKit RSASigner.swift
[1731/1890] Compiling JWTKit Base64URL.swift
[1732/1890] Compiling JWTKit CryptoSigner.swift
[1733/1890] Compiling NIOSOCKS SOCKSResponse.swift
[1734/1890] Compiling NIOSSL NIOSSLClientHandler.swift
[1735/1890] Compiling NIOSSL NIOSSLHandler+Configuration.swift
[1736/1890] Compiling NIOSSL IdentityVerification.swift
[1737/1890] Compiling NIOSSL LinuxCABundle.swift
[1738/1890] Compiling NIOSSL FreeBSDCABundle.swift
[1741/1891] Wrapping AST for NIOSOCKS for debugging
[1743/1891] Compiling NIOSSL SSLCallbacks.swift
[1744/1891] Compiling NIOSSL SSLCertificate.swift
[1745/1891] Emitting module JWTKit
[1746/1891] Compiling NIOSSL AndroidCABundle.swift
[1747/1891] Compiling NIOSSL ByteBufferBIO.swift
[1748/1891] Compiling NIOSSL CustomPrivateKey.swift
[1754/1891] Compiling NIOSSL NIOSSLHandler.swift
[1755/1891] Compiling NIOSSL NIOSSLServerHandler.swift
[1756/1891] Compiling NIOSSL ObjectIdentifier.swift
[1757/1891] Compiling NIOSSL PosixPort.swift
[1760/1891] Compiling NIOSSL SSLCertificateExtensions.swift
[1761/1891] Compiling NIOSSL SSLCertificateName.swift
[1762/1891] Compiling NIOSSL SSLConnection.swift
[1763/1891] Compiling NIOSSL SSLContext.swift
[1764/1891] Compiling NIOSSL SSLErrors.swift
[1765/1891] Compiling NIOSSL SSLInit.swift
[1774/1891] Compiling JWTKit JWTAlgorithm.swift
[1775/1891] Compiling JWTKit JWTError.swift
[1776/1891] Compiling JWTKit JWTHeader+CommonFields.swift
[1777/1891] Compiling JWTKit JWTHeader.swift
[1778/1891] Compiling JWTKit JWTHeaderField.swift
[1779/1891] Compiling JWTKit JWTKeyCollection.swift
[1780/1891] Compiling JWTKit JWTParser+MandatoryVerificationFields.swift
[1781/1891] Compiling JWTKit JWTParser.swift
[1782/1891] Compiling JWTKit JWTPayload.swift
[1783/1891] Compiling JWTKit HMAC.swift
[1784/1891] Compiling JWTKit HMACError.swift
[1785/1891] Compiling JWTKit HMACSigner.swift
[1786/1891] Compiling JWTKit JWTKeyCollection+HMAC.swift
[1787/1891] Compiling JWTKit Insecure.swift
[1788/1891] Compiling JWTKit JWK.swift
[1789/1891] Compiling JWTKit JWKIdentifier.swift
[1790/1891] Compiling JWTKit JWKS.swift
[1791/1891] Compiling JWTKit JWKSigner.swift
[1792/1891] Compiling NIOSSL SSLPKCS12Bundle.swift
[1793/1891] Compiling NIOSSL SSLPrivateKey.swift
[1794/1891] Compiling NIOSSL SSLPublicKey.swift
[1795/1891] Compiling NIOSSL SecurityFrameworkCertificateVerification.swift
[1796/1891] Compiling NIOSSL String+unsafeUninitializedCapacity.swift
[1797/1891] Compiling NIOSSL SubjectAlternativeName.swift
[1798/1891] Compiling NIOSSL NIOSSLSecureBytes.swift
[1799/1891] Compiling NIOSSL RNG.swift
[1800/1891] Compiling NIOSSL SafeCompare.swift
[1801/1891] Compiling JWTKit JWTKeyCollection+EdDSA.swift
[1802/1891] Emitting module NIOHTTP1
[1806/1892] Compiling JWTKit CustomizedJSONCoders.swift
[1807/1892] Compiling JWTKit Utilities.swift
[1808/1892] Compiling JWTKit AppleIdentityToken.swift
[1809/1892] Compiling JWTKit FirebaseAuthIdentityToken.swift
[1810/1892] Compiling JWTKit GoogleIdentityToken.swift
[1811/1892] Compiling JWTKit MicrosoftIdentityToken.swift
[1812/1892] Compiling JWTKit EmptyPolicy.swift
[1813/1892] Compiling JWTKit ValidationTimePayload.swift
[1814/1892] Compiling JWTKit X5CVerifier.swift
[1817/1893] Emitting module NIOSSL
[1822/1903] Wrapping AST for NIOHTTP1 for debugging
[1823/1903] Wrapping AST for JWTKit for debugging
[1825/1914] Compiling NIOHPACK HeaderTables.swift
[1829/1914] Compiling NIOHTTPCompression HTTPCompression.swift
[1830/1914] Compiling NIOHTTPCompression HTTPRequestCompressor.swift
[1831/1914] Emitting module NIOHPACK
[1832/1915] Compiling NIOHTTPCompression HTTPDecompression.swift
[1833/1915] Emitting module NIOHTTPCompression
[1834/1915] Compiling NIOHTTPCompression HTTPDecompressor.swift
[1847/1915] Compiling NIOHPACK DynamicHeaderTable.swift
[1848/1915] Compiling NIOHPACK HPACKDecoder.swift
[1849/1915] Compiling NIOHPACK IndexedHeaderTable.swift
[1850/1915] Compiling NIOHPACK IntegerCoding.swift
[1851/1915] Compiling NIOHPACK HPACKEncoder.swift
[1852/1915] Compiling NIOHTTPCompression HTTPResponseCompressor.swift
[1853/1915] Compiling NIOHPACK HPACKErrors.swift
[1854/1916] Compiling NIOHPACK HuffmanTables.swift
[1856/1916] Compiling NIOHPACK HuffmanCoding.swift
[1857/1916] Compiling NIOHPACK StaticHeaderTable.swift
[1857/1916] Wrapping AST for NIOHTTPCompression for debugging
[1867/1916] Compiling NIOHPACK HPACKHeader.swift
[1869/1917] Wrapping AST for NIOHPACK for debugging
[1871/1980] Compiling NIOHTTP2 HasRemoteSettings.swift
[1872/1980] Compiling NIOHTTP2 LocallyQuiescingState.swift
[1873/1980] Compiling NIOHTTP2 QuiescingState.swift
[1874/1980] Compiling NIOHTTP2 RemotelyQuiescingState.swift
[1875/1981] Wrapping AST for NIOSSL for debugging
[1877/1981] Emitting module NIOHTTP2
[1878/1989] Compiling NIOHTTP2 MaySendFrames.swift
[1879/1989] Compiling NIOHTTP2 SendingDataState.swift
[1880/1989] Compiling NIOHTTP2 SendingGoawayState.swift
[1881/1989] Compiling NIOHTTP2 SendingHeadersState.swift
[1882/1989] Compiling NIOHTTP2 SendingPushPromiseState.swift
[1883/1989] Compiling NIOHTTP2 SendingRstStreamState.swift
[1884/1989] Compiling NIOHTTP2 SendingWindowUpdateState.swift
[1885/1989] Compiling NIOHTTP2 HTTP2SettingsState.swift
[1886/1989] Compiling NIOHTTP2 HasExtendedConnectSettings.swift
[1887/1989] Compiling NIOHTTP2 ConnectionStateMachine.swift
[1888/1989] Compiling NIOHTTP2 ConnectionStreamsState.swift
[1889/1989] Compiling NIOHTTP2 MayReceiveFrames.swift
[1890/1989] Compiling NIOHTTP2 ReceivingDataState.swift
[1891/1989] Compiling NIOHTTP2 ReceivingGoAwayState.swift
[1892/1989] Compiling NIOHTTP2 ReceivingHeadersState.swift
[1893/1989] Compiling NIOHTTP2 ReceivingPushPromiseState.swift
[1894/1989] Compiling NIOHTTP2 ReceivingRstStreamState.swift
[1895/1989] Compiling NIOHTTP2 ReceivingWindowUpdateState.swift
[1896/1989] Compiling NIOHTTP2 NIOHTTP2ServerConnectionManagementHandler.swift
[1897/1989] Compiling NIOHTTP2 StreamChannelFlowController.swift
[1898/1989] Compiling NIOHTTP2 StreamChannelList.swift
[1899/1989] Compiling NIOHTTP2 StreamMap.swift
[1900/1989] Compiling NIOHTTP2 StreamStateMachine.swift
[1901/1989] Compiling NIOHTTP2 Timer.swift
[1902/1989] Compiling NIOHTTP2 UnsafeTransfer.swift
[1903/1989] Compiling NIOHTTP2 WatermarkedFlowController.swift
[1904/1989] Compiling NIOHTTP2 DOSHeuristics.swift
[1905/1989] Compiling NIOHTTP2 Error+Any.swift
[1906/1989] Compiling NIOHTTP2 ConcurrentStreamBuffer.swift
[1907/1989] Compiling NIOHTTP2 ControlFrameBuffer.swift
[1908/1989] Compiling NIOHTTP2 OutboundFlowControlBuffer.swift
[1909/1989] Compiling NIOHTTP2 OutboundFrameBuffer.swift
[1910/1989] Compiling NIOHTTP2 GlitchesMonitor.swift
[1911/1989] Compiling NIOHTTP2 HPACKHeaders+Validation.swift
[1912/1989] Compiling NIOHTTP2 HTTP2ChannelHandler+InboundStreamMultiplexer.swift
[1913/1989] Compiling NIOHTTP2 HasFlowControlWindows.swift
[1914/1989] Compiling NIOHTTP2 HasLocalSettings.swift
[1919/1989] Compiling NIOHTTP2 SendAndReceiveGoawayState.swift
[1920/1989] Compiling NIOHTTP2 StateMachineResult.swift
[1921/1989] Compiling NIOHTTP2 ContentLengthVerifier.swift
[1922/1989] Compiling NIOHTTP2 HTTP2FrameParser.swift
[1923/1989] Compiling NIOHTTP2 HTTP2PingData.swift
[1924/1989] Compiling NIOHTTP2 HTTP2PipelineHelpers.swift
[1925/1989] Compiling NIOHTTP2 HTTP2Settings.swift
[1926/1989] Compiling NIOHTTP2 HTTP2Stream.swift
[1927/1989] Compiling NIOHTTP2 HTTP2StreamChannel+OutboundStreamMultiplexer.swift
[1928/1989] Compiling NIOHTTP2 HTTP2StreamChannel.swift
[1929/1989] Compiling NIOHTTP2 HTTP2StreamDelegate.swift
[1930/1989] Compiling NIOHTTP2 HTTP2StreamID.swift
[1931/1989] Compiling NIOHTTP2 HTTP2ChannelHandler+InlineStreamMultiplexer.swift
[1932/1989] Compiling NIOHTTP2 HTTP2ChannelHandler.swift
[1933/1989] Compiling NIOHTTP2 HTTP2CommonInboundStreamMultiplexer.swift
[1934/1989] Compiling NIOHTTP2 HTTP2ConnectionStateChange.swift
[1935/1989] Compiling NIOHTTP2 HTTP2Error.swift
[1936/1989] Compiling NIOHTTP2 HTTP2ErrorCode.swift
[1937/1989] Compiling NIOHTTP2 HTTP2FlowControlWindow.swift
[1938/1989] Compiling NIOHTTP2 HTTP2Frame.swift
[1939/1989] Compiling NIOHTTP2 HTTP2FrameEncoder.swift
[1940/1989] Compiling NIOHTTP2 HTTP2StreamMultiplexer.swift
[1941/1989] Compiling NIOHTTP2 HTTP2ToHTTP1Codec.swift
[1942/1989] Compiling NIOHTTP2 HTTP2UserEvents.swift
[1943/1989] Compiling NIOHTTP2 InboundEventBuffer.swift
[1944/1989] Compiling NIOHTTP2 InboundWindowManager.swift
[1945/1989] Compiling NIOHTTP2 MultiplexerAbstractChannel.swift
[1946/1989] Compiling NIOHTTP2 NIOHTTP2FrameDelegate.swift
[1947/1989] Compiling NIOHTTP2 NIOHTTP2ServerConnectionManagementHandler+StateMachine.swift
[1948/1990] Wrapping AST for NIOHTTP2 for debugging
[1950/2054] Compiling AsyncHTTPClient AnyAsyncSequence.swift
[1951/2054] Compiling AsyncHTTPClient AnyAsyncSequenceProucerDelete.swift
[1952/2054] Compiling AsyncHTTPClient AsyncLazySequence.swift
[1953/2054] Compiling AsyncHTTPClient HTTPClient+execute.swift
[1954/2054] Compiling AsyncHTTPClient HTTPClient+shutdown.swift
[1955/2054] Compiling AsyncHTTPClient HTTPClient+tracing.swift
[1956/2054] Compiling AsyncHTTPClient HTTPClientRequest+Prepared.swift
[1957/2054] Compiling AsyncHTTPClient HTTPClientRequest+auth.swift
[1958/2054] Compiling AsyncHTTPClient HTTPClientRequest.swift
[1959/2054] Emitting module AsyncHTTPClient
[1960/2062] Compiling AsyncHTTPClient RequestValidation.swift
[1961/2062] Compiling AsyncHTTPClient SSLContextCache.swift
[1962/2062] Compiling AsyncHTTPClient Scheme.swift
[1963/2062] Compiling AsyncHTTPClient Singleton.swift
[1964/2062] Compiling AsyncHTTPClient StringConvertibleInstances.swift
[1965/2062] Compiling AsyncHTTPClient StructuredConcurrencyHelpers.swift
[1966/2062] Compiling AsyncHTTPClient TracingSupport.swift
[1967/2062] Compiling AsyncHTTPClient Utils.swift
[1968/2062] Compiling AsyncHTTPClient HTTPConnectionEvent.swift
[1969/2062] Compiling AsyncHTTPClient HTTPConnectionPool+Factory.swift
[1970/2062] Compiling AsyncHTTPClient HTTPConnectionPool+Manager.swift
[1971/2062] Compiling AsyncHTTPClient HTTPConnectionPool.swift
[1972/2062] Compiling AsyncHTTPClient HTTPExecutableRequest.swift
[1973/2062] Compiling AsyncHTTPClient HTTPRequestStateMachine+Demand.swift
[1974/2062] Compiling AsyncHTTPClient HTTPRequestStateMachine.swift
[1975/2062] Compiling AsyncHTTPClient RequestBodyLength.swift
[1976/2062] Compiling AsyncHTTPClient RequestFramingMetadata.swift
[1977/2062] Compiling AsyncHTTPClient HTTPClientResponse.swift
[1978/2062] Compiling AsyncHTTPClient SingleIteratorPrecondition.swift
[1979/2062] Compiling AsyncHTTPClient Transaction+StateMachine.swift
[1980/2062] Compiling AsyncHTTPClient Transaction.swift
[1981/2062] Compiling AsyncHTTPClient Base64.swift
[1982/2062] Compiling AsyncHTTPClient BasicAuth.swift
[1983/2062] Compiling AsyncHTTPClient BestEffortHashableTLSConfiguration.swift
[1984/2062] Compiling AsyncHTTPClient Configuration+BrowserLike.swift
[1985/2062] Compiling AsyncHTTPClient ConnectionPool.swift
[1986/2062] Compiling AsyncHTTPClient HTTP1ProxyConnectHandler.swift
[1987/2062] Compiling AsyncHTTPClient SOCKSEventsHandler.swift
[1988/2062] Compiling AsyncHTTPClient TLSEventsHandler.swift
[1989/2062] Compiling AsyncHTTPClient HTTP1ClientChannelHandler.swift
[1990/2062] Compiling AsyncHTTPClient HTTP1Connection.swift
[1991/2062] Compiling AsyncHTTPClient HTTP1ConnectionStateMachine.swift
[1992/2062] Compiling AsyncHTTPClient HTTP2ClientRequestHandler.swift
[1993/2062] Compiling AsyncHTTPClient HTTP2Connection.swift
[1994/2062] Compiling AsyncHTTPClient HTTP2IdleHandler.swift
[1995/2062] Compiling AsyncHTTPClient RequestOptions.swift
[1996/2062] Compiling AsyncHTTPClient HTTPConnectionPool+Backoff.swift
[1997/2062] Compiling AsyncHTTPClient HTTPConnectionPool+HTTP1Connections.swift
[1998/2062] Compiling AsyncHTTPClient HTTPConnectionPool+HTTP1StateMachine.swift
[1999/2062] Compiling AsyncHTTPClient HTTPConnectionPool+HTTP2Connections.swift
[2000/2062] Compiling AsyncHTTPClient HTTPConnectionPool+HTTP2StateMachine.swift
[2001/2062] Compiling AsyncHTTPClient HTTPConnectionPool+RequestQueue.swift
[2002/2062] Compiling AsyncHTTPClient HTTPConnectionPool+StateMachine.swift
[2003/2062] Compiling AsyncHTTPClient ConnectionTarget.swift
[2004/2062] Compiling AsyncHTTPClient LRUCache.swift
[2005/2062] Compiling AsyncHTTPClient NIOLoopBound+Execute.swift
[2006/2062] Compiling AsyncHTTPClient NWErrorHandler.swift
[2007/2062] Compiling AsyncHTTPClient NWWaitingHandler.swift
[2008/2062] Compiling AsyncHTTPClient TLSConfiguration.swift
[2009/2062] Compiling AsyncHTTPClient RedirectState.swift
[2010/2062] Compiling AsyncHTTPClient RequestBag+StateMachine.swift
[2011/2062] Compiling AsyncHTTPClient RequestBag+Tracing.swift
[2012/2062] Compiling AsyncHTTPClient RequestBag.swift
[2013/2062] Compiling AsyncHTTPClient DeconstructedURL.swift
[2014/2062] Compiling AsyncHTTPClient FileDownloadDelegate.swift
[2015/2062] Compiling AsyncHTTPClient FoundationExtensions.swift
[2016/2062] Compiling AsyncHTTPClient HTTPClient+HTTPCookie.swift
[2017/2062] Compiling AsyncHTTPClient HTTPClient+Proxy.swift
[2018/2062] Compiling AsyncHTTPClient HTTPClient+StructuredConcurrency.swift
[2019/2062] Compiling AsyncHTTPClient HTTPClient.swift
[2020/2062] Compiling AsyncHTTPClient HTTPClientConfiguration+SwiftConfiguration.swift
[2021/2062] Compiling AsyncHTTPClient HTTPHandler.swift
[2022/2063] Wrapping AST for AsyncHTTPClient for debugging
[2024/2086] Emitting module GoogleAuth
[2025/2089] Compiling GoogleAuth CredentialParserRegistry.swift
[2026/2089] Compiling GoogleAuth Credentials.swift
[2027/2089] Compiling GoogleAuth CredentialsError.swift
[2028/2089] Compiling GoogleAuth AnonymousCredentials.swift
[2029/2089] Compiling GoogleAuth ApiKeyCredentials.swift
[2030/2089] Compiling GoogleAuth ExternalAccountCredentials.swift
[2031/2089] Compiling GoogleAuth ADC.swift
[2032/2089] Compiling GoogleAuth ADCPath.swift
[2033/2089] Compiling GoogleAuth ADCResolver.swift
[2034/2089] Compiling GoogleAuth AuthHeaders.swift
[2035/2089] Compiling GoogleAuth SubjectTokenProvider.swift
[2036/2089] Compiling GoogleAuth MDSAccessTokenProvider.swift
[2037/2089] Compiling GoogleAuth MDSCredentials.swift
[2038/2089] Compiling GoogleAuth UserAccountData.swift
[2039/2089] Compiling GoogleAuth UserAccountTokenProvider.swift
[2040/2089] Compiling GoogleAuth UserCredentials.swift
[2041/2089] Compiling GoogleAuth ServiceAccountCredentials.swift
[2042/2089] Compiling GoogleAuth ServiceAccountData.swift
[2043/2089] Compiling GoogleAuth ServiceAccountTokenProvider.swift
[2044/2089] Compiling GoogleAuth AuthHTTPClient.swift
[2045/2089] Compiling GoogleAuth AuthHTTPError.swift
[2046/2089] Compiling GoogleAuth RetryEngine.swift
[2047/2089] Compiling GoogleAuth STSHandler.swift
[2048/2089] Compiling GoogleAuth TokenCache.swift
[2049/2089] Compiling GoogleAuth PackageVersion.swift
[2050/2090] Wrapping AST for GoogleAuth for debugging
[2052/2148] Emitting module GoogleGax
[2053/2148] Compiling GoogleGax AIP194+PollingErrorPolicy.swift
[2054/2148] Compiling GoogleGax AIP194+RetryPolicy.swift
[2055/2148] Compiling GoogleGax AIP194.swift
[2056/2148] Compiling GoogleGax AdaptiveThrottler.swift
[2057/2148] Compiling GoogleGax AlwaysPoll.swift
[2058/2148] Compiling GoogleGax AlwaysRetry.swift
[2059/2148] Compiling GoogleGax ApiClientHeader.swift
[2060/2148] Compiling GoogleGax BackoffPolicy.swift
[2061/2148] Compiling GoogleGax BasePollingErrorPolicy.swift
[2062/2156] Compiling GoogleGax BaseRetryPolicy.swift
[2063/2156] Compiling GoogleGax BindingError.swift
[2064/2156] Compiling GoogleGax CRC32C.swift
[2065/2156] Compiling GoogleGax CircuitBreaker.swift
[2066/2156] Compiling GoogleGax ClientError.swift
[2067/2156] Compiling GoogleGax ClientOptions.swift
[2068/2156] Compiling GoogleGax ContinueOnIO+PollingErrorPolicy.swift
[2069/2156] Compiling GoogleGax ContinueOnIO+RetryPolicy.swift
[2070/2156] Compiling GoogleGax ContinueOnIO.swift
[2071/2156] Compiling GoogleGax CredentialsProtocol.swift
[2072/2156] Compiling GoogleGax ErrorWrapper.swift
[2073/2156] Compiling GoogleGax ExponentialBackoff+BackoffPolicy.swift
[2074/2156] Compiling GoogleGax ExponentialBackoff+PollingBackoffPolicy.swift
[2075/2156] Compiling GoogleGax ExponentialBackoff.swift
[2076/2156] Compiling GoogleGax HTTPClient.swift
[2077/2156] Compiling GoogleGax HTTPClientHolder.swift
[2078/2156] Compiling GoogleGax RequestOptions.swift
[2079/2156] Compiling GoogleGax RetryLoop.swift
[2080/2156] Compiling GoogleGax RetryPolicy.swift
[2081/2156] Compiling GoogleGax RetryResult.swift
[2082/2156] Compiling GoogleGax RetryState.swift
[2083/2156] Compiling GoogleGax RetryThrottler.swift
[2084/2156] Compiling GoogleGax RetryThrottlerError.swift
[2085/2156] Compiling GoogleGax RoutingMatcher.swift
[2086/2156] Compiling GoogleGax LimitedAttemptCount+PollingErrorPolicy.swift
[2087/2156] Compiling GoogleGax LimitedAttemptCount+RetryPolicy.swift
[2088/2156] Compiling GoogleGax LimitedAttemptCount.swift
[2089/2156] Compiling GoogleGax LimitedElapsedTime+PollingErrorPolicy.swift
[2090/2156] Compiling GoogleGax LimitedElapsedTime+RetryPolicy.swift
[2091/2156] Compiling GoogleGax LimitedElapsedTime.swift
[2092/2156] Compiling GoogleGax LongRunningOperations.swift
[2093/2156] Compiling GoogleGax NeverRetry.swift
[2094/2156] Compiling GoogleGax HTTPClientProtocol.swift
[2095/2156] Compiling GoogleGax HTTPClientRequest.swift
[2096/2156] Compiling GoogleGax HTTPClientResponse.swift
[2097/2156] Compiling GoogleGax HTTPHeaders.swift
[2098/2156] Compiling GoogleGax HTTPResponseBody.swift
[2099/2156] Compiling GoogleGax HeaderNames.swift
[2100/2156] Compiling GoogleGax Host.swift
[2101/2156] Compiling GoogleGax InProgressResult.swift
[2102/2156] Compiling GoogleGax Pagination.swift
/host/spi-builder-workspace/.build/checkouts/swift-google-gax/Sources/GoogleGax/Pagination.swift:44:22: error: cannot convert '@Sendable (String) async throws -> (response: ResponseType, items: [Item], nextToken: String)' to 'nonisolated(nonsending) @Sendable (String) async throws -> (response: ResponseType, items: [Item], nextToken: String)' because crossing of an isolation boundary requires parameter and result types to conform to 'Sendable' protocol
42 | ) where ResponseType: _PaginatedResponse<Item> {
43 | self.initialPageToken = initialPageToken ?? ""
44 | self.fetchPage = { token in
| |- error: cannot convert '@Sendable (String) async throws -> (response: ResponseType, items: [Item], nextToken: String)' to 'nonisolated(nonsending) @Sendable (String) async throws -> (response: ResponseType, items: [Item], nextToken: String)' because crossing of an isolation boundary requires parameter and result types to conform to 'Sendable' protocol
| `- note: type 'Item' does not conform to 'Sendable' protocol
45 | let response = try await listRpc(token)
46 | return (response, response._getPaginatedItems(), response._nextPageToken())
[2103/2156] Compiling GoogleGax PollingBackoffPolicy.swift
/host/spi-builder-workspace/.build/checkouts/swift-google-gax/Sources/GoogleGax/Pagination.swift:44:22: error: cannot convert '@Sendable (String) async throws -> (response: ResponseType, items: [Item], nextToken: String)' to 'nonisolated(nonsending) @Sendable (String) async throws -> (response: ResponseType, items: [Item], nextToken: String)' because crossing of an isolation boundary requires parameter and result types to conform to 'Sendable' protocol
42 | ) where ResponseType: _PaginatedResponse<Item> {
43 | self.initialPageToken = initialPageToken ?? ""
44 | self.fetchPage = { token in
| |- error: cannot convert '@Sendable (String) async throws -> (response: ResponseType, items: [Item], nextToken: String)' to 'nonisolated(nonsending) @Sendable (String) async throws -> (response: ResponseType, items: [Item], nextToken: String)' because crossing of an isolation boundary requires parameter and result types to conform to 'Sendable' protocol
| `- note: type 'Item' does not conform to 'Sendable' protocol
45 | let response = try await listRpc(token)
46 | return (response, response._getPaginatedItems(), response._nextPageToken())
[2104/2156] Compiling GoogleGax PollingErrorPolicy.swift
/host/spi-builder-workspace/.build/checkouts/swift-google-gax/Sources/GoogleGax/Pagination.swift:44:22: error: cannot convert '@Sendable (String) async throws -> (response: ResponseType, items: [Item], nextToken: String)' to 'nonisolated(nonsending) @Sendable (String) async throws -> (response: ResponseType, items: [Item], nextToken: String)' because crossing of an isolation boundary requires parameter and result types to conform to 'Sendable' protocol
42 | ) where ResponseType: _PaginatedResponse<Item> {
43 | self.initialPageToken = initialPageToken ?? ""
44 | self.fetchPage = { token in
| |- error: cannot convert '@Sendable (String) async throws -> (response: ResponseType, items: [Item], nextToken: String)' to 'nonisolated(nonsending) @Sendable (String) async throws -> (response: ResponseType, items: [Item], nextToken: String)' because crossing of an isolation boundary requires parameter and result types to conform to 'Sendable' protocol
| `- note: type 'Item' does not conform to 'Sendable' protocol
45 | let response = try await listRpc(token)
46 | return (response, response._getPaginatedItems(), response._nextPageToken())
[2105/2156] Compiling GoogleGax PollingResult.swift
/host/spi-builder-workspace/.build/checkouts/swift-google-gax/Sources/GoogleGax/Pagination.swift:44:22: error: cannot convert '@Sendable (String) async throws -> (response: ResponseType, items: [Item], nextToken: String)' to 'nonisolated(nonsending) @Sendable (String) async throws -> (response: ResponseType, items: [Item], nextToken: String)' because crossing of an isolation boundary requires parameter and result types to conform to 'Sendable' protocol
42 | ) where ResponseType: _PaginatedResponse<Item> {
43 | self.initialPageToken = initialPageToken ?? ""
44 | self.fetchPage = { token in
| |- error: cannot convert '@Sendable (String) async throws -> (response: ResponseType, items: [Item], nextToken: String)' to 'nonisolated(nonsending) @Sendable (String) async throws -> (response: ResponseType, items: [Item], nextToken: String)' because crossing of an isolation boundary requires parameter and result types to conform to 'Sendable' protocol
| `- note: type 'Item' does not conform to 'Sendable' protocol
45 | let response = try await listRpc(token)
46 | return (response, response._getPaginatedItems(), response._nextPageToken())
[2106/2156] Compiling GoogleGax PollingState.swift
/host/spi-builder-workspace/.build/checkouts/swift-google-gax/Sources/GoogleGax/Pagination.swift:44:22: error: cannot convert '@Sendable (String) async throws -> (response: ResponseType, items: [Item], nextToken: String)' to 'nonisolated(nonsending) @Sendable (String) async throws -> (response: ResponseType, items: [Item], nextToken: String)' because crossing of an isolation boundary requires parameter and result types to conform to 'Sendable' protocol
42 | ) where ResponseType: _PaginatedResponse<Item> {
43 | self.initialPageToken = initialPageToken ?? ""
44 | self.fetchPage = { token in
| |- error: cannot convert '@Sendable (String) async throws -> (response: ResponseType, items: [Item], nextToken: String)' to 'nonisolated(nonsending) @Sendable (String) async throws -> (response: ResponseType, items: [Item], nextToken: String)' because crossing of an isolation boundary requires parameter and result types to conform to 'Sendable' protocol
| `- note: type 'Item' does not conform to 'Sendable' protocol
45 | let response = try await listRpc(token)
46 | return (response, response._getPaginatedItems(), response._nextPageToken())
[2107/2156] Compiling GoogleGax ProtobufConversionError.swift
/host/spi-builder-workspace/.build/checkouts/swift-google-gax/Sources/GoogleGax/Pagination.swift:44:22: error: cannot convert '@Sendable (String) async throws -> (response: ResponseType, items: [Item], nextToken: String)' to 'nonisolated(nonsending) @Sendable (String) async throws -> (response: ResponseType, items: [Item], nextToken: String)' because crossing of an isolation boundary requires parameter and result types to conform to 'Sendable' protocol
42 | ) where ResponseType: _PaginatedResponse<Item> {
43 | self.initialPageToken = initialPageToken ?? ""
44 | self.fetchPage = { token in
| |- error: cannot convert '@Sendable (String) async throws -> (response: ResponseType, items: [Item], nextToken: String)' to 'nonisolated(nonsending) @Sendable (String) async throws -> (response: ResponseType, items: [Item], nextToken: String)' because crossing of an isolation boundary requires parameter and result types to conform to 'Sendable' protocol
| `- note: type 'Item' does not conform to 'Sendable' protocol
45 | let response = try await listRpc(token)
46 | return (response, response._getPaginatedItems(), response._nextPageToken())
[2108/2156] Compiling GoogleGax QueryParameter.swift
/host/spi-builder-workspace/.build/checkouts/swift-google-gax/Sources/GoogleGax/Pagination.swift:44:22: error: cannot convert '@Sendable (String) async throws -> (response: ResponseType, items: [Item], nextToken: String)' to 'nonisolated(nonsending) @Sendable (String) async throws -> (response: ResponseType, items: [Item], nextToken: String)' because crossing of an isolation boundary requires parameter and result types to conform to 'Sendable' protocol
42 | ) where ResponseType: _PaginatedResponse<Item> {
43 | self.initialPageToken = initialPageToken ?? ""
44 | self.fetchPage = { token in
| |- error: cannot convert '@Sendable (String) async throws -> (response: ResponseType, items: [Item], nextToken: String)' to 'nonisolated(nonsending) @Sendable (String) async throws -> (response: ResponseType, items: [Item], nextToken: String)' because crossing of an isolation boundary requires parameter and result types to conform to 'Sendable' protocol
| `- note: type 'Item' does not conform to 'Sendable' protocol
45 | let response = try await listRpc(token)
46 | return (response, response._getPaginatedItems(), response._nextPageToken())
[2109/2156] Compiling GoogleGax RequestError.swift
/host/spi-builder-workspace/.build/checkouts/swift-google-gax/Sources/GoogleGax/Pagination.swift:44:22: error: cannot convert '@Sendable (String) async throws -> (response: ResponseType, items: [Item], nextToken: String)' to 'nonisolated(nonsending) @Sendable (String) async throws -> (response: ResponseType, items: [Item], nextToken: String)' because crossing of an isolation boundary requires parameter and result types to conform to 'Sendable' protocol
42 | ) where ResponseType: _PaginatedResponse<Item> {
43 | self.initialPageToken = initialPageToken ?? ""
44 | self.fetchPage = { token in
| |- error: cannot convert '@Sendable (String) async throws -> (response: ResponseType, items: [Item], nextToken: String)' to 'nonisolated(nonsending) @Sendable (String) async throws -> (response: ResponseType, items: [Item], nextToken: String)' because crossing of an isolation boundary requires parameter and result types to conform to 'Sendable' protocol
| `- note: type 'Item' does not conform to 'Sendable' protocol
45 | let response = try await listRpc(token)
46 | return (response, response._getPaginatedItems(), response._nextPageToken())
[2110/2156] Compiling GoogleGax ServiceError.swift
[2111/2156] Compiling GoogleGax StatusDetail.swift
[2112/2156] Compiling GoogleGax StrictIdempotency.swift
[2113/2156] Compiling GoogleGax ThrottleResult.swift
[2114/2156] Compiling GoogleGax TooManyRequests+PollingErrorPolicy.swift
[2115/2156] Compiling GoogleGax TooManyRequests+RetryPolicy.swift
[2116/2156] Compiling GoogleGax TooManyRequests.swift
[2117/2156] Compiling GoogleGax PackageVersion.swift
BUILD FAILURE 6.2 android