The Swift Package Index logo.Swift Package Index

Build Information

Failed to build GoldenImage, reference 0.1.5 (370166), with Swift 6.2 for Android on 27 Jun 2026 04:53:00 UTC.

Build Command

bash -c docker run --pull=always --rm -v "checkouts-53886770-0":/host -w "$PWD" -e JAVA_HOME="/root/.sdkman/candidates/java/current" -e SPI_BUILD="1" -e SPI_PROCESSING="1" registry.gitlab.com/saguaro1/spi-images:android-6.2-latest swift build --swift-sdk aarch64-unknown-linux-android28 2>&1

Build Log

========================================
RunAll
========================================
Builder version: 0e64495ecc1688c3b3e031a5ef1348b5c05091ae
Interrupt handler set up.
========================================
Checkout
========================================
Clone URL: https://github.com/schwa/GoldenImage.git
Reference: 0.1.5
Initialized empty Git repository in /host/spi-builder-workspace/.git/
hint: Using 'master' as the name for the initial branch. This default branch name
hint: is subject to change. To configure the initial branch name to use in all
hint: of your new repositories, which will suppress this warning, call:
hint:
hint: 	git config --global init.defaultBranch <name>
hint:
hint: Names commonly chosen instead of 'master' are 'main', 'trunk' and
hint: 'development'. The just-created branch can be renamed via this command:
hint:
hint: 	git branch -m <name>
From https://github.com/schwa/GoldenImage
 * tag               0.1.5      -> FETCH_HEAD
HEAD is now at 3701668 issues: create #GoldenImage#6 - compare and differenceImage silently return wrong results when input color spaces don't match
Cloned https://github.com/schwa/GoldenImage.git
Revision (git rev-parse @):
3701668a0d306bcb618fa5a39e66d252babcc723
SUCCESS checkout https://github.com/schwa/GoldenImage.git at 0.1.5
========================================
Build
========================================
Selected platform:         android
Swift version:             6.2
Building package at path:  $PWD
https://github.com/schwa/GoldenImage.git
Running build ...
bash -c docker run --pull=always --rm -v "checkouts-53886770-0":/host -w "$PWD" -e JAVA_HOME="/root/.sdkman/candidates/java/current" -e SPI_BUILD="1" -e SPI_PROCESSING="1" registry.gitlab.com/saguaro1/spi-images:android-6.2-latest swift build --swift-sdk aarch64-unknown-linux-android28 2>&1
android-6.2-latest: Pulling from saguaro1/spi-images
Digest: sha256:3f0849bce0d177c252f57ff0847fffe59d625aee973279c71a52a43c740d3c90
Status: Image is up to date for registry.gitlab.com/saguaro1/spi-images:android-6.2-latest
Fetching https://github.com/apple/swift-argument-parser
[1/17949] Fetching swift-argument-parser
Fetched https://github.com/apple/swift-argument-parser from cache (0.68s)
Computing version for https://github.com/apple/swift-argument-parser
Computed https://github.com/apple/swift-argument-parser at 1.8.2 (0.83s)
Creating working copy for https://github.com/apple/swift-argument-parser
Working copy of https://github.com/apple/swift-argument-parser resolved at 1.8.2
[1/1] Compiling plugin GenerateManual
[2/2] Compiling plugin GenerateDoccReference
Building for debugging...
[2/14] Write sources
[2/14] Copying TextureComparison.metal
[2/14] Write sources
[7/14] Write swift-version--11D90AFD9DD3AB2.txt
[9/23] Emitting module ArgumentParserToolInfo
[10/23] Compiling ArgumentParserToolInfo ToolInfo.swift
[11/24] Wrapping AST for ArgumentParserToolInfo for debugging
[13/71] Emitting module ArgumentParser
[14/77] Compiling ArgumentParser Name.swift
[15/77] Compiling ArgumentParser Parsed.swift
[16/77] Compiling ArgumentParser ParsedValues.swift
[17/77] Compiling ArgumentParser ParserError.swift
[18/77] Compiling ArgumentParser SplitArguments.swift
[19/77] Compiling ArgumentParser DumpHelpGenerator.swift
[20/77] Compiling ArgumentParser AsyncCompletionsValidator.swift
[21/77] Compiling ArgumentParser CodingKeyValidator.swift
[22/77] Compiling ArgumentParser NonsenseFlagsValidator.swift
[23/77] Compiling ArgumentParser ParsableArgumentsValidation.swift
[24/77] Compiling ArgumentParser PositionalArgumentsValidator.swift
[25/77] Compiling ArgumentParser UniqueNamesValidator.swift
[26/77] Compiling ArgumentParser ParentCommand.swift
[27/77] Compiling ArgumentParser AsyncParsableCommand.swift
[28/77] Compiling ArgumentParser CommandConfiguration.swift
[29/77] Compiling ArgumentParser CommandGroup.swift
[30/77] Compiling ArgumentParser EnumerableFlag.swift
[31/77] Compiling ArgumentParser ExpressibleByArgument.swift
[32/77] Compiling ArgumentParser ParsableArguments.swift
[33/77] Compiling ArgumentParser Mutex.swift
[34/77] Compiling ArgumentParser Platform.swift
[35/77] Compiling ArgumentParser SequenceExtensions.swift
[36/77] Compiling ArgumentParser StringExtensions.swift
[37/77] Compiling ArgumentParser SwiftExtensions.swift
[38/77] Compiling ArgumentParser Tree.swift
[39/77] Compiling ArgumentParser HelpCommand.swift
[40/77] Compiling ArgumentParser HelpGenerator.swift
[41/77] Compiling ArgumentParser MessageInfo.swift
[42/77] Compiling ArgumentParser UsageGenerator.swift
[43/77] Compiling ArgumentParser CollectionExtensions.swift
[44/77] Compiling ArgumentParser Foundation.swift
[45/77] Compiling ArgumentParser BashCompletionsGenerator.swift
[46/77] Compiling ArgumentParser CompletionsGenerator.swift
[47/77] Compiling ArgumentParser FishCompletionsGenerator.swift
[48/77] Compiling ArgumentParser ZshCompletionsGenerator.swift
[49/77] Compiling ArgumentParser Argument.swift
[50/77] Compiling ArgumentParser ArgumentDiscussion.swift
[51/77] Compiling ArgumentParser ArgumentHelp.swift
[52/77] Compiling GoldenImage TextureCompare.swift
/host/spi-builder-workspace/Sources/GoldenImage/CPUCompare.swift:1:8: error: no such module 'CoreGraphics'
  1 | import CoreGraphics
    |        `- error: no such module 'CoreGraphics'
  2 | import Foundation
  3 |
[53/77] Compiling GoldenImage resource_bundle_accessor.swift
/host/spi-builder-workspace/Sources/GoldenImage/CPUCompare.swift:1:8: error: no such module 'CoreGraphics'
  1 | import CoreGraphics
    |        `- error: no such module 'CoreGraphics'
  2 | import Foundation
  3 |
[54/77] Compiling GoldenImage ImageComparison.swift
/host/spi-builder-workspace/Sources/GoldenImage/CPUCompare.swift:1:8: error: no such module 'CoreGraphics'
  1 | import CoreGraphics
    |        `- error: no such module 'CoreGraphics'
  2 | import Foundation
  3 |
[55/77] Compiling GoldenImage Support.swift
/host/spi-builder-workspace/Sources/GoldenImage/CPUCompare.swift:1:8: error: no such module 'CoreGraphics'
  1 | import CoreGraphics
    |        `- error: no such module 'CoreGraphics'
  2 | import Foundation
  3 |
[56/77] Compiling ArgumentParser ParsableCommand.swift
[57/77] Compiling ArgumentParser ArgumentDecoder.swift
[58/77] Compiling ArgumentParser ArgumentDefinition.swift
[59/77] Compiling ArgumentParser ArgumentSet.swift
[60/77] Compiling ArgumentParser CommandParser.swift
[61/77] Compiling ArgumentParser InputKey.swift
[62/77] Compiling ArgumentParser InputOrigin.swift
[63/77] Compiling ArgumentParser ArgumentVisibility.swift
[64/77] Compiling ArgumentParser CompletionKind.swift
[65/77] Compiling ArgumentParser Errors.swift
[66/77] Compiling ArgumentParser Flag.swift
[67/77] Compiling ArgumentParser NameSpecification.swift
[68/77] Compiling ArgumentParser Option.swift
[69/77] Compiling ArgumentParser OptionGroup.swift
[70/78] Wrapping AST for ArgumentParser for debugging
error: emit-module command failed with exit code 1 (use -v to see invocation)
[72/78] Emitting module GoldenImage
/host/spi-builder-workspace/Sources/GoldenImage/CPUCompare.swift:1:8: error: no such module 'CoreGraphics'
  1 | import CoreGraphics
    |        `- error: no such module 'CoreGraphics'
  2 | import Foundation
  3 |
[73/78] Compiling GoldenImage CPUCompare.swift
/host/spi-builder-workspace/Sources/GoldenImage/CPUCompare.swift:1:8: error: no such module 'CoreGraphics'
  1 | import CoreGraphics
    |        `- error: no such module 'CoreGraphics'
  2 | import Foundation
  3 |
[74/78] Compiling GoldenImage GoldenImageComparison.swift
/host/spi-builder-workspace/Sources/GoldenImage/CPUCompare.swift:1:8: error: no such module 'CoreGraphics'
  1 | import CoreGraphics
    |        `- error: no such module 'CoreGraphics'
  2 | import Foundation
  3 |
BUILD FAILURE 6.2 android