The Swift Package Index logo.Swift Package Index

Build Information

Failed to build IQDropDownTextFieldSwift, reference 4.0.5 (5758a0), with Swift 6.4 for visionOS using Xcode 27.0 on 21 Sep 2026 00:04:11 UTC.

Build Command

env DEVELOPER_DIR=/Applications/Xcode-27.0.0-Release.Candidate.app xcrun xcodebuild -IDEClonedSourcePackagesDirPathOverride=$PWD/.dependencies -skipMacroValidation -skipPackagePluginValidation -derivedDataPath $PWD/.derivedData build -scheme IQDropDownTextFieldSwift -destination generic/platform=xrOS

Build Log

========================================
RunAll
========================================
Builder version: 5.1.0
Interrupt handler set up.
========================================
Checkout
========================================
Clone URL: https://github.com/hackiftekhar/IQDropDownTextField.git
Reference: 4.0.5
Initialized empty Git repository in /Users/admin/builder/spi-builder-workspace/.git/
From https://github.com/hackiftekhar/IQDropDownTextField
 * tag               4.0.5      -> FETCH_HEAD
HEAD is now at 5758a01 - Swift 6.0 support added.
Cloned https://github.com/hackiftekhar/IQDropDownTextField.git
Revision (git rev-parse @):
5758a01d0eb18e8c06225ef4a55b0eed29a6b90b
SUCCESS checkout https://github.com/hackiftekhar/IQDropDownTextField.git at 4.0.5
========================================
Build
========================================
Selected platform:         visionOS
Swift version:             6.4
Building package at path:  $PWD
https://github.com/hackiftekhar/IQDropDownTextField.git
Command line invocation:
    /Applications/Xcode-27.0.0-Release.Candidate.app/Contents/Developer/usr/bin/xcodebuild -IDEClonedSourcePackagesDirPathOverride=/Users/admin/builder/spi-builder-workspace/.dependencies -resolvePackageDependencies
resolved source packages:
{
  "dependencies" : [
  ],
  "manifest_display_name" : "IQDropDownTextFieldSwift",
  "name" : "IQDropDownTextFieldSwift",
  "path" : "/Users/admin/builder/spi-builder-workspace",
  "platforms" : [
    {
      "name" : "ios",
      "version" : "11.0"
    }
  ],
  "products" : [
    {
      "name" : "IQDropDownTextFieldSwift",
      "targets" : [
        "IQDropDownTextFieldSwift"
      ],
      "type" : {
        "library" : [
          "automatic"
        ]
      }
    }
  ],
  "targets" : [
    {
      "c99name" : "IQDropDownTextFieldSwift",
      "module_type" : "SwiftTarget",
      "name" : "IQDropDownTextFieldSwift",
      "path" : "IQDropDownTextFieldSwift",
      "product_memberships" : [
        "IQDropDownTextFieldSwift"
      ],
      "resources" : [
        {
          "path" : "/Users/admin/builder/spi-builder-workspace/IQDropDownTextFieldSwift/PrivacyInfo.xcprivacy",
          "rule" : {
            "copy" : {
            }
          }
        }
      ],
      "sources" : [
        "IQDropDownTextField+Date.swift",
        "IQDropDownTextField+Menu.swift",
        "IQDropDownTextField+Picker.swift",
        "IQDropDownTextField.swift",
        "IQDropDownTextFieldConstants.swift",
        "IQDropDownTextFieldDataSource.swift",
        "IQDropDownTextFieldDelegate.swift"
      ],
      "type" : "library"
    }
  ],
  "tools_version" : "5.5"
}
{
  "project" : {
    "configurations" : [
      "Debug",
      "Release"
    ],
    "name" : "Drop Down TextField",
    "schemes" : [
      "Drop Down TextField",
      "DropDownTextFieldSwift"
    ],
    "targets" : [
      "Drop Down TextField",
      "DropDownTextFieldSwift"
    ]
  }
}
{
  "workspace" : {
    "name" : "IQDropDownTextFieldSwift",
    "schemes" : [
      "IQDropDownTextFieldSwift"
    ]
  }
}
2026-09-20 20:03:59.118 xcodebuild[655:3962] [MT] IDERunDestination: Supported platforms for the buildables in the current scheme is empty.
Running build ...
env DEVELOPER_DIR=/Applications/Xcode-27.0.0-Release.Candidate.app xcrun xcodebuild -IDEClonedSourcePackagesDirPathOverride=$PWD/.dependencies -skipMacroValidation -skipPackagePluginValidation -derivedDataPath $PWD/.derivedData build -scheme IQDropDownTextFieldSwift -destination generic/platform=xrOS
Command line invocation:
    /Applications/Xcode-27.0.0-Release.Candidate.app/Contents/Developer/usr/bin/xcodebuild -IDEClonedSourcePackagesDirPathOverride=/Users/admin/builder/spi-builder-workspace/.dependencies -skipMacroValidation -skipPackagePluginValidation -derivedDataPath /Users/admin/builder/spi-builder-workspace/.derivedData build -scheme IQDropDownTextFieldSwift -destination generic/platform=xrOS
Resolve Package Graph
Resolved source packages:
  IQDropDownTextFieldSwift: /Users/admin/builder/spi-builder-workspace
ComputePackagePrebuildTargetDependencyGraph
Prepare packages
CreateBuildRequest
SendProjectDescription
CreateBuildOperation
ComputeTargetDependencyGraph
note: Building targets in dependency order
note: Target dependency graph (3 targets)
    Target 'IQDropDownTextFieldSwift-product' in project 'IQDropDownTextFieldSwift'
        ➜ Explicit dependency on target 'IQDropDownTextFieldSwift' in project 'IQDropDownTextFieldSwift'
        ➜ Explicit dependency on target 'IQDropDownTextFieldSwift_IQDropDownTextFieldSwift' in project 'IQDropDownTextFieldSwift'
    Target 'IQDropDownTextFieldSwift' in project 'IQDropDownTextFieldSwift'
        ➜ Explicit dependency on target 'IQDropDownTextFieldSwift_IQDropDownTextFieldSwift' in project 'IQDropDownTextFieldSwift'
    Target 'IQDropDownTextFieldSwift_IQDropDownTextFieldSwift' in project 'IQDropDownTextFieldSwift' (no dependencies)
GatherProvisioningInputs
CreateBuildDescription
ExecuteExternalTool /Applications/Xcode-27.0.0-Release.Candidate.app/Contents/Developer/Toolchains/XcodeDefault.xctoolchain/usr/bin/clang -v -E -dM -isysroot /Applications/Xcode-27.0.0-Release.Candidate.app/Contents/Developer/Platforms/XROS.platform/Developer/SDKs/XROS27.0.sdk -x c -c /dev/null
ExecuteExternalTool /Applications/Xcode-27.0.0-Release.Candidate.app/Contents/Developer/Toolchains/XcodeDefault.xctoolchain/usr/bin/swiftc --version
ExecuteExternalTool /Applications/Xcode-27.0.0-Release.Candidate.app/Contents/Developer/Toolchains/XcodeDefault.xctoolchain/usr/bin/ld -version_details
Build description signature: c8366306a353214381a3e2639891e50a
Build description path: /Users/admin/builder/spi-builder-workspace/.derivedData/Build/Intermediates.noindex/XCBuildData/c8366306a353214381a3e2639891e50a.xcbuilddata
CreateBuildDirectory /Users/admin/builder/spi-builder-workspace/.derivedData/SDKExplicitPrecompiledModules
    cd /Users/admin/builder/spi-builder-workspace/.swiftpm/xcode
    builtin-create-build-directory /Users/admin/builder/spi-builder-workspace/.derivedData/SDKExplicitPrecompiledModules
CreateBuildDirectory /Users/admin/builder/spi-builder-workspace/.derivedData/ModuleCache.noindex
    cd /Users/admin/builder/spi-builder-workspace/.swiftpm/xcode
    builtin-create-build-directory /Users/admin/builder/spi-builder-workspace/.derivedData/ModuleCache.noindex
CreateBuildDirectory /Users/admin/builder/spi-builder-workspace/.derivedData/CompilationCache.noindex
    cd /Users/admin/builder/spi-builder-workspace/.swiftpm/xcode
    builtin-create-build-directory /Users/admin/builder/spi-builder-workspace/.derivedData/CompilationCache.noindex
CreateBuildDirectory /Users/admin/builder/spi-builder-workspace/.derivedData/Build/Products
    cd /Users/admin/builder/spi-builder-workspace/.swiftpm/xcode
    builtin-create-build-directory /Users/admin/builder/spi-builder-workspace/.derivedData/Build/Products
CreateBuildDirectory /Users/admin/builder/spi-builder-workspace/.derivedData/Build/Intermediates.noindex
    cd /Users/admin/builder/spi-builder-workspace/.swiftpm/xcode
    builtin-create-build-directory /Users/admin/builder/spi-builder-workspace/.derivedData/Build/Intermediates.noindex
ClangStatCache /Applications/Xcode-27.0.0-Release.Candidate.app/Contents/Developer/Toolchains/XcodeDefault.xctoolchain/usr/bin/clang-stat-cache /Applications/Xcode-27.0.0-Release.Candidate.app/Contents/Developer/Platforms/XROS.platform/Developer/SDKs/XROS27.0.sdk /Users/admin/builder/spi-builder-workspace/.derivedData/SDKStatCaches.noindex/xros27.0-24M361-e829b21a6f8c9b70876ba0858053c044735bd543db762f57723cac368afd1ce4.sdkstatcache
    cd /Users/admin/builder/spi-builder-workspace/.swiftpm/xcode
    /Applications/Xcode-27.0.0-Release.Candidate.app/Contents/Developer/Toolchains/XcodeDefault.xctoolchain/usr/bin/clang-stat-cache /Applications/Xcode-27.0.0-Release.Candidate.app/Contents/Developer/Platforms/XROS.platform/Developer/SDKs/XROS27.0.sdk -o /Users/admin/builder/spi-builder-workspace/.derivedData/SDKStatCaches.noindex/xros27.0-24M361-e829b21a6f8c9b70876ba0858053c044735bd543db762f57723cac368afd1ce4.sdkstatcache
CreateBuildDirectory /Users/admin/builder/spi-builder-workspace/.derivedData/Build/Intermediates.noindex/SwiftExplicitPrecompiledModules
    cd /Users/admin/builder/spi-builder-workspace/.swiftpm/xcode
    builtin-create-build-directory /Users/admin/builder/spi-builder-workspace/.derivedData/Build/Intermediates.noindex/SwiftExplicitPrecompiledModules
CreateBuildDirectory /Users/admin/builder/spi-builder-workspace/.derivedData/Build/Intermediates.noindex/PrecompiledHeaders
    cd /Users/admin/builder/spi-builder-workspace/.swiftpm/xcode
    builtin-create-build-directory /Users/admin/builder/spi-builder-workspace/.derivedData/Build/Intermediates.noindex/PrecompiledHeaders
CreateBuildDirectory /Users/admin/builder/spi-builder-workspace/.derivedData/Build/Intermediates.noindex/ExplicitPrecompiledModules
    cd /Users/admin/builder/spi-builder-workspace/.swiftpm/xcode
    builtin-create-build-directory /Users/admin/builder/spi-builder-workspace/.derivedData/Build/Intermediates.noindex/ExplicitPrecompiledModules
CreateBuildDirectory /Users/admin/builder/spi-builder-workspace/.derivedData/Build/Intermediates.noindex/EagerLinkingTBDs/Debug-xros
    cd /Users/admin/builder/spi-builder-workspace/.swiftpm/xcode
    builtin-create-build-directory /Users/admin/builder/spi-builder-workspace/.derivedData/Build/Intermediates.noindex/EagerLinkingTBDs/Debug-xros
CreateBuildDirectory /Users/admin/builder/spi-builder-workspace/.derivedData/Build/Products/Debug-xros
    cd /Users/admin/builder/spi-builder-workspace/.swiftpm/xcode
    builtin-create-build-directory /Users/admin/builder/spi-builder-workspace/.derivedData/Build/Products/Debug-xros
CreateBuildDirectory /Users/admin/builder/spi-builder-workspace/.derivedData/Build/Products/Debug-xros/PackageFrameworks
    cd /Users/admin/builder/spi-builder-workspace/.swiftpm/xcode
    builtin-create-build-directory /Users/admin/builder/spi-builder-workspace/.derivedData/Build/Products/Debug-xros/PackageFrameworks
MkDir /Users/admin/builder/spi-builder-workspace/.derivedData/Build/Products/Debug-xros/IQDropDownTextFieldSwift_IQDropDownTextFieldSwift.bundle (in target 'IQDropDownTextFieldSwift_IQDropDownTextFieldSwift' from project 'IQDropDownTextFieldSwift')
    cd /Users/admin/builder/spi-builder-workspace
    /bin/mkdir -p /Users/admin/builder/spi-builder-workspace/.derivedData/Build/Products/Debug-xros/IQDropDownTextFieldSwift_IQDropDownTextFieldSwift.bundle
WriteAuxiliaryFile /Users/admin/builder/spi-builder-workspace/.derivedData/Build/Intermediates.noindex/IQDropDownTextFieldSwift.build/Debug-xros/IQDropDownTextFieldSwift_IQDropDownTextFieldSwift-b.build/empty-IQDropDownTextFieldSwift_IQDropDownTextFieldSwift.plist (in target 'IQDropDownTextFieldSwift_IQDropDownTextFieldSwift' from project 'IQDropDownTextFieldSwift')
    cd /Users/admin/builder/spi-builder-workspace
    write-file /Users/admin/builder/spi-builder-workspace/.derivedData/Build/Intermediates.noindex/IQDropDownTextFieldSwift.build/Debug-xros/IQDropDownTextFieldSwift_IQDropDownTextFieldSwift-b.build/empty-IQDropDownTextFieldSwift_IQDropDownTextFieldSwift.plist
WriteAuxiliaryFile /Users/admin/builder/spi-builder-workspace/.derivedData/Build/Intermediates.noindex/IQDropDownTextFieldSwift.build/Debug-xros/IQDropDownTextFieldSwift_IQDropDownTextFieldSwift-b.build/IQDropDownTextFieldSwift_IQDropDownTextFieldSwift.DependencyStaticMetadataFileList (in target 'IQDropDownTextFieldSwift_IQDropDownTextFieldSwift' from project 'IQDropDownTextFieldSwift')
    cd /Users/admin/builder/spi-builder-workspace
    write-file /Users/admin/builder/spi-builder-workspace/.derivedData/Build/Intermediates.noindex/IQDropDownTextFieldSwift.build/Debug-xros/IQDropDownTextFieldSwift_IQDropDownTextFieldSwift-b.build/IQDropDownTextFieldSwift_IQDropDownTextFieldSwift.DependencyStaticMetadataFileList
WriteAuxiliaryFile /Users/admin/builder/spi-builder-workspace/.derivedData/Build/Intermediates.noindex/IQDropDownTextFieldSwift.build/Debug-xros/IQDropDownTextFieldSwift_IQDropDownTextFieldSwift-b.build/IQDropDownTextFieldSwift_IQDropDownTextFieldSwift.DependencyMetadataFileList (in target 'IQDropDownTextFieldSwift_IQDropDownTextFieldSwift' from project 'IQDropDownTextFieldSwift')
    cd /Users/admin/builder/spi-builder-workspace
    write-file /Users/admin/builder/spi-builder-workspace/.derivedData/Build/Intermediates.noindex/IQDropDownTextFieldSwift.build/Debug-xros/IQDropDownTextFieldSwift_IQDropDownTextFieldSwift-b.build/IQDropDownTextFieldSwift_IQDropDownTextFieldSwift.DependencyMetadataFileList
WriteAuxiliaryFile /Users/admin/builder/spi-builder-workspace/.derivedData/Build/Intermediates.noindex/IQDropDownTextFieldSwift.build/Debug-xros/IQDropDownTextFieldSwift-t.build/Objects-normal/arm64/IQDropDownTextFieldSwift.SwiftFileList (in target 'IQDropDownTextFieldSwift' from project 'IQDropDownTextFieldSwift')
    cd /Users/admin/builder/spi-builder-workspace
    write-file /Users/admin/builder/spi-builder-workspace/.derivedData/Build/Intermediates.noindex/IQDropDownTextFieldSwift.build/Debug-xros/IQDropDownTextFieldSwift-t.build/Objects-normal/arm64/IQDropDownTextFieldSwift.SwiftFileList
WriteAuxiliaryFile /Users/admin/builder/spi-builder-workspace/.derivedData/Build/Intermediates.noindex/IQDropDownTextFieldSwift.build/Debug-xros/IQDropDownTextFieldSwift-t.build/Objects-normal/arm64/IQDropDownTextFieldSwift_const_extract_protocols.json (in target 'IQDropDownTextFieldSwift' from project 'IQDropDownTextFieldSwift')
    cd /Users/admin/builder/spi-builder-workspace
    write-file /Users/admin/builder/spi-builder-workspace/.derivedData/Build/Intermediates.noindex/IQDropDownTextFieldSwift.build/Debug-xros/IQDropDownTextFieldSwift-t.build/Objects-normal/arm64/IQDropDownTextFieldSwift_const_extract_protocols.json
WriteAuxiliaryFile /Users/admin/builder/spi-builder-workspace/.derivedData/Build/Intermediates.noindex/IQDropDownTextFieldSwift.build/Debug-xros/IQDropDownTextFieldSwift-t.build/Objects-normal/arm64/IQDropDownTextFieldSwift.SwiftConstValuesFileList (in target 'IQDropDownTextFieldSwift' from project 'IQDropDownTextFieldSwift')
    cd /Users/admin/builder/spi-builder-workspace
    write-file /Users/admin/builder/spi-builder-workspace/.derivedData/Build/Intermediates.noindex/IQDropDownTextFieldSwift.build/Debug-xros/IQDropDownTextFieldSwift-t.build/Objects-normal/arm64/IQDropDownTextFieldSwift.SwiftConstValuesFileList
WriteAuxiliaryFile /Users/admin/builder/spi-builder-workspace/.derivedData/Build/Intermediates.noindex/IQDropDownTextFieldSwift.build/Debug-xros/IQDropDownTextFieldSwift-t.build/Objects-normal/arm64/IQDropDownTextFieldSwift-OutputFileMap.json (in target 'IQDropDownTextFieldSwift' from project 'IQDropDownTextFieldSwift')
    cd /Users/admin/builder/spi-builder-workspace
    write-file /Users/admin/builder/spi-builder-workspace/.derivedData/Build/Intermediates.noindex/IQDropDownTextFieldSwift.build/Debug-xros/IQDropDownTextFieldSwift-t.build/Objects-normal/arm64/IQDropDownTextFieldSwift-OutputFileMap.json
WriteAuxiliaryFile /Users/admin/builder/spi-builder-workspace/.derivedData/Build/Intermediates.noindex/IQDropDownTextFieldSwift.build/Debug-xros/IQDropDownTextFieldSwift-t.build/Objects-normal/arm64/IQDropDownTextFieldSwift.LinkFileList (in target 'IQDropDownTextFieldSwift' from project 'IQDropDownTextFieldSwift')
    cd /Users/admin/builder/spi-builder-workspace
    write-file /Users/admin/builder/spi-builder-workspace/.derivedData/Build/Intermediates.noindex/IQDropDownTextFieldSwift.build/Debug-xros/IQDropDownTextFieldSwift-t.build/Objects-normal/arm64/IQDropDownTextFieldSwift.LinkFileList
WriteAuxiliaryFile /Users/admin/builder/spi-builder-workspace/.derivedData/Build/Intermediates.noindex/IQDropDownTextFieldSwift.build/Debug-xros/IQDropDownTextFieldSwift-t.build/IQDropDownTextFieldSwift.modulemap (in target 'IQDropDownTextFieldSwift' from project 'IQDropDownTextFieldSwift')
    cd /Users/admin/builder/spi-builder-workspace
    write-file /Users/admin/builder/spi-builder-workspace/.derivedData/Build/Intermediates.noindex/IQDropDownTextFieldSwift.build/Debug-xros/IQDropDownTextFieldSwift-t.build/IQDropDownTextFieldSwift.modulemap
WriteAuxiliaryFile /Users/admin/builder/spi-builder-workspace/.derivedData/Build/Intermediates.noindex/IQDropDownTextFieldSwift.build/Debug-xros/IQDropDownTextFieldSwift-t.build/IQDropDownTextFieldSwift.DependencyStaticMetadataFileList (in target 'IQDropDownTextFieldSwift' from project 'IQDropDownTextFieldSwift')
    cd /Users/admin/builder/spi-builder-workspace
    write-file /Users/admin/builder/spi-builder-workspace/.derivedData/Build/Intermediates.noindex/IQDropDownTextFieldSwift.build/Debug-xros/IQDropDownTextFieldSwift-t.build/IQDropDownTextFieldSwift.DependencyStaticMetadataFileList
WriteAuxiliaryFile /Users/admin/builder/spi-builder-workspace/.derivedData/Build/Intermediates.noindex/IQDropDownTextFieldSwift.build/Debug-xros/IQDropDownTextFieldSwift-t.build/IQDropDownTextFieldSwift.DependencyMetadataFileList (in target 'IQDropDownTextFieldSwift' from project 'IQDropDownTextFieldSwift')
    cd /Users/admin/builder/spi-builder-workspace
    write-file /Users/admin/builder/spi-builder-workspace/.derivedData/Build/Intermediates.noindex/IQDropDownTextFieldSwift.build/Debug-xros/IQDropDownTextFieldSwift-t.build/IQDropDownTextFieldSwift.DependencyMetadataFileList
WriteAuxiliaryFile /Users/admin/builder/spi-builder-workspace/.derivedData/Build/Intermediates.noindex/IQDropDownTextFieldSwift.build/Debug-xros/IQDropDownTextFieldSwift-t.build/DerivedSources/resource_bundle_accessor.swift (in target 'IQDropDownTextFieldSwift' from project 'IQDropDownTextFieldSwift')
    cd /Users/admin/builder/spi-builder-workspace
    write-file /Users/admin/builder/spi-builder-workspace/.derivedData/Build/Intermediates.noindex/IQDropDownTextFieldSwift.build/Debug-xros/IQDropDownTextFieldSwift-t.build/DerivedSources/resource_bundle_accessor.swift
Copy /Users/admin/builder/spi-builder-workspace/.derivedData/Build/Intermediates.noindex/GeneratedModuleMaps-xros/IQDropDownTextFieldSwift.modulemap /Users/admin/builder/spi-builder-workspace/.derivedData/Build/Intermediates.noindex/IQDropDownTextFieldSwift.build/Debug-xros/IQDropDownTextFieldSwift-t.build/IQDropDownTextFieldSwift.modulemap (in target 'IQDropDownTextFieldSwift' from project 'IQDropDownTextFieldSwift')
    cd /Users/admin/builder/spi-builder-workspace
    builtin-copy -exclude .DS_Store -exclude CVS -exclude .svn -exclude .git -exclude .hg -resolve-src-symlinks /Users/admin/builder/spi-builder-workspace/.derivedData/Build/Intermediates.noindex/IQDropDownTextFieldSwift.build/Debug-xros/IQDropDownTextFieldSwift-t.build/IQDropDownTextFieldSwift.modulemap /Users/admin/builder/spi-builder-workspace/.derivedData/Build/Intermediates.noindex/GeneratedModuleMaps-xros
ProcessInfoPlistFile /Users/admin/builder/spi-builder-workspace/.derivedData/Build/Products/Debug-xros/IQDropDownTextFieldSwift_IQDropDownTextFieldSwift.bundle/Info.plist /Users/admin/builder/spi-builder-workspace/.derivedData/Build/Intermediates.noindex/IQDropDownTextFieldSwift.build/Debug-xros/IQDropDownTextFieldSwift_IQDropDownTextFieldSwift-b.build/empty-IQDropDownTextFieldSwift_IQDropDownTextFieldSwift.plist (in target 'IQDropDownTextFieldSwift_IQDropDownTextFieldSwift' from project 'IQDropDownTextFieldSwift')
    cd /Users/admin/builder/spi-builder-workspace
    builtin-infoPlistUtility /Users/admin/builder/spi-builder-workspace/.derivedData/Build/Intermediates.noindex/IQDropDownTextFieldSwift.build/Debug-xros/IQDropDownTextFieldSwift_IQDropDownTextFieldSwift-b.build/empty-IQDropDownTextFieldSwift_IQDropDownTextFieldSwift.plist -producttype com.apple.product-type.bundle -expandbuildsettings -format binary -platform xros -o /Users/admin/builder/spi-builder-workspace/.derivedData/Build/Products/Debug-xros/IQDropDownTextFieldSwift_IQDropDownTextFieldSwift.bundle/Info.plist
CpResource /Users/admin/builder/spi-builder-workspace/.derivedData/Build/Products/Debug-xros/IQDropDownTextFieldSwift_IQDropDownTextFieldSwift.bundle/PrivacyInfo.xcprivacy /Users/admin/builder/spi-builder-workspace/IQDropDownTextFieldSwift/PrivacyInfo.xcprivacy (in target 'IQDropDownTextFieldSwift_IQDropDownTextFieldSwift' from project 'IQDropDownTextFieldSwift')
    cd /Users/admin/builder/spi-builder-workspace
    builtin-copy -exclude .DS_Store -exclude CVS -exclude .svn -exclude .git -exclude .hg -resolve-src-symlinks /Users/admin/builder/spi-builder-workspace/IQDropDownTextFieldSwift/PrivacyInfo.xcprivacy /Users/admin/builder/spi-builder-workspace/.derivedData/Build/Products/Debug-xros/IQDropDownTextFieldSwift_IQDropDownTextFieldSwift.bundle
RegisterExecutionPolicyException /Users/admin/builder/spi-builder-workspace/.derivedData/Build/Products/Debug-xros/IQDropDownTextFieldSwift_IQDropDownTextFieldSwift.bundle (in target 'IQDropDownTextFieldSwift_IQDropDownTextFieldSwift' from project 'IQDropDownTextFieldSwift')
    cd /Users/admin/builder/spi-builder-workspace
    builtin-RegisterExecutionPolicyException /Users/admin/builder/spi-builder-workspace/.derivedData/Build/Products/Debug-xros/IQDropDownTextFieldSwift_IQDropDownTextFieldSwift.bundle
Touch /Users/admin/builder/spi-builder-workspace/.derivedData/Build/Products/Debug-xros/IQDropDownTextFieldSwift_IQDropDownTextFieldSwift.bundle (in target 'IQDropDownTextFieldSwift_IQDropDownTextFieldSwift' from project 'IQDropDownTextFieldSwift')
    cd /Users/admin/builder/spi-builder-workspace
    /usr/bin/touch -c /Users/admin/builder/spi-builder-workspace/.derivedData/Build/Products/Debug-xros/IQDropDownTextFieldSwift_IQDropDownTextFieldSwift.bundle
SwiftDriver IQDropDownTextFieldSwift normal arm64 com.apple.xcode.tools.swift.compiler (in target 'IQDropDownTextFieldSwift' from project 'IQDropDownTextFieldSwift')
    cd /Users/admin/builder/spi-builder-workspace/.swiftpm/xcode
    builtin-SwiftDriver -- /Applications/Xcode-27.0.0-Release.Candidate.app/Contents/Developer/Toolchains/XcodeDefault.xctoolchain/usr/bin/swiftc -parse-as-library -module-name IQDropDownTextFieldSwift -Onone @/Users/admin/builder/spi-builder-workspace/.derivedData/Build/Intermediates.noindex/IQDropDownTextFieldSwift.build/Debug-xros/IQDropDownTextFieldSwift-t.build/Objects-normal/arm64/IQDropDownTextFieldSwift.SwiftFileList -DSWIFT_PACKAGE -DDEBUG -DSWIFT_MODULE_RESOURCE_BUNDLE_AVAILABLE -DXcode -plugin-path /Applications/Xcode-27.0.0-Release.Candidate.app/Contents/Developer/Toolchains/XcodeDefault.xctoolchain/usr/lib/swift/host/plugins/testing -enable-experimental-feature DebugDescriptionMacro -sdk /Applications/Xcode-27.0.0-Release.Candidate.app/Contents/Developer/Platforms/XROS.platform/Developer/SDKs/XROS27.0.sdk -target arm64-apple-xros1.0 -g -module-cache-path /Users/admin/builder/spi-builder-workspace/.derivedData/ModuleCache.noindex -Xfrontend -serialize-debugging-options -enable-testing -index-store-path /Users/admin/builder/spi-builder-workspace/.derivedData/Index.noindex/DataStore -Xcc -D_LIBCPP_HARDENING_MODE\=_LIBCPP_HARDENING_MODE_DEBUG -swift-version 5 -I /Users/admin/builder/spi-builder-workspace/.derivedData/Build/Products/Debug-xros -Isystem /Applications/Xcode-27.0.0-Release.Candidate.app/Contents/Developer/Platforms/XROS.platform/Developer/usr/lib -F /Users/admin/builder/spi-builder-workspace/.derivedData/Build/Products/Debug-xros -F /Applications/Xcode-27.0.0-Release.Candidate.app/Contents/Developer/Platforms/XROS.platform/Developer/Library/Frameworks -F /Applications/Xcode-27.0.0-Release.Candidate.app/Contents/Developer/Platforms/XROS.platform/Developer/SDKs/XROS27.0.sdk/Developer/Library/Frameworks -c -j10 -enable-batch-mode -incremental -Xcc -ivfsstatcache -Xcc /Users/admin/builder/spi-builder-workspace/.derivedData/SDKStatCaches.noindex/xros27.0-24M361-e829b21a6f8c9b70876ba0858053c044735bd543db762f57723cac368afd1ce4.sdkstatcache -output-file-map /Users/admin/builder/spi-builder-workspace/.derivedData/Build/Intermediates.noindex/IQDropDownTextFieldSwift.build/Debug-xros/IQDropDownTextFieldSwift-t.build/Objects-normal/arm64/IQDropDownTextFieldSwift-OutputFileMap.json -save-temps -no-color-diagnostics -explicit-module-build -module-cache-path /Users/admin/builder/spi-builder-workspace/.derivedData/Build/Intermediates.noindex/SwiftExplicitPrecompiledModules -clang-scanner-module-cache-path /Users/admin/builder/spi-builder-workspace/.derivedData/ModuleCache.noindex -sdk-module-cache-path /Users/admin/builder/spi-builder-workspace/.derivedData/SDKExplicitPrecompiledModules -emit-dependencies -emit-module -emit-module-path /Users/admin/builder/spi-builder-workspace/.derivedData/Build/Intermediates.noindex/IQDropDownTextFieldSwift.build/Debug-xros/IQDropDownTextFieldSwift-t.build/Objects-normal/arm64/IQDropDownTextFieldSwift.swiftmodule -serialize-diagnostics -dependency-scan-serialize-diagnostics-path /Users/admin/builder/spi-builder-workspace/.derivedData/Build/Intermediates.noindex/IQDropDownTextFieldSwift.build/Debug-xros/IQDropDownTextFieldSwift-t.build/Objects-normal/arm64/IQDropDownTextFieldSwift-dependency-scan.dia -validate-clang-modules-once -clang-build-session-file /Users/admin/builder/spi-builder-workspace/.derivedData/ModuleCache.noindex/Session.modulevalidation -Xcc -fmodules-prune-interval\=86400 -Xcc -fmodules-prune-after\=345600 -emit-const-values -const-gather-protocols-list /Users/admin/builder/spi-builder-workspace/.derivedData/Build/Intermediates.noindex/IQDropDownTextFieldSwift.build/Debug-xros/IQDropDownTextFieldSwift-t.build/Objects-normal/arm64/IQDropDownTextFieldSwift_const_extract_protocols.json -Xcc -I/Users/admin/builder/spi-builder-workspace/.derivedData/Build/Products/Debug-xros/include -Xcc -I/Users/admin/builder/spi-builder-workspace/.derivedData/Build/Intermediates.noindex/IQDropDownTextFieldSwift.build/Debug-xros/IQDropDownTextFieldSwift-t.build/DerivedSources-normal/arm64 -Xcc -I/Users/admin/builder/spi-builder-workspace/.derivedData/Build/Intermediates.noindex/IQDropDownTextFieldSwift.build/Debug-xros/IQDropDownTextFieldSwift-t.build/DerivedSources/arm64 -Xcc -I/Users/admin/builder/spi-builder-workspace/.derivedData/Build/Intermediates.noindex/IQDropDownTextFieldSwift.build/Debug-xros/IQDropDownTextFieldSwift-t.build/DerivedSources -Xcc -DSWIFT_PACKAGE -Xcc -DDEBUG\=1 -emit-objc-header -emit-objc-header-path /Users/admin/builder/spi-builder-workspace/.derivedData/Build/Intermediates.noindex/IQDropDownTextFieldSwift.build/Debug-xros/IQDropDownTextFieldSwift-t.build/Objects-normal/arm64/IQDropDownTextFieldSwift-Swift.h -working-directory /Users/admin/builder/spi-builder-workspace/.swiftpm/xcode -experimental-emit-module-separately -disable-cmo
SwiftExplicitDependencyGeneratePcm arm64 /Users/admin/builder/spi-builder-workspace/.derivedData/SDKExplicitPrecompiledModules/SwiftShims-CI4H5RO9IYFFWQ2COB512Q2S9.pcm
SwiftExplicitDependencyGeneratePcm arm64 /Users/admin/builder/spi-builder-workspace/.derivedData/SDKExplicitPrecompiledModules/_AvailabilityInternal-1Q8IQP6M38UWSGZ95UCEY2M44.pcm
SwiftExplicitDependencyGeneratePcm arm64 /Users/admin/builder/spi-builder-workspace/.derivedData/SDKExplicitPrecompiledModules/ptrcheck-BXA97MNLI4BB0HF5I8MJE403D.pcm
SwiftExplicitDependencyGeneratePcm arm64 /Users/admin/builder/spi-builder-workspace/.derivedData/SDKExplicitPrecompiledModules/_Builtin_stdarg-CDA349K2K4US766844K8E0PVA.pcm
SwiftExplicitDependencyGeneratePcm arm64 /Users/admin/builder/spi-builder-workspace/.derivedData/SDKExplicitPrecompiledModules/_Builtin_stdbool-5BU2ADS7JXQMYENKQHW9X8XOU.pcm
SwiftExplicitDependencyGeneratePcm arm64 /Users/admin/builder/spi-builder-workspace/.derivedData/SDKExplicitPrecompiledModules/_SwiftConcurrencyShims-C8XHKSHX96D5YYALNM4W70Z0O.pcm
SwiftExplicitDependencyGeneratePcm arm64 /Users/admin/builder/spi-builder-workspace/.derivedData/SDKExplicitPrecompiledModules/_Builtin_float-6WKHNW5S40U2QGHXXGETUDIRA.pcm
SwiftExplicitDependencyGeneratePcm arm64 /Users/admin/builder/spi-builder-workspace/.derivedData/SDKExplicitPrecompiledModules/ptrauth-1WBA714DZSVUL5JQDJ08CLKZ.pcm
SwiftExplicitDependencyGeneratePcm arm64 /Users/admin/builder/spi-builder-workspace/.derivedData/SDKExplicitPrecompiledModules/_Builtin_stddef-5NQ9Z1GV07GBSRQGAQCGXGVRI.pcm
SwiftExplicitDependencyGeneratePcm arm64 /Users/admin/builder/spi-builder-workspace/.derivedData/SDKExplicitPrecompiledModules/DeveloperToolsSupport-46GOQP8J1QTHLYQSJW81T8UZ3.pcm
SwiftExplicitDependencyGeneratePcm arm64 /Users/admin/builder/spi-builder-workspace/.derivedData/SDKExplicitPrecompiledModules/_DarwinFoundation1-5RGRVV2TZ6WC4WZW5IXF8NQ04.pcm
SwiftExplicitDependencyGeneratePcm arm64 /Users/admin/builder/spi-builder-workspace/.derivedData/SDKExplicitPrecompiledModules/_DarwinFoundation2-ENTECK156YEWITZRRBTOCE4KR.pcm
SwiftExplicitDependencyGeneratePcm arm64 /Users/admin/builder/spi-builder-workspace/.derivedData/SDKExplicitPrecompiledModules/_Builtin_limits-425JDMN5HPM3D0UEI8LEHP6NM.pcm
SwiftExplicitDependencyGeneratePcm arm64 /Users/admin/builder/spi-builder-workspace/.derivedData/SDKExplicitPrecompiledModules/sys_types-AYM0BHR77VKMWZCO2T0XGV2HF.pcm
SwiftExplicitDependencyGeneratePcm arm64 /Users/admin/builder/spi-builder-workspace/.derivedData/SDKExplicitPrecompiledModules/_Builtin_stdint-8OR6T47OOYJA90ZBO3N1USDE.pcm
SwiftExplicitDependencyGeneratePcm arm64 /Users/admin/builder/spi-builder-workspace/.derivedData/SDKExplicitPrecompiledModules/_Builtin_tgmath-BPYSMHWI520EQRL2HW519ZY7Z.pcm
SwiftExplicitDependencyGeneratePcm arm64 /Users/admin/builder/spi-builder-workspace/.derivedData/SDKExplicitPrecompiledModules/string_h-2GT67HHHHK5CF1V1S31LH0PU2.pcm
SwiftExplicitDependencyGeneratePcm arm64 /Users/admin/builder/spi-builder-workspace/.derivedData/SDKExplicitPrecompiledModules/_DarwinFoundation3-9ZHN6JKBS40BBA81RQMV8H0IC.pcm
SwiftExplicitDependencyGeneratePcm arm64 /Users/admin/builder/spi-builder-workspace/.derivedData/SDKExplicitPrecompiledModules/_Builtin_stdatomic-1VUZPM79PNCAHXVBERD53WRSF.pcm
SwiftExplicitDependencyGeneratePcm arm64 /Users/admin/builder/spi-builder-workspace/.derivedData/SDKExplicitPrecompiledModules/_Builtin_intrinsics-BC5IJI3YI34RQ61ZNVDRDZ6RN.pcm
SwiftExplicitDependencyGeneratePcm arm64 /Users/admin/builder/spi-builder-workspace/.derivedData/SDKExplicitPrecompiledModules/_Builtin_inttypes-11B64KJD36B3YOHBR1BBXBJY8.pcm
SwiftExplicitDependencyGeneratePcm arm64 /Users/admin/builder/spi-builder-workspace/.derivedData/SDKExplicitPrecompiledModules/Darwin-60P5LVNQO3ESRRM5DCJ05PFNK.pcm
SwiftExplicitDependencyGeneratePcm arm64 /Users/admin/builder/spi-builder-workspace/.derivedData/SDKExplicitPrecompiledModules/simd-9XXAB17Y6E4BBPQADD61NZ23.pcm
SwiftExplicitDependencyGeneratePcm arm64 /Users/admin/builder/spi-builder-workspace/.derivedData/SDKExplicitPrecompiledModules/MachO-3XTHY7HWV6RF3KXKYQVHUBUXK.pcm
SwiftExplicitDependencyGeneratePcm arm64 /Users/admin/builder/spi-builder-workspace/.derivedData/SDKExplicitPrecompiledModules/ObjectiveC-26TIBFYCEJZVP216ZZAU1X8KN.pcm
SwiftExplicitDependencyGeneratePcm arm64 /Users/admin/builder/spi-builder-workspace/.derivedData/SDKExplicitPrecompiledModules/os_object-692CJ8BG6RE5H04487EJJOVXW.pcm
SwiftExplicitDependencyGeneratePcm arm64 /Users/admin/builder/spi-builder-workspace/.derivedData/SDKExplicitPrecompiledModules/os_workgroup-4U1VXMWIZD80E7PRUQF2G7P9X.pcm
SwiftExplicitDependencyGeneratePcm arm64 /Users/admin/builder/spi-builder-workspace/.derivedData/SDKExplicitPrecompiledModules/Spatial-5E0I2846LO3ZE24CSVR2O57TI.pcm
SwiftExplicitDependencyGeneratePcm arm64 /Users/admin/builder/spi-builder-workspace/.derivedData/SDKExplicitPrecompiledModules/Dispatch-CLT3466HKC22GCKAWSCNG0H7T.pcm
SwiftExplicitDependencyGeneratePcm arm64 /Users/admin/builder/spi-builder-workspace/.derivedData/SDKExplicitPrecompiledModules/CoreFoundation-AVLTZVCXBU2TO75JCN4AGU8XJ.pcm
SwiftExplicitDependencyGeneratePcm arm64 /Users/admin/builder/spi-builder-workspace/.derivedData/SDKExplicitPrecompiledModules/XPC-EP5EU7FNGP4VOA3EDM18P1KHO.pcm
SwiftExplicitDependencyGeneratePcm arm64 /Users/admin/builder/spi-builder-workspace/.derivedData/SDKExplicitPrecompiledModules/os-1004XEJ3IXOOAU0KL58SM3D0K.pcm
SwiftExplicitDependencyGeneratePcm arm64 /Users/admin/builder/spi-builder-workspace/.derivedData/SDKExplicitPrecompiledModules/Security-8TH2M8WJIQMET4SADWX0N8372.pcm
SwiftExplicitDependencyGeneratePcm arm64 /Users/admin/builder/spi-builder-workspace/.derivedData/SDKExplicitPrecompiledModules/CFNetwork-5MI70N1VLDQSWTX4COWLMSIRO.pcm
SwiftExplicitDependencyGeneratePcm arm64 /Users/admin/builder/spi-builder-workspace/.derivedData/SDKExplicitPrecompiledModules/CoreGraphics-BFUJ177R223UT2ZI327ZTZY91.pcm
SwiftExplicitDependencyGeneratePcm arm64 /Users/admin/builder/spi-builder-workspace/.derivedData/SDKExplicitPrecompiledModules/Foundation-8GON1KVEKRN3NOQI8RETBRWJP.pcm
SwiftExplicitDependencyGeneratePcm arm64 /Users/admin/builder/spi-builder-workspace/.derivedData/SDKExplicitPrecompiledModules/CoreText-6F9TY5TEPCCZ1K2KYM4GMEGHD.pcm
SwiftExplicitDependencyGeneratePcm arm64 /Users/admin/builder/spi-builder-workspace/.derivedData/SDKExplicitPrecompiledModules/ImageIO-5CC6COR9KJYI1UBL7CSHLU2OG.pcm
SwiftExplicitDependencyGeneratePcm arm64 /Users/admin/builder/spi-builder-workspace/.derivedData/SDKExplicitPrecompiledModules/UserNotifications-8IIV1V1FPNAPA4LY1Y23LOM2N.pcm
SwiftExplicitDependencyGeneratePcm arm64 /Users/admin/builder/spi-builder-workspace/.derivedData/SDKExplicitPrecompiledModules/FileProvider-C9I28SI56F2SEVH1BCWTKGODO.pcm
SwiftExplicitDependencyGeneratePcm arm64 /Users/admin/builder/spi-builder-workspace/.derivedData/SDKExplicitPrecompiledModules/CoreTransferable-8TBYAKHCX6UC8QQSS7BD8GQK5.pcm
SwiftExplicitDependencyGeneratePcm arm64 /Users/admin/builder/spi-builder-workspace/.derivedData/SDKExplicitPrecompiledModules/IOSurface-5FE9U89GVFF9A7X7AGO2R8ENI.pcm
SwiftExplicitDependencyGeneratePcm arm64 /Users/admin/builder/spi-builder-workspace/.derivedData/SDKExplicitPrecompiledModules/DataDetection-BANTQ3WXXGKZJYC0LLB3MD9K0.pcm
SwiftExplicitDependencyGeneratePcm arm64 /Users/admin/builder/spi-builder-workspace/.derivedData/SDKExplicitPrecompiledModules/OSLog-BNGT87TS0GMBFF7TY70HHB69.pcm
SwiftExplicitDependencyGeneratePcm arm64 /Users/admin/builder/spi-builder-workspace/.derivedData/SDKExplicitPrecompiledModules/_LocationEssentials-8GQGFVARUE99D8VJX3TINY0VP.pcm
SwiftExplicitDependencyGeneratePcm arm64 /Users/admin/builder/spi-builder-workspace/.derivedData/SDKExplicitPrecompiledModules/UniformTypeIdentifiers-E5KMWDZEKS4QW9RO1KBRDEXV6.pcm
SwiftExplicitDependencyGeneratePcm arm64 /Users/admin/builder/spi-builder-workspace/.derivedData/SDKExplicitPrecompiledModules/Symbols-8G2XC01RPQ5HYIZE6JNUT864I.pcm
SwiftExplicitDependencyGeneratePcm arm64 /Users/admin/builder/spi-builder-workspace/.derivedData/SDKExplicitPrecompiledModules/UIUtilities-AOVGLUWEAN6CG2UZFNESGSP6C.pcm
SwiftExplicitDependencyGeneratePcm arm64 /Users/admin/builder/spi-builder-workspace/.derivedData/SDKExplicitPrecompiledModules/Accessibility-1DR4J4YDVDGAYQTZ0FKZ1PU09.pcm
SwiftExplicitDependencyGeneratePcm arm64 /Users/admin/builder/spi-builder-workspace/.derivedData/SDKExplicitPrecompiledModules/CoreLocation-1SN37095DAPVJ068LLP9TBDQX.pcm
SwiftExplicitDependencyGeneratePcm arm64 /Users/admin/builder/spi-builder-workspace/.derivedData/SDKExplicitPrecompiledModules/Metal-EKNUM9P3PRIBHZK1ZBD6BA2T7.pcm
SwiftExplicitDependencyGeneratePcm arm64 /Users/admin/builder/spi-builder-workspace/.derivedData/SDKExplicitPrecompiledModules/OpenGLES-56BKSYXNVAP91BYZRWAKQZKGI.pcm
SwiftExplicitDependencyGeneratePcm arm64 /Users/admin/builder/spi-builder-workspace/.derivedData/SDKExplicitPrecompiledModules/CoreMotion-10LV922UPGE28QX2SOIO7ALIZ.pcm
SwiftExplicitDependencyGeneratePcm arm64 /Users/admin/builder/spi-builder-workspace/.derivedData/SDKExplicitPrecompiledModules/CoreVideo-E12HJSJSLO0YKWYBES11UKJ02.pcm
SwiftExplicitDependencyGeneratePcm arm64 /Users/admin/builder/spi-builder-workspace/.derivedData/SDKExplicitPrecompiledModules/CoreImage-8WF1P230U10QM666EQMNV7OF1.pcm
SwiftExplicitDependencyGeneratePcm arm64 /Users/admin/builder/spi-builder-workspace/.derivedData/SDKExplicitPrecompiledModules/QuartzCore-12T8WVKUNCL1N7VXH87MM4YOB.pcm
SwiftExplicitDependencyGeneratePcm arm64 /Users/admin/builder/spi-builder-workspace/.derivedData/SDKExplicitPrecompiledModules/SwiftUICore-6OBBMA39VFD4CB6SG2PE41FAP.pcm
SwiftExplicitDependencyGeneratePcm arm64 /Users/admin/builder/spi-builder-workspace/.derivedData/SDKExplicitPrecompiledModules/UIKit-2D2PMAAE45TMO6S28UCGCO5BR.pcm
SwiftEmitModule normal arm64 Emitting\ module\ for\ IQDropDownTextFieldSwift (in target 'IQDropDownTextFieldSwift' from project 'IQDropDownTextFieldSwift')
SwiftCompile normal arm64 (in target 'IQDropDownTextFieldSwift' from project 'IQDropDownTextFieldSwift')
    cd /Users/admin/builder/spi-builder-workspace/.swiftpm/xcode

/Users/admin/builder/spi-builder-workspace/IQDropDownTextFieldSwift/IQDropDownTextField.swift:35:14: error: 'showsSelectionIndicator' is unavailable in visionOS
 33 |         let view = UIPickerView()
 34 |         view.autoresizingMask = [.flexibleWidth, .flexibleHeight]
 35 |         view.showsSelectionIndicator = true
    |              `- error: 'showsSelectionIndicator' is unavailable in visionOS
 36 |         view.delegate = self
 37 |         view.dataSource = self
/Applications/Xcode-27.0.0-Release.Candidate.app/Contents/Developer/Platforms/XROS.platform/Developer/SDKs/XROS27.0.sdk/System/Library/Frameworks/UIKit.framework/Headers/UIPickerView.h:23:27: note: 'showsSelectionIndicator' has been explicitly marked unavailable here
21 | @property(nullable,nonatomic,weak) id<UIPickerViewDataSource> dataSource;                // default is nil. weak reference
22 | @property(nullable,nonatomic,weak) id<UIPickerViewDelegate>   delegate;                  // default is nil. weak reference
23 | @property(nonatomic) BOOL showsSelectionIndicator API_DEPRECATED("This property has no effect on iOS 7 and later.", ios(2.0, 13.0)) API_UNAVAILABLE(visionos, watchos);
   |                           `- note: 'showsSelectionIndicator' has been explicitly marked unavailable here
24 |
25 | // info that was fetched and cached from the data source and delegate
Failed frontend command:
/Applications/Xcode-27.0.0-Release.Candidate.app/Contents/Developer/Toolchains/XcodeDefault.xctoolchain/usr/bin/swift-frontend -frontend -emit-module -experimental-skip-non-inlinable-function-bodies-without-types /Users/admin/builder/spi-builder-workspace/.derivedData/Build/Intermediates.noindex/IQDropDownTextFieldSwift.build/Debug-xros/IQDropDownTextFieldSwift-t.build/DerivedSources/resource_bundle_accessor.swift /Users/admin/builder/spi-builder-workspace/IQDropDownTextFieldSwift/IQDropDownTextField+Date.swift /Users/admin/builder/spi-builder-workspace/IQDropDownTextFieldSwift/IQDropDownTextField+Menu.swift /Users/admin/builder/spi-builder-workspace/IQDropDownTextFieldSwift/IQDropDownTextField+Picker.swift /Users/admin/builder/spi-builder-workspace/IQDropDownTextFieldSwift/IQDropDownTextField.swift /Users/admin/builder/spi-builder-workspace/IQDropDownTextFieldSwift/IQDropDownTextFieldConstants.swift /Users/admin/builder/spi-builder-workspace/IQDropDownTextFieldSwift/IQDropDownTextFieldDataSource.swift /Users/admin/builder/spi-builder-workspace/IQDropDownTextFieldSwift/IQDropDownTextFieldDelegate.swift -target arm64-apple-xros1.0 -disable-cross-import-overlay-search -load-resolved-plugin /Applications/Xcode-27.0.0-Release.Candidate.app/Contents/Developer/Platforms/XROS.platform/Developer/usr/lib/swift/host/plugins/libFoundationMacros.dylib\#/Applications/Xcode-27.0.0-Release.Candidate.app/Contents/Developer/Platforms/XROS.platform/Developer/usr/bin/swift-plugin-server\#FoundationMacros -load-resolved-plugin /Applications/Xcode-27.0.0-Release.Candidate.app/Contents/Developer/Platforms/XROS.platform/Developer/usr/lib/swift/host/plugins/libObservationMacros.dylib\#/Applications/Xcode-27.0.0-Release.Candidate.app/Contents/Developer/Platforms/XROS.platform/Developer/usr/bin/swift-plugin-server\#ObservationMacros -load-resolved-plugin /Applications/Xcode-27.0.0-Release.Candidate.app/Contents/Developer/Platforms/XROS.platform/Developer/usr/lib/swift/host/plugins/libPreviewsMacros.dylib\#/Applications/Xcode-27.0.0-Release.Candidate.app/Contents/Developer/Platforms/XROS.platform/Developer/usr/bin/swift-plugin-server\#PreviewsMacros -load-resolved-plugin /Applications/Xcode-27.0.0-Release.Candidate.app/Contents/Developer/Platforms/XROS.platform/Developer/usr/lib/swift/host/plugins/libSwiftMacros.dylib\#/Applications/Xcode-27.0.0-Release.Candidate.app/Contents/Developer/Platforms/XROS.platform/Developer/usr/bin/swift-plugin-server\#SwiftMacros -load-resolved-plugin /Applications/Xcode-27.0.0-Release.Candidate.app/Contents/Developer/Platforms/XROS.platform/Developer/usr/lib/swift/host/plugins/libSwiftUIMacros.dylib\#/Applications/Xcode-27.0.0-Release.Candidate.app/Contents/Developer/Platforms/XROS.platform/Developer/usr/bin/swift-plugin-server\#SwiftUIMacros -disable-implicit-swift-modules -Xcc -fno-implicit-modules -Xcc -fno-implicit-module-maps -explicit-swift-module-map-file /Users/admin/builder/spi-builder-workspace/.derivedData/Build/Intermediates.noindex/IQDropDownTextFieldSwift.build/Debug-xros/IQDropDownTextFieldSwift-t.build/Objects-normal/arm64/IQDropDownTextFieldSwift-dependencies-1.json -Xllvm -aarch64-use-tbi -enable-objc-interop -stack-check -sdk /Applications/Xcode-27.0.0-Release.Candidate.app/Contents/Developer/Platforms/XROS.platform/Developer/SDKs/XROS27.0.sdk -I /Users/admin/builder/spi-builder-workspace/.derivedData/Build/Products/Debug-xros -Isystem /Applications/Xcode-27.0.0-Release.Candidate.app/Contents/Developer/Platforms/XROS.platform/Developer/usr/lib -F /Users/admin/builder/spi-builder-workspace/.derivedData/Build/Products/Debug-xros -F /Applications/Xcode-27.0.0-Release.Candidate.app/Contents/Developer/Platforms/XROS.platform/Developer/Library/Frameworks -F /Applications/Xcode-27.0.0-Release.Candidate.app/Contents/Developer/Platforms/XROS.platform/Developer/SDKs/XROS27.0.sdk/Developer/Library/Frameworks -module-cache-path /Users/admin/builder/spi-builder-workspace/.derivedData/Build/Intermediates.noindex/SwiftExplicitPrecompiledModules -no-color-diagnostics -Xcc -fno-color-diagnostics -enable-testing -g -debug-info-format\=dwarf -dwarf-version\=4 -swift-version 5 -Onone -D SWIFT_PACKAGE -D DEBUG -D SWIFT_MODULE_RESOURCE_BUNDLE_AVAILABLE -D Xcode -serialize-debugging-options -enable-experimental-feature DebugDescriptionMacro -empty-abi-descriptor -validate-clang-modules-once -clang-build-session-file /Users/admin/builder/spi-builder-workspace/.derivedData/ModuleCache.noindex/Session.modulevalidation -Xcc -working-directory -Xcc /Users/admin/builder/spi-builder-workspace/.swiftpm/xcode -enable-anonymous-context-mangled-names -file-compilation-dir /Users/admin/builder/spi-builder-workspace/.swiftpm/xcode -Xcc -D_LIBCPP_HARDENING_MODE\=_LIBCPP_HARDENING_MODE_DEBUG -Xcc -ivfsstatcache -Xcc /Users/admin/builder/spi-builder-workspace/.derivedData/SDKStatCaches.noindex/xros27.0-24M361-e829b21a6f8c9b70876ba0858053c044735bd543db762f57723cac368afd1ce4.sdkstatcache -Xcc -fmodules-prune-interval\=86400 -Xcc -fmodules-prune-after\=345600 -Xcc -I/Users/admin/builder/spi-builder-workspace/.derivedData/Build/Products/Debug-xros/include -Xcc -I/Users/admin/builder/spi-builder-workspace/.derivedData/Build/Intermediates.noindex/IQDropDownTextFieldSwift.build/Debug-xros/IQDropDownTextFieldSwift-t.build/DerivedSources-normal/arm64 -Xcc -I/Users/admin/builder/spi-builder-workspace/.derivedData/Build/Intermediates.noindex/IQDropDownTextFieldSwift.build/Debug-xros/IQDropDownTextFieldSwift-t.build/DerivedSources/arm64 -Xcc -I/Users/admin/builder/spi-builder-workspace/.derivedData/Build/Intermediates.noindex/IQDropDownTextFieldSwift.build/Debug-xros/IQDropDownTextFieldSwift-t.build/DerivedSources -Xcc -DSWIFT_PACKAGE -Xcc -DDEBUG\=1 -no-auto-bridging-header-chaining -module-name IQDropDownTextFieldSwift -const-gather-protocols-file /Users/admin/builder/spi-builder-workspace/.derivedData/Build/Intermediates.noindex/IQDropDownTextFieldSwift.build/Debug-xros/IQDropDownTextFieldSwift-t.build/Objects-normal/arm64/IQDropDownTextFieldSwift_const_extract_protocols.json -disable-clang-spi -clang-target arm64-apple-xros27.0 -target-sdk-version 27.0 -target-sdk-name xros27.0 -in-process-plugin-server-path /Applications/Xcode-27.0.0-Release.Candidate.app/Contents/Developer/Toolchains/XcodeDefault.xctoolchain/usr/lib/swift/host/libSwiftInProcPluginServer.dylib -emit-module-doc-path /Users/admin/builder/spi-builder-workspace/.derivedData/Build/Intermediates.noindex/IQDropDownTextFieldSwift.build/Debug-xros/IQDropDownTextFieldSwift-t.build/Objects-normal/arm64/IQDropDownTextFieldSwift.swiftdoc -emit-module-source-info-path /Users/admin/builder/spi-builder-workspace/.derivedData/Build/Intermediates.noindex/IQDropDownTextFieldSwift.build/Debug-xros/IQDropDownTextFieldSwift-t.build/Objects-normal/arm64/IQDropDownTextFieldSwift.swiftsourceinfo -emit-objc-header-path /Users/admin/builder/spi-builder-workspace/.derivedData/Build/Intermediates.noindex/IQDropDownTextFieldSwift.build/Debug-xros/IQDropDownTextFieldSwift-t.build/Objects-normal/arm64/IQDropDownTextFieldSwift-Swift.h -serialize-diagnostics-path /Users/admin/builder/spi-builder-workspace/.derivedData/Build/Intermediates.noindex/IQDropDownTextFieldSwift.build/Debug-xros/IQDropDownTextFieldSwift-t.build/Objects-normal/arm64/IQDropDownTextFieldSwift-primary-emit-module.dia -emit-dependencies-path /Users/admin/builder/spi-builder-workspace/.derivedData/Build/Intermediates.noindex/IQDropDownTextFieldSwift.build/Debug-xros/IQDropDownTextFieldSwift-t.build/Objects-normal/arm64/IQDropDownTextFieldSwift-primary-emit-module.d -parse-as-library -o /Users/admin/builder/spi-builder-workspace/.derivedData/Build/Intermediates.noindex/IQDropDownTextFieldSwift.build/Debug-xros/IQDropDownTextFieldSwift-t.build/Objects-normal/arm64/IQDropDownTextFieldSwift.swiftmodule -emit-abi-descriptor-path /Users/admin/builder/spi-builder-workspace/.derivedData/Build/Intermediates.noindex/IQDropDownTextFieldSwift.build/Debug-xros/IQDropDownTextFieldSwift-t.build/Objects-normal/arm64/IQDropDownTextFieldSwift.abi.json
SwiftCompile normal arm64 Compiling\ IQDropDownTextFieldDelegate.swift /Users/admin/builder/spi-builder-workspace/IQDropDownTextFieldSwift/IQDropDownTextFieldDelegate.swift (in target 'IQDropDownTextFieldSwift' from project 'IQDropDownTextFieldSwift')
SwiftCompile normal arm64 /Users/admin/builder/spi-builder-workspace/IQDropDownTextFieldSwift/IQDropDownTextFieldDelegate.swift (in target 'IQDropDownTextFieldSwift' from project 'IQDropDownTextFieldSwift')
    cd /Users/admin/builder/spi-builder-workspace/.swiftpm/xcode
    builtin-SwiftPerFileCompile IQDropDownTextFieldDelegate.swift
SwiftCompile normal arm64 Compiling\ IQDropDownTextFieldConstants.swift /Users/admin/builder/spi-builder-workspace/IQDropDownTextFieldSwift/IQDropDownTextFieldConstants.swift (in target 'IQDropDownTextFieldSwift' from project 'IQDropDownTextFieldSwift')
SwiftCompile normal arm64 /Users/admin/builder/spi-builder-workspace/IQDropDownTextFieldSwift/IQDropDownTextFieldConstants.swift (in target 'IQDropDownTextFieldSwift' from project 'IQDropDownTextFieldSwift')
    cd /Users/admin/builder/spi-builder-workspace/.swiftpm/xcode
    builtin-SwiftPerFileCompile IQDropDownTextFieldConstants.swift
SwiftCompile normal arm64 Compiling\ IQDropDownTextField.swift /Users/admin/builder/spi-builder-workspace/IQDropDownTextFieldSwift/IQDropDownTextField.swift (in target 'IQDropDownTextFieldSwift' from project 'IQDropDownTextFieldSwift')
SwiftCompile normal arm64 /Users/admin/builder/spi-builder-workspace/IQDropDownTextFieldSwift/IQDropDownTextField.swift (in target 'IQDropDownTextFieldSwift' from project 'IQDropDownTextFieldSwift')
    cd /Users/admin/builder/spi-builder-workspace/.swiftpm/xcode
    builtin-SwiftPerFileCompile IQDropDownTextField.swift
/Users/admin/builder/spi-builder-workspace/IQDropDownTextFieldSwift/IQDropDownTextField.swift:35:14: error: 'showsSelectionIndicator' is unavailable in visionOS
 33 |         let view = UIPickerView()
 34 |         view.autoresizingMask = [.flexibleWidth, .flexibleHeight]
 35 |         view.showsSelectionIndicator = true
    |              `- error: 'showsSelectionIndicator' is unavailable in visionOS
 36 |         view.delegate = self
 37 |         view.dataSource = self
/Applications/Xcode-27.0.0-Release.Candidate.app/Contents/Developer/Platforms/XROS.platform/Developer/SDKs/XROS27.0.sdk/System/Library/Frameworks/UIKit.framework/Headers/UIPickerView.h:23:27: note: 'showsSelectionIndicator' has been explicitly marked unavailable here
21 | @property(nullable,nonatomic,weak) id<UIPickerViewDataSource> dataSource;                // default is nil. weak reference
22 | @property(nullable,nonatomic,weak) id<UIPickerViewDelegate>   delegate;                  // default is nil. weak reference
23 | @property(nonatomic) BOOL showsSelectionIndicator API_DEPRECATED("This property has no effect on iOS 7 and later.", ios(2.0, 13.0)) API_UNAVAILABLE(visionos, watchos);
   |                           `- note: 'showsSelectionIndicator' has been explicitly marked unavailable here
24 |
25 | // info that was fetched and cached from the data source and delegate
SwiftCompile normal arm64 Compiling\ IQDropDownTextField+Menu.swift /Users/admin/builder/spi-builder-workspace/IQDropDownTextFieldSwift/IQDropDownTextField+Menu.swift (in target 'IQDropDownTextFieldSwift' from project 'IQDropDownTextFieldSwift')
SwiftCompile normal arm64 /Users/admin/builder/spi-builder-workspace/IQDropDownTextFieldSwift/IQDropDownTextField+Menu.swift (in target 'IQDropDownTextFieldSwift' from project 'IQDropDownTextFieldSwift')
    cd /Users/admin/builder/spi-builder-workspace/.swiftpm/xcode
    builtin-SwiftPerFileCompile IQDropDownTextField+Menu.swift
SwiftCompile normal arm64 Compiling\ IQDropDownTextField+Date.swift /Users/admin/builder/spi-builder-workspace/IQDropDownTextFieldSwift/IQDropDownTextField+Date.swift (in target 'IQDropDownTextFieldSwift' from project 'IQDropDownTextFieldSwift')
SwiftCompile normal arm64 /Users/admin/builder/spi-builder-workspace/IQDropDownTextFieldSwift/IQDropDownTextField+Date.swift (in target 'IQDropDownTextFieldSwift' from project 'IQDropDownTextFieldSwift')
    cd /Users/admin/builder/spi-builder-workspace/.swiftpm/xcode
    builtin-SwiftPerFileCompile IQDropDownTextField+Date.swift
SwiftCompile normal arm64 Compiling\ IQDropDownTextField+Picker.swift /Users/admin/builder/spi-builder-workspace/IQDropDownTextFieldSwift/IQDropDownTextField+Picker.swift (in target 'IQDropDownTextFieldSwift' from project 'IQDropDownTextFieldSwift')
/Users/admin/builder/spi-builder-workspace/IQDropDownTextFieldSwift/IQDropDownTextField+Picker.swift:120:54: warning: 'archivedData(withRootObject:)' was deprecated in visionOS 1.0: Use +archivedDataWithRootObject:requiringSecureCoding:error: instead [#DeprecatedDeclaration]
118 |
119 |                 // Archiving and Unarchiving is necessary to copy UIView instance.
120 |                 let viewData: Data = NSKeyedArchiver.archivedData(withRootObject: view)
    |                                                      `- warning: 'archivedData(withRootObject:)' was deprecated in visionOS 1.0: Use +archivedDataWithRootObject:requiringSecureCoding:error: instead [#DeprecatedDeclaration]
121 |                 viewToReturn = NSKeyedUnarchiver.unarchiveObject(with: viewData) as? UIView
122 |             } else {
SwiftCompile normal arm64 /Users/admin/builder/spi-builder-workspace/IQDropDownTextFieldSwift/IQDropDownTextField+Picker.swift (in target 'IQDropDownTextFieldSwift' from project 'IQDropDownTextFieldSwift')
    cd /Users/admin/builder/spi-builder-workspace/.swiftpm/xcode
    builtin-SwiftPerFileCompile IQDropDownTextField+Picker.swift
SwiftCompile normal arm64 Compiling\ IQDropDownTextFieldDataSource.swift /Users/admin/builder/spi-builder-workspace/IQDropDownTextFieldSwift/IQDropDownTextFieldDataSource.swift (in target 'IQDropDownTextFieldSwift' from project 'IQDropDownTextFieldSwift')
SwiftCompile normal arm64 /Users/admin/builder/spi-builder-workspace/IQDropDownTextFieldSwift/IQDropDownTextFieldDataSource.swift (in target 'IQDropDownTextFieldSwift' from project 'IQDropDownTextFieldSwift')
    cd /Users/admin/builder/spi-builder-workspace/.swiftpm/xcode
    builtin-SwiftPerFileCompile IQDropDownTextFieldDataSource.swift
SwiftCompile normal arm64 Compiling\ resource_bundle_accessor.swift /Users/admin/builder/spi-builder-workspace/.derivedData/Build/Intermediates.noindex/IQDropDownTextFieldSwift.build/Debug-xros/IQDropDownTextFieldSwift-t.build/DerivedSources/resource_bundle_accessor.swift (in target 'IQDropDownTextFieldSwift' from project 'IQDropDownTextFieldSwift')
SwiftCompile normal arm64 /Users/admin/builder/spi-builder-workspace/.derivedData/Build/Intermediates.noindex/IQDropDownTextFieldSwift.build/Debug-xros/IQDropDownTextFieldSwift-t.build/DerivedSources/resource_bundle_accessor.swift (in target 'IQDropDownTextFieldSwift' from project 'IQDropDownTextFieldSwift')
    cd /Users/admin/builder/spi-builder-workspace/.swiftpm/xcode
    builtin-SwiftPerFileCompile resource_bundle_accessor.swift
PruneExplicitPrecompiledModules /Users/admin/builder/spi-builder-workspace/.derivedData/Build/Intermediates.noindex/SwiftExplicitPrecompiledModules
PruneExplicitPrecompiledModules /Users/admin/builder/spi-builder-workspace/.derivedData/Build/Intermediates.noindex/ExplicitPrecompiledModules
PruneExplicitPrecompiledModules /Users/admin/builder/spi-builder-workspace/.derivedData/SDKExplicitPrecompiledModules
2026-09-20 20:04:00.907 xcodebuild[699:4346] [MT] IDERunDestination: Supported platforms for the buildables in the current scheme is empty.
** BUILD FAILED **
The following build commands failed:
	SwiftCompile normal arm64 (in target 'IQDropDownTextFieldSwift' from project 'IQDropDownTextFieldSwift')
	SwiftEmitModule normal arm64 Emitting\ module\ for\ IQDropDownTextFieldSwift (in target 'IQDropDownTextFieldSwift' from project 'IQDropDownTextFieldSwift')
	Building workspace IQDropDownTextFieldSwift with scheme IQDropDownTextFieldSwift
(3 failures)
Command line invocation:
    /Applications/Xcode-27.0.0-Release.Candidate.app/Contents/Developer/usr/bin/xcodebuild -IDEClonedSourcePackagesDirPathOverride=/Users/admin/builder/spi-builder-workspace/.dependencies -resolvePackageDependencies
Resolve Package Graph
Resolved source packages:
  IQDropDownTextFieldSwift: /Users/admin/builder/spi-builder-workspace
resolved source packages: IQDropDownTextFieldSwift
2026-09-20 20:04:08.335 xcodebuild[791:4742] [MT] IDERunDestination: Supported platforms for the buildables in the current scheme is empty.
{
  "dependencies" : [
  ],
  "manifest_display_name" : "IQDropDownTextFieldSwift",
  "name" : "IQDropDownTextFieldSwift",
  "path" : "/Users/admin/builder/spi-builder-workspace",
  "platforms" : [
    {
      "name" : "ios",
      "version" : "11.0"
    }
  ],
  "products" : [
    {
      "name" : "IQDropDownTextFieldSwift",
      "targets" : [
        "IQDropDownTextFieldSwift"
      ],
      "type" : {
        "library" : [
          "automatic"
        ]
      }
    }
  ],
  "targets" : [
    {
      "c99name" : "IQDropDownTextFieldSwift",
      "module_type" : "SwiftTarget",
      "name" : "IQDropDownTextFieldSwift",
      "path" : "IQDropDownTextFieldSwift",
      "product_memberships" : [
        "IQDropDownTextFieldSwift"
      ],
      "resources" : [
        {
          "path" : "/Users/admin/builder/spi-builder-workspace/IQDropDownTextFieldSwift/PrivacyInfo.xcprivacy",
          "rule" : {
            "copy" : {
            }
          }
        }
      ],
      "sources" : [
        "IQDropDownTextField+Date.swift",
        "IQDropDownTextField+Menu.swift",
        "IQDropDownTextField+Picker.swift",
        "IQDropDownTextField.swift",
        "IQDropDownTextFieldConstants.swift",
        "IQDropDownTextFieldDataSource.swift",
        "IQDropDownTextFieldDelegate.swift"
      ],
      "type" : "library"
    }
  ],
  "tools_version" : "5.5"
}
{
  "workspace" : {
    "name" : "IQDropDownTextFieldSwift",
    "schemes" : [
      "IQDropDownTextFieldSwift"
    ]
  }
}
2026-09-20 20:04:09.496 xcodebuild[799:4813] [MT] IDERunDestination: Supported platforms for the buildables in the current scheme is empty.
Running build ...
env DEVELOPER_DIR=/Applications/Xcode-27.0.0-Release.Candidate.app xcrun xcodebuild -IDEClonedSourcePackagesDirPathOverride=$PWD/.dependencies -skipMacroValidation -skipPackagePluginValidation -derivedDataPath $PWD/.derivedData build -scheme IQDropDownTextFieldSwift -destination generic/platform=xrOS
Command line invocation:
    /Applications/Xcode-27.0.0-Release.Candidate.app/Contents/Developer/usr/bin/xcodebuild -IDEClonedSourcePackagesDirPathOverride=/Users/admin/builder/spi-builder-workspace/.dependencies -skipMacroValidation -skipPackagePluginValidation -derivedDataPath /Users/admin/builder/spi-builder-workspace/.derivedData build -scheme IQDropDownTextFieldSwift -destination generic/platform=xrOS
Resolve Package Graph
Resolved source packages:
  IQDropDownTextFieldSwift: /Users/admin/builder/spi-builder-workspace
ComputePackagePrebuildTargetDependencyGraph
Prepare packages
CreateBuildRequest
SendProjectDescription
CreateBuildOperation
ComputeTargetDependencyGraph
note: Building targets in dependency order
note: Target dependency graph (3 targets)
    Target 'IQDropDownTextFieldSwift-product' in project 'IQDropDownTextFieldSwift'
        ➜ Explicit dependency on target 'IQDropDownTextFieldSwift' in project 'IQDropDownTextFieldSwift'
        ➜ Explicit dependency on target 'IQDropDownTextFieldSwift_IQDropDownTextFieldSwift' in project 'IQDropDownTextFieldSwift'
    Target 'IQDropDownTextFieldSwift' in project 'IQDropDownTextFieldSwift'
        ➜ Explicit dependency on target 'IQDropDownTextFieldSwift_IQDropDownTextFieldSwift' in project 'IQDropDownTextFieldSwift'
    Target 'IQDropDownTextFieldSwift_IQDropDownTextFieldSwift' in project 'IQDropDownTextFieldSwift' (no dependencies)
GatherProvisioningInputs
CreateBuildDescription
ClangStatCache /Applications/Xcode-27.0.0-Release.Candidate.app/Contents/Developer/Toolchains/XcodeDefault.xctoolchain/usr/bin/clang-stat-cache /Applications/Xcode-27.0.0-Release.Candidate.app/Contents/Developer/Platforms/XROS.platform/Developer/SDKs/XROS27.0.sdk /Users/admin/builder/spi-builder-workspace/.derivedData/SDKStatCaches.noindex/xros27.0-24M361-e829b21a6f8c9b70876ba0858053c044735bd543db762f57723cac368afd1ce4.sdkstatcache
    cd /Users/admin/builder/spi-builder-workspace/.swiftpm/xcode
    /Applications/Xcode-27.0.0-Release.Candidate.app/Contents/Developer/Toolchains/XcodeDefault.xctoolchain/usr/bin/clang-stat-cache /Applications/Xcode-27.0.0-Release.Candidate.app/Contents/Developer/Platforms/XROS.platform/Developer/SDKs/XROS27.0.sdk -o /Users/admin/builder/spi-builder-workspace/.derivedData/SDKStatCaches.noindex/xros27.0-24M361-e829b21a6f8c9b70876ba0858053c044735bd543db762f57723cac368afd1ce4.sdkstatcache
SwiftDriver IQDropDownTextFieldSwift normal arm64 com.apple.xcode.tools.swift.compiler (in target 'IQDropDownTextFieldSwift' from project 'IQDropDownTextFieldSwift')
    cd /Users/admin/builder/spi-builder-workspace/.swiftpm/xcode
    builtin-SwiftDriver -- /Applications/Xcode-27.0.0-Release.Candidate.app/Contents/Developer/Toolchains/XcodeDefault.xctoolchain/usr/bin/swiftc -parse-as-library -module-name IQDropDownTextFieldSwift -Onone @/Users/admin/builder/spi-builder-workspace/.derivedData/Build/Intermediates.noindex/IQDropDownTextFieldSwift.build/Debug-xros/IQDropDownTextFieldSwift-t.build/Objects-normal/arm64/IQDropDownTextFieldSwift.SwiftFileList -DSWIFT_PACKAGE -DDEBUG -DSWIFT_MODULE_RESOURCE_BUNDLE_AVAILABLE -DXcode -plugin-path /Applications/Xcode-27.0.0-Release.Candidate.app/Contents/Developer/Toolchains/XcodeDefault.xctoolchain/usr/lib/swift/host/plugins/testing -enable-experimental-feature DebugDescriptionMacro -sdk /Applications/Xcode-27.0.0-Release.Candidate.app/Contents/Developer/Platforms/XROS.platform/Developer/SDKs/XROS27.0.sdk -target arm64-apple-xros1.0 -g -module-cache-path /Users/admin/builder/spi-builder-workspace/.derivedData/ModuleCache.noindex -Xfrontend -serialize-debugging-options -enable-testing -index-store-path /Users/admin/builder/spi-builder-workspace/.derivedData/Index.noindex/DataStore -Xcc -D_LIBCPP_HARDENING_MODE\=_LIBCPP_HARDENING_MODE_DEBUG -swift-version 5 -I /Users/admin/builder/spi-builder-workspace/.derivedData/Build/Products/Debug-xros -Isystem /Applications/Xcode-27.0.0-Release.Candidate.app/Contents/Developer/Platforms/XROS.platform/Developer/usr/lib -F /Users/admin/builder/spi-builder-workspace/.derivedData/Build/Products/Debug-xros -F /Applications/Xcode-27.0.0-Release.Candidate.app/Contents/Developer/Platforms/XROS.platform/Developer/Library/Frameworks -F /Applications/Xcode-27.0.0-Release.Candidate.app/Contents/Developer/Platforms/XROS.platform/Developer/SDKs/XROS27.0.sdk/Developer/Library/Frameworks -c -j10 -enable-batch-mode -incremental -Xcc -ivfsstatcache -Xcc /Users/admin/builder/spi-builder-workspace/.derivedData/SDKStatCaches.noindex/xros27.0-24M361-e829b21a6f8c9b70876ba0858053c044735bd543db762f57723cac368afd1ce4.sdkstatcache -output-file-map /Users/admin/builder/spi-builder-workspace/.derivedData/Build/Intermediates.noindex/IQDropDownTextFieldSwift.build/Debug-xros/IQDropDownTextFieldSwift-t.build/Objects-normal/arm64/IQDropDownTextFieldSwift-OutputFileMap.json -save-temps -no-color-diagnostics -explicit-module-build -module-cache-path /Users/admin/builder/spi-builder-workspace/.derivedData/Build/Intermediates.noindex/SwiftExplicitPrecompiledModules -clang-scanner-module-cache-path /Users/admin/builder/spi-builder-workspace/.derivedData/ModuleCache.noindex -sdk-module-cache-path /Users/admin/builder/spi-builder-workspace/.derivedData/SDKExplicitPrecompiledModules -emit-dependencies -emit-module -emit-module-path /Users/admin/builder/spi-builder-workspace/.derivedData/Build/Intermediates.noindex/IQDropDownTextFieldSwift.build/Debug-xros/IQDropDownTextFieldSwift-t.build/Objects-normal/arm64/IQDropDownTextFieldSwift.swiftmodule -serialize-diagnostics -dependency-scan-serialize-diagnostics-path /Users/admin/builder/spi-builder-workspace/.derivedData/Build/Intermediates.noindex/IQDropDownTextFieldSwift.build/Debug-xros/IQDropDownTextFieldSwift-t.build/Objects-normal/arm64/IQDropDownTextFieldSwift-dependency-scan.dia -validate-clang-modules-once -clang-build-session-file /Users/admin/builder/spi-builder-workspace/.derivedData/ModuleCache.noindex/Session.modulevalidation -Xcc -fmodules-prune-interval\=86400 -Xcc -fmodules-prune-after\=345600 -emit-const-values -const-gather-protocols-list /Users/admin/builder/spi-builder-workspace/.derivedData/Build/Intermediates.noindex/IQDropDownTextFieldSwift.build/Debug-xros/IQDropDownTextFieldSwift-t.build/Objects-normal/arm64/IQDropDownTextFieldSwift_const_extract_protocols.json -Xcc -I/Users/admin/builder/spi-builder-workspace/.derivedData/Build/Products/Debug-xros/include -Xcc -I/Users/admin/builder/spi-builder-workspace/.derivedData/Build/Intermediates.noindex/IQDropDownTextFieldSwift.build/Debug-xros/IQDropDownTextFieldSwift-t.build/DerivedSources-normal/arm64 -Xcc -I/Users/admin/builder/spi-builder-workspace/.derivedData/Build/Intermediates.noindex/IQDropDownTextFieldSwift.build/Debug-xros/IQDropDownTextFieldSwift-t.build/DerivedSources/arm64 -Xcc -I/Users/admin/builder/spi-builder-workspace/.derivedData/Build/Intermediates.noindex/IQDropDownTextFieldSwift.build/Debug-xros/IQDropDownTextFieldSwift-t.build/DerivedSources -Xcc -DSWIFT_PACKAGE -Xcc -DDEBUG\=1 -emit-objc-header -emit-objc-header-path /Users/admin/builder/spi-builder-workspace/.derivedData/Build/Intermediates.noindex/IQDropDownTextFieldSwift.build/Debug-xros/IQDropDownTextFieldSwift-t.build/Objects-normal/arm64/IQDropDownTextFieldSwift-Swift.h -working-directory /Users/admin/builder/spi-builder-workspace/.swiftpm/xcode -experimental-emit-module-separately -disable-cmo
SwiftCompile normal arm64 Compiling\ IQDropDownTextField+Date.swift /Users/admin/builder/spi-builder-workspace/IQDropDownTextFieldSwift/IQDropDownTextField+Date.swift (in target 'IQDropDownTextFieldSwift' from project 'IQDropDownTextFieldSwift')
SwiftCompile normal arm64 /Users/admin/builder/spi-builder-workspace/IQDropDownTextFieldSwift/IQDropDownTextField+Date.swift (in target 'IQDropDownTextFieldSwift' from project 'IQDropDownTextFieldSwift')
    cd /Users/admin/builder/spi-builder-workspace/.swiftpm/xcode
    builtin-SwiftPerFileCompile IQDropDownTextField+Date.swift
SwiftCompile normal arm64 Compiling\ IQDropDownTextField.swift /Users/admin/builder/spi-builder-workspace/IQDropDownTextFieldSwift/IQDropDownTextField.swift (in target 'IQDropDownTextFieldSwift' from project 'IQDropDownTextFieldSwift')
/Users/admin/builder/spi-builder-workspace/IQDropDownTextFieldSwift/IQDropDownTextField.swift:35:14: error: 'showsSelectionIndicator' is unavailable in visionOS
 33 |         let view = UIPickerView()
 34 |         view.autoresizingMask = [.flexibleWidth, .flexibleHeight]
 35 |         view.showsSelectionIndicator = true
    |              `- error: 'showsSelectionIndicator' is unavailable in visionOS
 36 |         view.delegate = self
 37 |         view.dataSource = self
/Applications/Xcode-27.0.0-Release.Candidate.app/Contents/Developer/Platforms/XROS.platform/Developer/SDKs/XROS27.0.sdk/System/Library/Frameworks/UIKit.framework/Headers/UIPickerView.h:23:27: note: 'showsSelectionIndicator' has been explicitly marked unavailable here
21 | @property(nullable,nonatomic,weak) id<UIPickerViewDataSource> dataSource;                // default is nil. weak reference
22 | @property(nullable,nonatomic,weak) id<UIPickerViewDelegate>   delegate;                  // default is nil. weak reference
23 | @property(nonatomic) BOOL showsSelectionIndicator API_DEPRECATED("This property has no effect on iOS 7 and later.", ios(2.0, 13.0)) API_UNAVAILABLE(visionos, watchos);
   |                           `- note: 'showsSelectionIndicator' has been explicitly marked unavailable here
24 |
25 | // info that was fetched and cached from the data source and delegate
SwiftCompile normal arm64 /Users/admin/builder/spi-builder-workspace/IQDropDownTextFieldSwift/IQDropDownTextField.swift (in target 'IQDropDownTextFieldSwift' from project 'IQDropDownTextFieldSwift')
    cd /Users/admin/builder/spi-builder-workspace/.swiftpm/xcode
    builtin-SwiftPerFileCompile IQDropDownTextField.swift
SwiftEmitModule normal arm64 Emitting\ module\ for\ IQDropDownTextFieldSwift (in target 'IQDropDownTextFieldSwift' from project 'IQDropDownTextFieldSwift')
/Users/admin/builder/spi-builder-workspace/IQDropDownTextFieldSwift/IQDropDownTextField.swift:35:14: error: 'showsSelectionIndicator' is unavailable in visionOS
 33 |         let view = UIPickerView()
 34 |         view.autoresizingMask = [.flexibleWidth, .flexibleHeight]
 35 |         view.showsSelectionIndicator = true
    |              `- error: 'showsSelectionIndicator' is unavailable in visionOS
 36 |         view.delegate = self
 37 |         view.dataSource = self
/Applications/Xcode-27.0.0-Release.Candidate.app/Contents/Developer/Platforms/XROS.platform/Developer/SDKs/XROS27.0.sdk/System/Library/Frameworks/UIKit.framework/Headers/UIPickerView.h:23:27: note: 'showsSelectionIndicator' has been explicitly marked unavailable here
21 | @property(nullable,nonatomic,weak) id<UIPickerViewDataSource> dataSource;                // default is nil. weak reference
22 | @property(nullable,nonatomic,weak) id<UIPickerViewDelegate>   delegate;                  // default is nil. weak reference
23 | @property(nonatomic) BOOL showsSelectionIndicator API_DEPRECATED("This property has no effect on iOS 7 and later.", ios(2.0, 13.0)) API_UNAVAILABLE(visionos, watchos);
   |                           `- note: 'showsSelectionIndicator' has been explicitly marked unavailable here
24 |
25 | // info that was fetched and cached from the data source and delegate
Failed frontend command:
/Applications/Xcode-27.0.0-Release.Candidate.app/Contents/Developer/Toolchains/XcodeDefault.xctoolchain/usr/bin/swift-frontend -frontend -emit-module -experimental-skip-non-inlinable-function-bodies-without-types /Users/admin/builder/spi-builder-workspace/.derivedData/Build/Intermediates.noindex/IQDropDownTextFieldSwift.build/Debug-xros/IQDropDownTextFieldSwift-t.build/DerivedSources/resource_bundle_accessor.swift /Users/admin/builder/spi-builder-workspace/IQDropDownTextFieldSwift/IQDropDownTextField+Date.swift /Users/admin/builder/spi-builder-workspace/IQDropDownTextFieldSwift/IQDropDownTextField+Menu.swift /Users/admin/builder/spi-builder-workspace/IQDropDownTextFieldSwift/IQDropDownTextField+Picker.swift /Users/admin/builder/spi-builder-workspace/IQDropDownTextFieldSwift/IQDropDownTextField.swift /Users/admin/builder/spi-builder-workspace/IQDropDownTextFieldSwift/IQDropDownTextFieldConstants.swift /Users/admin/builder/spi-builder-workspace/IQDropDownTextFieldSwift/IQDropDownTextFieldDataSource.swift /Users/admin/builder/spi-builder-workspace/IQDropDownTextFieldSwift/IQDropDownTextFieldDelegate.swift -target arm64-apple-xros1.0 -disable-cross-import-overlay-search -load-resolved-plugin /Applications/Xcode-27.0.0-Release.Candidate.app/Contents/Developer/Platforms/XROS.platform/Developer/usr/lib/swift/host/plugins/libFoundationMacros.dylib\#/Applications/Xcode-27.0.0-Release.Candidate.app/Contents/Developer/Platforms/XROS.platform/Developer/usr/bin/swift-plugin-server\#FoundationMacros -load-resolved-plugin /Applications/Xcode-27.0.0-Release.Candidate.app/Contents/Developer/Platforms/XROS.platform/Developer/usr/lib/swift/host/plugins/libObservationMacros.dylib\#/Applications/Xcode-27.0.0-Release.Candidate.app/Contents/Developer/Platforms/XROS.platform/Developer/usr/bin/swift-plugin-server\#ObservationMacros -load-resolved-plugin /Applications/Xcode-27.0.0-Release.Candidate.app/Contents/Developer/Platforms/XROS.platform/Developer/usr/lib/swift/host/plugins/libPreviewsMacros.dylib\#/Applications/Xcode-27.0.0-Release.Candidate.app/Contents/Developer/Platforms/XROS.platform/Developer/usr/bin/swift-plugin-server\#PreviewsMacros -load-resolved-plugin /Applications/Xcode-27.0.0-Release.Candidate.app/Contents/Developer/Platforms/XROS.platform/Developer/usr/lib/swift/host/plugins/libSwiftMacros.dylib\#/Applications/Xcode-27.0.0-Release.Candidate.app/Contents/Developer/Platforms/XROS.platform/Developer/usr/bin/swift-plugin-server\#SwiftMacros -load-resolved-plugin /Applications/Xcode-27.0.0-Release.Candidate.app/Contents/Developer/Platforms/XROS.platform/Developer/usr/lib/swift/host/plugins/libSwiftUIMacros.dylib\#/Applications/Xcode-27.0.0-Release.Candidate.app/Contents/Developer/Platforms/XROS.platform/Developer/usr/bin/swift-plugin-server\#SwiftUIMacros -disable-implicit-swift-modules -Xcc -fno-implicit-modules -Xcc -fno-implicit-module-maps -explicit-swift-module-map-file /Users/admin/builder/spi-builder-workspace/.derivedData/Build/Intermediates.noindex/IQDropDownTextFieldSwift.build/Debug-xros/IQDropDownTextFieldSwift-t.build/Objects-normal/arm64/IQDropDownTextFieldSwift-dependencies-1.json -Xllvm -aarch64-use-tbi -enable-objc-interop -stack-check -sdk /Applications/Xcode-27.0.0-Release.Candidate.app/Contents/Developer/Platforms/XROS.platform/Developer/SDKs/XROS27.0.sdk -I /Users/admin/builder/spi-builder-workspace/.derivedData/Build/Products/Debug-xros -Isystem /Applications/Xcode-27.0.0-Release.Candidate.app/Contents/Developer/Platforms/XROS.platform/Developer/usr/lib -F /Users/admin/builder/spi-builder-workspace/.derivedData/Build/Products/Debug-xros -F /Applications/Xcode-27.0.0-Release.Candidate.app/Contents/Developer/Platforms/XROS.platform/Developer/Library/Frameworks -F /Applications/Xcode-27.0.0-Release.Candidate.app/Contents/Developer/Platforms/XROS.platform/Developer/SDKs/XROS27.0.sdk/Developer/Library/Frameworks -module-cache-path /Users/admin/builder/spi-builder-workspace/.derivedData/Build/Intermediates.noindex/SwiftExplicitPrecompiledModules -no-color-diagnostics -Xcc -fno-color-diagnostics -enable-testing -g -debug-info-format\=dwarf -dwarf-version\=4 -swift-version 5 -Onone -D SWIFT_PACKAGE -D DEBUG -D SWIFT_MODULE_RESOURCE_BUNDLE_AVAILABLE -D Xcode -serialize-debugging-options -enable-experimental-feature DebugDescriptionMacro -empty-abi-descriptor -validate-clang-modules-once -clang-build-session-file /Users/admin/builder/spi-builder-workspace/.derivedData/ModuleCache.noindex/Session.modulevalidation -Xcc -working-directory -Xcc /Users/admin/builder/spi-builder-workspace/.swiftpm/xcode -enable-anonymous-context-mangled-names -file-compilation-dir /Users/admin/builder/spi-builder-workspace/.swiftpm/xcode -Xcc -D_LIBCPP_HARDENING_MODE\=_LIBCPP_HARDENING_MODE_DEBUG -Xcc -ivfsstatcache -Xcc /Users/admin/builder/spi-builder-workspace/.derivedData/SDKStatCaches.noindex/xros27.0-24M361-e829b21a6f8c9b70876ba0858053c044735bd543db762f57723cac368afd1ce4.sdkstatcache -Xcc -fmodules-prune-interval\=86400 -Xcc -fmodules-prune-after\=345600 -Xcc -I/Users/admin/builder/spi-builder-workspace/.derivedData/Build/Products/Debug-xros/include -Xcc -I/Users/admin/builder/spi-builder-workspace/.derivedData/Build/Intermediates.noindex/IQDropDownTextFieldSwift.build/Debug-xros/IQDropDownTextFieldSwift-t.build/DerivedSources-normal/arm64 -Xcc -I/Users/admin/builder/spi-builder-workspace/.derivedData/Build/Intermediates.noindex/IQDropDownTextFieldSwift.build/Debug-xros/IQDropDownTextFieldSwift-t.build/DerivedSources/arm64 -Xcc -I/Users/admin/builder/spi-builder-workspace/.derivedData/Build/Intermediates.noindex/IQDropDownTextFieldSwift.build/Debug-xros/IQDropDownTextFieldSwift-t.build/DerivedSources -Xcc -DSWIFT_PACKAGE -Xcc -DDEBUG\=1 -no-auto-bridging-header-chaining -module-name IQDropDownTextFieldSwift -const-gather-protocols-file /Users/admin/builder/spi-builder-workspace/.derivedData/Build/Intermediates.noindex/IQDropDownTextFieldSwift.build/Debug-xros/IQDropDownTextFieldSwift-t.build/Objects-normal/arm64/IQDropDownTextFieldSwift_const_extract_protocols.json -disable-clang-spi -clang-target arm64-apple-xros27.0 -target-sdk-version 27.0 -target-sdk-name xros27.0 -in-process-plugin-server-path /Applications/Xcode-27.0.0-Release.Candidate.app/Contents/Developer/Toolchains/XcodeDefault.xctoolchain/usr/lib/swift/host/libSwiftInProcPluginServer.dylib -emit-module-doc-path /Users/admin/builder/spi-builder-workspace/.derivedData/Build/Intermediates.noindex/IQDropDownTextFieldSwift.build/Debug-xros/IQDropDownTextFieldSwift-t.build/Objects-normal/arm64/IQDropDownTextFieldSwift.swiftdoc -emit-module-source-info-path /Users/admin/builder/spi-builder-workspace/.derivedData/Build/Intermediates.noindex/IQDropDownTextFieldSwift.build/Debug-xros/IQDropDownTextFieldSwift-t.build/Objects-normal/arm64/IQDropDownTextFieldSwift.swiftsourceinfo -emit-objc-header-path /Users/admin/builder/spi-builder-workspace/.derivedData/Build/Intermediates.noindex/IQDropDownTextFieldSwift.build/Debug-xros/IQDropDownTextFieldSwift-t.build/Objects-normal/arm64/IQDropDownTextFieldSwift-Swift.h -serialize-diagnostics-path /Users/admin/builder/spi-builder-workspace/.derivedData/Build/Intermediates.noindex/IQDropDownTextFieldSwift.build/Debug-xros/IQDropDownTextFieldSwift-t.build/Objects-normal/arm64/IQDropDownTextFieldSwift-primary-emit-module.dia -emit-dependencies-path /Users/admin/builder/spi-builder-workspace/.derivedData/Build/Intermediates.noindex/IQDropDownTextFieldSwift.build/Debug-xros/IQDropDownTextFieldSwift-t.build/Objects-normal/arm64/IQDropDownTextFieldSwift-primary-emit-module.d -parse-as-library -o /Users/admin/builder/spi-builder-workspace/.derivedData/Build/Intermediates.noindex/IQDropDownTextFieldSwift.build/Debug-xros/IQDropDownTextFieldSwift-t.build/Objects-normal/arm64/IQDropDownTextFieldSwift.swiftmodule -emit-abi-descriptor-path /Users/admin/builder/spi-builder-workspace/.derivedData/Build/Intermediates.noindex/IQDropDownTextFieldSwift.build/Debug-xros/IQDropDownTextFieldSwift-t.build/Objects-normal/arm64/IQDropDownTextFieldSwift.abi.json
SwiftCompile normal arm64 (in target 'IQDropDownTextFieldSwift' from project 'IQDropDownTextFieldSwift')
    cd /Users/admin/builder/spi-builder-workspace/.swiftpm/xcode

SwiftCompile normal arm64 Compiling\ resource_bundle_accessor.swift /Users/admin/builder/spi-builder-workspace/.derivedData/Build/Intermediates.noindex/IQDropDownTextFieldSwift.build/Debug-xros/IQDropDownTextFieldSwift-t.build/DerivedSources/resource_bundle_accessor.swift (in target 'IQDropDownTextFieldSwift' from project 'IQDropDownTextFieldSwift')
SwiftCompile normal arm64 /Users/admin/builder/spi-builder-workspace/.derivedData/Build/Intermediates.noindex/IQDropDownTextFieldSwift.build/Debug-xros/IQDropDownTextFieldSwift-t.build/DerivedSources/resource_bundle_accessor.swift (in target 'IQDropDownTextFieldSwift' from project 'IQDropDownTextFieldSwift')
    cd /Users/admin/builder/spi-builder-workspace/.swiftpm/xcode
    builtin-SwiftPerFileCompile resource_bundle_accessor.swift
SwiftCompile normal arm64 Compiling\ IQDropDownTextFieldConstants.swift /Users/admin/builder/spi-builder-workspace/IQDropDownTextFieldSwift/IQDropDownTextFieldConstants.swift (in target 'IQDropDownTextFieldSwift' from project 'IQDropDownTextFieldSwift')
SwiftCompile normal arm64 /Users/admin/builder/spi-builder-workspace/IQDropDownTextFieldSwift/IQDropDownTextFieldConstants.swift (in target 'IQDropDownTextFieldSwift' from project 'IQDropDownTextFieldSwift')
    cd /Users/admin/builder/spi-builder-workspace/.swiftpm/xcode
    builtin-SwiftPerFileCompile IQDropDownTextFieldConstants.swift
SwiftCompile normal arm64 Compiling\ IQDropDownTextField+Picker.swift /Users/admin/builder/spi-builder-workspace/IQDropDownTextFieldSwift/IQDropDownTextField+Picker.swift (in target 'IQDropDownTextFieldSwift' from project 'IQDropDownTextFieldSwift')
/Users/admin/builder/spi-builder-workspace/IQDropDownTextFieldSwift/IQDropDownTextField+Picker.swift:120:54: warning: 'archivedData(withRootObject:)' was deprecated in visionOS 1.0: Use +archivedDataWithRootObject:requiringSecureCoding:error: instead [#DeprecatedDeclaration]
118 |
119 |                 // Archiving and Unarchiving is necessary to copy UIView instance.
120 |                 let viewData: Data = NSKeyedArchiver.archivedData(withRootObject: view)
    |                                                      `- warning: 'archivedData(withRootObject:)' was deprecated in visionOS 1.0: Use +archivedDataWithRootObject:requiringSecureCoding:error: instead [#DeprecatedDeclaration]
121 |                 viewToReturn = NSKeyedUnarchiver.unarchiveObject(with: viewData) as? UIView
122 |             } else {
SwiftCompile normal arm64 /Users/admin/builder/spi-builder-workspace/IQDropDownTextFieldSwift/IQDropDownTextField+Picker.swift (in target 'IQDropDownTextFieldSwift' from project 'IQDropDownTextFieldSwift')
    cd /Users/admin/builder/spi-builder-workspace/.swiftpm/xcode
    builtin-SwiftPerFileCompile IQDropDownTextField+Picker.swift
SwiftCompile normal arm64 Compiling\ IQDropDownTextField+Menu.swift /Users/admin/builder/spi-builder-workspace/IQDropDownTextFieldSwift/IQDropDownTextField+Menu.swift (in target 'IQDropDownTextFieldSwift' from project 'IQDropDownTextFieldSwift')
SwiftCompile normal arm64 /Users/admin/builder/spi-builder-workspace/IQDropDownTextFieldSwift/IQDropDownTextField+Menu.swift (in target 'IQDropDownTextFieldSwift' from project 'IQDropDownTextFieldSwift')
    cd /Users/admin/builder/spi-builder-workspace/.swiftpm/xcode
    builtin-SwiftPerFileCompile IQDropDownTextField+Menu.swift
SwiftCompile normal arm64 Compiling\ IQDropDownTextFieldDelegate.swift /Users/admin/builder/spi-builder-workspace/IQDropDownTextFieldSwift/IQDropDownTextFieldDelegate.swift (in target 'IQDropDownTextFieldSwift' from project 'IQDropDownTextFieldSwift')
SwiftCompile normal arm64 /Users/admin/builder/spi-builder-workspace/IQDropDownTextFieldSwift/IQDropDownTextFieldDelegate.swift (in target 'IQDropDownTextFieldSwift' from project 'IQDropDownTextFieldSwift')
    cd /Users/admin/builder/spi-builder-workspace/.swiftpm/xcode
    builtin-SwiftPerFileCompile IQDropDownTextFieldDelegate.swift
SwiftCompile normal arm64 Compiling\ IQDropDownTextFieldDataSource.swift /Users/admin/builder/spi-builder-workspace/IQDropDownTextFieldSwift/IQDropDownTextFieldDataSource.swift (in target 'IQDropDownTextFieldSwift' from project 'IQDropDownTextFieldSwift')
SwiftCompile normal arm64 /Users/admin/builder/spi-builder-workspace/IQDropDownTextFieldSwift/IQDropDownTextFieldDataSource.swift (in target 'IQDropDownTextFieldSwift' from project 'IQDropDownTextFieldSwift')
    cd /Users/admin/builder/spi-builder-workspace/.swiftpm/xcode
    builtin-SwiftPerFileCompile IQDropDownTextFieldDataSource.swift
PruneExplicitPrecompiledModules /Users/admin/builder/spi-builder-workspace/.derivedData/Build/Intermediates.noindex/ExplicitPrecompiledModules
PruneExplicitPrecompiledModules /Users/admin/builder/spi-builder-workspace/.derivedData/SDKExplicitPrecompiledModules
PruneExplicitPrecompiledModules /Users/admin/builder/spi-builder-workspace/.derivedData/Build/Intermediates.noindex/SwiftExplicitPrecompiledModules
2026-09-20 20:04:10.416 xcodebuild[800:4841] [MT] IDERunDestination: Supported platforms for the buildables in the current scheme is empty.
** BUILD FAILED **
The following build commands failed:
	SwiftEmitModule normal arm64 Emitting\ module\ for\ IQDropDownTextFieldSwift (in target 'IQDropDownTextFieldSwift' from project 'IQDropDownTextFieldSwift')
	SwiftCompile normal arm64 (in target 'IQDropDownTextFieldSwift' from project 'IQDropDownTextFieldSwift')
	Building workspace IQDropDownTextFieldSwift with scheme IQDropDownTextFieldSwift
(3 failures)
BUILD FAILURE 6.4 visionOS