Build Information
Failed to build LoaderUI, reference master (af1151), with Swift 6.4 for macOS (Xcode) using Xcode 27.0 on 20 Sep 2026 00:46:00 UTC.
Build Command
env DEVELOPER_DIR=/Applications/Xcode-27.0.0-Release.Candidate.app xcrun xcodebuild -IDEClonedSourcePackagesDirPathOverride=$PWD/.dependencies -skipMacroValidation -skipPackagePluginValidation -derivedDataPath $PWD/.derivedData build -scheme LoaderUI-Package -destination platform=macOS,arch=arm64Build Log
========================================
RunAll
========================================
Builder version: 5.1.0
Interrupt handler set up.
========================================
Checkout
========================================
Clone URL: https://github.com/Mcrich23/LoaderUI.git
Reference: master
Initialized empty Git repository in /Users/admin/builder/spi-builder-workspace/.git/
From https://github.com/Mcrich23/LoaderUI
* branch master -> FETCH_HEAD
* [new branch] master -> origin/master
HEAD is now at af1151c Fixed exclude error
Cloned https://github.com/Mcrich23/LoaderUI.git
Revision (git rev-parse @):
af1151c489c087da79f7bf25382ed4d680133b29
SUCCESS checkout https://github.com/Mcrich23/LoaderUI.git at master
========================================
Build
========================================
Selected platform: macosXcodebuild
Swift version: 6.4
Building package at path: $PWD
https://github.com/Mcrich23/LoaderUI.git
Command line invocation:
/Applications/Xcode-27.0.0-Release.Candidate.app/Contents/Developer/usr/bin/xcodebuild -IDEClonedSourcePackagesDirPathOverride=/Users/admin/builder/spi-builder-workspace/.dependencies -resolvePackageDependencies
resolved source packages:
{
"dependencies" : [
],
"manifest_display_name" : "LoaderUI",
"name" : "LoaderUI",
"path" : "/Users/admin/builder/spi-builder-workspace",
"platforms" : [
{
"name" : "macos",
"version" : "10.15"
},
{
"name" : "ios",
"version" : "13.0"
}
],
"products" : [
{
"name" : "LoaderUI",
"targets" : [
"LoaderUI"
],
"type" : {
"library" : [
"automatic"
]
}
}
],
"targets" : [
{
"c99name" : "LoaderUI",
"module_type" : "SwiftTarget",
"name" : "LoaderUI",
"path" : "Sources",
"product_memberships" : [
"LoaderUI"
],
"sources" : [
"BallBeat.swift",
"BallClipRotate.swift",
"BallClipRotateMultiple.swift",
"BallClipRotatePulse.swift",
"BallGridBeat.swift",
"BallGridPulse.swift",
"BallPulse.swift",
"BallPulseSync.swift",
"BallRotate.swift",
"BallScale.swift",
"BallScaleRipple.swift",
"BallScaleRippleMultiple.swift",
"BallTrianglePath.swift",
"BallZigZag.swift",
"BallZigZagDeflect.swift",
"CubeTransition.swift",
"KeyframeAnimation.swift",
"LineScale.swift",
"LineScaleParty.swift",
"LineScalePulseOut.swift",
"LineScalePulseOutRapid.swift",
"LoadingUI.swift",
"SemiCircleSpin.swift",
"SquareSpin.swift",
"TriangleSkewSpin.swift"
],
"type" : "library"
}
],
"tools_version" : "5.1"
}
{
"project" : {
"configurations" : [
"Debug",
"Release"
],
"name" : "LoaderUI",
"schemes" : [
"Example",
"LoaderUI-Package"
],
"targets" : [
"LoaderUI",
"LoaderUIPackageDescription",
"Example"
]
}
}
Running build ...
env DEVELOPER_DIR=/Applications/Xcode-27.0.0-Release.Candidate.app xcrun xcodebuild -IDEClonedSourcePackagesDirPathOverride=$PWD/.dependencies -skipMacroValidation -skipPackagePluginValidation -derivedDataPath $PWD/.derivedData build -scheme LoaderUI-Package -destination platform=macOS,arch=arm64
Command line invocation:
/Applications/Xcode-27.0.0-Release.Candidate.app/Contents/Developer/usr/bin/xcodebuild -IDEClonedSourcePackagesDirPathOverride=/Users/admin/builder/spi-builder-workspace/.dependencies -skipMacroValidation -skipPackagePluginValidation -derivedDataPath /Users/admin/builder/spi-builder-workspace/.derivedData build -scheme LoaderUI-Package -destination platform=macOS,arch=arm64
ComputePackagePrebuildTargetDependencyGraph
Prepare packages
CreateBuildRequest
SendProjectDescription
CreateBuildOperation
ComputeTargetDependencyGraph
note: Building targets in dependency order
note: Target dependency graph (1 target)
Target 'LoaderUI' in project 'LoaderUI' (no dependencies)
GatherProvisioningInputs
CreateBuildDescription
ExecuteExternalTool /Applications/Xcode-27.0.0-Release.Candidate.app/Contents/Developer/Toolchains/XcodeDefault.xctoolchain/usr/bin/clang -v -E -dM -isysroot /Applications/Xcode-27.0.0-Release.Candidate.app/Contents/Developer/Platforms/MacOSX.platform/Developer/SDKs/MacOSX27.0.sdk -x c -c /dev/null
ExecuteExternalTool /Applications/Xcode-27.0.0-Release.Candidate.app/Contents/Developer/Toolchains/XcodeDefault.xctoolchain/usr/bin/swiftc --version
ExecuteExternalTool /Applications/Xcode-27.0.0-Release.Candidate.app/Contents/Developer/Toolchains/XcodeDefault.xctoolchain/usr/bin/ld -version_details
Build description signature: 7f8e8a3b5adbdc49633b87abc496c0d3
Build description path: /Users/admin/builder/spi-builder-workspace/.derivedData/Build/Intermediates.noindex/XCBuildData/7f8e8a3b5adbdc49633b87abc496c0d3.xcbuilddata
/Users/admin/builder/spi-builder-workspace/LoaderUI.xcodeproj: error: The macOS deployment target 'MACOSX_DEPLOYMENT_TARGET' is set to 10.15, but the range of supported deployment target versions is 12.0 to 27.0.x. (in target 'LoaderUI' from project 'LoaderUI')
** BUILD FAILED **
The following build commands failed:
Building project LoaderUI with scheme LoaderUI-Package
(1 failure)
Command line invocation:
/Applications/Xcode-27.0.0-Release.Candidate.app/Contents/Developer/usr/bin/xcodebuild -IDEClonedSourcePackagesDirPathOverride=/Users/admin/builder/spi-builder-workspace/.dependencies -resolvePackageDependencies
resolved source packages:
{
"dependencies" : [
],
"manifest_display_name" : "LoaderUI",
"name" : "LoaderUI",
"path" : "/Users/admin/builder/spi-builder-workspace",
"platforms" : [
{
"name" : "macos",
"version" : "10.15"
},
{
"name" : "ios",
"version" : "13.0"
}
],
"products" : [
{
"name" : "LoaderUI",
"targets" : [
"LoaderUI"
],
"type" : {
"library" : [
"automatic"
]
}
}
],
"targets" : [
{
"c99name" : "LoaderUI",
"module_type" : "SwiftTarget",
"name" : "LoaderUI",
"path" : "Sources",
"product_memberships" : [
"LoaderUI"
],
"sources" : [
"BallBeat.swift",
"BallClipRotate.swift",
"BallClipRotateMultiple.swift",
"BallClipRotatePulse.swift",
"BallGridBeat.swift",
"BallGridPulse.swift",
"BallPulse.swift",
"BallPulseSync.swift",
"BallRotate.swift",
"BallScale.swift",
"BallScaleRipple.swift",
"BallScaleRippleMultiple.swift",
"BallTrianglePath.swift",
"BallZigZag.swift",
"BallZigZagDeflect.swift",
"CubeTransition.swift",
"KeyframeAnimation.swift",
"LineScale.swift",
"LineScaleParty.swift",
"LineScalePulseOut.swift",
"LineScalePulseOutRapid.swift",
"LoadingUI.swift",
"SemiCircleSpin.swift",
"SquareSpin.swift",
"TriangleSkewSpin.swift"
],
"type" : "library"
}
],
"tools_version" : "5.1"
}
{
"project" : {
"configurations" : [
"Debug",
"Release"
],
"name" : "LoaderUI",
"schemes" : [
"Example",
"LoaderUI-Package"
],
"targets" : [
"LoaderUI",
"LoaderUIPackageDescription",
"Example"
]
}
}
Running build ...
env DEVELOPER_DIR=/Applications/Xcode-27.0.0-Release.Candidate.app xcrun xcodebuild -IDEClonedSourcePackagesDirPathOverride=$PWD/.dependencies -skipMacroValidation -skipPackagePluginValidation -derivedDataPath $PWD/.derivedData build -scheme LoaderUI-Package -destination platform=macOS,arch=arm64
Command line invocation:
/Applications/Xcode-27.0.0-Release.Candidate.app/Contents/Developer/usr/bin/xcodebuild -IDEClonedSourcePackagesDirPathOverride=/Users/admin/builder/spi-builder-workspace/.dependencies -skipMacroValidation -skipPackagePluginValidation -derivedDataPath /Users/admin/builder/spi-builder-workspace/.derivedData build -scheme LoaderUI-Package -destination platform=macOS,arch=arm64
ComputePackagePrebuildTargetDependencyGraph
Prepare packages
CreateBuildRequest
SendProjectDescription
CreateBuildOperation
ComputeTargetDependencyGraph
note: Building targets in dependency order
note: Target dependency graph (1 target)
Target 'LoaderUI' in project 'LoaderUI' (no dependencies)
GatherProvisioningInputs
CreateBuildDescription
/Users/admin/builder/spi-builder-workspace/LoaderUI.xcodeproj: error: The macOS deployment target 'MACOSX_DEPLOYMENT_TARGET' is set to 10.15, but the range of supported deployment target versions is 12.0 to 27.0.x. (in target 'LoaderUI' from project 'LoaderUI')
** BUILD FAILED **
The following build commands failed:
Building project LoaderUI with scheme LoaderUI-Package
(1 failure)
BUILD FAILURE 6.4 macosXcodebuild