Build Information
Failed to build swift-lifetime, reference main (d32618), with Swift 6.3 for visionOS using Xcode 26.4 on 18 Oct 2026 09:35:57 UTC.
Build Command
No build command. This typically means the build failed at an early stage where we determine the build command.Build Log
========================================
RunAll
========================================
Builder version: 5.1.3
Interrupt handler set up.
========================================
Checkout
========================================
Clone URL: https://github.com/optional-dev/swift-lifetime.git
Reference: main
Initialized empty Git repository in /Users/admin/builder/spi-builder-workspace/.git/
From https://github.com/optional-dev/swift-lifetime
* branch main -> FETCH_HEAD
* [new branch] main -> origin/main
HEAD is now at d32618a chore!: require Swift 6.4 and Apple OS 27
Cloned https://github.com/optional-dev/swift-lifetime.git
Revision (git rev-parse @):
d32618abb4679cf92e0fb2fe8e6e3c6b3130a3b7
SPI manifest file found: $PWD/.spi.yml
SUCCESS checkout https://github.com/optional-dev/swift-lifetime.git at main
========================================
Build
========================================
Selected platform: visionOS
Swift version: 6.3
Building package at path: $PWD
https://github.com/optional-dev/swift-lifetime.git
Command line invocation:
/Applications/Xcode-26.5.0.app/Contents/Developer/usr/bin/xcodebuild -IDEClonedSourcePackagesDirPathOverride=/Users/admin/builder/spi-builder-workspace/.dependencies -resolvePackageDependencies
Resolve Package Graph
package 'spi-builder-workspace' is using Swift tools version 6.4.0 but the installed version is 6.3.2
Resolved source packages:
spi-builder-workspace: (null)
2026-10-18 05:35:56.254 xcodebuild[542:3120] Writing error result bundle to /var/folders/xq/y_g06wb113726d38xsyx71_h0000gn/T/ResultBundle_2026-18-10_05-35-0056.xcresult
xcodebuild: error: Could not resolve package dependencies:
package 'spi-builder-workspace' is using Swift tools version 6.4.0 but the installed version is 6.3.2
Command line invocation:
/Applications/Xcode-26.5.0.app/Contents/Developer/usr/bin/xcodebuild -IDEClonedSourcePackagesDirPathOverride=/Users/admin/builder/spi-builder-workspace/.dependencies -resolvePackageDependencies
Resolve Package Graph
package 'spi-builder-workspace' is using Swift tools version 6.4.0 but the installed version is 6.3.2
Resolved source packages:
spi-builder-workspace: (null)
2026-10-18 05:35:57.792 xcodebuild[610:3631] Writing error result bundle to /var/folders/xq/y_g06wb113726d38xsyx71_h0000gn/T/ResultBundle_2026-18-10_05-35-0057.xcresult
xcodebuild: error: Could not resolve package dependencies:
package 'spi-builder-workspace' is using Swift tools version 6.4.0 but the installed version is 6.3.2
BUILD FAILURE 6.3 visionOS