The Swift Package Index logo.Swift Package Index

Build Information

Failed to build SetThings, reference 1.2.0 (4eba95), with Swift 6.4 for tvOS using Xcode 27.0 on 22 Sep 2026 11:43:57 UTC.

Build Command

env DEVELOPER_DIR=/Applications/Xcode-27.0.0-Release.Candidate.app xcrun xcodebuild -IDEClonedSourcePackagesDirPathOverride=$PWD/.dependencies -skipMacroValidation -skipPackagePluginValidation -derivedDataPath $PWD/.derivedData build -scheme SetThings -destination generic/platform=tvOS

Build Log

========================================
RunAll
========================================
Builder version: 5.1.0
Interrupt handler set up.
========================================
Checkout
========================================
Clone URL: https://github.com/southkin/SetThings.git
Reference: 1.2.0
Initialized empty Git repository in /Users/admin/builder/spi-builder-workspace/.git/
From https://github.com/southkin/SetThings
 * tag               1.2.0      -> FETCH_HEAD
HEAD is now at 4eba956 설정명의 text 외 다른 뷰 지원
Cloned https://github.com/southkin/SetThings.git
Revision (git rev-parse @):
4eba956ffad6535e2745fcdbe125a3bca7339cd8
SUCCESS checkout https://github.com/southkin/SetThings.git at 1.2.0
========================================
Build
========================================
Selected platform:         tvOS
Swift version:             6.4
Building package at path:  $PWD
https://github.com/southkin/SetThings.git
Command line invocation:
    /Applications/Xcode-27.0.0-Release.Candidate.app/Contents/Developer/usr/bin/xcodebuild -IDEClonedSourcePackagesDirPathOverride=/Users/admin/builder/spi-builder-workspace/.dependencies -resolvePackageDependencies
Resolve Package Graph
Resolve Package Graph
Resolved source packages:
  SetThings: /Users/admin/builder/spi-builder-workspace
resolved source packages: SetThings
2026-09-22 07:43:12.148 xcodebuild[525:2996] [MT] IDERunDestination: Supported platforms for the buildables in the current scheme is empty.
{
  "dependencies" : [
  ],
  "manifest_display_name" : "SetThings",
  "name" : "SetThings",
  "path" : "/Users/admin/builder/spi-builder-workspace",
  "platforms" : [
    {
      "name" : "macos",
      "version" : "12.0"
    },
    {
      "name" : "ios",
      "version" : "15.0"
    }
  ],
  "products" : [
    {
      "name" : "SetThings",
      "targets" : [
        "SetThings"
      ],
      "type" : {
        "library" : [
          "automatic"
        ]
      }
    }
  ],
  "targets" : [
    {
      "c99name" : "SetThingsTests",
      "module_type" : "SwiftTarget",
      "name" : "SetThingsTests",
      "path" : "Tests/SetThingsTests",
      "sources" : [
        "SetThingsTests.swift"
      ],
      "target_dependencies" : [
        "SetThings"
      ],
      "type" : "test"
    },
    {
      "c99name" : "SetThings",
      "module_type" : "SwiftTarget",
      "name" : "SetThings",
      "path" : "Sources/SetThings",
      "product_memberships" : [
        "SetThings"
      ],
      "sources" : [
        "Protocols.swift",
        "SetThings.swift",
        "ThingRowView.swift"
      ],
      "type" : "library"
    }
  ],
  "tools_version" : "6.1"
}
{
  "workspace" : {
    "name" : "SetThings",
    "schemes" : [
      "SetThings"
    ]
  }
}
2026-09-22 07:43:44.306 xcodebuild[622:3782] [MT] IDERunDestination: Supported platforms for the buildables in the current scheme is empty.
Running build ...
env DEVELOPER_DIR=/Applications/Xcode-27.0.0-Release.Candidate.app xcrun xcodebuild -IDEClonedSourcePackagesDirPathOverride=$PWD/.dependencies -skipMacroValidation -skipPackagePluginValidation -derivedDataPath $PWD/.derivedData build -scheme SetThings -destination generic/platform=tvOS
Command line invocation:
    /Applications/Xcode-27.0.0-Release.Candidate.app/Contents/Developer/usr/bin/xcodebuild -IDEClonedSourcePackagesDirPathOverride=/Users/admin/builder/spi-builder-workspace/.dependencies -skipMacroValidation -skipPackagePluginValidation -derivedDataPath /Users/admin/builder/spi-builder-workspace/.derivedData build -scheme SetThings -destination generic/platform=tvOS
Resolve Package Graph
Resolved source packages:
  SetThings: /Users/admin/builder/spi-builder-workspace
ComputePackagePrebuildTargetDependencyGraph
Prepare packages
CreateBuildRequest
SendProjectDescription
CreateBuildOperation
ComputeTargetDependencyGraph
note: Building targets in dependency order
note: Target dependency graph (2 targets)
    Target 'SetThings-product' in project 'SetThings'
        ➜ Explicit dependency on target 'SetThings' in project 'SetThings'
    Target 'SetThings' in project 'SetThings' (no dependencies)
GatherProvisioningInputs
CreateBuildDescription
ExecuteExternalTool /Applications/Xcode-27.0.0-Release.Candidate.app/Contents/Developer/Toolchains/XcodeDefault.xctoolchain/usr/bin/clang -v -E -dM -isysroot /Applications/Xcode-27.0.0-Release.Candidate.app/Contents/Developer/Platforms/AppleTVOS.platform/Developer/SDKs/AppleTVOS27.0.sdk -x c -c /dev/null
ExecuteExternalTool /Applications/Xcode-27.0.0-Release.Candidate.app/Contents/Developer/Toolchains/XcodeDefault.xctoolchain/usr/bin/swiftc --version
ExecuteExternalTool /Applications/Xcode-27.0.0-Release.Candidate.app/Contents/Developer/Toolchains/XcodeDefault.xctoolchain/usr/bin/ld -version_details
Build description signature: 12d1d4475831d10e2fc9e7cd96fc8840
Build description path: /Users/admin/builder/spi-builder-workspace/.derivedData/Build/Intermediates.noindex/XCBuildData/12d1d4475831d10e2fc9e7cd96fc8840.xcbuilddata
CreateBuildDirectory /Users/admin/builder/spi-builder-workspace/.derivedData/SDKExplicitPrecompiledModules
    cd /Users/admin/builder/spi-builder-workspace/.swiftpm/xcode
    builtin-create-build-directory /Users/admin/builder/spi-builder-workspace/.derivedData/SDKExplicitPrecompiledModules
CreateBuildDirectory /Users/admin/builder/spi-builder-workspace/.derivedData/ModuleCache.noindex
    cd /Users/admin/builder/spi-builder-workspace/.swiftpm/xcode
    builtin-create-build-directory /Users/admin/builder/spi-builder-workspace/.derivedData/ModuleCache.noindex
CreateBuildDirectory /Users/admin/builder/spi-builder-workspace/.derivedData/CompilationCache.noindex
    cd /Users/admin/builder/spi-builder-workspace/.swiftpm/xcode
    builtin-create-build-directory /Users/admin/builder/spi-builder-workspace/.derivedData/CompilationCache.noindex
CreateBuildDirectory /Users/admin/builder/spi-builder-workspace/.derivedData/Build/Intermediates.noindex
    cd /Users/admin/builder/spi-builder-workspace/.swiftpm/xcode
    builtin-create-build-directory /Users/admin/builder/spi-builder-workspace/.derivedData/Build/Intermediates.noindex
CreateBuildDirectory /Users/admin/builder/spi-builder-workspace/.derivedData/Build/Products
    cd /Users/admin/builder/spi-builder-workspace/.swiftpm/xcode
    builtin-create-build-directory /Users/admin/builder/spi-builder-workspace/.derivedData/Build/Products
ClangStatCache /Applications/Xcode-27.0.0-Release.Candidate.app/Contents/Developer/Toolchains/XcodeDefault.xctoolchain/usr/bin/clang-stat-cache /Applications/Xcode-27.0.0-Release.Candidate.app/Contents/Developer/Platforms/AppleTVOS.platform/Developer/SDKs/AppleTVOS27.0.sdk /Users/admin/builder/spi-builder-workspace/.derivedData/SDKStatCaches.noindex/appletvos27.0-24J360-e829b21a6f8c9b70876ba0858053c044b32bfd8d43560033f8d89884cdb90028.sdkstatcache
    cd /Users/admin/builder/spi-builder-workspace/.swiftpm/xcode
    /Applications/Xcode-27.0.0-Release.Candidate.app/Contents/Developer/Toolchains/XcodeDefault.xctoolchain/usr/bin/clang-stat-cache /Applications/Xcode-27.0.0-Release.Candidate.app/Contents/Developer/Platforms/AppleTVOS.platform/Developer/SDKs/AppleTVOS27.0.sdk -o /Users/admin/builder/spi-builder-workspace/.derivedData/SDKStatCaches.noindex/appletvos27.0-24J360-e829b21a6f8c9b70876ba0858053c044b32bfd8d43560033f8d89884cdb90028.sdkstatcache
CreateBuildDirectory /Users/admin/builder/spi-builder-workspace/.derivedData/Build/Intermediates.noindex/ExplicitPrecompiledModules
    cd /Users/admin/builder/spi-builder-workspace/.swiftpm/xcode
    builtin-create-build-directory /Users/admin/builder/spi-builder-workspace/.derivedData/Build/Intermediates.noindex/ExplicitPrecompiledModules
CreateBuildDirectory /Users/admin/builder/spi-builder-workspace/.derivedData/Build/Intermediates.noindex/PrecompiledHeaders
    cd /Users/admin/builder/spi-builder-workspace/.swiftpm/xcode
    builtin-create-build-directory /Users/admin/builder/spi-builder-workspace/.derivedData/Build/Intermediates.noindex/PrecompiledHeaders
CreateBuildDirectory /Users/admin/builder/spi-builder-workspace/.derivedData/Build/Intermediates.noindex/SwiftExplicitPrecompiledModules
    cd /Users/admin/builder/spi-builder-workspace/.swiftpm/xcode
    builtin-create-build-directory /Users/admin/builder/spi-builder-workspace/.derivedData/Build/Intermediates.noindex/SwiftExplicitPrecompiledModules
CreateBuildDirectory /Users/admin/builder/spi-builder-workspace/.derivedData/Build/Intermediates.noindex/EagerLinkingTBDs/Debug-appletvos
    cd /Users/admin/builder/spi-builder-workspace/.swiftpm/xcode
    builtin-create-build-directory /Users/admin/builder/spi-builder-workspace/.derivedData/Build/Intermediates.noindex/EagerLinkingTBDs/Debug-appletvos
CreateBuildDirectory /Users/admin/builder/spi-builder-workspace/.derivedData/Build/Products/Debug-appletvos
    cd /Users/admin/builder/spi-builder-workspace/.swiftpm/xcode
    builtin-create-build-directory /Users/admin/builder/spi-builder-workspace/.derivedData/Build/Products/Debug-appletvos
CreateBuildDirectory /Users/admin/builder/spi-builder-workspace/.derivedData/Build/Products/Debug-appletvos/PackageFrameworks
    cd /Users/admin/builder/spi-builder-workspace/.swiftpm/xcode
    builtin-create-build-directory /Users/admin/builder/spi-builder-workspace/.derivedData/Build/Products/Debug-appletvos/PackageFrameworks
WriteAuxiliaryFile /Users/admin/builder/spi-builder-workspace/.derivedData/Build/Intermediates.noindex/SetThings.build/Debug-appletvos/SetThings-t.build/SetThings.DependencyStaticMetadataFileList (in target 'SetThings' from project 'SetThings')
    cd /Users/admin/builder/spi-builder-workspace
    write-file /Users/admin/builder/spi-builder-workspace/.derivedData/Build/Intermediates.noindex/SetThings.build/Debug-appletvos/SetThings-t.build/SetThings.DependencyStaticMetadataFileList
WriteAuxiliaryFile /Users/admin/builder/spi-builder-workspace/.derivedData/Build/Intermediates.noindex/SetThings.build/Debug-appletvos/SetThings-t.build/SetThings.DependencyMetadataFileList (in target 'SetThings' from project 'SetThings')
    cd /Users/admin/builder/spi-builder-workspace
    write-file /Users/admin/builder/spi-builder-workspace/.derivedData/Build/Intermediates.noindex/SetThings.build/Debug-appletvos/SetThings-t.build/SetThings.DependencyMetadataFileList
WriteAuxiliaryFile /Users/admin/builder/spi-builder-workspace/.derivedData/Build/Intermediates.noindex/SetThings.build/Debug-appletvos/SetThings-t.build/SetThings.modulemap (in target 'SetThings' from project 'SetThings')
    cd /Users/admin/builder/spi-builder-workspace
    write-file /Users/admin/builder/spi-builder-workspace/.derivedData/Build/Intermediates.noindex/SetThings.build/Debug-appletvos/SetThings-t.build/SetThings.modulemap
WriteAuxiliaryFile /Users/admin/builder/spi-builder-workspace/.derivedData/Build/Intermediates.noindex/SetThings.build/Debug-appletvos/SetThings-t.build/Objects-normal/arm64/SetThings-OutputFileMap.json (in target 'SetThings' from project 'SetThings')
    cd /Users/admin/builder/spi-builder-workspace
    write-file /Users/admin/builder/spi-builder-workspace/.derivedData/Build/Intermediates.noindex/SetThings.build/Debug-appletvos/SetThings-t.build/Objects-normal/arm64/SetThings-OutputFileMap.json
WriteAuxiliaryFile /Users/admin/builder/spi-builder-workspace/.derivedData/Build/Intermediates.noindex/SetThings.build/Debug-appletvos/SetThings-t.build/Objects-normal/arm64/SetThings.SwiftFileList (in target 'SetThings' from project 'SetThings')
    cd /Users/admin/builder/spi-builder-workspace
    write-file /Users/admin/builder/spi-builder-workspace/.derivedData/Build/Intermediates.noindex/SetThings.build/Debug-appletvos/SetThings-t.build/Objects-normal/arm64/SetThings.SwiftFileList
WriteAuxiliaryFile /Users/admin/builder/spi-builder-workspace/.derivedData/Build/Intermediates.noindex/SetThings.build/Debug-appletvos/SetThings-t.build/Objects-normal/arm64/SetThings.SwiftConstValuesFileList (in target 'SetThings' from project 'SetThings')
    cd /Users/admin/builder/spi-builder-workspace
    write-file /Users/admin/builder/spi-builder-workspace/.derivedData/Build/Intermediates.noindex/SetThings.build/Debug-appletvos/SetThings-t.build/Objects-normal/arm64/SetThings.SwiftConstValuesFileList
WriteAuxiliaryFile /Users/admin/builder/spi-builder-workspace/.derivedData/Build/Intermediates.noindex/SetThings.build/Debug-appletvos/SetThings-t.build/Objects-normal/arm64/SetThings.LinkFileList (in target 'SetThings' from project 'SetThings')
    cd /Users/admin/builder/spi-builder-workspace
    write-file /Users/admin/builder/spi-builder-workspace/.derivedData/Build/Intermediates.noindex/SetThings.build/Debug-appletvos/SetThings-t.build/Objects-normal/arm64/SetThings.LinkFileList
WriteAuxiliaryFile /Users/admin/builder/spi-builder-workspace/.derivedData/Build/Intermediates.noindex/SetThings.build/Debug-appletvos/SetThings-t.build/Objects-normal/arm64/SetThings_const_extract_protocols.json (in target 'SetThings' from project 'SetThings')
    cd /Users/admin/builder/spi-builder-workspace
    write-file /Users/admin/builder/spi-builder-workspace/.derivedData/Build/Intermediates.noindex/SetThings.build/Debug-appletvos/SetThings-t.build/Objects-normal/arm64/SetThings_const_extract_protocols.json
Copy /Users/admin/builder/spi-builder-workspace/.derivedData/Build/Intermediates.noindex/GeneratedModuleMaps-appletvos/SetThings.modulemap /Users/admin/builder/spi-builder-workspace/.derivedData/Build/Intermediates.noindex/SetThings.build/Debug-appletvos/SetThings-t.build/SetThings.modulemap (in target 'SetThings' from project 'SetThings')
    cd /Users/admin/builder/spi-builder-workspace
    builtin-copy -exclude .DS_Store -exclude CVS -exclude .svn -exclude .git -exclude .hg -resolve-src-symlinks /Users/admin/builder/spi-builder-workspace/.derivedData/Build/Intermediates.noindex/SetThings.build/Debug-appletvos/SetThings-t.build/SetThings.modulemap /Users/admin/builder/spi-builder-workspace/.derivedData/Build/Intermediates.noindex/GeneratedModuleMaps-appletvos
SwiftDriver SetThings normal arm64 com.apple.xcode.tools.swift.compiler (in target 'SetThings' from project 'SetThings')
    cd /Users/admin/builder/spi-builder-workspace/.swiftpm/xcode
    builtin-SwiftDriver -- /Applications/Xcode-27.0.0-Release.Candidate.app/Contents/Developer/Toolchains/XcodeDefault.xctoolchain/usr/bin/swiftc -parse-as-library -module-name SetThings -Onone @/Users/admin/builder/spi-builder-workspace/.derivedData/Build/Intermediates.noindex/SetThings.build/Debug-appletvos/SetThings-t.build/Objects-normal/arm64/SetThings.SwiftFileList -DSWIFT_PACKAGE -DDEBUG -DSWIFT_MODULE_RESOURCE_BUNDLE_UNAVAILABLE -DXcode -plugin-path /Applications/Xcode-27.0.0-Release.Candidate.app/Contents/Developer/Toolchains/XcodeDefault.xctoolchain/usr/lib/swift/host/plugins/testing -enable-experimental-feature DebugDescriptionMacro -sdk /Applications/Xcode-27.0.0-Release.Candidate.app/Contents/Developer/Platforms/AppleTVOS.platform/Developer/SDKs/AppleTVOS27.0.sdk -target arm64-apple-tvos15.0 -g -module-cache-path /Users/admin/builder/spi-builder-workspace/.derivedData/ModuleCache.noindex -Xfrontend -serialize-debugging-options -profile-coverage-mapping -profile-generate -enable-testing -index-store-path /Users/admin/builder/spi-builder-workspace/.derivedData/Index.noindex/DataStore -Xcc -D_LIBCPP_HARDENING_MODE\=_LIBCPP_HARDENING_MODE_DEBUG -swift-version 6 -I /Users/admin/builder/spi-builder-workspace/.derivedData/Build/Products/Debug-appletvos -Isystem /Applications/Xcode-27.0.0-Release.Candidate.app/Contents/Developer/Platforms/AppleTVOS.platform/Developer/usr/lib -F /Users/admin/builder/spi-builder-workspace/.derivedData/Build/Products/Debug-appletvos -F /Applications/Xcode-27.0.0-Release.Candidate.app/Contents/Developer/Platforms/AppleTVOS.platform/Developer/Library/Frameworks -F /Applications/Xcode-27.0.0-Release.Candidate.app/Contents/Developer/Platforms/AppleTVOS.platform/Developer/SDKs/AppleTVOS27.0.sdk/Developer/Library/Frameworks -c -j10 -enable-batch-mode -incremental -Xcc -ivfsstatcache -Xcc /Users/admin/builder/spi-builder-workspace/.derivedData/SDKStatCaches.noindex/appletvos27.0-24J360-e829b21a6f8c9b70876ba0858053c044b32bfd8d43560033f8d89884cdb90028.sdkstatcache -output-file-map /Users/admin/builder/spi-builder-workspace/.derivedData/Build/Intermediates.noindex/SetThings.build/Debug-appletvos/SetThings-t.build/Objects-normal/arm64/SetThings-OutputFileMap.json -save-temps -no-color-diagnostics -explicit-module-build -module-cache-path /Users/admin/builder/spi-builder-workspace/.derivedData/Build/Intermediates.noindex/SwiftExplicitPrecompiledModules -clang-scanner-module-cache-path /Users/admin/builder/spi-builder-workspace/.derivedData/ModuleCache.noindex -sdk-module-cache-path /Users/admin/builder/spi-builder-workspace/.derivedData/SDKExplicitPrecompiledModules -emit-dependencies -emit-module -emit-module-path /Users/admin/builder/spi-builder-workspace/.derivedData/Build/Intermediates.noindex/SetThings.build/Debug-appletvos/SetThings-t.build/Objects-normal/arm64/SetThings.swiftmodule -serialize-diagnostics -dependency-scan-serialize-diagnostics-path /Users/admin/builder/spi-builder-workspace/.derivedData/Build/Intermediates.noindex/SetThings.build/Debug-appletvos/SetThings-t.build/Objects-normal/arm64/SetThings-dependency-scan.dia -validate-clang-modules-once -clang-build-session-file /Users/admin/builder/spi-builder-workspace/.derivedData/ModuleCache.noindex/Session.modulevalidation -Xcc -fmodules-prune-interval\=86400 -Xcc -fmodules-prune-after\=345600 -package-name spi_builder_workspace -emit-const-values -const-gather-protocols-list /Users/admin/builder/spi-builder-workspace/.derivedData/Build/Intermediates.noindex/SetThings.build/Debug-appletvos/SetThings-t.build/Objects-normal/arm64/SetThings_const_extract_protocols.json -Xcc -I/Users/admin/builder/spi-builder-workspace/.derivedData/Build/Products/Debug-appletvos/include -Xcc -I/Users/admin/builder/spi-builder-workspace/.derivedData/Build/Intermediates.noindex/SetThings.build/Debug-appletvos/SetThings-t.build/DerivedSources-normal/arm64 -Xcc -I/Users/admin/builder/spi-builder-workspace/.derivedData/Build/Intermediates.noindex/SetThings.build/Debug-appletvos/SetThings-t.build/DerivedSources/arm64 -Xcc -I/Users/admin/builder/spi-builder-workspace/.derivedData/Build/Intermediates.noindex/SetThings.build/Debug-appletvos/SetThings-t.build/DerivedSources -Xcc -DSWIFT_PACKAGE -Xcc -DDEBUG\=1 -emit-objc-header -emit-objc-header-path /Users/admin/builder/spi-builder-workspace/.derivedData/Build/Intermediates.noindex/SetThings.build/Debug-appletvos/SetThings-t.build/Objects-normal/arm64/SetThings-Swift.h -working-directory /Users/admin/builder/spi-builder-workspace/.swiftpm/xcode -experimental-emit-module-separately -disable-cmo
SwiftExplicitDependencyGeneratePcm arm64 /Users/admin/builder/spi-builder-workspace/.derivedData/SDKExplicitPrecompiledModules/_Builtin_float-3RF4B70MBHPP952AX3GNZ8W3H.pcm
SwiftExplicitDependencyGeneratePcm arm64 /Users/admin/builder/spi-builder-workspace/.derivedData/SDKExplicitPrecompiledModules/DeveloperToolsSupport-CJV8SY9BXJUTONPFWMLQEGTXA.pcm
SwiftExplicitDependencyGeneratePcm arm64 /Users/admin/builder/spi-builder-workspace/.derivedData/SDKExplicitPrecompiledModules/_Builtin_stdbool-4UUPXTY52W6RPSB0N2WGGLTJT.pcm
SwiftExplicitDependencyGeneratePcm arm64 /Users/admin/builder/spi-builder-workspace/.derivedData/SDKExplicitPrecompiledModules/_AvailabilityInternal-99L1JVU5TYE8S0FGGB7E09QQS.pcm
SwiftExplicitDependencyGeneratePcm arm64 /Users/admin/builder/spi-builder-workspace/.derivedData/SDKExplicitPrecompiledModules/ptrauth-EMKXYE8GN9BK4M3ODSTVDUJU2.pcm
SwiftExplicitDependencyGeneratePcm arm64 /Users/admin/builder/spi-builder-workspace/.derivedData/SDKExplicitPrecompiledModules/ptrcheck-BA65H1NXYZJ0BLLWO9HZOAZ6Y.pcm
SwiftExplicitDependencyGeneratePcm arm64 /Users/admin/builder/spi-builder-workspace/.derivedData/SDKExplicitPrecompiledModules/_SwiftConcurrencyShims-3HZGHPZQL3GY71QUHDRB0P39S.pcm
SwiftExplicitDependencyGeneratePcm arm64 /Users/admin/builder/spi-builder-workspace/.derivedData/SDKExplicitPrecompiledModules/_Builtin_stddef-1MAO6P3OSQFGZFQEPM31XXNSS.pcm
SwiftExplicitDependencyGeneratePcm arm64 /Users/admin/builder/spi-builder-workspace/.derivedData/SDKExplicitPrecompiledModules/SwiftShims-73G9EXEO9PVWB6PL1BR4TAJ0B.pcm
SwiftExplicitDependencyGeneratePcm arm64 /Users/admin/builder/spi-builder-workspace/.derivedData/SDKExplicitPrecompiledModules/_Builtin_stdarg-719DH4G2R3NRP3HRX5HE8WX08.pcm
SwiftExplicitDependencyGeneratePcm arm64 /Users/admin/builder/spi-builder-workspace/.derivedData/SDKExplicitPrecompiledModules/_DarwinFoundation1-90NUFDXQ765U5FR62173FT21A.pcm
SwiftExplicitDependencyGeneratePcm arm64 /Users/admin/builder/spi-builder-workspace/.derivedData/SDKExplicitPrecompiledModules/_Builtin_limits-3JICJWOCEYXXXNXAMEJBF6UQN.pcm
SwiftExplicitDependencyGeneratePcm arm64 /Users/admin/builder/spi-builder-workspace/.derivedData/SDKExplicitPrecompiledModules/_DarwinFoundation2-EPKSYG5WMVE7WSPFQB4C0UC59.pcm
SwiftExplicitDependencyGeneratePcm arm64 /Users/admin/builder/spi-builder-workspace/.derivedData/SDKExplicitPrecompiledModules/_Builtin_stdint-A8OKY0NXO26BZ4GWYKP79TKL9.pcm
SwiftExplicitDependencyGeneratePcm arm64 /Users/admin/builder/spi-builder-workspace/.derivedData/SDKExplicitPrecompiledModules/string_h-B6D36UOVIZC2Y0YE3KEZLZAP6.pcm
SwiftExplicitDependencyGeneratePcm arm64 /Users/admin/builder/spi-builder-workspace/.derivedData/SDKExplicitPrecompiledModules/sys_types-CATSGLJDZ8UZUMKHO6M4I4PJT.pcm
SwiftExplicitDependencyGeneratePcm arm64 /Users/admin/builder/spi-builder-workspace/.derivedData/SDKExplicitPrecompiledModules/_Builtin_tgmath-320K271Z6IM134IWIB7S3LTD.pcm
SwiftExplicitDependencyGeneratePcm arm64 /Users/admin/builder/spi-builder-workspace/.derivedData/SDKExplicitPrecompiledModules/_Builtin_intrinsics-AQDFY8KQQX9Z38C6EI15S53EQ.pcm
SwiftExplicitDependencyGeneratePcm arm64 /Users/admin/builder/spi-builder-workspace/.derivedData/SDKExplicitPrecompiledModules/_Builtin_stdatomic-71DQV8BR56LNANL900GGEC9KO.pcm
SwiftExplicitDependencyGeneratePcm arm64 /Users/admin/builder/spi-builder-workspace/.derivedData/SDKExplicitPrecompiledModules/_DarwinFoundation3-63L5I5VCGX6CLI6HI7OWUXJN6.pcm
SwiftExplicitDependencyGeneratePcm arm64 /Users/admin/builder/spi-builder-workspace/.derivedData/SDKExplicitPrecompiledModules/_Builtin_inttypes-80RS02PM2X81SP8N0Q7X05540.pcm
SwiftExplicitDependencyGeneratePcm arm64 /Users/admin/builder/spi-builder-workspace/.derivedData/SDKExplicitPrecompiledModules/Darwin-1VTILT8KA42CNDAUB0H1FM7MC.pcm
SwiftExplicitDependencyGeneratePcm arm64 /Users/admin/builder/spi-builder-workspace/.derivedData/SDKExplicitPrecompiledModules/simd-D50CDGAQRFNF5E2BA2UWCCHLJ.pcm
SwiftExplicitDependencyGeneratePcm arm64 /Users/admin/builder/spi-builder-workspace/.derivedData/SDKExplicitPrecompiledModules/ObjectiveC-CC0BYHG21IQMMT48PGDNSK7G6.pcm
SwiftExplicitDependencyGeneratePcm arm64 /Users/admin/builder/spi-builder-workspace/.derivedData/SDKExplicitPrecompiledModules/MachO-A5KLTMTLJD1DPHEYPZHUSRJ4O.pcm
SwiftExplicitDependencyGeneratePcm arm64 /Users/admin/builder/spi-builder-workspace/.derivedData/SDKExplicitPrecompiledModules/os_object-1TJLDNS7X3UT7Y5TM4QQ2RN6G.pcm
SwiftExplicitDependencyGeneratePcm arm64 /Users/admin/builder/spi-builder-workspace/.derivedData/SDKExplicitPrecompiledModules/os_workgroup-E61GF9E8FAHZGKXVOV9QHUD27.pcm
SwiftExplicitDependencyGeneratePcm arm64 /Users/admin/builder/spi-builder-workspace/.derivedData/SDKExplicitPrecompiledModules/Spatial-2KZFBWN278VTZL619Y96SAJC9.pcm
SwiftExplicitDependencyGeneratePcm arm64 /Users/admin/builder/spi-builder-workspace/.derivedData/SDKExplicitPrecompiledModules/Dispatch-F564M6B2H1RRD83XZ8EBWFSHE.pcm
SwiftExplicitDependencyGeneratePcm arm64 /Users/admin/builder/spi-builder-workspace/.derivedData/SDKExplicitPrecompiledModules/CoreFoundation-A4LOYEEJIFQKOPZRDOG9M3N2K.pcm
SwiftExplicitDependencyGeneratePcm arm64 /Users/admin/builder/spi-builder-workspace/.derivedData/SDKExplicitPrecompiledModules/XPC-2WVXL0UION0MYZOZAJZC6DUXD.pcm
SwiftExplicitDependencyGeneratePcm arm64 /Users/admin/builder/spi-builder-workspace/.derivedData/SDKExplicitPrecompiledModules/os-4NLIUP5HHN7FW5ML70YLEU8QE.pcm
SwiftExplicitDependencyGeneratePcm arm64 /Users/admin/builder/spi-builder-workspace/.derivedData/SDKExplicitPrecompiledModules/CoreGraphics-D8Y0X4J52BHG7HHUQLTX6SXE1.pcm
SwiftExplicitDependencyGeneratePcm arm64 /Users/admin/builder/spi-builder-workspace/.derivedData/SDKExplicitPrecompiledModules/Security-6KU6X9W8QDIJW83JUF0DRES83.pcm
SwiftExplicitDependencyGeneratePcm arm64 /Users/admin/builder/spi-builder-workspace/.derivedData/SDKExplicitPrecompiledModules/CFNetwork-8S7XZ5SI3TWM2JOZPDZPRY8W9.pcm
SwiftExplicitDependencyGeneratePcm arm64 /Users/admin/builder/spi-builder-workspace/.derivedData/SDKExplicitPrecompiledModules/CoreAudioTypes-3D575H9KXE9GWSK6ZWEWBV9TM.pcm
SwiftExplicitDependencyGeneratePcm arm64 /Users/admin/builder/spi-builder-workspace/.derivedData/SDKExplicitPrecompiledModules/CoreAudio-46JNU59TK6U76A9ILN06CT9NS.pcm
SwiftExplicitDependencyGeneratePcm arm64 /Users/admin/builder/spi-builder-workspace/.derivedData/SDKExplicitPrecompiledModules/Foundation-1AS5K10MY6XENLLR2NDUCKYTM.pcm
SwiftExplicitDependencyGeneratePcm arm64 /Users/admin/builder/spi-builder-workspace/.derivedData/SDKExplicitPrecompiledModules/CoreText-E0GG8D3D527TJX7D2QEHFQLM2.pcm
SwiftExplicitDependencyGeneratePcm arm64 /Users/admin/builder/spi-builder-workspace/.derivedData/SDKExplicitPrecompiledModules/ImageIO-48DA7ET77Q34HPZP9CPHI9VS4.pcm
SwiftExplicitDependencyGeneratePcm arm64 /Users/admin/builder/spi-builder-workspace/.derivedData/SDKExplicitPrecompiledModules/DataDetection-9IX0C1MAX33MS6TCZDSNKXEO8.pcm
SwiftExplicitDependencyGeneratePcm arm64 /Users/admin/builder/spi-builder-workspace/.derivedData/SDKExplicitPrecompiledModules/IOSurface-DEQULTJ8SC21O986FDCNTM8FX.pcm
SwiftExplicitDependencyGeneratePcm arm64 /Users/admin/builder/spi-builder-workspace/.derivedData/SDKExplicitPrecompiledModules/UniformTypeIdentifiers-DQ77M7R0D7VCBK0YUO3VHCRB1.pcm
SwiftExplicitDependencyGeneratePcm arm64 /Users/admin/builder/spi-builder-workspace/.derivedData/SDKExplicitPrecompiledModules/UserNotifications-AKH3GC0FQWUK55FNTW4WEMFQE.pcm
SwiftExplicitDependencyGeneratePcm arm64 /Users/admin/builder/spi-builder-workspace/.derivedData/SDKExplicitPrecompiledModules/Symbols-9TNA7JIKOEYVTYC7A16HCS4Z8.pcm
SwiftExplicitDependencyGeneratePcm arm64 /Users/admin/builder/spi-builder-workspace/.derivedData/SDKExplicitPrecompiledModules/_LocationEssentials-2OY9351FRBO717MIULOKMYA9E.pcm
SwiftExplicitDependencyGeneratePcm arm64 /Users/admin/builder/spi-builder-workspace/.derivedData/SDKExplicitPrecompiledModules/CoreData-3R0N6HKKQMVS32U7KOKR14383.pcm
SwiftExplicitDependencyGeneratePcm arm64 /Users/admin/builder/spi-builder-workspace/.derivedData/SDKExplicitPrecompiledModules/Accessibility-EAPB6A95K5V0S27QNKR6ATG7F.pcm
SwiftExplicitDependencyGeneratePcm arm64 /Users/admin/builder/spi-builder-workspace/.derivedData/SDKExplicitPrecompiledModules/CoreTransferable-84B3V3M9DHRIQERK179SSQO5U.pcm
SwiftExplicitDependencyGeneratePcm arm64 /Users/admin/builder/spi-builder-workspace/.derivedData/SDKExplicitPrecompiledModules/UIUtilities-9NQVCWATNLLVY125LB74695HY.pcm
SwiftExplicitDependencyGeneratePcm arm64 /Users/admin/builder/spi-builder-workspace/.derivedData/SDKExplicitPrecompiledModules/OSLog-1UX1YGRJSIOEO9YC3MNFFD818.pcm
SwiftExplicitDependencyGeneratePcm arm64 /Users/admin/builder/spi-builder-workspace/.derivedData/SDKExplicitPrecompiledModules/CoreLocation-6939X9DMB2SA43P0TYB7Z14Z5.pcm
SwiftExplicitDependencyGeneratePcm arm64 /Users/admin/builder/spi-builder-workspace/.derivedData/SDKExplicitPrecompiledModules/OpenGLES-6Y33D4DDPO1R82EJXT1SIGNPS.pcm
SwiftExplicitDependencyGeneratePcm arm64 /Users/admin/builder/spi-builder-workspace/.derivedData/SDKExplicitPrecompiledModules/Metal-52GB3RCZ6A2WEZ7RWCXV2WL0N.pcm
SwiftExplicitDependencyGeneratePcm arm64 /Users/admin/builder/spi-builder-workspace/.derivedData/SDKExplicitPrecompiledModules/CoreVideo-5G4VAY32QMJB00PUALI6188LK.pcm
SwiftExplicitDependencyGeneratePcm arm64 /Users/admin/builder/spi-builder-workspace/.derivedData/SDKExplicitPrecompiledModules/CoreImage-ATUQ374FIDJPA1DF5BLR644CG.pcm
SwiftExplicitDependencyGeneratePcm arm64 /Users/admin/builder/spi-builder-workspace/.derivedData/SDKExplicitPrecompiledModules/CoreMedia-43BPYBY7ZACBDCUTAJXJFLTBP.pcm
SwiftExplicitDependencyGeneratePcm arm64 /Users/admin/builder/spi-builder-workspace/.derivedData/SDKExplicitPrecompiledModules/QuartzCore-DSNZZA81DYNK4OK1ANRR6HM7G.pcm
SwiftExplicitDependencyGeneratePcm arm64 /Users/admin/builder/spi-builder-workspace/.derivedData/SDKExplicitPrecompiledModules/SwiftUICore-7SJQ9GB90ACGZV5NB09LFJIRX.pcm
SwiftExplicitDependencyGeneratePcm arm64 /Users/admin/builder/spi-builder-workspace/.derivedData/SDKExplicitPrecompiledModules/UIKit-42T2ZGON9LDZUXRIAUKELQ554.pcm
SwiftExplicitDependencyGeneratePcm arm64 /Users/admin/builder/spi-builder-workspace/.derivedData/SDKExplicitPrecompiledModules/SwiftUI-B634212FU5XQXG1OEBY2WYYH3.pcm
SwiftEmitModule normal arm64 Emitting\ module\ for\ SetThings (in target 'SetThings' from project 'SetThings')
SwiftCompile normal arm64 (in target 'SetThings' from project 'SetThings')
    cd /Users/admin/builder/spi-builder-workspace/.swiftpm/xcode

SwiftCompile normal arm64 Compiling\ SetThings.swift /Users/admin/builder/spi-builder-workspace/Sources/SetThings/SetThings.swift (in target 'SetThings' from project 'SetThings')
SwiftCompile normal arm64 /Users/admin/builder/spi-builder-workspace/Sources/SetThings/SetThings.swift (in target 'SetThings' from project 'SetThings')
    cd /Users/admin/builder/spi-builder-workspace/.swiftpm/xcode
    builtin-SwiftPerFileCompile SetThings.swift
SwiftCompile normal arm64 Compiling\ ThingRowView.swift /Users/admin/builder/spi-builder-workspace/Sources/SetThings/ThingRowView.swift (in target 'SetThings' from project 'SetThings')
/Users/admin/builder/spi-builder-workspace/Sources/SetThings/ThingRowView.swift:96:17: error: 'Menu' is only available in tvOS 17.0 or newer
  7 | import SwiftUI
  8 |
  9 | struct ThingRowView: View {
    |        `- note: add '@available' attribute to enclosing struct
 10 |     let item: ThingItem
 11 |     let onEdited: ((String, Any?) -> Void)?
    :
 17 |     @State private var colorValue: Color = .clear
 18 |
 19 |     var body: some View {
    |         `- note: add '@available' attribute to enclosing property
 20 |         HStack {
 21 |             VStack(alignment: .leading, spacing: 4) {
    :
 94 |
 95 |             case .selectString(let options, let defaultValue):
 96 |                 Menu {
    |                 |- error: 'Menu' is only available in tvOS 17.0 or newer
    |                 `- note: add 'if #available' version check
 97 |                     ForEach(options, id: \.self) { option in
 98 |                         Button(option) {
/Users/admin/builder/spi-builder-workspace/Sources/SetThings/ThingRowView.swift:96:17: error: 'init(content:label:)' is only available in tvOS 17.0 or newer
  7 | import SwiftUI
  8 |
  9 | struct ThingRowView: View {
    |        `- note: add '@available' attribute to enclosing struct
 10 |     let item: ThingItem
 11 |     let onEdited: ((String, Any?) -> Void)?
    :
 17 |     @State private var colorValue: Color = .clear
 18 |
 19 |     var body: some View {
    |         `- note: add '@available' attribute to enclosing property
 20 |         HStack {
 21 |             VStack(alignment: .leading, spacing: 4) {
    :
 94 |
 95 |             case .selectString(let options, let defaultValue):
 96 |                 Menu {
    |                 |- error: 'init(content:label:)' is only available in tvOS 17.0 or newer
    |                 `- note: add 'if #available' version check
 97 |                     ForEach(options, id: \.self) { option in
 98 |                         Button(option) {
/Users/admin/builder/spi-builder-workspace/Sources/SetThings/ThingRowView.swift:113:17: error: 'DatePicker' is unavailable in tvOS
111 |
112 |             case .dateAndTime(let defaultValue):
113 |                 DatePicker("", selection: Binding(
    |                 `- error: 'DatePicker' is unavailable in tvOS
114 |                     get: { dateValue },
115 |                     set: {
SwiftUI.DatePicker:3:27: note: 'DatePicker' has been explicitly marked unavailable here
1 | @available(iOS 13.0, macOS 10.15, watchOS 10.0, *)
2 | @available(tvOS, unavailable)
3 | nonisolated public struct DatePicker<Label> : View, ~Sendable where Label : View {
  |                           `- note: 'DatePicker' has been explicitly marked unavailable here
4 |     public typealias Components = DatePickerComponents
5 |     nonisolated public var body: some View { get }
/Users/admin/builder/spi-builder-workspace/Sources/SetThings/ThingRowView.swift:113:17: error: 'init(_:selection:displayedComponents:)' is unavailable in tvOS
111 |
112 |             case .dateAndTime(let defaultValue):
113 |                 DatePicker("", selection: Binding(
    |                 `- error: 'init(_:selection:displayedComponents:)' is unavailable in tvOS
114 |                     get: { dateValue },
115 |                     set: {
SwiftUI.DatePicker.init:2:20: note: 'init(_:selection:displayedComponents:)' has been explicitly marked unavailable here
1 | generic struct DatePicker {
2 | nonisolated public init(_ titleKey: LocalizedStringKey, selection: Binding<Date>, displayedComponents: DatePicker<Label>.Components = [.hourAndMinute, .date])}
  |                    `- note: 'init(_:selection:displayedComponents:)' has been explicitly marked unavailable here
3 |
/Users/admin/builder/spi-builder-workspace/Sources/SetThings/ThingRowView.swift:126:17: error: 'DatePicker' is unavailable in tvOS
124 |                 }
125 |             case .date(let defaultValue):
126 |                 DatePicker("", selection: Binding(
    |                 `- error: 'DatePicker' is unavailable in tvOS
127 |                     get: { dateValue },
128 |                     set: {
SwiftUI.DatePicker:3:27: note: 'DatePicker' has been explicitly marked unavailable here
1 | @available(iOS 13.0, macOS 10.15, watchOS 10.0, *)
2 | @available(tvOS, unavailable)
3 | nonisolated public struct DatePicker<Label> : View, ~Sendable where Label : View {
  |                           `- note: 'DatePicker' has been explicitly marked unavailable here
4 |     public typealias Components = DatePickerComponents
5 |     nonisolated public var body: some View { get }
/Users/admin/builder/spi-builder-workspace/Sources/SetThings/ThingRowView.swift:126:17: error: 'init(_:selection:displayedComponents:)' is unavailable in tvOS
124 |                 }
125 |             case .date(let defaultValue):
126 |                 DatePicker("", selection: Binding(
    |                 `- error: 'init(_:selection:displayedComponents:)' is unavailable in tvOS
127 |                     get: { dateValue },
128 |                     set: {
SwiftUI.DatePicker.init:2:20: note: 'init(_:selection:displayedComponents:)' has been explicitly marked unavailable here
1 | generic struct DatePicker {
2 | nonisolated public init(_ titleKey: LocalizedStringKey, selection: Binding<Date>, displayedComponents: DatePicker<Label>.Components = [.hourAndMinute, .date])}
  |                    `- note: 'init(_:selection:displayedComponents:)' has been explicitly marked unavailable here
3 |
/Users/admin/builder/spi-builder-workspace/Sources/SetThings/ThingRowView.swift:140:17: error: 'DatePicker' is unavailable in tvOS
138 |
139 |             case .time(let defaultValue):
140 |                 DatePicker("", selection: Binding(
    |                 `- error: 'DatePicker' is unavailable in tvOS
141 |                     get: { dateValue },
142 |                     set: {
SwiftUI.DatePicker:3:27: note: 'DatePicker' has been explicitly marked unavailable here
1 | @available(iOS 13.0, macOS 10.15, watchOS 10.0, *)
2 | @available(tvOS, unavailable)
3 | nonisolated public struct DatePicker<Label> : View, ~Sendable where Label : View {
  |                           `- note: 'DatePicker' has been explicitly marked unavailable here
4 |     public typealias Components = DatePickerComponents
5 |     nonisolated public var body: some View { get }
/Users/admin/builder/spi-builder-workspace/Sources/SetThings/ThingRowView.swift:140:17: error: 'init(_:selection:displayedComponents:)' is unavailable in tvOS
138 |
139 |             case .time(let defaultValue):
140 |                 DatePicker("", selection: Binding(
    |                 `- error: 'init(_:selection:displayedComponents:)' is unavailable in tvOS
141 |                     get: { dateValue },
142 |                     set: {
SwiftUI.DatePicker.init:2:20: note: 'init(_:selection:displayedComponents:)' has been explicitly marked unavailable here
1 | generic struct DatePicker {
2 | nonisolated public init(_ titleKey: LocalizedStringKey, selection: Binding<Date>, displayedComponents: DatePicker<Label>.Components = [.hourAndMinute, .date])}
  |                    `- note: 'init(_:selection:displayedComponents:)' has been explicitly marked unavailable here
3 |
/Users/admin/builder/spi-builder-workspace/Sources/SetThings/ThingRowView.swift:153:17: error: 'ColorPicker' is unavailable in tvOS
151 |                 }
152 |             case .color(let defaultValue):
153 |                 ColorPicker("", selection: Binding(
    |                 `- error: 'ColorPicker' is unavailable in tvOS
154 |                     get: { colorValue },
155 |                     set: {
SwiftUI.ColorPicker:4:27: note: 'ColorPicker' has been explicitly marked unavailable here
 2 | @available(tvOS, unavailable)
 3 | @available(watchOS, unavailable)
 4 | nonisolated public struct ColorPicker<Label> : View, ~Sendable where Label : View {
   |                           `- note: 'ColorPicker' has been explicitly marked unavailable here
 5 |     nonisolated public init(selection: Binding<Color>, supportsOpacity: Bool = true, @ContentBuilder label: () -> Label)
 6 |     nonisolated public init(selection: Binding<CGColor>, supportsOpacity: Bool = true, @ContentBuilder label: () -> Label)
/Users/admin/builder/spi-builder-workspace/Sources/SetThings/ThingRowView.swift:153:17: error: 'init(_:selection:supportsOpacity:)' is unavailable in tvOS
151 |                 }
152 |             case .color(let defaultValue):
153 |                 ColorPicker("", selection: Binding(
    |                 `- error: 'init(_:selection:supportsOpacity:)' is unavailable in tvOS
154 |                     get: { colorValue },
155 |                     set: {
SwiftUI.ColorPicker.init:2:20: note: 'init(_:selection:supportsOpacity:)' has been explicitly marked unavailable here
1 | generic struct ColorPicker {
2 | nonisolated public init(_ titleKey: LocalizedStringKey, selection: Binding<Color>, supportsOpacity: Bool = true)}
  |                    `- note: 'init(_:selection:supportsOpacity:)' has been explicitly marked unavailable here
3 |
/Users/admin/builder/spi-builder-workspace/Sources/SetThings/ThingRowView.swift:167:21: error: 'Slider' is unavailable in tvOS
165 |             case .slider(let range, let defaultValue, let label):
166 |                 HStack {
167 |                     Slider(
    |                     `- error: 'Slider' is unavailable in tvOS
168 |                         value: Binding(
169 |                             get: { Double(intValue) },
SwiftUI.Slider:3:27: note: 'Slider' has been explicitly marked unavailable here
1 | @available(iOS 13.0, macOS 10.15, watchOS 6.0, *)
2 | @available(tvOS, unavailable)
3 | nonisolated public struct Slider<Label, ValueLabel> : View, ~Sendable where Label : View, ValueLabel : View {
  |                           `- note: 'Slider' has been explicitly marked unavailable here
4 |     nonisolated public var body: some View { get }
5 |     @available(macOS 10.15, iOS 13.0, watchOS 6.0, *)
/Users/admin/builder/spi-builder-workspace/Sources/SetThings/ThingRowView.swift:167:21: error: 'init(value:in:step:onEditingChanged:)' is unavailable in tvOS
165 |             case .slider(let range, let defaultValue, let label):
166 |                 HStack {
167 |                     Slider(
    |                     `- error: 'init(value:in:step:onEditingChanged:)' is unavailable in tvOS
168 |                         value: Binding(
169 |                             get: { Double(intValue) },
SwiftUI.Slider.init:2:20: note: 'init(value:in:step:onEditingChanged:)' has been explicitly marked unavailable here
1 | generic struct Slider {
2 | nonisolated public init<V>(value: Binding<V>, in bounds: ClosedRange<V>, step: V.Stride = 1, onEditingChanged: @escaping (Bool) -> Void = { _ in }) where V : BinaryFloatingPoint, V.Stride : BinaryFloatingPoint}
  |                    `- note: 'init(value:in:step:onEditingChanged:)' has been explicitly marked unavailable here
3 |
Failed frontend command:
/Applications/Xcode-27.0.0-Release.Candidate.app/Contents/Developer/Toolchains/XcodeDefault.xctoolchain/usr/bin/swift-frontend -frontend -c /Users/admin/builder/spi-builder-workspace/Sources/SetThings/Protocols.swift /Users/admin/builder/spi-builder-workspace/Sources/SetThings/SetThings.swift -primary-file /Users/admin/builder/spi-builder-workspace/Sources/SetThings/ThingRowView.swift -emit-dependencies-path /Users/admin/builder/spi-builder-workspace/.derivedData/Build/Intermediates.noindex/SetThings.build/Debug-appletvos/SetThings-t.build/Objects-normal/arm64/ThingRowView.d -emit-const-values-path /Users/admin/builder/spi-builder-workspace/.derivedData/Build/Intermediates.noindex/SetThings.build/Debug-appletvos/SetThings-t.build/Objects-normal/arm64/ThingRowView.swiftconstvalues -emit-reference-dependencies-path /Users/admin/builder/spi-builder-workspace/.derivedData/Build/Intermediates.noindex/SetThings.build/Debug-appletvos/SetThings-t.build/Objects-normal/arm64/ThingRowView.swiftdeps -serialize-diagnostics-path /Users/admin/builder/spi-builder-workspace/.derivedData/Build/Intermediates.noindex/SetThings.build/Debug-appletvos/SetThings-t.build/Objects-normal/arm64/ThingRowView.dia -target arm64-apple-tvos15.0 -disable-cross-import-overlay-search -load-resolved-plugin /Applications/Xcode-27.0.0-Release.Candidate.app/Contents/Developer/Platforms/AppleTVOS.platform/Developer/usr/lib/swift/host/plugins/libFoundationMacros.dylib\#/Applications/Xcode-27.0.0-Release.Candidate.app/Contents/Developer/Platforms/AppleTVOS.platform/Developer/usr/bin/swift-plugin-server\#FoundationMacros -load-resolved-plugin /Applications/Xcode-27.0.0-Release.Candidate.app/Contents/Developer/Platforms/AppleTVOS.platform/Developer/usr/lib/swift/host/plugins/libObservationMacros.dylib\#/Applications/Xcode-27.0.0-Release.Candidate.app/Contents/Developer/Platforms/AppleTVOS.platform/Developer/usr/bin/swift-plugin-server\#ObservationMacros -load-resolved-plugin /Applications/Xcode-27.0.0-Release.Candidate.app/Contents/Developer/Platforms/AppleTVOS.platform/Developer/usr/lib/swift/host/plugins/libPreviewsMacros.dylib\#/Applications/Xcode-27.0.0-Release.Candidate.app/Contents/Developer/Platforms/AppleTVOS.platform/Developer/usr/bin/swift-plugin-server\#PreviewsMacros -load-resolved-plugin /Applications/Xcode-27.0.0-Release.Candidate.app/Contents/Developer/Platforms/AppleTVOS.platform/Developer/usr/lib/swift/host/plugins/libSwiftMacros.dylib\#/Applications/Xcode-27.0.0-Release.Candidate.app/Contents/Developer/Platforms/AppleTVOS.platform/Developer/usr/bin/swift-plugin-server\#SwiftMacros -load-resolved-plugin /Applications/Xcode-27.0.0-Release.Candidate.app/Contents/Developer/Platforms/AppleTVOS.platform/Developer/usr/lib/swift/host/plugins/libSwiftUIMacros.dylib\#/Applications/Xcode-27.0.0-Release.Candidate.app/Contents/Developer/Platforms/AppleTVOS.platform/Developer/usr/bin/swift-plugin-server\#SwiftUIMacros -disable-implicit-swift-modules -Xcc -fno-implicit-modules -Xcc -fno-implicit-module-maps -explicit-swift-module-map-file /Users/admin/builder/spi-builder-workspace/.derivedData/Build/Intermediates.noindex/SetThings.build/Debug-appletvos/SetThings-t.build/Objects-normal/arm64/SetThings-dependencies-1.json -Xllvm -aarch64-use-tbi -enable-objc-interop -stack-check -sdk /Applications/Xcode-27.0.0-Release.Candidate.app/Contents/Developer/Platforms/AppleTVOS.platform/Developer/SDKs/AppleTVOS27.0.sdk -I /Users/admin/builder/spi-builder-workspace/.derivedData/Build/Products/Debug-appletvos -Isystem /Applications/Xcode-27.0.0-Release.Candidate.app/Contents/Developer/Platforms/AppleTVOS.platform/Developer/usr/lib -F /Users/admin/builder/spi-builder-workspace/.derivedData/Build/Products/Debug-appletvos -F /Applications/Xcode-27.0.0-Release.Candidate.app/Contents/Developer/Platforms/AppleTVOS.platform/Developer/Library/Frameworks -F /Applications/Xcode-27.0.0-Release.Candidate.app/Contents/Developer/Platforms/AppleTVOS.platform/Developer/SDKs/AppleTVOS27.0.sdk/Developer/Library/Frameworks -module-cache-path /Users/admin/builder/spi-builder-workspace/.derivedData/Build/Intermediates.noindex/SwiftExplicitPrecompiledModules -no-color-diagnostics -Xcc -fno-color-diagnostics -enable-testing -g -debug-info-format\=dwarf -dwarf-version\=4 -profile-generate -profile-coverage-mapping -swift-version 6 -Onone -D SWIFT_PACKAGE -D DEBUG -D SWIFT_MODULE_RESOURCE_BUNDLE_UNAVAILABLE -D Xcode -serialize-debugging-options -enable-experimental-feature DebugDescriptionMacro -empty-abi-descriptor -validate-clang-modules-once -clang-build-session-file /Users/admin/builder/spi-builder-workspace/.derivedData/ModuleCache.noindex/Session.modulevalidation -Xcc -working-directory -Xcc /Users/admin/builder/spi-builder-workspace/.swiftpm/xcode -enable-anonymous-context-mangled-names -file-compilation-dir /Users/admin/builder/spi-builder-workspace/.swiftpm/xcode -Xcc -D_LIBCPP_HARDENING_MODE\=_LIBCPP_HARDENING_MODE_DEBUG -Xcc -ivfsstatcache -Xcc /Users/admin/builder/spi-builder-workspace/.derivedData/SDKStatCaches.noindex/appletvos27.0-24J360-e829b21a6f8c9b70876ba0858053c044b32bfd8d43560033f8d89884cdb90028.sdkstatcache -Xcc -fmodules-prune-interval\=86400 -Xcc -fmodules-prune-after\=345600 -Xcc -I/Users/admin/builder/spi-builder-workspace/.derivedData/Build/Products/Debug-appletvos/include -Xcc -I/Users/admin/builder/spi-builder-workspace/.derivedData/Build/Intermediates.noindex/SetThings.build/Debug-appletvos/SetThings-t.build/DerivedSources-normal/arm64 -Xcc -I/Users/admin/builder/spi-builder-workspace/.derivedData/Build/Intermediates.noindex/SetThings.build/Debug-appletvos/SetThings-t.build/DerivedSources/arm64 -Xcc -I/Users/admin/builder/spi-builder-workspace/.derivedData/Build/Intermediates.noindex/SetThings.build/Debug-appletvos/SetThings-t.build/DerivedSources -Xcc -DSWIFT_PACKAGE -Xcc -DDEBUG\=1 -no-auto-bridging-header-chaining -module-name SetThings -package-name spi_builder_workspace -const-gather-protocols-file /Users/admin/builder/spi-builder-workspace/.derivedData/Build/Intermediates.noindex/SetThings.build/Debug-appletvos/SetThings-t.build/Objects-normal/arm64/SetThings_const_extract_protocols.json -disable-clang-spi -clang-target arm64-apple-tvos27.0 -target-sdk-version 27.0 -target-sdk-name appletvos27.0 -in-process-plugin-server-path /Applications/Xcode-27.0.0-Release.Candidate.app/Contents/Developer/Toolchains/XcodeDefault.xctoolchain/usr/lib/swift/host/libSwiftInProcPluginServer.dylib -parse-as-library -o /Users/admin/builder/spi-builder-workspace/.derivedData/Build/Intermediates.noindex/SetThings.build/Debug-appletvos/SetThings-t.build/Objects-normal/arm64/ThingRowView.o -debug-module-path /Users/admin/builder/spi-builder-workspace/.derivedData/Build/Intermediates.noindex/SetThings.build/Debug-appletvos/SetThings-t.build/Objects-normal/arm64/SetThings.swiftmodule -index-unit-output-path /SetThings.build/Debug-appletvos/SetThings-t.build/Objects-normal/arm64/ThingRowView.o -index-store-path /Users/admin/builder/spi-builder-workspace/.derivedData/Index.noindex/DataStore -index-system-modules
SwiftCompile normal arm64 /Users/admin/builder/spi-builder-workspace/Sources/SetThings/ThingRowView.swift (in target 'SetThings' from project 'SetThings')
    cd /Users/admin/builder/spi-builder-workspace/.swiftpm/xcode
    builtin-SwiftPerFileCompile ThingRowView.swift
SwiftCompile normal arm64 Compiling\ Protocols.swift /Users/admin/builder/spi-builder-workspace/Sources/SetThings/Protocols.swift (in target 'SetThings' from project 'SetThings')
SwiftCompile normal arm64 /Users/admin/builder/spi-builder-workspace/Sources/SetThings/Protocols.swift (in target 'SetThings' from project 'SetThings')
    cd /Users/admin/builder/spi-builder-workspace/.swiftpm/xcode
    builtin-SwiftPerFileCompile Protocols.swift
SwiftDriverJobDiscovery normal arm64 Emitting module for SetThings (in target 'SetThings' from project 'SetThings')
SwiftDriver\ Compilation\ Requirements SetThings normal arm64 com.apple.xcode.tools.swift.compiler (in target 'SetThings' from project 'SetThings')
    cd /Users/admin/builder/spi-builder-workspace/.swiftpm/xcode
    builtin-Swift-Compilation-Requirements -- /Applications/Xcode-27.0.0-Release.Candidate.app/Contents/Developer/Toolchains/XcodeDefault.xctoolchain/usr/bin/swiftc -parse-as-library -module-name SetThings -Onone @/Users/admin/builder/spi-builder-workspace/.derivedData/Build/Intermediates.noindex/SetThings.build/Debug-appletvos/SetThings-t.build/Objects-normal/arm64/SetThings.SwiftFileList -DSWIFT_PACKAGE -DDEBUG -DSWIFT_MODULE_RESOURCE_BUNDLE_UNAVAILABLE -DXcode -plugin-path /Applications/Xcode-27.0.0-Release.Candidate.app/Contents/Developer/Toolchains/XcodeDefault.xctoolchain/usr/lib/swift/host/plugins/testing -enable-experimental-feature DebugDescriptionMacro -sdk /Applications/Xcode-27.0.0-Release.Candidate.app/Contents/Developer/Platforms/AppleTVOS.platform/Developer/SDKs/AppleTVOS27.0.sdk -target arm64-apple-tvos15.0 -g -module-cache-path /Users/admin/builder/spi-builder-workspace/.derivedData/ModuleCache.noindex -Xfrontend -serialize-debugging-options -profile-coverage-mapping -profile-generate -enable-testing -index-store-path /Users/admin/builder/spi-builder-workspace/.derivedData/Index.noindex/DataStore -Xcc -D_LIBCPP_HARDENING_MODE\=_LIBCPP_HARDENING_MODE_DEBUG -swift-version 6 -I /Users/admin/builder/spi-builder-workspace/.derivedData/Build/Products/Debug-appletvos -Isystem /Applications/Xcode-27.0.0-Release.Candidate.app/Contents/Developer/Platforms/AppleTVOS.platform/Developer/usr/lib -F /Users/admin/builder/spi-builder-workspace/.derivedData/Build/Products/Debug-appletvos -F /Applications/Xcode-27.0.0-Release.Candidate.app/Contents/Developer/Platforms/AppleTVOS.platform/Developer/Library/Frameworks -F /Applications/Xcode-27.0.0-Release.Candidate.app/Contents/Developer/Platforms/AppleTVOS.platform/Developer/SDKs/AppleTVOS27.0.sdk/Developer/Library/Frameworks -c -j10 -enable-batch-mode -incremental -Xcc -ivfsstatcache -Xcc /Users/admin/builder/spi-builder-workspace/.derivedData/SDKStatCaches.noindex/appletvos27.0-24J360-e829b21a6f8c9b70876ba0858053c044b32bfd8d43560033f8d89884cdb90028.sdkstatcache -output-file-map /Users/admin/builder/spi-builder-workspace/.derivedData/Build/Intermediates.noindex/SetThings.build/Debug-appletvos/SetThings-t.build/Objects-normal/arm64/SetThings-OutputFileMap.json -save-temps -no-color-diagnostics -explicit-module-build -module-cache-path /Users/admin/builder/spi-builder-workspace/.derivedData/Build/Intermediates.noindex/SwiftExplicitPrecompiledModules -clang-scanner-module-cache-path /Users/admin/builder/spi-builder-workspace/.derivedData/ModuleCache.noindex -sdk-module-cache-path /Users/admin/builder/spi-builder-workspace/.derivedData/SDKExplicitPrecompiledModules -emit-dependencies -emit-module -emit-module-path /Users/admin/builder/spi-builder-workspace/.derivedData/Build/Intermediates.noindex/SetThings.build/Debug-appletvos/SetThings-t.build/Objects-normal/arm64/SetThings.swiftmodule -serialize-diagnostics -dependency-scan-serialize-diagnostics-path /Users/admin/builder/spi-builder-workspace/.derivedData/Build/Intermediates.noindex/SetThings.build/Debug-appletvos/SetThings-t.build/Objects-normal/arm64/SetThings-dependency-scan.dia -validate-clang-modules-once -clang-build-session-file /Users/admin/builder/spi-builder-workspace/.derivedData/ModuleCache.noindex/Session.modulevalidation -Xcc -fmodules-prune-interval\=86400 -Xcc -fmodules-prune-after\=345600 -package-name spi_builder_workspace -emit-const-values -const-gather-protocols-list /Users/admin/builder/spi-builder-workspace/.derivedData/Build/Intermediates.noindex/SetThings.build/Debug-appletvos/SetThings-t.build/Objects-normal/arm64/SetThings_const_extract_protocols.json -Xcc -I/Users/admin/builder/spi-builder-workspace/.derivedData/Build/Products/Debug-appletvos/include -Xcc -I/Users/admin/builder/spi-builder-workspace/.derivedData/Build/Intermediates.noindex/SetThings.build/Debug-appletvos/SetThings-t.build/DerivedSources-normal/arm64 -Xcc -I/Users/admin/builder/spi-builder-workspace/.derivedData/Build/Intermediates.noindex/SetThings.build/Debug-appletvos/SetThings-t.build/DerivedSources/arm64 -Xcc -I/Users/admin/builder/spi-builder-workspace/.derivedData/Build/Intermediates.noindex/SetThings.build/Debug-appletvos/SetThings-t.build/DerivedSources -Xcc -DSWIFT_PACKAGE -Xcc -DDEBUG\=1 -emit-objc-header -emit-objc-header-path /Users/admin/builder/spi-builder-workspace/.derivedData/Build/Intermediates.noindex/SetThings.build/Debug-appletvos/SetThings-t.build/Objects-normal/arm64/SetThings-Swift.h -working-directory /Users/admin/builder/spi-builder-workspace/.swiftpm/xcode -experimental-emit-module-separately -disable-cmo
SwiftMergeGeneratedHeaders /Users/admin/builder/spi-builder-workspace/.derivedData/Build/Intermediates.noindex/GeneratedModuleMaps-appletvos/SetThings-Swift.h /Users/admin/builder/spi-builder-workspace/.derivedData/Build/Intermediates.noindex/SetThings.build/Debug-appletvos/SetThings-t.build/Objects-normal/arm64/SetThings-Swift.h (in target 'SetThings' from project 'SetThings')
    cd /Users/admin/builder/spi-builder-workspace
    builtin-swiftHeaderTool -arch arm64 /Users/admin/builder/spi-builder-workspace/.derivedData/Build/Intermediates.noindex/SetThings.build/Debug-appletvos/SetThings-t.build/Objects-normal/arm64/SetThings-Swift.h -o /Users/admin/builder/spi-builder-workspace/.derivedData/Build/Intermediates.noindex/GeneratedModuleMaps-appletvos/SetThings-Swift.h
Copy /Users/admin/builder/spi-builder-workspace/.derivedData/Build/Products/Debug-appletvos/SetThings.swiftmodule/arm64-apple-tvos.abi.json /Users/admin/builder/spi-builder-workspace/.derivedData/Build/Intermediates.noindex/SetThings.build/Debug-appletvos/SetThings-t.build/Objects-normal/arm64/SetThings.abi.json (in target 'SetThings' from project 'SetThings')
    cd /Users/admin/builder/spi-builder-workspace
    builtin-copy -exclude .DS_Store -exclude CVS -exclude .svn -exclude .git -exclude .hg -resolve-src-symlinks -rename /Users/admin/builder/spi-builder-workspace/.derivedData/Build/Intermediates.noindex/SetThings.build/Debug-appletvos/SetThings-t.build/Objects-normal/arm64/SetThings.abi.json /Users/admin/builder/spi-builder-workspace/.derivedData/Build/Products/Debug-appletvos/SetThings.swiftmodule/arm64-apple-tvos.abi.json
Copy /Users/admin/builder/spi-builder-workspace/.derivedData/Build/Products/Debug-appletvos/SetThings.swiftmodule/arm64-apple-tvos.swiftdoc /Users/admin/builder/spi-builder-workspace/.derivedData/Build/Intermediates.noindex/SetThings.build/Debug-appletvos/SetThings-t.build/Objects-normal/arm64/SetThings.swiftdoc (in target 'SetThings' from project 'SetThings')
    cd /Users/admin/builder/spi-builder-workspace
    builtin-copy -exclude .DS_Store -exclude CVS -exclude .svn -exclude .git -exclude .hg -resolve-src-symlinks -rename /Users/admin/builder/spi-builder-workspace/.derivedData/Build/Intermediates.noindex/SetThings.build/Debug-appletvos/SetThings-t.build/Objects-normal/arm64/SetThings.swiftdoc /Users/admin/builder/spi-builder-workspace/.derivedData/Build/Products/Debug-appletvos/SetThings.swiftmodule/arm64-apple-tvos.swiftdoc
Copy /Users/admin/builder/spi-builder-workspace/.derivedData/Build/Products/Debug-appletvos/SetThings.swiftmodule/arm64-apple-tvos.swiftmodule /Users/admin/builder/spi-builder-workspace/.derivedData/Build/Intermediates.noindex/SetThings.build/Debug-appletvos/SetThings-t.build/Objects-normal/arm64/SetThings.swiftmodule (in target 'SetThings' from project 'SetThings')
    cd /Users/admin/builder/spi-builder-workspace
    builtin-copy -exclude .DS_Store -exclude CVS -exclude .svn -exclude .git -exclude .hg -resolve-src-symlinks -rename /Users/admin/builder/spi-builder-workspace/.derivedData/Build/Intermediates.noindex/SetThings.build/Debug-appletvos/SetThings-t.build/Objects-normal/arm64/SetThings.swiftmodule /Users/admin/builder/spi-builder-workspace/.derivedData/Build/Products/Debug-appletvos/SetThings.swiftmodule/arm64-apple-tvos.swiftmodule
Copy /Users/admin/builder/spi-builder-workspace/.derivedData/Build/Products/Debug-appletvos/SetThings.swiftmodule/Project/arm64-apple-tvos.swiftsourceinfo /Users/admin/builder/spi-builder-workspace/.derivedData/Build/Intermediates.noindex/SetThings.build/Debug-appletvos/SetThings-t.build/Objects-normal/arm64/SetThings.swiftsourceinfo (in target 'SetThings' from project 'SetThings')
    cd /Users/admin/builder/spi-builder-workspace
    builtin-copy -exclude .DS_Store -exclude CVS -exclude .svn -exclude .git -exclude .hg -resolve-src-symlinks -rename /Users/admin/builder/spi-builder-workspace/.derivedData/Build/Intermediates.noindex/SetThings.build/Debug-appletvos/SetThings-t.build/Objects-normal/arm64/SetThings.swiftsourceinfo /Users/admin/builder/spi-builder-workspace/.derivedData/Build/Products/Debug-appletvos/SetThings.swiftmodule/Project/arm64-apple-tvos.swiftsourceinfo
PruneExplicitPrecompiledModules /Users/admin/builder/spi-builder-workspace/.derivedData/Build/Intermediates.noindex/SwiftExplicitPrecompiledModules
PruneExplicitPrecompiledModules /Users/admin/builder/spi-builder-workspace/.derivedData/SDKExplicitPrecompiledModules
PruneExplicitPrecompiledModules /Users/admin/builder/spi-builder-workspace/.derivedData/Build/Intermediates.noindex/ExplicitPrecompiledModules
2026-09-22 07:43:45.853 xcodebuild[623:3827] [MT] IDERunDestination: Supported platforms for the buildables in the current scheme is empty.
** BUILD FAILED **
The following build commands failed:
	SwiftCompile normal arm64 Compiling\ ThingRowView.swift /Users/admin/builder/spi-builder-workspace/Sources/SetThings/ThingRowView.swift (in target 'SetThings' from project 'SetThings')
	SwiftCompile normal arm64 /Users/admin/builder/spi-builder-workspace/Sources/SetThings/ThingRowView.swift (in target 'SetThings' from project 'SetThings')
	Building workspace SetThings with scheme SetThings
(3 failures)
Command line invocation:
    /Applications/Xcode-27.0.0-Release.Candidate.app/Contents/Developer/usr/bin/xcodebuild -IDEClonedSourcePackagesDirPathOverride=/Users/admin/builder/spi-builder-workspace/.dependencies -resolvePackageDependencies
Resolve Package Graph
Resolved source packages:
  SetThings: /Users/admin/builder/spi-builder-workspace
resolved source packages: SetThings
2026-09-22 07:43:54.502 xcodebuild[729:4369] [MT] IDERunDestination: Supported platforms for the buildables in the current scheme is empty.
{
  "dependencies" : [
  ],
  "manifest_display_name" : "SetThings",
  "name" : "SetThings",
  "path" : "/Users/admin/builder/spi-builder-workspace",
  "platforms" : [
    {
      "name" : "macos",
      "version" : "12.0"
    },
    {
      "name" : "ios",
      "version" : "15.0"
    }
  ],
  "products" : [
    {
      "name" : "SetThings",
      "targets" : [
        "SetThings"
      ],
      "type" : {
        "library" : [
          "automatic"
        ]
      }
    }
  ],
  "targets" : [
    {
      "c99name" : "SetThingsTests",
      "module_type" : "SwiftTarget",
      "name" : "SetThingsTests",
      "path" : "Tests/SetThingsTests",
      "sources" : [
        "SetThingsTests.swift"
      ],
      "target_dependencies" : [
        "SetThings"
      ],
      "type" : "test"
    },
    {
      "c99name" : "SetThings",
      "module_type" : "SwiftTarget",
      "name" : "SetThings",
      "path" : "Sources/SetThings",
      "product_memberships" : [
        "SetThings"
      ],
      "sources" : [
        "Protocols.swift",
        "SetThings.swift",
        "ThingRowView.swift"
      ],
      "type" : "library"
    }
  ],
  "tools_version" : "6.1"
}
{
  "workspace" : {
    "name" : "SetThings",
    "schemes" : [
      "SetThings"
    ]
  }
}
2026-09-22 07:43:55.736 xcodebuild[737:4433] [MT] IDERunDestination: Supported platforms for the buildables in the current scheme is empty.
Running build ...
env DEVELOPER_DIR=/Applications/Xcode-27.0.0-Release.Candidate.app xcrun xcodebuild -IDEClonedSourcePackagesDirPathOverride=$PWD/.dependencies -skipMacroValidation -skipPackagePluginValidation -derivedDataPath $PWD/.derivedData build -scheme SetThings -destination generic/platform=tvOS
Command line invocation:
    /Applications/Xcode-27.0.0-Release.Candidate.app/Contents/Developer/usr/bin/xcodebuild -IDEClonedSourcePackagesDirPathOverride=/Users/admin/builder/spi-builder-workspace/.dependencies -skipMacroValidation -skipPackagePluginValidation -derivedDataPath /Users/admin/builder/spi-builder-workspace/.derivedData build -scheme SetThings -destination generic/platform=tvOS
Resolve Package Graph
Resolved source packages:
  SetThings: /Users/admin/builder/spi-builder-workspace
ComputePackagePrebuildTargetDependencyGraph
Prepare packages
CreateBuildRequest
SendProjectDescription
CreateBuildOperation
ComputeTargetDependencyGraph
note: Building targets in dependency order
note: Target dependency graph (2 targets)
    Target 'SetThings-product' in project 'SetThings'
        ➜ Explicit dependency on target 'SetThings' in project 'SetThings'
    Target 'SetThings' in project 'SetThings' (no dependencies)
GatherProvisioningInputs
CreateBuildDescription
ClangStatCache /Applications/Xcode-27.0.0-Release.Candidate.app/Contents/Developer/Toolchains/XcodeDefault.xctoolchain/usr/bin/clang-stat-cache /Applications/Xcode-27.0.0-Release.Candidate.app/Contents/Developer/Platforms/AppleTVOS.platform/Developer/SDKs/AppleTVOS27.0.sdk /Users/admin/builder/spi-builder-workspace/.derivedData/SDKStatCaches.noindex/appletvos27.0-24J360-e829b21a6f8c9b70876ba0858053c044b32bfd8d43560033f8d89884cdb90028.sdkstatcache
    cd /Users/admin/builder/spi-builder-workspace/.swiftpm/xcode
    /Applications/Xcode-27.0.0-Release.Candidate.app/Contents/Developer/Toolchains/XcodeDefault.xctoolchain/usr/bin/clang-stat-cache /Applications/Xcode-27.0.0-Release.Candidate.app/Contents/Developer/Platforms/AppleTVOS.platform/Developer/SDKs/AppleTVOS27.0.sdk -o /Users/admin/builder/spi-builder-workspace/.derivedData/SDKStatCaches.noindex/appletvos27.0-24J360-e829b21a6f8c9b70876ba0858053c044b32bfd8d43560033f8d89884cdb90028.sdkstatcache
SwiftDriver SetThings normal arm64 com.apple.xcode.tools.swift.compiler (in target 'SetThings' from project 'SetThings')
    cd /Users/admin/builder/spi-builder-workspace/.swiftpm/xcode
    builtin-SwiftDriver -- /Applications/Xcode-27.0.0-Release.Candidate.app/Contents/Developer/Toolchains/XcodeDefault.xctoolchain/usr/bin/swiftc -parse-as-library -module-name SetThings -Onone @/Users/admin/builder/spi-builder-workspace/.derivedData/Build/Intermediates.noindex/SetThings.build/Debug-appletvos/SetThings-t.build/Objects-normal/arm64/SetThings.SwiftFileList -DSWIFT_PACKAGE -DDEBUG -DSWIFT_MODULE_RESOURCE_BUNDLE_UNAVAILABLE -DXcode -plugin-path /Applications/Xcode-27.0.0-Release.Candidate.app/Contents/Developer/Toolchains/XcodeDefault.xctoolchain/usr/lib/swift/host/plugins/testing -enable-experimental-feature DebugDescriptionMacro -sdk /Applications/Xcode-27.0.0-Release.Candidate.app/Contents/Developer/Platforms/AppleTVOS.platform/Developer/SDKs/AppleTVOS27.0.sdk -target arm64-apple-tvos15.0 -g -module-cache-path /Users/admin/builder/spi-builder-workspace/.derivedData/ModuleCache.noindex -Xfrontend -serialize-debugging-options -profile-coverage-mapping -profile-generate -enable-testing -index-store-path /Users/admin/builder/spi-builder-workspace/.derivedData/Index.noindex/DataStore -Xcc -D_LIBCPP_HARDENING_MODE\=_LIBCPP_HARDENING_MODE_DEBUG -swift-version 6 -I /Users/admin/builder/spi-builder-workspace/.derivedData/Build/Products/Debug-appletvos -Isystem /Applications/Xcode-27.0.0-Release.Candidate.app/Contents/Developer/Platforms/AppleTVOS.platform/Developer/usr/lib -F /Users/admin/builder/spi-builder-workspace/.derivedData/Build/Products/Debug-appletvos -F /Applications/Xcode-27.0.0-Release.Candidate.app/Contents/Developer/Platforms/AppleTVOS.platform/Developer/Library/Frameworks -F /Applications/Xcode-27.0.0-Release.Candidate.app/Contents/Developer/Platforms/AppleTVOS.platform/Developer/SDKs/AppleTVOS27.0.sdk/Developer/Library/Frameworks -c -j10 -enable-batch-mode -incremental -Xcc -ivfsstatcache -Xcc /Users/admin/builder/spi-builder-workspace/.derivedData/SDKStatCaches.noindex/appletvos27.0-24J360-e829b21a6f8c9b70876ba0858053c044b32bfd8d43560033f8d89884cdb90028.sdkstatcache -output-file-map /Users/admin/builder/spi-builder-workspace/.derivedData/Build/Intermediates.noindex/SetThings.build/Debug-appletvos/SetThings-t.build/Objects-normal/arm64/SetThings-OutputFileMap.json -save-temps -no-color-diagnostics -explicit-module-build -module-cache-path /Users/admin/builder/spi-builder-workspace/.derivedData/Build/Intermediates.noindex/SwiftExplicitPrecompiledModules -clang-scanner-module-cache-path /Users/admin/builder/spi-builder-workspace/.derivedData/ModuleCache.noindex -sdk-module-cache-path /Users/admin/builder/spi-builder-workspace/.derivedData/SDKExplicitPrecompiledModules -emit-dependencies -emit-module -emit-module-path /Users/admin/builder/spi-builder-workspace/.derivedData/Build/Intermediates.noindex/SetThings.build/Debug-appletvos/SetThings-t.build/Objects-normal/arm64/SetThings.swiftmodule -serialize-diagnostics -dependency-scan-serialize-diagnostics-path /Users/admin/builder/spi-builder-workspace/.derivedData/Build/Intermediates.noindex/SetThings.build/Debug-appletvos/SetThings-t.build/Objects-normal/arm64/SetThings-dependency-scan.dia -validate-clang-modules-once -clang-build-session-file /Users/admin/builder/spi-builder-workspace/.derivedData/ModuleCache.noindex/Session.modulevalidation -Xcc -fmodules-prune-interval\=86400 -Xcc -fmodules-prune-after\=345600 -package-name spi_builder_workspace -emit-const-values -const-gather-protocols-list /Users/admin/builder/spi-builder-workspace/.derivedData/Build/Intermediates.noindex/SetThings.build/Debug-appletvos/SetThings-t.build/Objects-normal/arm64/SetThings_const_extract_protocols.json -Xcc -I/Users/admin/builder/spi-builder-workspace/.derivedData/Build/Products/Debug-appletvos/include -Xcc -I/Users/admin/builder/spi-builder-workspace/.derivedData/Build/Intermediates.noindex/SetThings.build/Debug-appletvos/SetThings-t.build/DerivedSources-normal/arm64 -Xcc -I/Users/admin/builder/spi-builder-workspace/.derivedData/Build/Intermediates.noindex/SetThings.build/Debug-appletvos/SetThings-t.build/DerivedSources/arm64 -Xcc -I/Users/admin/builder/spi-builder-workspace/.derivedData/Build/Intermediates.noindex/SetThings.build/Debug-appletvos/SetThings-t.build/DerivedSources -Xcc -DSWIFT_PACKAGE -Xcc -DDEBUG\=1 -emit-objc-header -emit-objc-header-path /Users/admin/builder/spi-builder-workspace/.derivedData/Build/Intermediates.noindex/SetThings.build/Debug-appletvos/SetThings-t.build/Objects-normal/arm64/SetThings-Swift.h -working-directory /Users/admin/builder/spi-builder-workspace/.swiftpm/xcode -experimental-emit-module-separately -disable-cmo
SwiftCompile normal arm64 Compiling\ SetThings.swift /Users/admin/builder/spi-builder-workspace/Sources/SetThings/SetThings.swift (in target 'SetThings' from project 'SetThings')
SwiftCompile normal arm64 /Users/admin/builder/spi-builder-workspace/Sources/SetThings/SetThings.swift (in target 'SetThings' from project 'SetThings')
    cd /Users/admin/builder/spi-builder-workspace/.swiftpm/xcode
    builtin-SwiftPerFileCompile SetThings.swift
SwiftCompile normal arm64 Compiling\ ThingRowView.swift /Users/admin/builder/spi-builder-workspace/Sources/SetThings/ThingRowView.swift (in target 'SetThings' from project 'SetThings')
/Users/admin/builder/spi-builder-workspace/Sources/SetThings/ThingRowView.swift:96:17: error: 'Menu' is only available in tvOS 17.0 or newer
  7 | import SwiftUI
  8 |
  9 | struct ThingRowView: View {
    |        `- note: add '@available' attribute to enclosing struct
 10 |     let item: ThingItem
 11 |     let onEdited: ((String, Any?) -> Void)?
    :
 17 |     @State private var colorValue: Color = .clear
 18 |
 19 |     var body: some View {
    |         `- note: add '@available' attribute to enclosing property
 20 |         HStack {
 21 |             VStack(alignment: .leading, spacing: 4) {
    :
 94 |
 95 |             case .selectString(let options, let defaultValue):
 96 |                 Menu {
    |                 |- error: 'Menu' is only available in tvOS 17.0 or newer
    |                 `- note: add 'if #available' version check
 97 |                     ForEach(options, id: \.self) { option in
 98 |                         Button(option) {
/Users/admin/builder/spi-builder-workspace/Sources/SetThings/ThingRowView.swift:96:17: error: 'init(content:label:)' is only available in tvOS 17.0 or newer
  7 | import SwiftUI
  8 |
  9 | struct ThingRowView: View {
    |        `- note: add '@available' attribute to enclosing struct
 10 |     let item: ThingItem
 11 |     let onEdited: ((String, Any?) -> Void)?
    :
 17 |     @State private var colorValue: Color = .clear
 18 |
 19 |     var body: some View {
    |         `- note: add '@available' attribute to enclosing property
 20 |         HStack {
 21 |             VStack(alignment: .leading, spacing: 4) {
    :
 94 |
 95 |             case .selectString(let options, let defaultValue):
 96 |                 Menu {
    |                 |- error: 'init(content:label:)' is only available in tvOS 17.0 or newer
    |                 `- note: add 'if #available' version check
 97 |                     ForEach(options, id: \.self) { option in
 98 |                         Button(option) {
/Users/admin/builder/spi-builder-workspace/Sources/SetThings/ThingRowView.swift:113:17: error: 'DatePicker' is unavailable in tvOS
111 |
112 |             case .dateAndTime(let defaultValue):
113 |                 DatePicker("", selection: Binding(
    |                 `- error: 'DatePicker' is unavailable in tvOS
114 |                     get: { dateValue },
115 |                     set: {
SwiftUI.DatePicker:3:27: note: 'DatePicker' has been explicitly marked unavailable here
1 | @available(iOS 13.0, macOS 10.15, watchOS 10.0, *)
2 | @available(tvOS, unavailable)
3 | nonisolated public struct DatePicker<Label> : View, ~Sendable where Label : View {
  |                           `- note: 'DatePicker' has been explicitly marked unavailable here
4 |     public typealias Components = DatePickerComponents
5 |     nonisolated public var body: some View { get }
/Users/admin/builder/spi-builder-workspace/Sources/SetThings/ThingRowView.swift:113:17: error: 'init(_:selection:displayedComponents:)' is unavailable in tvOS
111 |
112 |             case .dateAndTime(let defaultValue):
113 |                 DatePicker("", selection: Binding(
    |                 `- error: 'init(_:selection:displayedComponents:)' is unavailable in tvOS
114 |                     get: { dateValue },
115 |                     set: {
SwiftUI.DatePicker.init:2:20: note: 'init(_:selection:displayedComponents:)' has been explicitly marked unavailable here
1 | generic struct DatePicker {
2 | nonisolated public init(_ titleKey: LocalizedStringKey, selection: Binding<Date>, displayedComponents: DatePicker<Label>.Components = [.hourAndMinute, .date])}
  |                    `- note: 'init(_:selection:displayedComponents:)' has been explicitly marked unavailable here
3 |
/Users/admin/builder/spi-builder-workspace/Sources/SetThings/ThingRowView.swift:126:17: error: 'DatePicker' is unavailable in tvOS
124 |                 }
125 |             case .date(let defaultValue):
126 |                 DatePicker("", selection: Binding(
    |                 `- error: 'DatePicker' is unavailable in tvOS
127 |                     get: { dateValue },
128 |                     set: {
SwiftUI.DatePicker:3:27: note: 'DatePicker' has been explicitly marked unavailable here
1 | @available(iOS 13.0, macOS 10.15, watchOS 10.0, *)
2 | @available(tvOS, unavailable)
3 | nonisolated public struct DatePicker<Label> : View, ~Sendable where Label : View {
  |                           `- note: 'DatePicker' has been explicitly marked unavailable here
4 |     public typealias Components = DatePickerComponents
5 |     nonisolated public var body: some View { get }
/Users/admin/builder/spi-builder-workspace/Sources/SetThings/ThingRowView.swift:126:17: error: 'init(_:selection:displayedComponents:)' is unavailable in tvOS
124 |                 }
125 |             case .date(let defaultValue):
126 |                 DatePicker("", selection: Binding(
    |                 `- error: 'init(_:selection:displayedComponents:)' is unavailable in tvOS
127 |                     get: { dateValue },
128 |                     set: {
SwiftUI.DatePicker.init:2:20: note: 'init(_:selection:displayedComponents:)' has been explicitly marked unavailable here
1 | generic struct DatePicker {
2 | nonisolated public init(_ titleKey: LocalizedStringKey, selection: Binding<Date>, displayedComponents: DatePicker<Label>.Components = [.hourAndMinute, .date])}
  |                    `- note: 'init(_:selection:displayedComponents:)' has been explicitly marked unavailable here
3 |
/Users/admin/builder/spi-builder-workspace/Sources/SetThings/ThingRowView.swift:140:17: error: 'DatePicker' is unavailable in tvOS
138 |
139 |             case .time(let defaultValue):
140 |                 DatePicker("", selection: Binding(
    |                 `- error: 'DatePicker' is unavailable in tvOS
141 |                     get: { dateValue },
142 |                     set: {
SwiftUI.DatePicker:3:27: note: 'DatePicker' has been explicitly marked unavailable here
1 | @available(iOS 13.0, macOS 10.15, watchOS 10.0, *)
2 | @available(tvOS, unavailable)
3 | nonisolated public struct DatePicker<Label> : View, ~Sendable where Label : View {
  |                           `- note: 'DatePicker' has been explicitly marked unavailable here
4 |     public typealias Components = DatePickerComponents
5 |     nonisolated public var body: some View { get }
/Users/admin/builder/spi-builder-workspace/Sources/SetThings/ThingRowView.swift:140:17: error: 'init(_:selection:displayedComponents:)' is unavailable in tvOS
138 |
139 |             case .time(let defaultValue):
140 |                 DatePicker("", selection: Binding(
    |                 `- error: 'init(_:selection:displayedComponents:)' is unavailable in tvOS
141 |                     get: { dateValue },
142 |                     set: {
SwiftUI.DatePicker.init:2:20: note: 'init(_:selection:displayedComponents:)' has been explicitly marked unavailable here
1 | generic struct DatePicker {
2 | nonisolated public init(_ titleKey: LocalizedStringKey, selection: Binding<Date>, displayedComponents: DatePicker<Label>.Components = [.hourAndMinute, .date])}
  |                    `- note: 'init(_:selection:displayedComponents:)' has been explicitly marked unavailable here
3 |
/Users/admin/builder/spi-builder-workspace/Sources/SetThings/ThingRowView.swift:153:17: error: 'ColorPicker' is unavailable in tvOS
151 |                 }
152 |             case .color(let defaultValue):
153 |                 ColorPicker("", selection: Binding(
    |                 `- error: 'ColorPicker' is unavailable in tvOS
154 |                     get: { colorValue },
155 |                     set: {
SwiftUI.ColorPicker:4:27: note: 'ColorPicker' has been explicitly marked unavailable here
 2 | @available(tvOS, unavailable)
 3 | @available(watchOS, unavailable)
 4 | nonisolated public struct ColorPicker<Label> : View, ~Sendable where Label : View {
   |                           `- note: 'ColorPicker' has been explicitly marked unavailable here
 5 |     nonisolated public init(selection: Binding<Color>, supportsOpacity: Bool = true, @ContentBuilder label: () -> Label)
 6 |     nonisolated public init(selection: Binding<CGColor>, supportsOpacity: Bool = true, @ContentBuilder label: () -> Label)
/Users/admin/builder/spi-builder-workspace/Sources/SetThings/ThingRowView.swift:153:17: error: 'init(_:selection:supportsOpacity:)' is unavailable in tvOS
151 |                 }
152 |             case .color(let defaultValue):
153 |                 ColorPicker("", selection: Binding(
    |                 `- error: 'init(_:selection:supportsOpacity:)' is unavailable in tvOS
154 |                     get: { colorValue },
155 |                     set: {
SwiftUI.ColorPicker.init:2:20: note: 'init(_:selection:supportsOpacity:)' has been explicitly marked unavailable here
1 | generic struct ColorPicker {
2 | nonisolated public init(_ titleKey: LocalizedStringKey, selection: Binding<Color>, supportsOpacity: Bool = true)}
  |                    `- note: 'init(_:selection:supportsOpacity:)' has been explicitly marked unavailable here
3 |
/Users/admin/builder/spi-builder-workspace/Sources/SetThings/ThingRowView.swift:167:21: error: 'Slider' is unavailable in tvOS
165 |             case .slider(let range, let defaultValue, let label):
166 |                 HStack {
167 |                     Slider(
    |                     `- error: 'Slider' is unavailable in tvOS
168 |                         value: Binding(
169 |                             get: { Double(intValue) },
SwiftUI.Slider:3:27: note: 'Slider' has been explicitly marked unavailable here
1 | @available(iOS 13.0, macOS 10.15, watchOS 6.0, *)
2 | @available(tvOS, unavailable)
3 | nonisolated public struct Slider<Label, ValueLabel> : View, ~Sendable where Label : View, ValueLabel : View {
  |                           `- note: 'Slider' has been explicitly marked unavailable here
4 |     nonisolated public var body: some View { get }
5 |     @available(macOS 10.15, iOS 13.0, watchOS 6.0, *)
/Users/admin/builder/spi-builder-workspace/Sources/SetThings/ThingRowView.swift:167:21: error: 'init(value:in:step:onEditingChanged:)' is unavailable in tvOS
165 |             case .slider(let range, let defaultValue, let label):
166 |                 HStack {
167 |                     Slider(
    |                     `- error: 'init(value:in:step:onEditingChanged:)' is unavailable in tvOS
168 |                         value: Binding(
169 |                             get: { Double(intValue) },
SwiftUI.Slider.init:2:20: note: 'init(value:in:step:onEditingChanged:)' has been explicitly marked unavailable here
1 | generic struct Slider {
2 | nonisolated public init<V>(value: Binding<V>, in bounds: ClosedRange<V>, step: V.Stride = 1, onEditingChanged: @escaping (Bool) -> Void = { _ in }) where V : BinaryFloatingPoint, V.Stride : BinaryFloatingPoint}
  |                    `- note: 'init(value:in:step:onEditingChanged:)' has been explicitly marked unavailable here
3 |
Failed frontend command:
/Applications/Xcode-27.0.0-Release.Candidate.app/Contents/Developer/Toolchains/XcodeDefault.xctoolchain/usr/bin/swift-frontend -frontend -c /Users/admin/builder/spi-builder-workspace/Sources/SetThings/Protocols.swift /Users/admin/builder/spi-builder-workspace/Sources/SetThings/SetThings.swift -primary-file /Users/admin/builder/spi-builder-workspace/Sources/SetThings/ThingRowView.swift -emit-dependencies-path /Users/admin/builder/spi-builder-workspace/.derivedData/Build/Intermediates.noindex/SetThings.build/Debug-appletvos/SetThings-t.build/Objects-normal/arm64/ThingRowView.d -emit-const-values-path /Users/admin/builder/spi-builder-workspace/.derivedData/Build/Intermediates.noindex/SetThings.build/Debug-appletvos/SetThings-t.build/Objects-normal/arm64/ThingRowView.swiftconstvalues -emit-reference-dependencies-path /Users/admin/builder/spi-builder-workspace/.derivedData/Build/Intermediates.noindex/SetThings.build/Debug-appletvos/SetThings-t.build/Objects-normal/arm64/ThingRowView.swiftdeps -serialize-diagnostics-path /Users/admin/builder/spi-builder-workspace/.derivedData/Build/Intermediates.noindex/SetThings.build/Debug-appletvos/SetThings-t.build/Objects-normal/arm64/ThingRowView.dia -target arm64-apple-tvos15.0 -disable-cross-import-overlay-search -load-resolved-plugin /Applications/Xcode-27.0.0-Release.Candidate.app/Contents/Developer/Platforms/AppleTVOS.platform/Developer/usr/lib/swift/host/plugins/libFoundationMacros.dylib\#/Applications/Xcode-27.0.0-Release.Candidate.app/Contents/Developer/Platforms/AppleTVOS.platform/Developer/usr/bin/swift-plugin-server\#FoundationMacros -load-resolved-plugin /Applications/Xcode-27.0.0-Release.Candidate.app/Contents/Developer/Platforms/AppleTVOS.platform/Developer/usr/lib/swift/host/plugins/libObservationMacros.dylib\#/Applications/Xcode-27.0.0-Release.Candidate.app/Contents/Developer/Platforms/AppleTVOS.platform/Developer/usr/bin/swift-plugin-server\#ObservationMacros -load-resolved-plugin /Applications/Xcode-27.0.0-Release.Candidate.app/Contents/Developer/Platforms/AppleTVOS.platform/Developer/usr/lib/swift/host/plugins/libPreviewsMacros.dylib\#/Applications/Xcode-27.0.0-Release.Candidate.app/Contents/Developer/Platforms/AppleTVOS.platform/Developer/usr/bin/swift-plugin-server\#PreviewsMacros -load-resolved-plugin /Applications/Xcode-27.0.0-Release.Candidate.app/Contents/Developer/Platforms/AppleTVOS.platform/Developer/usr/lib/swift/host/plugins/libSwiftMacros.dylib\#/Applications/Xcode-27.0.0-Release.Candidate.app/Contents/Developer/Platforms/AppleTVOS.platform/Developer/usr/bin/swift-plugin-server\#SwiftMacros -load-resolved-plugin /Applications/Xcode-27.0.0-Release.Candidate.app/Contents/Developer/Platforms/AppleTVOS.platform/Developer/usr/lib/swift/host/plugins/libSwiftUIMacros.dylib\#/Applications/Xcode-27.0.0-Release.Candidate.app/Contents/Developer/Platforms/AppleTVOS.platform/Developer/usr/bin/swift-plugin-server\#SwiftUIMacros -disable-implicit-swift-modules -Xcc -fno-implicit-modules -Xcc -fno-implicit-module-maps -explicit-swift-module-map-file /Users/admin/builder/spi-builder-workspace/.derivedData/Build/Intermediates.noindex/SetThings.build/Debug-appletvos/SetThings-t.build/Objects-normal/arm64/SetThings-dependencies-1.json -Xllvm -aarch64-use-tbi -enable-objc-interop -stack-check -sdk /Applications/Xcode-27.0.0-Release.Candidate.app/Contents/Developer/Platforms/AppleTVOS.platform/Developer/SDKs/AppleTVOS27.0.sdk -I /Users/admin/builder/spi-builder-workspace/.derivedData/Build/Products/Debug-appletvos -Isystem /Applications/Xcode-27.0.0-Release.Candidate.app/Contents/Developer/Platforms/AppleTVOS.platform/Developer/usr/lib -F /Users/admin/builder/spi-builder-workspace/.derivedData/Build/Products/Debug-appletvos -F /Applications/Xcode-27.0.0-Release.Candidate.app/Contents/Developer/Platforms/AppleTVOS.platform/Developer/Library/Frameworks -F /Applications/Xcode-27.0.0-Release.Candidate.app/Contents/Developer/Platforms/AppleTVOS.platform/Developer/SDKs/AppleTVOS27.0.sdk/Developer/Library/Frameworks -module-cache-path /Users/admin/builder/spi-builder-workspace/.derivedData/Build/Intermediates.noindex/SwiftExplicitPrecompiledModules -no-color-diagnostics -Xcc -fno-color-diagnostics -enable-testing -g -debug-info-format\=dwarf -dwarf-version\=4 -profile-generate -profile-coverage-mapping -swift-version 6 -Onone -D SWIFT_PACKAGE -D DEBUG -D SWIFT_MODULE_RESOURCE_BUNDLE_UNAVAILABLE -D Xcode -serialize-debugging-options -enable-experimental-feature DebugDescriptionMacro -empty-abi-descriptor -validate-clang-modules-once -clang-build-session-file /Users/admin/builder/spi-builder-workspace/.derivedData/ModuleCache.noindex/Session.modulevalidation -Xcc -working-directory -Xcc /Users/admin/builder/spi-builder-workspace/.swiftpm/xcode -enable-anonymous-context-mangled-names -file-compilation-dir /Users/admin/builder/spi-builder-workspace/.swiftpm/xcode -Xcc -D_LIBCPP_HARDENING_MODE\=_LIBCPP_HARDENING_MODE_DEBUG -Xcc -ivfsstatcache -Xcc /Users/admin/builder/spi-builder-workspace/.derivedData/SDKStatCaches.noindex/appletvos27.0-24J360-e829b21a6f8c9b70876ba0858053c044b32bfd8d43560033f8d89884cdb90028.sdkstatcache -Xcc -fmodules-prune-interval\=86400 -Xcc -fmodules-prune-after\=345600 -Xcc -I/Users/admin/builder/spi-builder-workspace/.derivedData/Build/Products/Debug-appletvos/include -Xcc -I/Users/admin/builder/spi-builder-workspace/.derivedData/Build/Intermediates.noindex/SetThings.build/Debug-appletvos/SetThings-t.build/DerivedSources-normal/arm64 -Xcc -I/Users/admin/builder/spi-builder-workspace/.derivedData/Build/Intermediates.noindex/SetThings.build/Debug-appletvos/SetThings-t.build/DerivedSources/arm64 -Xcc -I/Users/admin/builder/spi-builder-workspace/.derivedData/Build/Intermediates.noindex/SetThings.build/Debug-appletvos/SetThings-t.build/DerivedSources -Xcc -DSWIFT_PACKAGE -Xcc -DDEBUG\=1 -no-auto-bridging-header-chaining -module-name SetThings -package-name spi_builder_workspace -const-gather-protocols-file /Users/admin/builder/spi-builder-workspace/.derivedData/Build/Intermediates.noindex/SetThings.build/Debug-appletvos/SetThings-t.build/Objects-normal/arm64/SetThings_const_extract_protocols.json -disable-clang-spi -clang-target arm64-apple-tvos27.0 -target-sdk-version 27.0 -target-sdk-name appletvos27.0 -in-process-plugin-server-path /Applications/Xcode-27.0.0-Release.Candidate.app/Contents/Developer/Toolchains/XcodeDefault.xctoolchain/usr/lib/swift/host/libSwiftInProcPluginServer.dylib -parse-as-library -o /Users/admin/builder/spi-builder-workspace/.derivedData/Build/Intermediates.noindex/SetThings.build/Debug-appletvos/SetThings-t.build/Objects-normal/arm64/ThingRowView.o -debug-module-path /Users/admin/builder/spi-builder-workspace/.derivedData/Build/Intermediates.noindex/SetThings.build/Debug-appletvos/SetThings-t.build/Objects-normal/arm64/SetThings.swiftmodule -index-unit-output-path /SetThings.build/Debug-appletvos/SetThings-t.build/Objects-normal/arm64/ThingRowView.o -index-store-path /Users/admin/builder/spi-builder-workspace/.derivedData/Index.noindex/DataStore -index-system-modules
SwiftCompile normal arm64 /Users/admin/builder/spi-builder-workspace/Sources/SetThings/ThingRowView.swift (in target 'SetThings' from project 'SetThings')
    cd /Users/admin/builder/spi-builder-workspace/.swiftpm/xcode
    builtin-SwiftPerFileCompile ThingRowView.swift
SwiftCompile normal arm64 Compiling\ Protocols.swift /Users/admin/builder/spi-builder-workspace/Sources/SetThings/Protocols.swift (in target 'SetThings' from project 'SetThings')
SwiftCompile normal arm64 /Users/admin/builder/spi-builder-workspace/Sources/SetThings/Protocols.swift (in target 'SetThings' from project 'SetThings')
    cd /Users/admin/builder/spi-builder-workspace/.swiftpm/xcode
    builtin-SwiftPerFileCompile Protocols.swift
SwiftEmitModule normal arm64 Emitting\ module\ for\ SetThings (in target 'SetThings' from project 'SetThings')
SwiftCompile normal arm64 (in target 'SetThings' from project 'SetThings')
    cd /Users/admin/builder/spi-builder-workspace/.swiftpm/xcode

SwiftDriverJobDiscovery normal arm64 Compiling Protocols.swift (in target 'SetThings' from project 'SetThings')
PruneExplicitPrecompiledModules /Users/admin/builder/spi-builder-workspace/.derivedData/SDKExplicitPrecompiledModules
PruneExplicitPrecompiledModules /Users/admin/builder/spi-builder-workspace/.derivedData/Build/Intermediates.noindex/ExplicitPrecompiledModules
PruneExplicitPrecompiledModules /Users/admin/builder/spi-builder-workspace/.derivedData/Build/Intermediates.noindex/SwiftExplicitPrecompiledModules
2026-09-22 07:43:56.730 xcodebuild[738:4457] [MT] IDERunDestination: Supported platforms for the buildables in the current scheme is empty.
** BUILD FAILED **
The following build commands failed:
	SwiftCompile normal arm64 Compiling\ ThingRowView.swift /Users/admin/builder/spi-builder-workspace/Sources/SetThings/ThingRowView.swift (in target 'SetThings' from project 'SetThings')
	SwiftCompile normal arm64 /Users/admin/builder/spi-builder-workspace/Sources/SetThings/ThingRowView.swift (in target 'SetThings' from project 'SetThings')
	Building workspace SetThings with scheme SetThings
(3 failures)
BUILD FAILURE 6.4 tvOS